[INFO] fetching crate libp2p-noise 0.44.0...
[INFO] testing libp2p-noise-0.44.0 against 1.75.0 for beta-1.76-1
[INFO] extracting crate libp2p-noise 0.44.0 into /workspace/builds/worker-4-tc1/source
[INFO] validating manifest of crates.io crate libp2p-noise 0.44.0 on toolchain 1.75.0
[INFO] running `Command { std: CARGO_HOME="/workspace/cargo-home" RUSTUP_HOME="/workspace/rustup-home" "/workspace/cargo-home/bin/cargo" "+1.75.0" "metadata" "--manifest-path" "Cargo.toml" "--no-deps", kill_on_drop: false }`
[INFO] started tweaking crates.io crate libp2p-noise 0.44.0
[INFO] finished tweaking crates.io crate libp2p-noise 0.44.0
[INFO] tweaked toml for crates.io crate libp2p-noise 0.44.0 written to /workspace/builds/worker-4-tc1/source/Cargo.toml
[INFO] running `Command { std: CARGO_HOME="/workspace/cargo-home" RUSTUP_HOME="/workspace/rustup-home" "/workspace/cargo-home/bin/cargo" "+1.75.0" "generate-lockfile" "--manifest-path" "Cargo.toml", kill_on_drop: false }`
[INFO] [stderr]     Blocking waiting for file lock on package cache
[INFO] [stderr]     Updating crates.io index
[INFO] running `Command { std: CARGO_HOME="/workspace/cargo-home" RUSTUP_HOME="/workspace/rustup-home" "/workspace/cargo-home/bin/cargo" "+1.75.0" "fetch" "--manifest-path" "Cargo.toml", kill_on_drop: false }`
[INFO] [stderr]  Downloading crates ...
[INFO] [stderr]   Downloaded ringbuf v0.3.3
[INFO] [stderr]   Downloaded futures_ringbuf v0.4.0
[INFO] running `Command { std: "docker" "create" "-v" "/var/lib/crater-agent-workspace/builds/worker-4-tc1/target:/opt/rustwide/target:rw,Z" "-v" "/var/lib/crater-agent-workspace/builds/worker-4-tc1/source:/opt/rustwide/workdir:ro,Z" "-v" "/var/lib/crater-agent-workspace/cargo-home:/opt/rustwide/cargo-home:ro,Z" "-v" "/var/lib/crater-agent-workspace/rustup-home:/opt/rustwide/rustup-home:ro,Z" "-e" "SOURCE_DIR=/opt/rustwide/workdir" "-e" "CARGO_TARGET_DIR=/opt/rustwide/target" "-e" "CARGO_HOME=/opt/rustwide/cargo-home" "-e" "RUSTUP_HOME=/opt/rustwide/rustup-home" "-w" "/opt/rustwide/workdir" "-m" "1610612736" "--user" "0:0" "--network" "none" "ghcr.io/rust-lang/crates-build-env/linux@sha256:2788e3201cd34a07e3172128adcd8b3090168a8e3bcc40d7c032b9dda1df7d1c" "/opt/rustwide/cargo-home/bin/cargo" "+1.75.0" "metadata" "--no-deps" "--format-version=1", kill_on_drop: false }`
[INFO] [stdout] bd5d3c4fecd1a6f2f74b07f0d2175f3c716248c70a26869d8ca8b6b097a5f2cb
[INFO] running `Command { std: "docker" "start" "-a" "bd5d3c4fecd1a6f2f74b07f0d2175f3c716248c70a26869d8ca8b6b097a5f2cb", kill_on_drop: false }`
[INFO] running `Command { std: "docker" "inspect" "bd5d3c4fecd1a6f2f74b07f0d2175f3c716248c70a26869d8ca8b6b097a5f2cb", kill_on_drop: false }`
[INFO] running `Command { std: "docker" "rm" "-f" "bd5d3c4fecd1a6f2f74b07f0d2175f3c716248c70a26869d8ca8b6b097a5f2cb", kill_on_drop: false }`
[INFO] [stdout] bd5d3c4fecd1a6f2f74b07f0d2175f3c716248c70a26869d8ca8b6b097a5f2cb
[INFO] running `Command { std: "docker" "create" "-v" "/var/lib/crater-agent-workspace/builds/worker-4-tc1/target:/opt/rustwide/target:rw,Z" "-v" "/var/lib/crater-agent-workspace/builds/worker-4-tc1/source:/opt/rustwide/workdir:ro,Z" "-v" "/var/lib/crater-agent-workspace/cargo-home:/opt/rustwide/cargo-home:ro,Z" "-v" "/var/lib/crater-agent-workspace/rustup-home:/opt/rustwide/rustup-home:ro,Z" "-e" "SOURCE_DIR=/opt/rustwide/workdir" "-e" "CARGO_TARGET_DIR=/opt/rustwide/target" "-e" "CARGO_INCREMENTAL=0" "-e" "RUST_BACKTRACE=full" "-e" "RUSTFLAGS=--cap-lints=warn" "-e" "RUSTDOCFLAGS=--cap-lints=warn" "-e" "CARGO_HOME=/opt/rustwide/cargo-home" "-e" "RUSTUP_HOME=/opt/rustwide/rustup-home" "-w" "/opt/rustwide/workdir" "-m" "1610612736" "--user" "0:0" "--network" "none" "ghcr.io/rust-lang/crates-build-env/linux@sha256:2788e3201cd34a07e3172128adcd8b3090168a8e3bcc40d7c032b9dda1df7d1c" "/opt/rustwide/cargo-home/bin/cargo" "+1.75.0" "build" "--frozen" "--message-format=json", kill_on_drop: false }`
[INFO] [stdout] 9f48fd04032193e2494b9cd92bebf85fb4c690031fafcff6f77ff4dfdc4445cd
[INFO] running `Command { std: "docker" "start" "-a" "9f48fd04032193e2494b9cd92bebf85fb4c690031fafcff6f77ff4dfdc4445cd", kill_on_drop: false }`
[INFO] [stderr]    Compiling semver v1.0.21
[INFO] [stderr]    Compiling subtle v2.5.0
[INFO] [stderr]    Compiling pin-project-lite v0.2.13
[INFO] [stderr]    Compiling platforms v3.3.0
[INFO] [stderr]    Compiling futures-core v0.3.30
[INFO] [stderr]    Compiling futures-sink v0.3.30
[INFO] [stderr]    Compiling syn v1.0.109
[INFO] [stderr]    Compiling generic-array v0.14.7
[INFO] [stderr]    Compiling slab v0.4.9
[INFO] [stderr]    Compiling futures-io v0.3.30
[INFO] [stderr]    Compiling cpufeatures v0.2.12
[INFO] [stderr]    Compiling futures-task v0.3.30
[INFO] [stderr]    Compiling syn v2.0.48
[INFO] [stderr]    Compiling getrandom v0.2.11
[INFO] [stderr]    Compiling tinyvec_macros v0.1.1
[INFO] [stderr]    Compiling num_cpus v1.16.0
[INFO] [stderr]    Compiling thiserror v1.0.56
[INFO] [stderr]    Compiling futures-channel v0.3.30
[INFO] [stderr]    Compiling tinyvec v1.6.0
[INFO] [stderr]    Compiling signature v2.2.0
[INFO] [stderr]    Compiling unsigned-varint v0.7.2
[INFO] [stderr]    Compiling once_cell v1.19.0
[INFO] [stderr]    Compiling rand_core v0.6.4
[INFO] [stderr]    Compiling data-encoding v2.5.0
[INFO] [stderr]    Compiling ed25519 v2.2.3
[INFO] [stderr]    Compiling ring v0.17.7
[INFO] [stderr]    Compiling core2 v0.4.0
[INFO] [stderr]    Compiling lock_api v0.4.11
[INFO] [stderr]    Compiling percent-encoding v2.3.1
[INFO] [stderr]    Compiling tracing-core v0.1.32
[INFO] [stderr]    Compiling parking_lot_core v0.9.9
[INFO] [stderr]    Compiling unicode-bidi v0.3.14
[INFO] [stderr]    Compiling smallvec v1.11.2
[INFO] [stderr]    Compiling form_urlencoded v1.2.1
[INFO] [stderr]    Compiling serde v1.0.194
[INFO] [stderr]    Compiling quick-protobuf v0.8.1
[INFO] [stderr]    Compiling multihash v0.19.1
[INFO] [stderr]    Compiling rustc_version v0.4.0
[INFO] [stderr]    Compiling base-x v0.2.11
[INFO] [stderr]    Compiling bs58 v0.5.0
[INFO] [stderr]    Compiling rand_chacha v0.3.1
[INFO] [stderr]    Compiling spin v0.9.8
[INFO] [stderr]    Compiling untrusted v0.9.0
[INFO] [stderr]    Compiling arrayref v0.3.7
[INFO] [stderr]    Compiling rand v0.8.5
[INFO] [stderr]    Compiling parking_lot v0.12.1
[INFO] [stderr]    Compiling instant v0.1.12
[INFO] [stderr]    Compiling curve25519-dalek v4.1.1
[INFO] [stderr]    Compiling crypto-common v0.1.6
[INFO] [stderr]    Compiling block-buffer v0.10.4
[INFO] [stderr]    Compiling unicode-normalization v0.1.22
[INFO] [stderr]    Compiling snow v0.9.4
[INFO] [stderr]    Compiling digest v0.10.7
[INFO] [stderr]    Compiling futures-timer v3.0.2
[INFO] [stderr]    Compiling unsigned-varint v0.8.0
[INFO] [stderr]    Compiling sha2 v0.10.8
[INFO] [stderr]    Compiling hmac v0.12.1
[INFO] [stderr]    Compiling hkdf v0.12.4
[INFO] [stderr]    Compiling data-encoding-macro-internal v0.1.12
[INFO] [stderr]    Compiling idna v0.5.0
[INFO] [stderr]    Compiling url v2.5.0
[INFO] [stderr]    Compiling data-encoding-macro v0.1.14
[INFO] [stderr]    Compiling multibase v0.9.1
[INFO] [stderr]    Compiling futures-macro v0.3.30
[INFO] [stderr]    Compiling zeroize_derive v1.4.2
[INFO] [stderr]    Compiling curve25519-dalek-derive v0.1.1
[INFO] [stderr]    Compiling thiserror-impl v1.0.56
[INFO] [stderr]    Compiling pin-project-internal v1.1.3
[INFO] [stderr]    Compiling tracing-attributes v0.1.27
[INFO] [stderr]    Compiling zeroize v1.7.0
[INFO] [stderr]    Compiling futures-util v0.3.30
[INFO] [stderr]    Compiling pin-project v1.1.3
[INFO] [stderr]    Compiling tracing v0.1.40
[INFO] [stderr]    Compiling ed25519-dalek v2.1.0
[INFO] [stderr]    Compiling x25519-dalek v2.0.0
[INFO] [stderr]    Compiling libp2p-identity v0.2.8
[INFO] [stderr]    Compiling multiaddr v0.18.1
[INFO] [stderr]    Compiling futures-executor v0.3.30
[INFO] [stderr]    Compiling asynchronous-codec v0.7.0
[INFO] [stderr]    Compiling futures v0.3.30
[INFO] [stderr]    Compiling multistream-select v0.13.0
[INFO] [stderr]    Compiling rw-stream-sink v0.4.0
[INFO] [stderr]    Compiling libp2p-core v0.41.2
[INFO] [stderr]    Compiling libp2p-noise v0.44.0 (/opt/rustwide/workdir)
[INFO] [stderr]     Finished dev [unoptimized + debuginfo] target(s) in 7.86s
[INFO] running `Command { std: "docker" "inspect" "9f48fd04032193e2494b9cd92bebf85fb4c690031fafcff6f77ff4dfdc4445cd", kill_on_drop: false }`
[INFO] running `Command { std: "docker" "rm" "-f" "9f48fd04032193e2494b9cd92bebf85fb4c690031fafcff6f77ff4dfdc4445cd", kill_on_drop: false }`
[INFO] [stdout] 9f48fd04032193e2494b9cd92bebf85fb4c690031fafcff6f77ff4dfdc4445cd
[INFO] running `Command { std: "docker" "create" "-v" "/var/lib/crater-agent-workspace/builds/worker-4-tc1/target:/opt/rustwide/target:rw,Z" "-v" "/var/lib/crater-agent-workspace/builds/worker-4-tc1/source:/opt/rustwide/workdir:ro,Z" "-v" "/var/lib/crater-agent-workspace/cargo-home:/opt/rustwide/cargo-home:ro,Z" "-v" "/var/lib/crater-agent-workspace/rustup-home:/opt/rustwide/rustup-home:ro,Z" "-e" "SOURCE_DIR=/opt/rustwide/workdir" "-e" "CARGO_TARGET_DIR=/opt/rustwide/target" "-e" "CARGO_INCREMENTAL=0" "-e" "RUST_BACKTRACE=full" "-e" "RUSTFLAGS=--cap-lints=warn" "-e" "RUSTDOCFLAGS=--cap-lints=warn" "-e" "CARGO_HOME=/opt/rustwide/cargo-home" "-e" "RUSTUP_HOME=/opt/rustwide/rustup-home" "-w" "/opt/rustwide/workdir" "-m" "1610612736" "--user" "0:0" "--network" "none" "ghcr.io/rust-lang/crates-build-env/linux@sha256:2788e3201cd34a07e3172128adcd8b3090168a8e3bcc40d7c032b9dda1df7d1c" "/opt/rustwide/cargo-home/bin/cargo" "+1.75.0" "test" "--frozen" "--no-run" "--message-format=json", kill_on_drop: false }`
[INFO] [stdout] 49fbea91d07d15953f6b1ef22f5960aa23526f237dccc9acc603dfbbe8027571
[INFO] running `Command { std: "docker" "start" "-a" "49fbea91d07d15953f6b1ef22f5960aa23526f237dccc9acc603dfbbe8027571", kill_on_drop: false }`
[INFO] [stderr]    Compiling tracing-core v0.1.32
[INFO] [stderr]    Compiling log v0.4.20
[INFO] [stderr]    Compiling crossbeam-utils v0.8.18
[INFO] [stderr]    Compiling ed25519-dalek v2.1.0
[INFO] [stderr]    Compiling regex-syntax v0.6.29
[INFO] [stderr]    Compiling regex-syntax v0.8.2
[INFO] [stderr]    Compiling futures_ringbuf v0.4.0
[INFO] [stderr]    Compiling overload v0.1.1
[INFO] [stderr]    Compiling sharded-slab v0.1.7
[INFO] [stderr]    Compiling thread_local v1.1.7
[INFO] [stderr]    Compiling nu-ansi-term v0.46.0
[INFO] [stderr]    Compiling multistream-select v0.13.0
[INFO] [stderr]    Compiling tracing v0.1.40
[INFO] [stderr]    Compiling tracing-log v0.2.0
[INFO] [stderr]    Compiling libp2p-identity v0.2.8
[INFO] [stderr]    Compiling ringbuf v0.3.3
[INFO] [stderr]    Compiling multiaddr v0.18.1
[INFO] [stderr]    Compiling libp2p-core v0.41.2
[INFO] [stderr]    Compiling regex-automata v0.4.3
[INFO] [stderr]    Compiling regex-automata v0.1.10
[INFO] [stderr]    Compiling libp2p-noise v0.44.0 (/opt/rustwide/workdir)
[INFO] [stderr]    Compiling matchers v0.1.0
[INFO] [stderr]    Compiling regex v1.10.2
[INFO] [stderr]    Compiling tracing-subscriber v0.3.18
[INFO] [stdout] error[E0432]: unresolved import `quickcheck`
[INFO] [stdout]   --> tests/smoke.rs:27:5
[INFO] [stdout]    |
[INFO] [stdout] 27 | use quickcheck::*;
[INFO] [stdout]    |     ^^^^^^^^^^ use of undeclared crate or module `quickcheck`
[INFO] [stdout] 
[INFO] [stdout] 
[INFO] [stdout] error[E0405]: cannot find trait `Arbitrary` in this scope
[INFO] [stdout]    --> tests/smoke.rs:114:6
[INFO] [stdout]     |
[INFO] [stdout] 114 | impl Arbitrary for Message {
[INFO] [stdout]     |      ^^^^^^^^^ not found in this scope
[INFO] [stdout] 
[INFO] [stdout] 
[INFO] [stdout] error[E0412]: cannot find type `Gen` in this scope
[INFO] [stdout]    --> tests/smoke.rs:115:26
[INFO] [stdout]     |
[INFO] [stdout] 115 |     fn arbitrary(g: &mut Gen) -> Self {
[INFO] [stdout]     |                          ^^^ not found in this scope
[INFO] [stdout] 
[INFO] [stdout] 
[INFO] [stdout] error[E0433]: failed to resolve: use of undeclared type `QuickCheck`
[INFO] [stdout]    --> tests/smoke.rs:106:5
[INFO] [stdout]     |
[INFO] [stdout] 106 |     QuickCheck::new()
[INFO] [stdout]     |     ^^^^^^^^^^ use of undeclared type `QuickCheck`
[INFO] [stdout] 
[INFO] [stdout] 
[INFO] [stdout] error: aborting due to 4 previous errors
[INFO] [stdout] 
[INFO] [stdout] 
[INFO] [stdout] Some errors have detailed explanations: E0405, E0412, E0432, E0433.
[INFO] [stdout] 
[INFO] [stdout] For more information about an error, try `rustc --explain E0405`.
[INFO] [stdout] 
[INFO] [stderr] error: could not compile `libp2p-noise` (test "smoke") due to 5 previous errors
[INFO] [stderr] warning: build failed, waiting for other jobs to finish...
[INFO] running `Command { std: "docker" "inspect" "49fbea91d07d15953f6b1ef22f5960aa23526f237dccc9acc603dfbbe8027571", kill_on_drop: false }`
[INFO] running `Command { std: "docker" "rm" "-f" "49fbea91d07d15953f6b1ef22f5960aa23526f237dccc9acc603dfbbe8027571", kill_on_drop: false }`
[INFO] [stdout] 49fbea91d07d15953f6b1ef22f5960aa23526f237dccc9acc603dfbbe8027571
[INFO] testing libp2p-noise-0.44.0 against beta-2023-12-22 for beta-1.76-1
[INFO] extracting crate libp2p-noise 0.44.0 into /workspace/builds/worker-4-tc2/source
[INFO] validating manifest of crates.io crate libp2p-noise 0.44.0 on toolchain beta-2023-12-22
[INFO] running `Command { std: CARGO_HOME="/workspace/cargo-home" RUSTUP_HOME="/workspace/rustup-home" "/workspace/cargo-home/bin/cargo" "+beta-2023-12-22" "metadata" "--manifest-path" "Cargo.toml" "--no-deps", kill_on_drop: false }`
[INFO] started tweaking crates.io crate libp2p-noise 0.44.0
[INFO] finished tweaking crates.io crate libp2p-noise 0.44.0
[INFO] tweaked toml for crates.io crate libp2p-noise 0.44.0 written to /workspace/builds/worker-4-tc2/source/Cargo.toml
[INFO] running `Command { std: CARGO_HOME="/workspace/cargo-home" RUSTUP_HOME="/workspace/rustup-home" "/workspace/cargo-home/bin/cargo" "+beta-2023-12-22" "generate-lockfile" "--manifest-path" "Cargo.toml", kill_on_drop: false }`
[INFO] [stderr]     Updating crates.io index
[INFO] running `Command { std: CARGO_HOME="/workspace/cargo-home" RUSTUP_HOME="/workspace/rustup-home" "/workspace/cargo-home/bin/cargo" "+beta-2023-12-22" "fetch" "--manifest-path" "Cargo.toml", kill_on_drop: false }`
[INFO] running `Command { std: "docker" "create" "-v" "/var/lib/crater-agent-workspace/builds/worker-4-tc2/target:/opt/rustwide/target:rw,Z" "-v" "/var/lib/crater-agent-workspace/builds/worker-4-tc2/source:/opt/rustwide/workdir:ro,Z" "-v" "/var/lib/crater-agent-workspace/cargo-home:/opt/rustwide/cargo-home:ro,Z" "-v" "/var/lib/crater-agent-workspace/rustup-home:/opt/rustwide/rustup-home:ro,Z" "-e" "SOURCE_DIR=/opt/rustwide/workdir" "-e" "CARGO_TARGET_DIR=/opt/rustwide/target" "-e" "CARGO_HOME=/opt/rustwide/cargo-home" "-e" "RUSTUP_HOME=/opt/rustwide/rustup-home" "-w" "/opt/rustwide/workdir" "-m" "1610612736" "--user" "0:0" "--network" "none" "ghcr.io/rust-lang/crates-build-env/linux@sha256:2788e3201cd34a07e3172128adcd8b3090168a8e3bcc40d7c032b9dda1df7d1c" "/opt/rustwide/cargo-home/bin/cargo" "+beta-2023-12-22" "metadata" "--no-deps" "--format-version=1", kill_on_drop: false }`
[INFO] [stdout] c48fe3eab7565a924238c35d92df68aa13cf3e170556cebb6cb12086a199df21
[INFO] running `Command { std: "docker" "start" "-a" "c48fe3eab7565a924238c35d92df68aa13cf3e170556cebb6cb12086a199df21", kill_on_drop: false }`
[INFO] running `Command { std: "docker" "inspect" "c48fe3eab7565a924238c35d92df68aa13cf3e170556cebb6cb12086a199df21", kill_on_drop: false }`
[INFO] running `Command { std: "docker" "rm" "-f" "c48fe3eab7565a924238c35d92df68aa13cf3e170556cebb6cb12086a199df21", kill_on_drop: false }`
[INFO] [stdout] c48fe3eab7565a924238c35d92df68aa13cf3e170556cebb6cb12086a199df21
[INFO] running `Command { std: "docker" "create" "-v" "/var/lib/crater-agent-workspace/builds/worker-4-tc2/target:/opt/rustwide/target:rw,Z" "-v" "/var/lib/crater-agent-workspace/builds/worker-4-tc2/source:/opt/rustwide/workdir:ro,Z" "-v" "/var/lib/crater-agent-workspace/cargo-home:/opt/rustwide/cargo-home:ro,Z" "-v" "/var/lib/crater-agent-workspace/rustup-home:/opt/rustwide/rustup-home:ro,Z" "-e" "SOURCE_DIR=/opt/rustwide/workdir" "-e" "CARGO_TARGET_DIR=/opt/rustwide/target" "-e" "CARGO_INCREMENTAL=0" "-e" "RUST_BACKTRACE=full" "-e" "RUSTFLAGS=--cap-lints=warn" "-e" "RUSTDOCFLAGS=--cap-lints=warn" "-e" "CARGO_HOME=/opt/rustwide/cargo-home" "-e" "RUSTUP_HOME=/opt/rustwide/rustup-home" "-w" "/opt/rustwide/workdir" "-m" "1610612736" "--user" "0:0" "--network" "none" "ghcr.io/rust-lang/crates-build-env/linux@sha256:2788e3201cd34a07e3172128adcd8b3090168a8e3bcc40d7c032b9dda1df7d1c" "/opt/rustwide/cargo-home/bin/cargo" "+beta-2023-12-22" "build" "--frozen" "--message-format=json", kill_on_drop: false }`
[INFO] [stdout] d0595bb1de7533ba3f266a6a8e9c686d105a3834f96041bd9eb8338b0efe491f
[INFO] running `Command { std: "docker" "start" "-a" "d0595bb1de7533ba3f266a6a8e9c686d105a3834f96041bd9eb8338b0efe491f", kill_on_drop: false }`
[INFO] [stderr]    Compiling semver v1.0.21
[INFO] [stderr]    Compiling subtle v2.5.0
[INFO] [stderr]    Compiling pin-project-lite v0.2.13
[INFO] [stderr]    Compiling futures-core v0.3.30
[INFO] [stderr]    Compiling platforms v3.3.0
[INFO] [stderr]    Compiling futures-sink v0.3.30
[INFO] [stderr]    Compiling generic-array v0.14.7
[INFO] [stderr]    Compiling slab v0.4.9
[INFO] [stderr]    Compiling syn v1.0.109
[INFO] [stderr]    Compiling futures-io v0.3.30
[INFO] [stderr]    Compiling cpufeatures v0.2.12
[INFO] [stderr]    Compiling futures-task v0.3.30
[INFO] [stderr]    Compiling syn v2.0.48
[INFO] [stderr]    Compiling getrandom v0.2.11
[INFO] [stderr]    Compiling tinyvec_macros v0.1.1
[INFO] [stderr]    Compiling num_cpus v1.16.0
[INFO] [stderr]    Compiling tinyvec v1.6.0
[INFO] [stderr]    Compiling once_cell v1.19.0
[INFO] [stderr]    Compiling data-encoding v2.5.0
[INFO] [stderr]    Compiling futures-channel v0.3.30
[INFO] [stderr]    Compiling thiserror v1.0.56
[INFO] [stderr]    Compiling unsigned-varint v0.7.2
[INFO] [stderr]    Compiling signature v2.2.0
[INFO] [stderr]    Compiling rand_core v0.6.4
[INFO] [stderr]    Compiling tracing-core v0.1.32
[INFO] [stderr]    Compiling ring v0.17.7
[INFO] [stderr]    Compiling ed25519 v2.2.3
[INFO] [stderr]    Compiling lock_api v0.4.11
[INFO] [stderr]    Compiling core2 v0.4.0
[INFO] [stderr]    Compiling unicode-bidi v0.3.14
[INFO] [stderr]    Compiling percent-encoding v2.3.1
[INFO] [stderr]    Compiling parking_lot_core v0.9.9
[INFO] [stderr]    Compiling rustc_version v0.4.0
[INFO] [stderr]    Compiling smallvec v1.11.2
[INFO] [stderr]    Compiling form_urlencoded v1.2.1
[INFO] [stderr]    Compiling quick-protobuf v0.8.1
[INFO] [stderr]    Compiling multihash v0.19.1
[INFO] [stderr]    Compiling serde v1.0.194
[INFO] [stderr]    Compiling base-x v0.2.11
[INFO] [stderr]    Compiling bs58 v0.5.0
[INFO] [stderr]    Compiling rand_chacha v0.3.1
[INFO] [stderr]    Compiling block-buffer v0.10.4
[INFO] [stderr]    Compiling crypto-common v0.1.6
[INFO] [stderr]    Compiling curve25519-dalek v4.1.1
[INFO] [stderr]    Compiling digest v0.10.7
[INFO] [stderr]    Compiling unicode-normalization v0.1.22
[INFO] [stderr]    Compiling snow v0.9.4
[INFO] [stderr]    Compiling untrusted v0.9.0
[INFO] [stderr]    Compiling arrayref v0.3.7
[INFO] [stderr]    Compiling spin v0.9.8
[INFO] [stderr]    Compiling parking_lot v0.12.1
[INFO] [stderr]    Compiling sha2 v0.10.8
[INFO] [stderr]    Compiling hmac v0.12.1
[INFO] [stderr]    Compiling rand v0.8.5
[INFO] [stderr]    Compiling hkdf v0.12.4
[INFO] [stderr]    Compiling instant v0.1.12
[INFO] [stderr]    Compiling futures-timer v3.0.2
[INFO] [stderr]    Compiling unsigned-varint v0.8.0
[INFO] [stderr]    Compiling idna v0.5.0
[INFO] [stderr]    Compiling data-encoding-macro-internal v0.1.12
[INFO] [stderr]    Compiling url v2.5.0
[INFO] [stderr]    Compiling data-encoding-macro v0.1.14
[INFO] [stderr]    Compiling multibase v0.9.1
[INFO] [stderr]    Compiling zeroize_derive v1.4.2
[INFO] [stderr]    Compiling futures-macro v0.3.30
[INFO] [stderr]    Compiling curve25519-dalek-derive v0.1.1
[INFO] [stderr]    Compiling thiserror-impl v1.0.56
[INFO] [stderr]    Compiling pin-project-internal v1.1.3
[INFO] [stderr]    Compiling tracing-attributes v0.1.27
[INFO] [stderr]    Compiling zeroize v1.7.0
[INFO] [stderr]    Compiling futures-util v0.3.30
[INFO] [stderr]    Compiling pin-project v1.1.3
[INFO] [stderr]    Compiling tracing v0.1.40
[INFO] [stderr]    Compiling ed25519-dalek v2.1.0
[INFO] [stderr]    Compiling x25519-dalek v2.0.0
[INFO] [stderr]    Compiling libp2p-identity v0.2.8
[INFO] [stderr]    Compiling multiaddr v0.18.1
[INFO] [stderr]    Compiling futures-executor v0.3.30
[INFO] [stderr]    Compiling asynchronous-codec v0.7.0
[INFO] [stderr]    Compiling futures v0.3.30
[INFO] [stderr]    Compiling multistream-select v0.13.0
[INFO] [stderr]    Compiling rw-stream-sink v0.4.0
[INFO] [stderr]    Compiling libp2p-core v0.41.2
[INFO] [stderr]    Compiling libp2p-noise v0.44.0 (/opt/rustwide/workdir)
[INFO] [stderr]     Finished dev [unoptimized + debuginfo] target(s) in 8.92s
[INFO] running `Command { std: "docker" "inspect" "d0595bb1de7533ba3f266a6a8e9c686d105a3834f96041bd9eb8338b0efe491f", kill_on_drop: false }`
[INFO] running `Command { std: "docker" "rm" "-f" "d0595bb1de7533ba3f266a6a8e9c686d105a3834f96041bd9eb8338b0efe491f", kill_on_drop: false }`
[INFO] [stdout] d0595bb1de7533ba3f266a6a8e9c686d105a3834f96041bd9eb8338b0efe491f
[INFO] running `Command { std: "docker" "create" "-v" "/var/lib/crater-agent-workspace/builds/worker-4-tc2/target:/opt/rustwide/target:rw,Z" "-v" "/var/lib/crater-agent-workspace/builds/worker-4-tc2/source:/opt/rustwide/workdir:ro,Z" "-v" "/var/lib/crater-agent-workspace/cargo-home:/opt/rustwide/cargo-home:ro,Z" "-v" "/var/lib/crater-agent-workspace/rustup-home:/opt/rustwide/rustup-home:ro,Z" "-e" "SOURCE_DIR=/opt/rustwide/workdir" "-e" "CARGO_TARGET_DIR=/opt/rustwide/target" "-e" "CARGO_INCREMENTAL=0" "-e" "RUST_BACKTRACE=full" "-e" "RUSTFLAGS=--cap-lints=warn" "-e" "RUSTDOCFLAGS=--cap-lints=warn" "-e" "CARGO_HOME=/opt/rustwide/cargo-home" "-e" "RUSTUP_HOME=/opt/rustwide/rustup-home" "-w" "/opt/rustwide/workdir" "-m" "1610612736" "--user" "0:0" "--network" "none" "ghcr.io/rust-lang/crates-build-env/linux@sha256:2788e3201cd34a07e3172128adcd8b3090168a8e3bcc40d7c032b9dda1df7d1c" "/opt/rustwide/cargo-home/bin/cargo" "+beta-2023-12-22" "test" "--frozen" "--no-run" "--message-format=json", kill_on_drop: false }`
[INFO] [stdout] 176f946b57cbead210a49bc38aa87810449198a7cf1dabf244973f28d912dd44
[INFO] running `Command { std: "docker" "start" "-a" "176f946b57cbead210a49bc38aa87810449198a7cf1dabf244973f28d912dd44", kill_on_drop: false }`
[INFO] [stderr]    Compiling tracing-core v0.1.32
[INFO] [stderr]    Compiling log v0.4.20
[INFO] [stderr]    Compiling crossbeam-utils v0.8.18
[INFO] [stderr]    Compiling ed25519-dalek v2.1.0
[INFO] [stderr]    Compiling regex-syntax v0.8.2
[INFO] [stderr]    Compiling regex-syntax v0.6.29
[INFO] [stderr]    Compiling futures_ringbuf v0.4.0
[INFO] [stderr]    Compiling overload v0.1.1
[INFO] [stderr]    Compiling sharded-slab v0.1.7
[INFO] [stderr]    Compiling thread_local v1.1.7
[INFO] [stderr]    Compiling nu-ansi-term v0.46.0
[INFO] [stderr]    Compiling multistream-select v0.13.0
[INFO] [stderr]    Compiling tracing v0.1.40
[INFO] [stderr]    Compiling tracing-log v0.2.0
[INFO] [stderr]    Compiling libp2p-identity v0.2.8
[INFO] [stderr]    Compiling ringbuf v0.3.3
[INFO] [stderr]    Compiling multiaddr v0.18.1
[INFO] [stderr]    Compiling libp2p-core v0.41.2
[INFO] [stderr]    Compiling regex-automata v0.4.3
[INFO] [stderr]    Compiling regex-automata v0.1.10
[INFO] [stderr]    Compiling libp2p-noise v0.44.0 (/opt/rustwide/workdir)
[INFO] [stderr]    Compiling matchers v0.1.0
[INFO] [stderr]    Compiling regex v1.10.2
[INFO] [stderr]    Compiling tracing-subscriber v0.3.18
[INFO] [stdout] error[E0432]: unresolved import `quickcheck`
[INFO] [stdout]   --> tests/smoke.rs:27:5
[INFO] [stdout]    |
[INFO] [stdout] 27 | use quickcheck::*;
[INFO] [stdout]    |     ^^^^^^^^^^ use of undeclared crate or module `quickcheck`
[INFO] [stdout] 
[INFO] [stdout] 
[INFO] [stdout] error[E0405]: cannot find trait `Arbitrary` in this scope
[INFO] [stdout]    --> tests/smoke.rs:114:6
[INFO] [stdout]     |
[INFO] [stdout] 114 | impl Arbitrary for Message {
[INFO] [stdout]     |      ^^^^^^^^^ not found in this scope
[INFO] [stdout] 
[INFO] [stdout] 
[INFO] [stdout] error[E0412]: cannot find type `Gen` in this scope
[INFO] [stdout]    --> tests/smoke.rs:115:26
[INFO] [stdout]     |
[INFO] [stdout] 115 |     fn arbitrary(g: &mut Gen) -> Self {
[INFO] [stdout]     |                          ^^^ not found in this scope
[INFO] [stdout] 
[INFO] [stdout] 
[INFO] [stdout] error[E0433]: failed to resolve: use of undeclared type `QuickCheck`
[INFO] [stdout]    --> tests/smoke.rs:106:5
[INFO] [stdout]     |
[INFO] [stdout] 106 |     QuickCheck::new()
[INFO] [stdout]     |     ^^^^^^^^^^ use of undeclared type `QuickCheck`
[INFO] [stdout] 
[INFO] [stdout] 
[INFO] [stdout] error: aborting due to 4 previous errors
[INFO] [stdout] 
[INFO] [stdout] 
[INFO] [stdout] Some errors have detailed explanations: E0405, E0412, E0432, E0433.
[INFO] [stdout] 
[INFO] [stdout] For more information about an error, try `rustc --explain E0405`.
[INFO] [stdout] 
[INFO] [stderr] error: could not compile `libp2p-noise` (test "smoke") due to 5 previous errors
[INFO] [stderr] warning: build failed, waiting for other jobs to finish...
[INFO] running `Command { std: "docker" "inspect" "176f946b57cbead210a49bc38aa87810449198a7cf1dabf244973f28d912dd44", kill_on_drop: false }`
[INFO] running `Command { std: "docker" "rm" "-f" "176f946b57cbead210a49bc38aa87810449198a7cf1dabf244973f28d912dd44", kill_on_drop: false }`
[INFO] [stdout] 176f946b57cbead210a49bc38aa87810449198a7cf1dabf244973f28d912dd44
