[INFO] fetching crate libp2p-kad 0.45.1...
[INFO] testing libp2p-kad-0.45.1 against 1.75.0 for beta-1.76-1
[INFO] extracting crate libp2p-kad 0.45.1 into /workspace/builds/worker-1-tc1/source
[INFO] validating manifest of crates.io crate libp2p-kad 0.45.1 on toolchain 1.75.0
[INFO] running `Command { std: CARGO_HOME="/workspace/cargo-home" RUSTUP_HOME="/workspace/rustup-home" "/workspace/cargo-home/bin/cargo" "+1.75.0" "metadata" "--manifest-path" "Cargo.toml" "--no-deps", kill_on_drop: false }`
[INFO] started tweaking crates.io crate libp2p-kad 0.45.1
[INFO] finished tweaking crates.io crate libp2p-kad 0.45.1
[INFO] tweaked toml for crates.io crate libp2p-kad 0.45.1 written to /workspace/builds/worker-1-tc1/source/Cargo.toml
[INFO] running `Command { std: CARGO_HOME="/workspace/cargo-home" RUSTUP_HOME="/workspace/rustup-home" "/workspace/cargo-home/bin/cargo" "+1.75.0" "generate-lockfile" "--manifest-path" "Cargo.toml", kill_on_drop: false }`
[INFO] [stderr]     Updating crates.io index
[INFO] running `Command { std: CARGO_HOME="/workspace/cargo-home" RUSTUP_HOME="/workspace/rustup-home" "/workspace/cargo-home/bin/cargo" "+1.75.0" "fetch" "--manifest-path" "Cargo.toml", kill_on_drop: false }`
[INFO] [stderr]  Downloading crates ...
[INFO] [stderr]   Downloaded multiaddr v0.18.1
[INFO] [stderr]   Downloaded libp2p-yamux v0.45.1
[INFO] [stderr]   Downloaded quick-protobuf-codec v0.2.0
[INFO] [stderr]   Downloaded rw-stream-sink v0.4.0
[INFO] [stderr]   Downloaded libp2p-core v0.41.2
[INFO] [stderr]   Downloaded multistream-select v0.13.0
[INFO] [stderr]   Downloaded asynchronous-codec v0.6.2
[INFO] [stderr]   Downloaded libp2p-noise v0.44.0
[INFO] [stderr]   Downloaded libp2p-identity v0.2.8
[INFO] [stderr]   Downloaded libp2p-swarm v0.44.1
[INFO] [stderr]   Downloaded yamux v0.13.1
[INFO] [stderr]   Downloaded yamux v0.12.1
[INFO] running `Command { std: "docker" "create" "-v" "/var/lib/crater-agent-workspace/builds/worker-1-tc1/target:/opt/rustwide/target:rw,Z" "-v" "/var/lib/crater-agent-workspace/builds/worker-1-tc1/source:/opt/rustwide/workdir:ro,Z" "-v" "/var/lib/crater-agent-workspace/cargo-home:/opt/rustwide/cargo-home:ro,Z" "-v" "/var/lib/crater-agent-workspace/rustup-home:/opt/rustwide/rustup-home:ro,Z" "-e" "SOURCE_DIR=/opt/rustwide/workdir" "-e" "CARGO_TARGET_DIR=/opt/rustwide/target" "-e" "CARGO_HOME=/opt/rustwide/cargo-home" "-e" "RUSTUP_HOME=/opt/rustwide/rustup-home" "-w" "/opt/rustwide/workdir" "-m" "1610612736" "--user" "0:0" "--network" "none" "ghcr.io/rust-lang/crates-build-env/linux@sha256:2788e3201cd34a07e3172128adcd8b3090168a8e3bcc40d7c032b9dda1df7d1c" "/opt/rustwide/cargo-home/bin/cargo" "+1.75.0" "metadata" "--no-deps" "--format-version=1", kill_on_drop: false }`
[INFO] [stdout] 2d88c75479ed8214b7372608f4e72fa14eae058bb68739786ad48e61b5237009
[INFO] running `Command { std: "docker" "start" "-a" "2d88c75479ed8214b7372608f4e72fa14eae058bb68739786ad48e61b5237009", kill_on_drop: false }`
[INFO] running `Command { std: "docker" "inspect" "2d88c75479ed8214b7372608f4e72fa14eae058bb68739786ad48e61b5237009", kill_on_drop: false }`
[INFO] running `Command { std: "docker" "rm" "-f" "2d88c75479ed8214b7372608f4e72fa14eae058bb68739786ad48e61b5237009", kill_on_drop: false }`
[INFO] [stdout] 2d88c75479ed8214b7372608f4e72fa14eae058bb68739786ad48e61b5237009
[INFO] running `Command { std: "docker" "create" "-v" "/var/lib/crater-agent-workspace/builds/worker-1-tc1/target:/opt/rustwide/target:rw,Z" "-v" "/var/lib/crater-agent-workspace/builds/worker-1-tc1/source:/opt/rustwide/workdir:ro,Z" "-v" "/var/lib/crater-agent-workspace/cargo-home:/opt/rustwide/cargo-home:ro,Z" "-v" "/var/lib/crater-agent-workspace/rustup-home:/opt/rustwide/rustup-home:ro,Z" "-e" "SOURCE_DIR=/opt/rustwide/workdir" "-e" "CARGO_TARGET_DIR=/opt/rustwide/target" "-e" "CARGO_INCREMENTAL=0" "-e" "RUST_BACKTRACE=full" "-e" "RUSTFLAGS=--cap-lints=warn" "-e" "RUSTDOCFLAGS=--cap-lints=warn" "-e" "CARGO_HOME=/opt/rustwide/cargo-home" "-e" "RUSTUP_HOME=/opt/rustwide/rustup-home" "-w" "/opt/rustwide/workdir" "-m" "1610612736" "--user" "0:0" "--network" "none" "ghcr.io/rust-lang/crates-build-env/linux@sha256:2788e3201cd34a07e3172128adcd8b3090168a8e3bcc40d7c032b9dda1df7d1c" "/opt/rustwide/cargo-home/bin/cargo" "+1.75.0" "build" "--frozen" "--message-format=json", kill_on_drop: false }`
[INFO] [stdout] 15fc34dcefd86f8fec4739efbbf862fdfe0aee44e78ee88a52b1d76eabd475f6
[INFO] running `Command { std: "docker" "start" "-a" "15fc34dcefd86f8fec4739efbbf862fdfe0aee44e78ee88a52b1d76eabd475f6", kill_on_drop: false }`
[INFO] [stderr]    Compiling typenum v1.17.0
[INFO] [stderr]    Compiling futures-sink v0.3.30
[INFO] [stderr]    Compiling futures-io v0.3.30
[INFO] [stderr]    Compiling semver v1.0.21
[INFO] [stderr]    Compiling subtle v2.5.0
[INFO] [stderr]    Compiling generic-array v0.14.7
[INFO] [stderr]    Compiling bytes v1.5.0
[INFO] [stderr]    Compiling syn v1.0.109
[INFO] [stderr]    Compiling platforms v3.3.0
[INFO] [stderr]    Compiling tinyvec_macros v0.1.1
[INFO] [stderr]    Compiling cpufeatures v0.2.12
[INFO] [stderr]    Compiling data-encoding v2.5.0
[INFO] [stderr]    Compiling syn v2.0.48
[INFO] [stderr]    Compiling getrandom v0.2.11
[INFO] [stderr]    Compiling num_cpus v1.16.0
[INFO] [stderr]    Compiling zeroize v1.7.0
[INFO] [stderr]    Compiling futures-channel v0.3.30
[INFO] [stderr]    Compiling tinyvec v1.6.0
[INFO] [stderr]    Compiling signature v2.2.0
[INFO] [stderr]    Compiling ppv-lite86 v0.2.17
[INFO] [stderr]    Compiling tracing-core v0.1.32
[INFO] [stderr]    Compiling ed25519 v2.2.3
[INFO] [stderr]    Compiling rand_core v0.6.4
[INFO] [stderr]    Compiling quick-protobuf v0.8.1
[INFO] [stderr]    Compiling core2 v0.4.0
[INFO] [stderr]    Compiling lock_api v0.4.11
[INFO] [stderr]    Compiling percent-encoding v2.3.1
[INFO] [stderr]    Compiling smallvec v1.11.2
[INFO] [stderr]    Compiling parking_lot_core v0.9.9
[INFO] [stderr]    Compiling unicode-bidi v0.3.14
[INFO] [stderr]    Compiling rustc_version v0.4.0
[INFO] [stderr]    Compiling rand_chacha v0.3.1
[INFO] [stderr]    Compiling static_assertions v1.1.0
[INFO] [stderr]    Compiling serde v1.0.194
[INFO] [stderr]    Compiling form_urlencoded v1.2.1
[INFO] [stderr]    Compiling base-x v0.2.11
[INFO] [stderr]    Compiling scopeguard v1.2.0
[INFO] [stderr]    Compiling bs58 v0.5.0
[INFO] [stderr]    Compiling crunchy v0.2.2
[INFO] [stderr]    Compiling rand v0.8.5
[INFO] [stderr]    Compiling arrayref v0.3.7
[INFO] [stderr]    Compiling curve25519-dalek v4.1.1
[INFO] [stderr]    Compiling unicode-normalization v0.1.22
[INFO] [stderr]    Compiling parking_lot v0.12.1
[INFO] [stderr]    Compiling void v1.0.2
[INFO] [stderr]    Compiling either v1.9.0
[INFO] [stderr]    Compiling futures-timer v3.0.2
[INFO] [stderr]    Compiling unsigned-varint v0.8.0
[INFO] [stderr]    Compiling hex v0.4.3
[INFO] [stderr]    Compiling arrayvec v0.7.4
[INFO] [stderr]    Compiling uint v0.9.5
[INFO] [stderr]    Compiling idna v0.5.0
[INFO] [stderr]    Compiling data-encoding-macro-internal v0.1.12
[INFO] [stderr]    Compiling url v2.5.0
[INFO] [stderr]    Compiling data-encoding-macro v0.1.14
[INFO] [stderr]    Compiling crypto-common v0.1.6
[INFO] [stderr]    Compiling block-buffer v0.10.4
[INFO] [stderr]    Compiling multibase v0.9.1
[INFO] [stderr]    Compiling digest v0.10.7
[INFO] [stderr]    Compiling sha2 v0.10.8
[INFO] [stderr]    Compiling hmac v0.12.1
[INFO] [stderr]    Compiling hkdf v0.12.4
[INFO] [stderr]    Compiling futures-macro v0.3.30
[INFO] [stderr]    Compiling curve25519-dalek-derive v0.1.1
[INFO] [stderr]    Compiling thiserror-impl v1.0.56
[INFO] [stderr]    Compiling pin-project-internal v1.1.3
[INFO] [stderr]    Compiling tracing-attributes v0.1.27
[INFO] [stderr]    Compiling futures-util v0.3.30
[INFO] [stderr]    Compiling thiserror v1.0.56
[INFO] [stderr]    Compiling pin-project v1.1.3
[INFO] [stderr]    Compiling tracing v0.1.40
[INFO] [stderr]    Compiling ed25519-dalek v2.1.0
[INFO] [stderr]    Compiling asynchronous-codec v0.6.2
[INFO] [stderr]    Compiling futures-executor v0.3.30
[INFO] [stderr]    Compiling unsigned-varint v0.7.2
[INFO] [stderr]    Compiling futures v0.3.30
[INFO] [stderr]    Compiling rw-stream-sink v0.4.0
[INFO] [stderr]    Compiling multihash v0.19.1
[INFO] [stderr]    Compiling multistream-select v0.13.0
[INFO] [stderr]    Compiling quick-protobuf-codec v0.2.0
[INFO] [stderr]    Compiling libp2p-identity v0.2.8
[INFO] [stderr]    Compiling multiaddr v0.18.1
[INFO] [stderr]    Compiling libp2p-core v0.41.2
[INFO] [stderr]    Compiling libp2p-swarm v0.44.1
[INFO] [stderr]    Compiling libp2p-kad v0.45.1 (/opt/rustwide/workdir)
[INFO] [stderr]     Finished dev [unoptimized + debuginfo] target(s) in 13.09s
[INFO] running `Command { std: "docker" "inspect" "15fc34dcefd86f8fec4739efbbf862fdfe0aee44e78ee88a52b1d76eabd475f6", kill_on_drop: false }`
[INFO] running `Command { std: "docker" "rm" "-f" "15fc34dcefd86f8fec4739efbbf862fdfe0aee44e78ee88a52b1d76eabd475f6", kill_on_drop: false }`
[INFO] [stdout] 15fc34dcefd86f8fec4739efbbf862fdfe0aee44e78ee88a52b1d76eabd475f6
[INFO] running `Command { std: "docker" "create" "-v" "/var/lib/crater-agent-workspace/builds/worker-1-tc1/target:/opt/rustwide/target:rw,Z" "-v" "/var/lib/crater-agent-workspace/builds/worker-1-tc1/source:/opt/rustwide/workdir:ro,Z" "-v" "/var/lib/crater-agent-workspace/cargo-home:/opt/rustwide/cargo-home:ro,Z" "-v" "/var/lib/crater-agent-workspace/rustup-home:/opt/rustwide/rustup-home:ro,Z" "-e" "SOURCE_DIR=/opt/rustwide/workdir" "-e" "CARGO_TARGET_DIR=/opt/rustwide/target" "-e" "CARGO_INCREMENTAL=0" "-e" "RUST_BACKTRACE=full" "-e" "RUSTFLAGS=--cap-lints=warn" "-e" "RUSTDOCFLAGS=--cap-lints=warn" "-e" "CARGO_HOME=/opt/rustwide/cargo-home" "-e" "RUSTUP_HOME=/opt/rustwide/rustup-home" "-w" "/opt/rustwide/workdir" "-m" "1610612736" "--user" "0:0" "--network" "none" "ghcr.io/rust-lang/crates-build-env/linux@sha256:2788e3201cd34a07e3172128adcd8b3090168a8e3bcc40d7c032b9dda1df7d1c" "/opt/rustwide/cargo-home/bin/cargo" "+1.75.0" "test" "--frozen" "--no-run" "--message-format=json", kill_on_drop: false }`
[INFO] [stdout] 28cbb5005d8630112d64ab0287fb2668eff3f4769edc5776c5c67431536904d3
[INFO] running `Command { std: "docker" "start" "-a" "28cbb5005d8630112d64ab0287fb2668eff3f4769edc5776c5c67431536904d3", kill_on_drop: false }`
[INFO] [stderr]    Compiling futures-core v0.3.30
[INFO] [stderr]    Compiling tracing-core v0.1.32
[INFO] [stderr]    Compiling subtle v2.5.0
[INFO] [stderr]    Compiling value-bag v1.4.3
[INFO] [stderr]    Compiling crossbeam-utils v0.8.18
[INFO] [stderr]    Compiling syn v1.0.109
[INFO] [stderr]    Compiling parking v2.2.0
[INFO] [stderr]    Compiling syn v2.0.48
[INFO] [stderr]    Compiling curve25519-dalek v4.1.1
[INFO] [stderr]    Compiling libc v0.2.151
[INFO] [stderr]    Compiling rustix v0.38.28
[INFO] [stderr]    Compiling linux-raw-sys v0.4.12
[INFO] [stderr]    Compiling io-lifetimes v1.0.11
[INFO] [stderr]    Compiling polling v2.8.0
[INFO] [stderr]    Compiling event-listener v2.5.3
[INFO] [stderr]    Compiling rustix v0.37.27
[INFO] [stderr]    Compiling futures-channel v0.3.30
[INFO] [stderr]    Compiling digest v0.10.7
[INFO] [stderr]    Compiling futures-lite v2.1.0
[INFO] [stderr]    Compiling log v0.4.20
[INFO] [stderr]    Compiling atomic-waker v1.1.2
[INFO] [stderr]    Compiling async-task v4.7.0
[INFO] [stderr]    Compiling piper v0.2.1
[INFO] [stderr]    Compiling hmac v0.12.1
[INFO] [stderr]    Compiling sha2 v0.10.8
[INFO] [stderr]    Compiling snow v0.9.4
[INFO] [stderr]    Compiling async-io v1.13.0
[INFO] [stderr]    Compiling hkdf v0.12.4
[INFO] [stderr]    Compiling regex-syntax v0.8.2
[INFO] [stderr]    Compiling linux-raw-sys v0.3.8
[INFO] [stderr]    Compiling regex-syntax v0.6.29
[INFO] [stderr]    Compiling fastrand v1.9.0
[INFO] [stderr]    Compiling nohash-hasher v0.2.0
[INFO] [stderr]    Compiling concurrent-queue v2.4.0
[INFO] [stderr]    Compiling spin v0.9.8
[INFO] [stderr]    Compiling waker-fn v1.1.1
[INFO] [stderr]    Compiling untrusted v0.9.0
[INFO] [stderr]    Compiling futures-lite v1.13.0
[INFO] [stderr]    Compiling async-lock v2.8.0
[INFO] [stderr]    Compiling event-listener v4.0.2
[INFO] [stderr]    Compiling socket2 v0.4.10
[INFO] [stderr]    Compiling overload v0.1.1
[INFO] [stderr]    Compiling sharded-slab v0.1.7
[INFO] [stderr]    Compiling async-channel v1.9.0
[INFO] [stderr]    Compiling nu-ansi-term v0.46.0
[INFO] [stderr]    Compiling kv-log-macro v1.0.7
[INFO] [stderr]    Compiling event-listener-strategy v0.4.0
[INFO] [stderr]    Compiling cc v1.0.83
[INFO] [stderr]    Compiling tracing-log v0.2.0
[INFO] [stderr]    Compiling thread_local v1.1.7
[INFO] [stderr]    Compiling async-lock v3.2.0
[INFO] [stderr]    Compiling async-channel v2.1.1
[INFO] [stderr]    Compiling async-executor v1.8.0
[INFO] [stderr]    Compiling regex-automata v0.4.3
[INFO] [stderr]    Compiling ring v0.17.7
[INFO] [stderr]    Compiling regex-automata v0.1.10
[INFO] [stderr]    Compiling matchers v0.1.0
[INFO] [stderr]    Compiling regex v1.10.2
[INFO] [stderr]    Compiling data-encoding-macro-internal v0.1.12
[INFO] [stderr]    Compiling async-attributes v1.1.2
[INFO] [stderr]    Compiling futures-macro v0.3.30
[INFO] [stderr]    Compiling tracing-attributes v0.1.27
[INFO] [stderr]    Compiling zeroize_derive v1.4.2
[INFO] [stderr]    Compiling pin-project-internal v1.1.3
[INFO] [stderr]    Compiling curve25519-dalek-derive v0.1.1
[INFO] [stderr]    Compiling thiserror-impl v1.0.56
[INFO] [stderr]    Compiling data-encoding-macro v0.1.14
[INFO] [stderr]    Compiling multibase v0.9.1
[INFO] [stderr]    Compiling zeroize v1.7.0
[INFO] [stderr]    Compiling futures-util v0.3.30
[INFO] [stderr]    Compiling thiserror v1.0.56
[INFO] [stderr]    Compiling pin-project v1.1.3
[INFO] [stderr]    Compiling tracing v0.1.40
[INFO] [stderr]    Compiling polling v3.3.1
[INFO] [stderr]    Compiling blocking v1.5.1
[INFO] [stderr]    Compiling tracing-subscriber v0.3.18
[INFO] [stderr]    Compiling async-io v2.2.2
[INFO] [stderr]    Compiling ed25519-dalek v2.1.0
[INFO] [stderr]    Compiling x25519-dalek v2.0.0
[INFO] [stderr]    Compiling async-global-executor v2.4.1
[INFO] [stderr]    Compiling async-std v1.12.0
[INFO] [stderr]    Compiling asynchronous-codec v0.6.2
[INFO] [stderr]    Compiling futures-executor v0.3.30
[INFO] [stderr]    Compiling asynchronous-codec v0.7.0
[INFO] [stderr]    Compiling unsigned-varint v0.7.2
[INFO] [stderr]    Compiling futures v0.3.30
[INFO] [stderr]    Compiling rw-stream-sink v0.4.0
[INFO] [stderr]    Compiling yamux v0.13.1
[INFO] [stderr]    Compiling yamux v0.12.1
[INFO] [stderr]    Compiling multihash v0.19.1
[INFO] [stderr]    Compiling multistream-select v0.13.0
[INFO] [stderr]    Compiling quick-protobuf-codec v0.2.0
[INFO] [stderr]    Compiling libp2p-identity v0.2.8
[INFO] [stderr]    Compiling multiaddr v0.18.1
[INFO] [stderr]    Compiling libp2p-core v0.41.2
[INFO] [stderr]    Compiling libp2p-swarm v0.44.1
[INFO] [stderr]    Compiling libp2p-noise v0.44.0
[INFO] [stderr]    Compiling libp2p-yamux v0.45.1
[INFO] [stderr]    Compiling libp2p-kad v0.45.1 (/opt/rustwide/workdir)
[INFO] [stdout] error[E0432]: unresolved import `quickcheck`
[INFO] [stdout]   --> src/behaviour/test.rs:43:5
[INFO] [stdout]    |
[INFO] [stdout] 43 | use quickcheck::*;
[INFO] [stdout]    |     ^^^^^^^^^^ use of undeclared crate or module `quickcheck`
[INFO] [stdout] 
[INFO] [stdout] 
[INFO] [stdout] error[E0432]: unresolved import `quickcheck`
[INFO] [stdout]     --> src/handler.rs:1167:9
[INFO] [stdout]      |
[INFO] [stdout] 1167 |     use quickcheck::{Arbitrary, Gen};
[INFO] [stdout]      |         ^^^^^^^^^^ use of undeclared crate or module `quickcheck`
[INFO] [stdout] 
[INFO] [stdout] 
[INFO] [stdout] error[E0432]: unresolved import `quickcheck`
[INFO] [stdout]    --> src/jobs.rs:341:9
[INFO] [stdout]     |
[INFO] [stdout] 341 |     use quickcheck::*;
[INFO] [stdout]     |         ^^^^^^^^^^ use of undeclared crate or module `quickcheck`
[INFO] [stdout] 
[INFO] [stdout] 
[INFO] [stdout] error[E0432]: unresolved import `quickcheck`
[INFO] [stdout]    --> src/kbucket/bucket.rs:433:9
[INFO] [stdout]     |
[INFO] [stdout] 433 |     use quickcheck::*;
[INFO] [stdout]     |         ^^^^^^^^^^ use of undeclared crate or module `quickcheck`
[INFO] [stdout] 
[INFO] [stdout] 
[INFO] [stdout] error[E0432]: unresolved import `quickcheck`
[INFO] [stdout]    --> src/kbucket/key.rs:205:9
[INFO] [stdout]     |
[INFO] [stdout] 205 |     use quickcheck::*;
[INFO] [stdout]     |         ^^^^^^^^^^ use of undeclared crate or module `quickcheck`
[INFO] [stdout] 
[INFO] [stdout] 
[INFO] [stdout] error[E0432]: unresolved import `quickcheck`
[INFO] [stdout]    --> src/kbucket.rs:530:9
[INFO] [stdout]     |
[INFO] [stdout] 530 |     use quickcheck::*;
[INFO] [stdout]     |         ^^^^^^^^^^ use of undeclared crate or module `quickcheck`
[INFO] [stdout] 
[INFO] [stdout] 
[INFO] [stdout] error[E0432]: unresolved import `quickcheck`
[INFO] [stdout]    --> src/query/peers/closest/disjoint.rs:444:9
[INFO] [stdout]     |
[INFO] [stdout] 444 |     use quickcheck::*;
[INFO] [stdout]     |         ^^^^^^^^^^ use of undeclared crate or module `quickcheck`
[INFO] [stdout] 
[INFO] [stdout] 
[INFO] [stdout] error[E0432]: unresolved import `quickcheck`
[INFO] [stdout]    --> src/query/peers/closest.rs:480:9
[INFO] [stdout]     |
[INFO] [stdout] 480 |     use quickcheck::*;
[INFO] [stdout]     |         ^^^^^^^^^^ use of undeclared crate or module `quickcheck`
[INFO] [stdout] 
[INFO] [stdout] 
[INFO] [stdout] error[E0432]: unresolved import `quickcheck`
[INFO] [stdout]    --> src/record/store/memory.rs:221:9
[INFO] [stdout]     |
[INFO] [stdout] 221 |     use quickcheck::*;
[INFO] [stdout]     |         ^^^^^^^^^^ use of undeclared crate or module `quickcheck`
[INFO] [stdout] 
[INFO] [stdout] 
[INFO] [stdout] error[E0432]: unresolved import `quickcheck`
[INFO] [stdout]    --> src/record.rs:165:9
[INFO] [stdout]     |
[INFO] [stdout] 165 |     use quickcheck::*;
[INFO] [stdout]     |         ^^^^^^^^^^ use of undeclared crate or module `quickcheck`
[INFO] [stdout] 
[INFO] [stdout] 
[INFO] [stdout] error[E0405]: cannot find trait `Arbitrary` in this scope
[INFO] [stdout]    --> src/behaviour/test.rs:155:6
[INFO] [stdout]     |
[INFO] [stdout] 155 | impl Arbitrary for Seed {
[INFO] [stdout]     |      ^^^^^^^^^ not found in this scope
[INFO] [stdout] 
[INFO] [stdout] 
[INFO] [stdout] error[E0412]: cannot find type `Gen` in this scope
[INFO] [stdout]    --> src/behaviour/test.rs:156:26
[INFO] [stdout]     |
[INFO] [stdout] 156 |     fn arbitrary(g: &mut Gen) -> Seed {
[INFO] [stdout]     |                          ^^^ not found in this scope
[INFO] [stdout] 
[INFO] [stdout] 
[INFO] [stdout] error[E0405]: cannot find trait `Arbitrary` in this scope
[INFO] [stdout]    --> src/kbucket/bucket.rs:436:10
[INFO] [stdout]     |
[INFO] [stdout] 436 |     impl Arbitrary for KBucket<Key<PeerId>, ()> {
[INFO] [stdout]     |          ^^^^^^^^^ not found in this scope
[INFO] [stdout] 
[INFO] [stdout] 
[INFO] [stdout] error[E0412]: cannot find type `Gen` in this scope
[INFO] [stdout]    --> src/kbucket/bucket.rs:437:30
[INFO] [stdout]     |
[INFO] [stdout] 437 |         fn arbitrary(g: &mut Gen) -> KBucket<Key<PeerId>, ()> {
[INFO] [stdout]     |                              ^^^ not found in this scope
[INFO] [stdout] 
[INFO] [stdout] 
[INFO] [stdout] error[E0405]: cannot find trait `Arbitrary` in this scope
[INFO] [stdout]    --> src/kbucket/bucket.rs:457:10
[INFO] [stdout]     |
[INFO] [stdout] 457 |     impl Arbitrary for NodeStatus {
[INFO] [stdout]     |          ^^^^^^^^^ not found in this scope
[INFO] [stdout] 
[INFO] [stdout] 
[INFO] [stdout] error[E0412]: cannot find type `Gen` in this scope
[INFO] [stdout]    --> src/kbucket/bucket.rs:458:30
[INFO] [stdout]     |
[INFO] [stdout] 458 |         fn arbitrary(g: &mut Gen) -> NodeStatus {
[INFO] [stdout]     |                              ^^^ not found in this scope
[INFO] [stdout] 
[INFO] [stdout] 
[INFO] [stdout] error[E0405]: cannot find trait `Arbitrary` in this scope
[INFO] [stdout]    --> src/kbucket/bucket.rs:467:10
[INFO] [stdout]     |
[INFO] [stdout] 467 |     impl Arbitrary for Position {
[INFO] [stdout]     |          ^^^^^^^^^ not found in this scope
[INFO] [stdout] 
[INFO] [stdout] 
[INFO] [stdout] error[E0412]: cannot find type `Gen` in this scope
[INFO] [stdout]    --> src/kbucket/bucket.rs:468:30
[INFO] [stdout]     |
[INFO] [stdout] 468 |         fn arbitrary(g: &mut Gen) -> Position {
[INFO] [stdout]     |                              ^^^ not found in this scope
[INFO] [stdout] 
[INFO] [stdout] 
[INFO] [stdout] error[E0405]: cannot find trait `Arbitrary` in this scope
[INFO] [stdout]    --> src/kbucket/key.rs:207:10
[INFO] [stdout]     |
[INFO] [stdout] 207 |     impl Arbitrary for Key<PeerId> {
[INFO] [stdout]     |          ^^^^^^^^^ not found in this scope
[INFO] [stdout] 
[INFO] [stdout] 
[INFO] [stdout] error[E0412]: cannot find type `Gen` in this scope
[INFO] [stdout]    --> src/kbucket/key.rs:208:30
[INFO] [stdout]     |
[INFO] [stdout] 208 |         fn arbitrary(_: &mut Gen) -> Key<PeerId> {
[INFO] [stdout]     |                              ^^^ not found in this scope
[INFO] [stdout] 
[INFO] [stdout] 
[INFO] [stdout] error[E0405]: cannot find trait `Arbitrary` in this scope
[INFO] [stdout]    --> src/kbucket/key.rs:213:10
[INFO] [stdout]     |
[INFO] [stdout] 213 |     impl Arbitrary for Key<Multihash<64>> {
[INFO] [stdout]     |          ^^^^^^^^^ not found in this scope
[INFO] [stdout] 
[INFO] [stdout] 
[INFO] [stdout] error[E0412]: cannot find type `Gen` in this scope
[INFO] [stdout]    --> src/kbucket/key.rs:214:30
[INFO] [stdout]     |
[INFO] [stdout] 214 |         fn arbitrary(g: &mut Gen) -> Key<Multihash<64>> {
[INFO] [stdout]     |                              ^^^ not found in this scope
[INFO] [stdout] 
[INFO] [stdout] 
[INFO] [stdout] error[E0412]: cannot find type `TestResult` in this scope
[INFO] [stdout]    --> src/kbucket/key.rs:238:68
[INFO] [stdout]     |
[INFO] [stdout] 238 |         fn prop(a: Key<PeerId>, b: Key<PeerId>, c: Key<PeerId>) -> TestResult {
[INFO] [stdout]     |                                                                    ^^^^^^^^^^ not found in this scope
[INFO] [stdout] 
[INFO] [stdout] 
[INFO] [stdout] error[E0405]: cannot find trait `Arbitrary` in this scope
[INFO] [stdout]    --> src/kbucket.rs:534:10
[INFO] [stdout]     |
[INFO] [stdout] 534 |     impl Arbitrary for TestTable {
[INFO] [stdout]     |          ^^^^^^^^^ not found in this scope
[INFO] [stdout] 
[INFO] [stdout] 
[INFO] [stdout] error[E0412]: cannot find type `Gen` in this scope
[INFO] [stdout]    --> src/kbucket.rs:535:30
[INFO] [stdout]     |
[INFO] [stdout] 535 |         fn arbitrary(g: &mut Gen) -> TestTable {
[INFO] [stdout]     |                              ^^^ not found in this scope
[INFO] [stdout] 
[INFO] [stdout] 
[INFO] [stdout] error[E0405]: cannot find trait `Arbitrary` in this scope
[INFO] [stdout]    --> src/query/peers/closest/disjoint.rs:448:10
[INFO] [stdout]     |
[INFO] [stdout] 448 |     impl Arbitrary for ResultIter<std::vec::IntoIter<Key<PeerId>>> {
[INFO] [stdout]     |          ^^^^^^^^^ not found in this scope
[INFO] [stdout] 
[INFO] [stdout] 
[INFO] [stdout] error[E0412]: cannot find type `Gen` in this scope
[INFO] [stdout]    --> src/query/peers/closest/disjoint.rs:449:30
[INFO] [stdout]     |
[INFO] [stdout] 449 |         fn arbitrary(g: &mut Gen) -> Self {
[INFO] [stdout]     |                              ^^^ not found in this scope
[INFO] [stdout] 
[INFO] [stdout] 
[INFO] [stdout] error[E0405]: cannot find trait `Arbitrary` in this scope
[INFO] [stdout]    --> src/query/peers/closest/disjoint.rs:525:10
[INFO] [stdout]     |
[INFO] [stdout] 525 |     impl Arbitrary for ArbitraryPeerId {
[INFO] [stdout]     |          ^^^^^^^^^ not found in this scope
[INFO] [stdout] 
[INFO] [stdout] 
[INFO] [stdout] error[E0412]: cannot find type `Gen` in this scope
[INFO] [stdout]    --> src/query/peers/closest/disjoint.rs:526:30
[INFO] [stdout]     |
[INFO] [stdout] 526 |         fn arbitrary(g: &mut Gen) -> ArbitraryPeerId {
[INFO] [stdout]     |                              ^^^ not found in this scope
[INFO] [stdout] 
[INFO] [stdout] 
[INFO] [stdout] error[E0405]: cannot find trait `Arbitrary` in this scope
[INFO] [stdout]    --> src/query/peers/closest/disjoint.rs:537:10
[INFO] [stdout]     |
[INFO] [stdout] 537 |     impl Arbitrary for Target {
[INFO] [stdout]     |          ^^^^^^^^^ not found in this scope
[INFO] [stdout] 
[INFO] [stdout] 
[INFO] [stdout] error[E0412]: cannot find type `Gen` in this scope
[INFO] [stdout]    --> src/query/peers/closest/disjoint.rs:538:30
[INFO] [stdout]     |
[INFO] [stdout] 538 |         fn arbitrary(g: &mut Gen) -> Self {
[INFO] [stdout]     |                              ^^^ not found in this scope
[INFO] [stdout] 
[INFO] [stdout] 
[INFO] [stdout] error[E0412]: cannot find type `Gen` in this scope
[INFO] [stdout]    --> src/query/peers/closest/disjoint.rs:544:39
[INFO] [stdout]     |
[INFO] [stdout] 544 |     fn random_peers(n: usize, g: &mut Gen) -> Vec<PeerId> {
[INFO] [stdout]     |                                       ^^^ not found in this scope
[INFO] [stdout] 
[INFO] [stdout] 
[INFO] [stdout] error[E0405]: cannot find trait `Arbitrary` in this scope
[INFO] [stdout]    --> src/query/peers/closest/disjoint.rs:581:10
[INFO] [stdout]     |
[INFO] [stdout] 581 |     impl Arbitrary for Parallelism {
[INFO] [stdout]     |          ^^^^^^^^^ not found in this scope
[INFO] [stdout] 
[INFO] [stdout] 
[INFO] [stdout] error[E0412]: cannot find type `Gen` in this scope
[INFO] [stdout]    --> src/query/peers/closest/disjoint.rs:582:30
[INFO] [stdout]     |
[INFO] [stdout] 582 |         fn arbitrary(g: &mut Gen) -> Self {
[INFO] [stdout]     |                              ^^^ not found in this scope
[INFO] [stdout] 
[INFO] [stdout] 
[INFO] [stdout] error[E0405]: cannot find trait `Arbitrary` in this scope
[INFO] [stdout]    --> src/query/peers/closest/disjoint.rs:590:10
[INFO] [stdout]     |
[INFO] [stdout] 590 |     impl Arbitrary for NumResults {
[INFO] [stdout]     |          ^^^^^^^^^ not found in this scope
[INFO] [stdout] 
[INFO] [stdout] 
[INFO] [stdout] error[E0412]: cannot find type `Gen` in this scope
[INFO] [stdout]    --> src/query/peers/closest/disjoint.rs:591:30
[INFO] [stdout]     |
[INFO] [stdout] 591 |         fn arbitrary(g: &mut Gen) -> Self {
[INFO] [stdout]     |                              ^^^ not found in this scope
[INFO] [stdout] 
[INFO] [stdout] 
[INFO] [stdout] error[E0405]: cannot find trait `Arbitrary` in this scope
[INFO] [stdout]    --> src/query/peers/closest/disjoint.rs:596:10
[INFO] [stdout]     |
[INFO] [stdout] 596 |     impl Arbitrary for ClosestPeersIterConfig {
[INFO] [stdout]     |          ^^^^^^^^^ not found in this scope
[INFO] [stdout] 
[INFO] [stdout] 
[INFO] [stdout] error[E0412]: cannot find type `Gen` in this scope
[INFO] [stdout]    --> src/query/peers/closest/disjoint.rs:597:30
[INFO] [stdout]     |
[INFO] [stdout] 597 |         fn arbitrary(g: &mut Gen) -> Self {
[INFO] [stdout]     |                              ^^^ not found in this scope
[INFO] [stdout] 
[INFO] [stdout] 
[INFO] [stdout] error[E0405]: cannot find trait `Arbitrary` in this scope
[INFO] [stdout]    --> src/query/peers/closest/disjoint.rs:609:10
[INFO] [stdout]     |
[INFO] [stdout] 609 |     impl Arbitrary for PeerVec {
[INFO] [stdout]     |          ^^^^^^^^^ not found in this scope
[INFO] [stdout] 
[INFO] [stdout] 
[INFO] [stdout] error[E0412]: cannot find type `Gen` in this scope
[INFO] [stdout]    --> src/query/peers/closest/disjoint.rs:610:30
[INFO] [stdout]     |
[INFO] [stdout] 610 |         fn arbitrary(g: &mut Gen) -> Self {
[INFO] [stdout]     |                              ^^^ not found in this scope
[INFO] [stdout] 
[INFO] [stdout] 
[INFO] [stdout] error[E0405]: cannot find trait `Arbitrary` in this scope
[INFO] [stdout]    --> src/query/peers/closest/disjoint.rs:733:10
[INFO] [stdout]     |
[INFO] [stdout] 733 |     impl Arbitrary for Graph {
[INFO] [stdout]     |          ^^^^^^^^^ not found in this scope
[INFO] [stdout] 
[INFO] [stdout] 
[INFO] [stdout] error[E0412]: cannot find type `Gen` in this scope
[INFO] [stdout]    --> src/query/peers/closest/disjoint.rs:734:30
[INFO] [stdout]     |
[INFO] [stdout] 734 |         fn arbitrary(g: &mut Gen) -> Self {
[INFO] [stdout]     |                              ^^^ not found in this scope
[INFO] [stdout] 
[INFO] [stdout] 
[INFO] [stdout] error[E0412]: cannot find type `TestResult` in this scope
[INFO] [stdout]    --> src/query/peers/closest/disjoint.rs:863:14
[INFO] [stdout]     |
[INFO] [stdout] 863 |         ) -> TestResult {
[INFO] [stdout]     |              ^^^^^^^^^^ not found in this scope
[INFO] [stdout] 
[INFO] [stdout] 
[INFO] [stdout] error[E0405]: cannot find trait `Arbitrary` in this scope
[INFO] [stdout]    --> src/query/peers/closest.rs:502:10
[INFO] [stdout]     |
[INFO] [stdout] 502 |     impl Arbitrary for ArbitraryPeerId {
[INFO] [stdout]     |          ^^^^^^^^^ not found in this scope
[INFO] [stdout] 
[INFO] [stdout] 
[INFO] [stdout] error[E0412]: cannot find type `Gen` in this scope
[INFO] [stdout]    --> src/query/peers/closest.rs:503:30
[INFO] [stdout]     |
[INFO] [stdout] 503 |         fn arbitrary(g: &mut Gen) -> ArbitraryPeerId {
[INFO] [stdout]     |                              ^^^ not found in this scope
[INFO] [stdout] 
[INFO] [stdout] 
[INFO] [stdout] error[E0405]: cannot find trait `Arbitrary` in this scope
[INFO] [stdout]    --> src/query/peers/closest.rs:511:10
[INFO] [stdout]     |
[INFO] [stdout] 511 |     impl Arbitrary for ClosestPeersIter {
[INFO] [stdout]     |          ^^^^^^^^^ not found in this scope
[INFO] [stdout] 
[INFO] [stdout] 
[INFO] [stdout] error[E0412]: cannot find type `Gen` in this scope
[INFO] [stdout]    --> src/query/peers/closest.rs:512:30
[INFO] [stdout]     |
[INFO] [stdout] 512 |         fn arbitrary(g: &mut Gen) -> ClosestPeersIter {
[INFO] [stdout]     |                              ^^^ not found in this scope
[INFO] [stdout] 
[INFO] [stdout] 
[INFO] [stdout] error[E0405]: cannot find trait `Arbitrary` in this scope
[INFO] [stdout]    --> src/query/peers/closest.rs:529:10
[INFO] [stdout]     |
[INFO] [stdout] 529 |     impl Arbitrary for Seed {
[INFO] [stdout]     |          ^^^^^^^^^ not found in this scope
[INFO] [stdout] 
[INFO] [stdout] 
[INFO] [stdout] error[E0412]: cannot find type `Gen` in this scope
[INFO] [stdout]    --> src/query/peers/closest.rs:530:30
[INFO] [stdout]     |
[INFO] [stdout] 530 |         fn arbitrary(g: &mut Gen) -> Seed {
[INFO] [stdout]     |                              ^^^ not found in this scope
[INFO] [stdout] 
[INFO] [stdout] 
[INFO] [stdout] error[E0405]: cannot find trait `Arbitrary` in this scope
[INFO] [stdout]    --> src/record.rs:168:10
[INFO] [stdout]     |
[INFO] [stdout] 168 |     impl Arbitrary for Key {
[INFO] [stdout]     |          ^^^^^^^^^ not found in this scope
[INFO] [stdout] 
[INFO] [stdout] 
[INFO] [stdout] error[E0412]: cannot find type `Gen` in this scope
[INFO] [stdout]    --> src/record.rs:169:30
[INFO] [stdout]     |
[INFO] [stdout] 169 |         fn arbitrary(g: &mut Gen) -> Key {
[INFO] [stdout]     |                              ^^^ not found in this scope
[INFO] [stdout] 
[INFO] [stdout] 
[INFO] [stdout] error[E0405]: cannot find trait `Arbitrary` in this scope
[INFO] [stdout]    --> src/record.rs:175:10
[INFO] [stdout]     |
[INFO] [stdout] 175 |     impl Arbitrary for Record {
[INFO] [stdout]     |          ^^^^^^^^^ not found in this scope
[INFO] [stdout] 
[INFO] [stdout] 
[INFO] [stdout] error[E0412]: cannot find type `Gen` in this scope
[INFO] [stdout]    --> src/record.rs:176:30
[INFO] [stdout]     |
[INFO] [stdout] 176 |         fn arbitrary(g: &mut Gen) -> Record {
[INFO] [stdout]     |                              ^^^ not found in this scope
[INFO] [stdout] 
[INFO] [stdout] 
[INFO] [stdout] error[E0405]: cannot find trait `Arbitrary` in this scope
[INFO] [stdout]    --> src/record.rs:194:10
[INFO] [stdout]     |
[INFO] [stdout] 194 |     impl Arbitrary for ProviderRecord {
[INFO] [stdout]     |          ^^^^^^^^^ not found in this scope
[INFO] [stdout] 
[INFO] [stdout] 
[INFO] [stdout] error[E0412]: cannot find type `Gen` in this scope
[INFO] [stdout]    --> src/record.rs:195:30
[INFO] [stdout]     |
[INFO] [stdout] 195 |         fn arbitrary(g: &mut Gen) -> ProviderRecord {
[INFO] [stdout]     |                              ^^^ not found in this scope
[INFO] [stdout] 
[INFO] [stdout] 
[INFO] [stdout] error[E0433]: failed to resolve: use of undeclared type `QuickCheck`
[INFO] [stdout]    --> src/behaviour/test.rs:240:5
[INFO] [stdout]     |
[INFO] [stdout] 240 |     QuickCheck::new().tests(10).quickcheck(prop as fn(_) -> _)
[INFO] [stdout]     |     ^^^^^^^^^^ use of undeclared type `QuickCheck`
[INFO] [stdout] 
[INFO] [stdout] 
[INFO] [stdout] error[E0433]: failed to resolve: use of undeclared type `QuickCheck`
[INFO] [stdout]    --> src/behaviour/test.rs:736:5
[INFO] [stdout]     |
[INFO] [stdout] 736 |     QuickCheck::new()
[INFO] [stdout]     |     ^^^^^^^^^^ use of undeclared type `QuickCheck`
[INFO] [stdout] 
[INFO] [stdout] 
[INFO] [stdout] error[E0433]: failed to resolve: use of undeclared type `QuickCheck`
[INFO] [stdout]     --> src/behaviour/test.rs:1040:5
[INFO] [stdout]      |
[INFO] [stdout] 1040 |     QuickCheck::new().tests(3).quickcheck(prop as fn(_, _))
[INFO] [stdout]      |     ^^^^^^^^^^ use of undeclared type `QuickCheck`
[INFO] [stdout] 
[INFO] [stdout] 
[INFO] [stdout] error[E0433]: failed to resolve: use of undeclared type `QuickCheck`
[INFO] [stdout]     --> src/behaviour/test.rs:1427:5
[INFO] [stdout]      |
[INFO] [stdout] 1427 |     QuickCheck::new().tests(10).quickcheck(prop as fn(_))
[INFO] [stdout]      |     ^^^^^^^^^^ use of undeclared type `QuickCheck`
[INFO] [stdout] 
[INFO] [stdout] 
[INFO] [stdout] error[E0433]: failed to resolve: use of undeclared type `QuickCheck`
[INFO] [stdout]     --> src/behaviour/test.rs:1513:5
[INFO] [stdout]      |
[INFO] [stdout] 1513 |     QuickCheck::new().tests(10).quickcheck(prop::<N> as fn(_))
[INFO] [stdout]      |     ^^^^^^^^^^ use of undeclared type `QuickCheck`
[INFO] [stdout] 
[INFO] [stdout] 
[INFO] [stdout] error[E0433]: failed to resolve: use of undeclared crate or module `quickcheck`
[INFO] [stdout]     --> src/handler.rs:1205:9
[INFO] [stdout]      |
[INFO] [stdout] 1205 |         quickcheck::quickcheck(prop as fn(_, _))
[INFO] [stdout]      |         ^^^^^^^^^^ use of undeclared crate or module `quickcheck`
[INFO] [stdout] 
[INFO] [stdout] 
[INFO] [stdout] error[E0433]: failed to resolve: use of undeclared type `TestResult`
[INFO] [stdout]    --> src/kbucket/key.rs:243:17
[INFO] [stdout]     |
[INFO] [stdout] 243 |                 TestResult::discard()
[INFO] [stdout]     |                 ^^^^^^^^^^ use of undeclared type `TestResult`
[INFO] [stdout] 
[INFO] [stdout] 
[INFO] [stdout] error[E0433]: failed to resolve: use of undeclared type `TestResult`
[INFO] [stdout]    --> src/kbucket/key.rs:245:17
[INFO] [stdout]     |
[INFO] [stdout] 245 |                 TestResult::from_bool(a.distance(&c) <= Distance(ab_plus_bc))
[INFO] [stdout]     |                 ^^^^^^^^^^ use of undeclared type `TestResult`
[INFO] [stdout] 
[INFO] [stdout] 
[INFO] [stdout] error[E0433]: failed to resolve: use of undeclared type `QuickCheck`
[INFO] [stdout]    --> src/kbucket.rs:769:9
[INFO] [stdout]     |
[INFO] [stdout] 769 |         QuickCheck::new()
[INFO] [stdout]     |         ^^^^^^^^^^ use of undeclared type `QuickCheck`
[INFO] [stdout] 
[INFO] [stdout] 
[INFO] [stdout] error[E0433]: failed to resolve: use of undeclared type `QuickCheck`
[INFO] [stdout]    --> src/query/peers/closest/disjoint.rs:575:9
[INFO] [stdout]     |
[INFO] [stdout] 575 |         QuickCheck::new().quickcheck(prop as fn(_))
[INFO] [stdout]     |         ^^^^^^^^^^ use of undeclared type `QuickCheck`
[INFO] [stdout] 
[INFO] [stdout] 
[INFO] [stdout] error[E0433]: failed to resolve: use of undeclared type `TestResult`
[INFO] [stdout]    --> src/query/peers/closest/disjoint.rs:865:24
[INFO] [stdout]     |
[INFO] [stdout] 865 |                 return TestResult::discard();
[INFO] [stdout]     |                        ^^^^^^^^^^ use of undeclared type `TestResult`
[INFO] [stdout] 
[INFO] [stdout] 
[INFO] [stdout] error[E0433]: failed to resolve: use of undeclared type `TestResult`
[INFO] [stdout]    --> src/query/peers/closest/disjoint.rs:934:13
[INFO] [stdout]     |
[INFO] [stdout] 934 |             TestResult::passed()
[INFO] [stdout]     |             ^^^^^^^^^^ use of undeclared type `TestResult`
[INFO] [stdout] 
[INFO] [stdout] 
[INFO] [stdout] error[E0433]: failed to resolve: use of undeclared type `QuickCheck`
[INFO] [stdout]    --> src/query/peers/closest/disjoint.rs:967:9
[INFO] [stdout]     |
[INFO] [stdout] 967 |         QuickCheck::new()
[INFO] [stdout]     |         ^^^^^^^^^^ use of undeclared type `QuickCheck`
[INFO] [stdout] 
[INFO] [stdout] 
[INFO] [stdout] error[E0433]: failed to resolve: use of undeclared type `QuickCheck`
[INFO] [stdout]    --> src/query/peers/closest.rs:566:9
[INFO] [stdout]     |
[INFO] [stdout] 566 |         QuickCheck::new().tests(10).quickcheck(prop as fn(_) -> _)
[INFO] [stdout]     |         ^^^^^^^^^^ use of undeclared type `QuickCheck`
[INFO] [stdout] 
[INFO] [stdout] 
[INFO] [stdout] error[E0433]: failed to resolve: use of undeclared type `QuickCheck`
[INFO] [stdout]    --> src/query/peers/closest.rs:670:9
[INFO] [stdout]     |
[INFO] [stdout] 670 |         QuickCheck::new()
[INFO] [stdout]     |         ^^^^^^^^^^ use of undeclared type `QuickCheck`
[INFO] [stdout] 
[INFO] [stdout] 
[INFO] [stdout] error[E0433]: failed to resolve: use of undeclared type `QuickCheck`
[INFO] [stdout]    --> src/query/peers/closest.rs:712:9
[INFO] [stdout]     |
[INFO] [stdout] 712 |         QuickCheck::new()
[INFO] [stdout]     |         ^^^^^^^^^^ use of undeclared type `QuickCheck`
[INFO] [stdout] 
[INFO] [stdout] 
[INFO] [stdout] error[E0433]: failed to resolve: use of undeclared type `QuickCheck`
[INFO] [stdout]    --> src/query/peers/closest.rs:767:9
[INFO] [stdout]     |
[INFO] [stdout] 767 |         QuickCheck::new().tests(10).quickcheck(prop as fn(_) -> _)
[INFO] [stdout]     |         ^^^^^^^^^^ use of undeclared type `QuickCheck`
[INFO] [stdout] 
[INFO] [stdout] 
[INFO] [stdout] error[E0433]: failed to resolve: use of undeclared type `QuickCheck`
[INFO] [stdout]    --> src/query/peers/closest.rs:788:9
[INFO] [stdout]     |
[INFO] [stdout] 788 |         QuickCheck::new().tests(10).quickcheck(prop as fn(_))
[INFO] [stdout]     |         ^^^^^^^^^^ use of undeclared type `QuickCheck`
[INFO] [stdout] 
[INFO] [stdout] 
[INFO] [stdout] error[E0433]: failed to resolve: use of undeclared type `QuickCheck`
[INFO] [stdout]    --> src/query/peers/closest.rs:814:9
[INFO] [stdout]     |
[INFO] [stdout] 814 |         QuickCheck::new().tests(10).quickcheck(prop as fn(_))
[INFO] [stdout]     |         ^^^^^^^^^^ use of undeclared type `QuickCheck`
[INFO] [stdout] 
[INFO] [stdout] 
[INFO] [stdout] error[E0425]: cannot find function `quickcheck` in this scope
[INFO] [stdout]     --> src/behaviour/test.rs:1088:5
[INFO] [stdout]      |
[INFO] [stdout] 1088 |     quickcheck(prop_no_panic as fn(_, _))
[INFO] [stdout]      |     ^^^^^^^^^^ not found in this scope
[INFO] [stdout] 
[INFO] [stdout] 
[INFO] [stdout] error[E0425]: cannot find function `quickcheck` in this scope
[INFO] [stdout]    --> src/jobs.rs:392:9
[INFO] [stdout]     |
[INFO] [stdout] 392 |         quickcheck(prop as fn(_))
[INFO] [stdout]     |         ^^^^^^^^^^ not found in this scope
[INFO] [stdout] 
[INFO] [stdout] 
[INFO] [stdout] error[E0425]: cannot find function `quickcheck` in this scope
[INFO] [stdout]    --> src/jobs.rs:422:9
[INFO] [stdout]     |
[INFO] [stdout] 422 |         quickcheck(prop as fn(_))
[INFO] [stdout]     |         ^^^^^^^^^^ not found in this scope
[INFO] [stdout] 
[INFO] [stdout] 
[INFO] [stdout] error[E0425]: cannot find function `quickcheck` in this scope
[INFO] [stdout]    --> src/kbucket/bucket.rs:530:9
[INFO] [stdout]     |
[INFO] [stdout] 530 |         quickcheck(prop as fn(_) -> _);
[INFO] [stdout]     |         ^^^^^^^^^^ not found in this scope
[INFO] [stdout] 
[INFO] [stdout] 
[INFO] [stdout] error[E0425]: cannot find function `quickcheck` in this scope
[INFO] [stdout]    --> src/kbucket/bucket.rs:677:9
[INFO] [stdout]     |
[INFO] [stdout] 677 |         quickcheck(prop as fn(_, _, _) -> _);
[INFO] [stdout]     |         ^^^^^^^^^^ not found in this scope
[INFO] [stdout] 
[INFO] [stdout] 
[INFO] [stdout] error[E0425]: cannot find function `quickcheck` in this scope
[INFO] [stdout]    --> src/kbucket/key.rs:225:9
[INFO] [stdout]     |
[INFO] [stdout] 225 |         quickcheck(prop as fn(_) -> _)
[INFO] [stdout]     |         ^^^^^^^^^^ not found in this scope
[INFO] [stdout] 
[INFO] [stdout] 
[INFO] [stdout] error[E0425]: cannot find function `quickcheck` in this scope
[INFO] [stdout]    --> src/kbucket/key.rs:233:9
[INFO] [stdout]     |
[INFO] [stdout] 233 |         quickcheck(prop as fn(_, _) -> _)
[INFO] [stdout]     |         ^^^^^^^^^^ not found in this scope
[INFO] [stdout] 
[INFO] [stdout] 
[INFO] [stdout] error[E0425]: cannot find function `quickcheck` in this scope
[INFO] [stdout]    --> src/kbucket/key.rs:248:9
[INFO] [stdout]     |
[INFO] [stdout] 248 |         quickcheck(prop as fn(_, _, _) -> _)
[INFO] [stdout]     |         ^^^^^^^^^^ not found in this scope
[INFO] [stdout] 
[INFO] [stdout] 
[INFO] [stdout] error[E0425]: cannot find function `quickcheck` in this scope
[INFO] [stdout]    --> src/kbucket/key.rs:260:9
[INFO] [stdout]     |
[INFO] [stdout] 260 |         quickcheck(prop as fn(_, _) -> _)
[INFO] [stdout]     |         ^^^^^^^^^^ not found in this scope
[INFO] [stdout] 
[INFO] [stdout] 
[INFO] [stdout] error[E0425]: cannot find function `quickcheck` in this scope
[INFO] [stdout]    --> src/kbucket.rs:607:9
[INFO] [stdout]     |
[INFO] [stdout] 607 |         quickcheck(prop as fn(_));
[INFO] [stdout]     |         ^^^^^^^^^^ not found in this scope
[INFO] [stdout] 
[INFO] [stdout] 
[INFO] [stdout] error[E0425]: cannot find function `quickcheck` in this scope
[INFO] [stdout]    --> src/kbucket.rs:621:9
[INFO] [stdout]     |
[INFO] [stdout] 621 |         quickcheck(prop as fn(_) -> _);
[INFO] [stdout]     |         ^^^^^^^^^^ not found in this scope
[INFO] [stdout] 
[INFO] [stdout] 
[INFO] [stdout] error[E0425]: cannot find function `quickcheck` in this scope
[INFO] [stdout]    --> src/record/store/memory.rs:241:9
[INFO] [stdout]     |
[INFO] [stdout] 241 |         quickcheck(prop as fn(_))
[INFO] [stdout]     |         ^^^^^^^^^^ not found in this scope
[INFO] [stdout] 
[INFO] [stdout] 
[INFO] [stdout] error[E0425]: cannot find function `quickcheck` in this scope
[INFO] [stdout]    --> src/record/store/memory.rs:253:9
[INFO] [stdout]     |
[INFO] [stdout] 253 |         quickcheck(prop as fn(_))
[INFO] [stdout]     |         ^^^^^^^^^^ not found in this scope
[INFO] [stdout] 
[INFO] [stdout] 
[INFO] [stdout] error[E0425]: cannot find function `quickcheck` in this scope
[INFO] [stdout]    --> src/record/store/memory.rs:277:9
[INFO] [stdout]     |
[INFO] [stdout] 277 |         quickcheck(prop as fn(_) -> _)
[INFO] [stdout]     |         ^^^^^^^^^^ not found in this scope
[INFO] [stdout] 
[INFO] [stdout] 
[INFO] [stdout] error: aborting due to 88 previous errors
[INFO] [stdout] 
[INFO] [stdout] 
[INFO] [stdout] Some errors have detailed explanations: E0405, E0412, E0425, E0432, E0433.
[INFO] [stdout] 
[INFO] [stdout] For more information about an error, try `rustc --explain E0405`.
[INFO] [stdout] 
[INFO] [stderr] error: could not compile `libp2p-kad` (lib test) due to 89 previous errors
[INFO] [stderr] warning: build failed, waiting for other jobs to finish...
[INFO] running `Command { std: "docker" "inspect" "28cbb5005d8630112d64ab0287fb2668eff3f4769edc5776c5c67431536904d3", kill_on_drop: false }`
[INFO] running `Command { std: "docker" "rm" "-f" "28cbb5005d8630112d64ab0287fb2668eff3f4769edc5776c5c67431536904d3", kill_on_drop: false }`
[INFO] [stdout] 28cbb5005d8630112d64ab0287fb2668eff3f4769edc5776c5c67431536904d3
[INFO] testing libp2p-kad-0.45.1 against beta-2023-12-22 for beta-1.76-1
[INFO] extracting crate libp2p-kad 0.45.1 into /workspace/builds/worker-1-tc2/source
[INFO] validating manifest of crates.io crate libp2p-kad 0.45.1 on toolchain beta-2023-12-22
[INFO] running `Command { std: CARGO_HOME="/workspace/cargo-home" RUSTUP_HOME="/workspace/rustup-home" "/workspace/cargo-home/bin/cargo" "+beta-2023-12-22" "metadata" "--manifest-path" "Cargo.toml" "--no-deps", kill_on_drop: false }`
[INFO] started tweaking crates.io crate libp2p-kad 0.45.1
[INFO] finished tweaking crates.io crate libp2p-kad 0.45.1
[INFO] tweaked toml for crates.io crate libp2p-kad 0.45.1 written to /workspace/builds/worker-1-tc2/source/Cargo.toml
[INFO] running `Command { std: CARGO_HOME="/workspace/cargo-home" RUSTUP_HOME="/workspace/rustup-home" "/workspace/cargo-home/bin/cargo" "+beta-2023-12-22" "generate-lockfile" "--manifest-path" "Cargo.toml", kill_on_drop: false }`
[INFO] [stderr]     Updating crates.io index
[INFO] running `Command { std: CARGO_HOME="/workspace/cargo-home" RUSTUP_HOME="/workspace/rustup-home" "/workspace/cargo-home/bin/cargo" "+beta-2023-12-22" "fetch" "--manifest-path" "Cargo.toml", kill_on_drop: false }`
[INFO] running `Command { std: "docker" "create" "-v" "/var/lib/crater-agent-workspace/builds/worker-1-tc2/target:/opt/rustwide/target:rw,Z" "-v" "/var/lib/crater-agent-workspace/builds/worker-1-tc2/source:/opt/rustwide/workdir:ro,Z" "-v" "/var/lib/crater-agent-workspace/cargo-home:/opt/rustwide/cargo-home:ro,Z" "-v" "/var/lib/crater-agent-workspace/rustup-home:/opt/rustwide/rustup-home:ro,Z" "-e" "SOURCE_DIR=/opt/rustwide/workdir" "-e" "CARGO_TARGET_DIR=/opt/rustwide/target" "-e" "CARGO_HOME=/opt/rustwide/cargo-home" "-e" "RUSTUP_HOME=/opt/rustwide/rustup-home" "-w" "/opt/rustwide/workdir" "-m" "1610612736" "--user" "0:0" "--network" "none" "ghcr.io/rust-lang/crates-build-env/linux@sha256:2788e3201cd34a07e3172128adcd8b3090168a8e3bcc40d7c032b9dda1df7d1c" "/opt/rustwide/cargo-home/bin/cargo" "+beta-2023-12-22" "metadata" "--no-deps" "--format-version=1", kill_on_drop: false }`
[INFO] [stdout] 7ed3759cbc12c7aa58fd98e9a52aa3cd99ca25ab31a24a68abcb65d8aa9a56b4
[INFO] running `Command { std: "docker" "start" "-a" "7ed3759cbc12c7aa58fd98e9a52aa3cd99ca25ab31a24a68abcb65d8aa9a56b4", kill_on_drop: false }`
[INFO] running `Command { std: "docker" "inspect" "7ed3759cbc12c7aa58fd98e9a52aa3cd99ca25ab31a24a68abcb65d8aa9a56b4", kill_on_drop: false }`
[INFO] running `Command { std: "docker" "rm" "-f" "7ed3759cbc12c7aa58fd98e9a52aa3cd99ca25ab31a24a68abcb65d8aa9a56b4", kill_on_drop: false }`
[INFO] [stdout] 7ed3759cbc12c7aa58fd98e9a52aa3cd99ca25ab31a24a68abcb65d8aa9a56b4
[INFO] running `Command { std: "docker" "create" "-v" "/var/lib/crater-agent-workspace/builds/worker-1-tc2/target:/opt/rustwide/target:rw,Z" "-v" "/var/lib/crater-agent-workspace/builds/worker-1-tc2/source:/opt/rustwide/workdir:ro,Z" "-v" "/var/lib/crater-agent-workspace/cargo-home:/opt/rustwide/cargo-home:ro,Z" "-v" "/var/lib/crater-agent-workspace/rustup-home:/opt/rustwide/rustup-home:ro,Z" "-e" "SOURCE_DIR=/opt/rustwide/workdir" "-e" "CARGO_TARGET_DIR=/opt/rustwide/target" "-e" "CARGO_INCREMENTAL=0" "-e" "RUST_BACKTRACE=full" "-e" "RUSTFLAGS=--cap-lints=warn" "-e" "RUSTDOCFLAGS=--cap-lints=warn" "-e" "CARGO_HOME=/opt/rustwide/cargo-home" "-e" "RUSTUP_HOME=/opt/rustwide/rustup-home" "-w" "/opt/rustwide/workdir" "-m" "1610612736" "--user" "0:0" "--network" "none" "ghcr.io/rust-lang/crates-build-env/linux@sha256:2788e3201cd34a07e3172128adcd8b3090168a8e3bcc40d7c032b9dda1df7d1c" "/opt/rustwide/cargo-home/bin/cargo" "+beta-2023-12-22" "build" "--frozen" "--message-format=json", kill_on_drop: false }`
[INFO] [stdout] 71b7d71c52d823fd1216476e9ae0395745deec40dcf84a0e5b5a9378d0688d30
[INFO] running `Command { std: "docker" "start" "-a" "71b7d71c52d823fd1216476e9ae0395745deec40dcf84a0e5b5a9378d0688d30", kill_on_drop: false }`
[INFO] [stderr]    Compiling typenum v1.17.0
[INFO] [stderr]    Compiling futures-sink v0.3.30
[INFO] [stderr]    Compiling futures-io v0.3.30
[INFO] [stderr]    Compiling semver v1.0.21
[INFO] [stderr]    Compiling subtle v2.5.0
[INFO] [stderr]    Compiling generic-array v0.14.7
[INFO] [stderr]    Compiling bytes v1.5.0
[INFO] [stderr]    Compiling platforms v3.3.0
[INFO] [stderr]    Compiling syn v1.0.109
[INFO] [stderr]    Compiling tinyvec_macros v0.1.1
[INFO] [stderr]    Compiling cpufeatures v0.2.12
[INFO] [stderr]    Compiling data-encoding v2.5.0
[INFO] [stderr]    Compiling syn v2.0.48
[INFO] [stderr]    Compiling getrandom v0.2.11
[INFO] [stderr]    Compiling num_cpus v1.16.0
[INFO] [stderr]    Compiling zeroize v1.7.0
[INFO] [stderr]    Compiling futures-channel v0.3.30
[INFO] [stderr]    Compiling tinyvec v1.6.0
[INFO] [stderr]    Compiling signature v2.2.0
[INFO] [stderr]    Compiling rand_core v0.6.4
[INFO] [stderr]    Compiling ppv-lite86 v0.2.17
[INFO] [stderr]    Compiling ed25519 v2.2.3
[INFO] [stderr]    Compiling tracing-core v0.1.32
[INFO] [stderr]    Compiling quick-protobuf v0.8.1
[INFO] [stderr]    Compiling core2 v0.4.0
[INFO] [stderr]    Compiling lock_api v0.4.11
[INFO] [stderr]    Compiling percent-encoding v2.3.1
[INFO] [stderr]    Compiling parking_lot_core v0.9.9
[INFO] [stderr]    Compiling smallvec v1.11.2
[INFO] [stderr]    Compiling static_assertions v1.1.0
[INFO] [stderr]    Compiling unicode-bidi v0.3.14
[INFO] [stderr]    Compiling rustc_version v0.4.0
[INFO] [stderr]    Compiling rand_chacha v0.3.1
[INFO] [stderr]    Compiling serde v1.0.194
[INFO] [stderr]    Compiling form_urlencoded v1.2.1
[INFO] [stderr]    Compiling bs58 v0.5.0
[INFO] [stderr]    Compiling base-x v0.2.11
[INFO] [stderr]    Compiling scopeguard v1.2.0
[INFO] [stderr]    Compiling rand v0.8.5
[INFO] [stderr]    Compiling arrayref v0.3.7
[INFO] [stderr]    Compiling crunchy v0.2.2
[INFO] [stderr]    Compiling unicode-normalization v0.1.22
[INFO] [stderr]    Compiling futures-timer v3.0.2
[INFO] [stderr]    Compiling curve25519-dalek v4.1.1
[INFO] [stderr]    Compiling unsigned-varint v0.8.0
[INFO] [stderr]    Compiling parking_lot v0.12.1
[INFO] [stderr]    Compiling void v1.0.2
[INFO] [stderr]    Compiling either v1.9.0
[INFO] [stderr]    Compiling hex v0.4.3
[INFO] [stderr]    Compiling arrayvec v0.7.4
[INFO] [stderr]    Compiling idna v0.5.0
[INFO] [stderr]    Compiling data-encoding-macro-internal v0.1.12
[INFO] [stderr]    Compiling uint v0.9.5
[INFO] [stderr]    Compiling url v2.5.0
[INFO] [stderr]    Compiling data-encoding-macro v0.1.14
[INFO] [stderr]    Compiling multibase v0.9.1
[INFO] [stderr]    Compiling block-buffer v0.10.4
[INFO] [stderr]    Compiling crypto-common v0.1.6
[INFO] [stderr]    Compiling digest v0.10.7
[INFO] [stderr]    Compiling hmac v0.12.1
[INFO] [stderr]    Compiling sha2 v0.10.8
[INFO] [stderr]    Compiling hkdf v0.12.4
[INFO] [stderr]    Compiling futures-macro v0.3.30
[INFO] [stderr]    Compiling curve25519-dalek-derive v0.1.1
[INFO] [stderr]    Compiling thiserror-impl v1.0.56
[INFO] [stderr]    Compiling pin-project-internal v1.1.3
[INFO] [stderr]    Compiling tracing-attributes v0.1.27
[INFO] [stderr]    Compiling futures-util v0.3.30
[INFO] [stderr]    Compiling pin-project v1.1.3
[INFO] [stderr]    Compiling thiserror v1.0.56
[INFO] [stderr]    Compiling tracing v0.1.40
[INFO] [stderr]    Compiling ed25519-dalek v2.1.0
[INFO] [stderr]    Compiling asynchronous-codec v0.6.2
[INFO] [stderr]    Compiling futures-executor v0.3.30
[INFO] [stderr]    Compiling unsigned-varint v0.7.2
[INFO] [stderr]    Compiling futures v0.3.30
[INFO] [stderr]    Compiling rw-stream-sink v0.4.0
[INFO] [stderr]    Compiling multihash v0.19.1
[INFO] [stderr]    Compiling multistream-select v0.13.0
[INFO] [stderr]    Compiling quick-protobuf-codec v0.2.0
[INFO] [stderr]    Compiling libp2p-identity v0.2.8
[INFO] [stderr]    Compiling multiaddr v0.18.1
[INFO] [stderr]    Compiling libp2p-core v0.41.2
[INFO] [stderr]    Compiling libp2p-swarm v0.44.1
[INFO] [stderr]    Compiling libp2p-kad v0.45.1 (/opt/rustwide/workdir)
[INFO] [stderr]     Finished dev [unoptimized + debuginfo] target(s) in 11.89s
[INFO] running `Command { std: "docker" "inspect" "71b7d71c52d823fd1216476e9ae0395745deec40dcf84a0e5b5a9378d0688d30", kill_on_drop: false }`
[INFO] running `Command { std: "docker" "rm" "-f" "71b7d71c52d823fd1216476e9ae0395745deec40dcf84a0e5b5a9378d0688d30", kill_on_drop: false }`
[INFO] [stdout] 71b7d71c52d823fd1216476e9ae0395745deec40dcf84a0e5b5a9378d0688d30
[INFO] running `Command { std: "docker" "create" "-v" "/var/lib/crater-agent-workspace/builds/worker-1-tc2/target:/opt/rustwide/target:rw,Z" "-v" "/var/lib/crater-agent-workspace/builds/worker-1-tc2/source:/opt/rustwide/workdir:ro,Z" "-v" "/var/lib/crater-agent-workspace/cargo-home:/opt/rustwide/cargo-home:ro,Z" "-v" "/var/lib/crater-agent-workspace/rustup-home:/opt/rustwide/rustup-home:ro,Z" "-e" "SOURCE_DIR=/opt/rustwide/workdir" "-e" "CARGO_TARGET_DIR=/opt/rustwide/target" "-e" "CARGO_INCREMENTAL=0" "-e" "RUST_BACKTRACE=full" "-e" "RUSTFLAGS=--cap-lints=warn" "-e" "RUSTDOCFLAGS=--cap-lints=warn" "-e" "CARGO_HOME=/opt/rustwide/cargo-home" "-e" "RUSTUP_HOME=/opt/rustwide/rustup-home" "-w" "/opt/rustwide/workdir" "-m" "1610612736" "--user" "0:0" "--network" "none" "ghcr.io/rust-lang/crates-build-env/linux@sha256:2788e3201cd34a07e3172128adcd8b3090168a8e3bcc40d7c032b9dda1df7d1c" "/opt/rustwide/cargo-home/bin/cargo" "+beta-2023-12-22" "test" "--frozen" "--no-run" "--message-format=json", kill_on_drop: false }`
[INFO] [stdout] e72e70333bead89605760018d60c101f27777b7e7b45caa6e667e54d29231148
[INFO] running `Command { std: "docker" "start" "-a" "e72e70333bead89605760018d60c101f27777b7e7b45caa6e667e54d29231148", kill_on_drop: false }`
[INFO] [stderr]    Compiling futures-core v0.3.30
[INFO] [stderr]    Compiling tracing-core v0.1.32
[INFO] [stderr]    Compiling subtle v2.5.0
[INFO] [stderr]    Compiling value-bag v1.4.3
[INFO] [stderr]    Compiling crossbeam-utils v0.8.18
[INFO] [stderr]    Compiling syn v1.0.109
[INFO] [stderr]    Compiling parking v2.2.0
[INFO] [stderr]    Compiling syn v2.0.48
[INFO] [stderr]    Compiling curve25519-dalek v4.1.1
[INFO] [stderr]    Compiling libc v0.2.151
[INFO] [stderr]    Compiling rustix v0.38.28
[INFO] [stderr]    Compiling io-lifetimes v1.0.11
[INFO] [stderr]    Compiling linux-raw-sys v0.4.12
[INFO] [stderr]    Compiling polling v2.8.0
[INFO] [stderr]    Compiling async-task v4.7.0
[INFO] [stderr]    Compiling atomic-waker v1.1.2
[INFO] [stderr]    Compiling futures-channel v0.3.30
[INFO] [stderr]    Compiling digest v0.10.7
[INFO] [stderr]    Compiling futures-lite v2.1.0
[INFO] [stderr]    Compiling rustix v0.37.27
[INFO] [stderr]    Compiling log v0.4.20
[INFO] [stderr]    Compiling event-listener v2.5.3
[INFO] [stderr]    Compiling sha2 v0.10.8
[INFO] [stderr]    Compiling hmac v0.12.1
[INFO] [stderr]    Compiling piper v0.2.1
[INFO] [stderr]    Compiling hkdf v0.12.4
[INFO] [stderr]    Compiling snow v0.9.4
[INFO] [stderr]    Compiling async-io v1.13.0
[INFO] [stderr]    Compiling waker-fn v1.1.1
[INFO] [stderr]    Compiling linux-raw-sys v0.3.8
[INFO] [stderr]    Compiling regex-syntax v0.8.2
[INFO] [stderr]    Compiling spin v0.9.8
[INFO] [stderr]    Compiling nohash-hasher v0.2.0
[INFO] [stderr]    Compiling fastrand v1.9.0
[INFO] [stderr]    Compiling regex-syntax v0.6.29
[INFO] [stderr]    Compiling untrusted v0.9.0
[INFO] [stderr]    Compiling async-lock v2.8.0
[INFO] [stderr]    Compiling socket2 v0.4.10
[INFO] [stderr]    Compiling concurrent-queue v2.4.0
[INFO] [stderr]    Compiling futures-lite v1.13.0
[INFO] [stderr]    Compiling overload v0.1.1
[INFO] [stderr]    Compiling nu-ansi-term v0.46.0
[INFO] [stderr]    Compiling sharded-slab v0.1.7
[INFO] [stderr]    Compiling event-listener v4.0.2
[INFO] [stderr]    Compiling async-channel v1.9.0
[INFO] [stderr]    Compiling kv-log-macro v1.0.7
[INFO] [stderr]    Compiling tracing-log v0.2.0
[INFO] [stderr]    Compiling thread_local v1.1.7
[INFO] [stderr]    Compiling event-listener-strategy v0.4.0
[INFO] [stderr]    Compiling cc v1.0.83
[INFO] [stderr]    Compiling async-lock v3.2.0
[INFO] [stderr]    Compiling async-channel v2.1.1
[INFO] [stderr]    Compiling async-executor v1.8.0
[INFO] [stderr]    Compiling regex-automata v0.4.3
[INFO] [stderr]    Compiling ring v0.17.7
[INFO] [stderr]    Compiling regex-automata v0.1.10
[INFO] [stderr]    Compiling matchers v0.1.0
[INFO] [stderr]    Compiling data-encoding-macro-internal v0.1.12
[INFO] [stderr]    Compiling async-attributes v1.1.2
[INFO] [stderr]    Compiling regex v1.10.2
[INFO] [stderr]    Compiling data-encoding-macro v0.1.14
[INFO] [stderr]    Compiling multibase v0.9.1
[INFO] [stderr]    Compiling futures-macro v0.3.30
[INFO] [stderr]    Compiling tracing-attributes v0.1.27
[INFO] [stderr]    Compiling zeroize_derive v1.4.2
[INFO] [stderr]    Compiling pin-project-internal v1.1.3
[INFO] [stderr]    Compiling curve25519-dalek-derive v0.1.1
[INFO] [stderr]    Compiling thiserror-impl v1.0.56
[INFO] [stderr]    Compiling zeroize v1.7.0
[INFO] [stderr]    Compiling futures-util v0.3.30
[INFO] [stderr]    Compiling pin-project v1.1.3
[INFO] [stderr]    Compiling thiserror v1.0.56
[INFO] [stderr]    Compiling tracing v0.1.40
[INFO] [stderr]    Compiling polling v3.3.1
[INFO] [stderr]    Compiling blocking v1.5.1
[INFO] [stderr]    Compiling tracing-subscriber v0.3.18
[INFO] [stderr]    Compiling async-io v2.2.2
[INFO] [stderr]    Compiling ed25519-dalek v2.1.0
[INFO] [stderr]    Compiling x25519-dalek v2.0.0
[INFO] [stderr]    Compiling async-global-executor v2.4.1
[INFO] [stderr]    Compiling async-std v1.12.0
[INFO] [stderr]    Compiling asynchronous-codec v0.6.2
[INFO] [stderr]    Compiling futures-executor v0.3.30
[INFO] [stderr]    Compiling asynchronous-codec v0.7.0
[INFO] [stderr]    Compiling futures v0.3.30
[INFO] [stderr]    Compiling unsigned-varint v0.7.2
[INFO] [stderr]    Compiling rw-stream-sink v0.4.0
[INFO] [stderr]    Compiling yamux v0.13.1
[INFO] [stderr]    Compiling yamux v0.12.1
[INFO] [stderr]    Compiling multihash v0.19.1
[INFO] [stderr]    Compiling multistream-select v0.13.0
[INFO] [stderr]    Compiling quick-protobuf-codec v0.2.0
[INFO] [stderr]    Compiling libp2p-identity v0.2.8
[INFO] [stderr]    Compiling multiaddr v0.18.1
[INFO] [stderr]    Compiling libp2p-core v0.41.2
[INFO] [stderr]    Compiling libp2p-swarm v0.44.1
[INFO] [stderr]    Compiling libp2p-yamux v0.45.1
[INFO] [stderr]    Compiling libp2p-noise v0.44.0
[INFO] [stderr]    Compiling libp2p-kad v0.45.1 (/opt/rustwide/workdir)
[INFO] [stdout] error[E0432]: unresolved import `quickcheck`
[INFO] [stdout]   --> src/behaviour/test.rs:43:5
[INFO] [stdout]    |
[INFO] [stdout] 43 | use quickcheck::*;
[INFO] [stdout]    |     ^^^^^^^^^^ use of undeclared crate or module `quickcheck`
[INFO] [stdout] 
[INFO] [stdout] 
[INFO] [stdout] error[E0432]: unresolved import `quickcheck`
[INFO] [stdout]     --> src/handler.rs:1167:9
[INFO] [stdout]      |
[INFO] [stdout] 1167 |     use quickcheck::{Arbitrary, Gen};
[INFO] [stdout]      |         ^^^^^^^^^^ use of undeclared crate or module `quickcheck`
[INFO] [stdout] 
[INFO] [stdout] 
[INFO] [stdout] error[E0432]: unresolved import `quickcheck`
[INFO] [stdout]    --> src/jobs.rs:341:9
[INFO] [stdout]     |
[INFO] [stdout] 341 |     use quickcheck::*;
[INFO] [stdout]     |         ^^^^^^^^^^ use of undeclared crate or module `quickcheck`
[INFO] [stdout] 
[INFO] [stdout] 
[INFO] [stdout] error[E0432]: unresolved import `quickcheck`
[INFO] [stdout]    --> src/kbucket/bucket.rs:433:9
[INFO] [stdout]     |
[INFO] [stdout] 433 |     use quickcheck::*;
[INFO] [stdout]     |         ^^^^^^^^^^ use of undeclared crate or module `quickcheck`
[INFO] [stdout] 
[INFO] [stdout] 
[INFO] [stdout] error[E0432]: unresolved import `quickcheck`
[INFO] [stdout]    --> src/kbucket/key.rs:205:9
[INFO] [stdout]     |
[INFO] [stdout] 205 |     use quickcheck::*;
[INFO] [stdout]     |         ^^^^^^^^^^ use of undeclared crate or module `quickcheck`
[INFO] [stdout] 
[INFO] [stdout] 
[INFO] [stdout] error[E0432]: unresolved import `quickcheck`
[INFO] [stdout]    --> src/kbucket.rs:530:9
[INFO] [stdout]     |
[INFO] [stdout] 530 |     use quickcheck::*;
[INFO] [stdout]     |         ^^^^^^^^^^ use of undeclared crate or module `quickcheck`
[INFO] [stdout] 
[INFO] [stdout] 
[INFO] [stdout] error[E0432]: unresolved import `quickcheck`
[INFO] [stdout]    --> src/query/peers/closest/disjoint.rs:444:9
[INFO] [stdout]     |
[INFO] [stdout] 444 |     use quickcheck::*;
[INFO] [stdout]     |         ^^^^^^^^^^ use of undeclared crate or module `quickcheck`
[INFO] [stdout] 
[INFO] [stdout] 
[INFO] [stdout] error[E0432]: unresolved import `quickcheck`
[INFO] [stdout]    --> src/query/peers/closest.rs:480:9
[INFO] [stdout]     |
[INFO] [stdout] 480 |     use quickcheck::*;
[INFO] [stdout]     |         ^^^^^^^^^^ use of undeclared crate or module `quickcheck`
[INFO] [stdout] 
[INFO] [stdout] 
[INFO] [stdout] error[E0432]: unresolved import `quickcheck`
[INFO] [stdout]    --> src/record/store/memory.rs:221:9
[INFO] [stdout]     |
[INFO] [stdout] 221 |     use quickcheck::*;
[INFO] [stdout]     |         ^^^^^^^^^^ use of undeclared crate or module `quickcheck`
[INFO] [stdout] 
[INFO] [stdout] 
[INFO] [stdout] error[E0432]: unresolved import `quickcheck`
[INFO] [stdout]    --> src/record.rs:165:9
[INFO] [stdout]     |
[INFO] [stdout] 165 |     use quickcheck::*;
[INFO] [stdout]     |         ^^^^^^^^^^ use of undeclared crate or module `quickcheck`
[INFO] [stdout] 
[INFO] [stdout] 
[INFO] [stdout] error[E0405]: cannot find trait `Arbitrary` in this scope
[INFO] [stdout]    --> src/behaviour/test.rs:155:6
[INFO] [stdout]     |
[INFO] [stdout] 155 | impl Arbitrary for Seed {
[INFO] [stdout]     |      ^^^^^^^^^ not found in this scope
[INFO] [stdout] 
[INFO] [stdout] 
[INFO] [stdout] error[E0412]: cannot find type `Gen` in this scope
[INFO] [stdout]    --> src/behaviour/test.rs:156:26
[INFO] [stdout]     |
[INFO] [stdout] 156 |     fn arbitrary(g: &mut Gen) -> Seed {
[INFO] [stdout]     |                          ^^^ not found in this scope
[INFO] [stdout] 
[INFO] [stdout] 
[INFO] [stdout] error[E0405]: cannot find trait `Arbitrary` in this scope
[INFO] [stdout]    --> src/kbucket/bucket.rs:436:10
[INFO] [stdout]     |
[INFO] [stdout] 436 |     impl Arbitrary for KBucket<Key<PeerId>, ()> {
[INFO] [stdout]     |          ^^^^^^^^^ not found in this scope
[INFO] [stdout] 
[INFO] [stdout] 
[INFO] [stdout] error[E0412]: cannot find type `Gen` in this scope
[INFO] [stdout]    --> src/kbucket/bucket.rs:437:30
[INFO] [stdout]     |
[INFO] [stdout] 437 |         fn arbitrary(g: &mut Gen) -> KBucket<Key<PeerId>, ()> {
[INFO] [stdout]     |                              ^^^ not found in this scope
[INFO] [stdout] 
[INFO] [stdout] 
[INFO] [stdout] error[E0405]: cannot find trait `Arbitrary` in this scope
[INFO] [stdout]    --> src/kbucket/bucket.rs:457:10
[INFO] [stdout]     |
[INFO] [stdout] 457 |     impl Arbitrary for NodeStatus {
[INFO] [stdout]     |          ^^^^^^^^^ not found in this scope
[INFO] [stdout] 
[INFO] [stdout] 
[INFO] [stdout] error[E0412]: cannot find type `Gen` in this scope
[INFO] [stdout]    --> src/kbucket/bucket.rs:458:30
[INFO] [stdout]     |
[INFO] [stdout] 458 |         fn arbitrary(g: &mut Gen) -> NodeStatus {
[INFO] [stdout]     |                              ^^^ not found in this scope
[INFO] [stdout] 
[INFO] [stdout] 
[INFO] [stdout] error[E0405]: cannot find trait `Arbitrary` in this scope
[INFO] [stdout]    --> src/kbucket/bucket.rs:467:10
[INFO] [stdout]     |
[INFO] [stdout] 467 |     impl Arbitrary for Position {
[INFO] [stdout]     |          ^^^^^^^^^ not found in this scope
[INFO] [stdout] 
[INFO] [stdout] 
[INFO] [stdout] error[E0412]: cannot find type `Gen` in this scope
[INFO] [stdout]    --> src/kbucket/bucket.rs:468:30
[INFO] [stdout]     |
[INFO] [stdout] 468 |         fn arbitrary(g: &mut Gen) -> Position {
[INFO] [stdout]     |                              ^^^ not found in this scope
[INFO] [stdout] 
[INFO] [stdout] 
[INFO] [stdout] error[E0405]: cannot find trait `Arbitrary` in this scope
[INFO] [stdout]    --> src/kbucket/key.rs:207:10
[INFO] [stdout]     |
[INFO] [stdout] 207 |     impl Arbitrary for Key<PeerId> {
[INFO] [stdout]     |          ^^^^^^^^^ not found in this scope
[INFO] [stdout] 
[INFO] [stdout] 
[INFO] [stdout] error[E0412]: cannot find type `Gen` in this scope
[INFO] [stdout]    --> src/kbucket/key.rs:208:30
[INFO] [stdout]     |
[INFO] [stdout] 208 |         fn arbitrary(_: &mut Gen) -> Key<PeerId> {
[INFO] [stdout]     |                              ^^^ not found in this scope
[INFO] [stdout] 
[INFO] [stdout] 
[INFO] [stdout] error[E0405]: cannot find trait `Arbitrary` in this scope
[INFO] [stdout]    --> src/kbucket/key.rs:213:10
[INFO] [stdout]     |
[INFO] [stdout] 213 |     impl Arbitrary for Key<Multihash<64>> {
[INFO] [stdout]     |          ^^^^^^^^^ not found in this scope
[INFO] [stdout] 
[INFO] [stdout] 
[INFO] [stdout] error[E0412]: cannot find type `Gen` in this scope
[INFO] [stdout]    --> src/kbucket/key.rs:214:30
[INFO] [stdout]     |
[INFO] [stdout] 214 |         fn arbitrary(g: &mut Gen) -> Key<Multihash<64>> {
[INFO] [stdout]     |                              ^^^ not found in this scope
[INFO] [stdout] 
[INFO] [stdout] 
[INFO] [stdout] error[E0412]: cannot find type `TestResult` in this scope
[INFO] [stdout]    --> src/kbucket/key.rs:238:68
[INFO] [stdout]     |
[INFO] [stdout] 238 |         fn prop(a: Key<PeerId>, b: Key<PeerId>, c: Key<PeerId>) -> TestResult {
[INFO] [stdout]     |                                                                    ^^^^^^^^^^ not found in this scope
[INFO] [stdout] 
[INFO] [stdout] 
[INFO] [stdout] error[E0405]: cannot find trait `Arbitrary` in this scope
[INFO] [stdout]    --> src/kbucket.rs:534:10
[INFO] [stdout]     |
[INFO] [stdout] 534 |     impl Arbitrary for TestTable {
[INFO] [stdout]     |          ^^^^^^^^^ not found in this scope
[INFO] [stdout] 
[INFO] [stdout] 
[INFO] [stdout] error[E0412]: cannot find type `Gen` in this scope
[INFO] [stdout]    --> src/kbucket.rs:535:30
[INFO] [stdout]     |
[INFO] [stdout] 535 |         fn arbitrary(g: &mut Gen) -> TestTable {
[INFO] [stdout]     |                              ^^^ not found in this scope
[INFO] [stdout] 
[INFO] [stdout] 
[INFO] [stdout] error[E0405]: cannot find trait `Arbitrary` in this scope
[INFO] [stdout]    --> src/query/peers/closest/disjoint.rs:448:10
[INFO] [stdout]     |
[INFO] [stdout] 448 |     impl Arbitrary for ResultIter<std::vec::IntoIter<Key<PeerId>>> {
[INFO] [stdout]     |          ^^^^^^^^^ not found in this scope
[INFO] [stdout] 
[INFO] [stdout] 
[INFO] [stdout] error[E0412]: cannot find type `Gen` in this scope
[INFO] [stdout]    --> src/query/peers/closest/disjoint.rs:449:30
[INFO] [stdout]     |
[INFO] [stdout] 449 |         fn arbitrary(g: &mut Gen) -> Self {
[INFO] [stdout]     |                              ^^^ not found in this scope
[INFO] [stdout] 
[INFO] [stdout] 
[INFO] [stdout] error[E0405]: cannot find trait `Arbitrary` in this scope
[INFO] [stdout]    --> src/query/peers/closest/disjoint.rs:525:10
[INFO] [stdout]     |
[INFO] [stdout] 525 |     impl Arbitrary for ArbitraryPeerId {
[INFO] [stdout]     |          ^^^^^^^^^ not found in this scope
[INFO] [stdout] 
[INFO] [stdout] 
[INFO] [stdout] error[E0412]: cannot find type `Gen` in this scope
[INFO] [stdout]    --> src/query/peers/closest/disjoint.rs:526:30
[INFO] [stdout]     |
[INFO] [stdout] 526 |         fn arbitrary(g: &mut Gen) -> ArbitraryPeerId {
[INFO] [stdout]     |                              ^^^ not found in this scope
[INFO] [stdout] 
[INFO] [stdout] 
[INFO] [stdout] error[E0405]: cannot find trait `Arbitrary` in this scope
[INFO] [stdout]    --> src/query/peers/closest/disjoint.rs:537:10
[INFO] [stdout]     |
[INFO] [stdout] 537 |     impl Arbitrary for Target {
[INFO] [stdout]     |          ^^^^^^^^^ not found in this scope
[INFO] [stdout] 
[INFO] [stdout] 
[INFO] [stdout] error[E0412]: cannot find type `Gen` in this scope
[INFO] [stdout]    --> src/query/peers/closest/disjoint.rs:538:30
[INFO] [stdout]     |
[INFO] [stdout] 538 |         fn arbitrary(g: &mut Gen) -> Self {
[INFO] [stdout]     |                              ^^^ not found in this scope
[INFO] [stdout] 
[INFO] [stdout] 
[INFO] [stdout] error[E0412]: cannot find type `Gen` in this scope
[INFO] [stdout]    --> src/query/peers/closest/disjoint.rs:544:39
[INFO] [stdout]     |
[INFO] [stdout] 544 |     fn random_peers(n: usize, g: &mut Gen) -> Vec<PeerId> {
[INFO] [stdout]     |                                       ^^^ not found in this scope
[INFO] [stdout] 
[INFO] [stdout] 
[INFO] [stdout] error[E0405]: cannot find trait `Arbitrary` in this scope
[INFO] [stdout]    --> src/query/peers/closest/disjoint.rs:581:10
[INFO] [stdout]     |
[INFO] [stdout] 581 |     impl Arbitrary for Parallelism {
[INFO] [stdout]     |          ^^^^^^^^^ not found in this scope
[INFO] [stdout] 
[INFO] [stdout] 
[INFO] [stdout] error[E0412]: cannot find type `Gen` in this scope
[INFO] [stdout]    --> src/query/peers/closest/disjoint.rs:582:30
[INFO] [stdout]     |
[INFO] [stdout] 582 |         fn arbitrary(g: &mut Gen) -> Self {
[INFO] [stdout]     |                              ^^^ not found in this scope
[INFO] [stdout] 
[INFO] [stdout] 
[INFO] [stdout] error[E0405]: cannot find trait `Arbitrary` in this scope
[INFO] [stdout]    --> src/query/peers/closest/disjoint.rs:590:10
[INFO] [stdout]     |
[INFO] [stdout] 590 |     impl Arbitrary for NumResults {
[INFO] [stdout]     |          ^^^^^^^^^ not found in this scope
[INFO] [stdout] 
[INFO] [stdout] 
[INFO] [stdout] error[E0412]: cannot find type `Gen` in this scope
[INFO] [stdout]    --> src/query/peers/closest/disjoint.rs:591:30
[INFO] [stdout]     |
[INFO] [stdout] 591 |         fn arbitrary(g: &mut Gen) -> Self {
[INFO] [stdout]     |                              ^^^ not found in this scope
[INFO] [stdout] 
[INFO] [stdout] 
[INFO] [stdout] error[E0405]: cannot find trait `Arbitrary` in this scope
[INFO] [stdout]    --> src/query/peers/closest/disjoint.rs:596:10
[INFO] [stdout]     |
[INFO] [stdout] 596 |     impl Arbitrary for ClosestPeersIterConfig {
[INFO] [stdout]     |          ^^^^^^^^^ not found in this scope
[INFO] [stdout] 
[INFO] [stdout] 
[INFO] [stdout] error[E0412]: cannot find type `Gen` in this scope
[INFO] [stdout]    --> src/query/peers/closest/disjoint.rs:597:30
[INFO] [stdout]     |
[INFO] [stdout] 597 |         fn arbitrary(g: &mut Gen) -> Self {
[INFO] [stdout]     |                              ^^^ not found in this scope
[INFO] [stdout] 
[INFO] [stdout] 
[INFO] [stdout] error[E0405]: cannot find trait `Arbitrary` in this scope
[INFO] [stdout]    --> src/query/peers/closest/disjoint.rs:609:10
[INFO] [stdout]     |
[INFO] [stdout] 609 |     impl Arbitrary for PeerVec {
[INFO] [stdout]     |          ^^^^^^^^^ not found in this scope
[INFO] [stdout] 
[INFO] [stdout] 
[INFO] [stdout] error[E0412]: cannot find type `Gen` in this scope
[INFO] [stdout]    --> src/query/peers/closest/disjoint.rs:610:30
[INFO] [stdout]     |
[INFO] [stdout] 610 |         fn arbitrary(g: &mut Gen) -> Self {
[INFO] [stdout]     |                              ^^^ not found in this scope
[INFO] [stdout] 
[INFO] [stdout] 
[INFO] [stdout] error[E0405]: cannot find trait `Arbitrary` in this scope
[INFO] [stdout]    --> src/query/peers/closest/disjoint.rs:733:10
[INFO] [stdout]     |
[INFO] [stdout] 733 |     impl Arbitrary for Graph {
[INFO] [stdout]     |          ^^^^^^^^^ not found in this scope
[INFO] [stdout] 
[INFO] [stdout] 
[INFO] [stdout] error[E0412]: cannot find type `Gen` in this scope
[INFO] [stdout]    --> src/query/peers/closest/disjoint.rs:734:30
[INFO] [stdout]     |
[INFO] [stdout] 734 |         fn arbitrary(g: &mut Gen) -> Self {
[INFO] [stdout]     |                              ^^^ not found in this scope
[INFO] [stdout] 
[INFO] [stdout] 
[INFO] [stdout] error[E0412]: cannot find type `TestResult` in this scope
[INFO] [stdout]    --> src/query/peers/closest/disjoint.rs:863:14
[INFO] [stdout]     |
[INFO] [stdout] 863 |         ) -> TestResult {
[INFO] [stdout]     |              ^^^^^^^^^^ not found in this scope
[INFO] [stdout] 
[INFO] [stdout] 
[INFO] [stdout] error[E0405]: cannot find trait `Arbitrary` in this scope
[INFO] [stdout]    --> src/query/peers/closest.rs:502:10
[INFO] [stdout]     |
[INFO] [stdout] 502 |     impl Arbitrary for ArbitraryPeerId {
[INFO] [stdout]     |          ^^^^^^^^^ not found in this scope
[INFO] [stdout] 
[INFO] [stdout] 
[INFO] [stdout] error[E0412]: cannot find type `Gen` in this scope
[INFO] [stdout]    --> src/query/peers/closest.rs:503:30
[INFO] [stdout]     |
[INFO] [stdout] 503 |         fn arbitrary(g: &mut Gen) -> ArbitraryPeerId {
[INFO] [stdout]     |                              ^^^ not found in this scope
[INFO] [stdout] 
[INFO] [stdout] 
[INFO] [stdout] error[E0405]: cannot find trait `Arbitrary` in this scope
[INFO] [stdout]    --> src/query/peers/closest.rs:511:10
[INFO] [stdout]     |
[INFO] [stdout] 511 |     impl Arbitrary for ClosestPeersIter {
[INFO] [stdout]     |          ^^^^^^^^^ not found in this scope
[INFO] [stdout] 
[INFO] [stdout] 
[INFO] [stdout] error[E0412]: cannot find type `Gen` in this scope
[INFO] [stdout]    --> src/query/peers/closest.rs:512:30
[INFO] [stdout]     |
[INFO] [stdout] 512 |         fn arbitrary(g: &mut Gen) -> ClosestPeersIter {
[INFO] [stdout]     |                              ^^^ not found in this scope
[INFO] [stdout] 
[INFO] [stdout] 
[INFO] [stdout] error[E0405]: cannot find trait `Arbitrary` in this scope
[INFO] [stdout]    --> src/query/peers/closest.rs:529:10
[INFO] [stdout]     |
[INFO] [stdout] 529 |     impl Arbitrary for Seed {
[INFO] [stdout]     |          ^^^^^^^^^ not found in this scope
[INFO] [stdout] 
[INFO] [stdout] 
[INFO] [stdout] error[E0412]: cannot find type `Gen` in this scope
[INFO] [stdout]    --> src/query/peers/closest.rs:530:30
[INFO] [stdout]     |
[INFO] [stdout] 530 |         fn arbitrary(g: &mut Gen) -> Seed {
[INFO] [stdout]     |                              ^^^ not found in this scope
[INFO] [stdout] 
[INFO] [stdout] 
[INFO] [stdout] error[E0405]: cannot find trait `Arbitrary` in this scope
[INFO] [stdout]    --> src/record.rs:168:10
[INFO] [stdout]     |
[INFO] [stdout] 168 |     impl Arbitrary for Key {
[INFO] [stdout]     |          ^^^^^^^^^ not found in this scope
[INFO] [stdout] 
[INFO] [stdout] 
[INFO] [stdout] error[E0412]: cannot find type `Gen` in this scope
[INFO] [stdout]    --> src/record.rs:169:30
[INFO] [stdout]     |
[INFO] [stdout] 169 |         fn arbitrary(g: &mut Gen) -> Key {
[INFO] [stdout]     |                              ^^^ not found in this scope
[INFO] [stdout] 
[INFO] [stdout] 
[INFO] [stdout] error[E0405]: cannot find trait `Arbitrary` in this scope
[INFO] [stdout]    --> src/record.rs:175:10
[INFO] [stdout]     |
[INFO] [stdout] 175 |     impl Arbitrary for Record {
[INFO] [stdout]     |          ^^^^^^^^^ not found in this scope
[INFO] [stdout] 
[INFO] [stdout] 
[INFO] [stdout] error[E0412]: cannot find type `Gen` in this scope
[INFO] [stdout]    --> src/record.rs:176:30
[INFO] [stdout]     |
[INFO] [stdout] 176 |         fn arbitrary(g: &mut Gen) -> Record {
[INFO] [stdout]     |                              ^^^ not found in this scope
[INFO] [stdout] 
[INFO] [stdout] 
[INFO] [stdout] error[E0405]: cannot find trait `Arbitrary` in this scope
[INFO] [stdout]    --> src/record.rs:194:10
[INFO] [stdout]     |
[INFO] [stdout] 194 |     impl Arbitrary for ProviderRecord {
[INFO] [stdout]     |          ^^^^^^^^^ not found in this scope
[INFO] [stdout] 
[INFO] [stdout] 
[INFO] [stdout] error[E0412]: cannot find type `Gen` in this scope
[INFO] [stdout]    --> src/record.rs:195:30
[INFO] [stdout]     |
[INFO] [stdout] 195 |         fn arbitrary(g: &mut Gen) -> ProviderRecord {
[INFO] [stdout]     |                              ^^^ not found in this scope
[INFO] [stdout] 
[INFO] [stdout] 
[INFO] [stdout] error[E0433]: failed to resolve: use of undeclared type `QuickCheck`
[INFO] [stdout]    --> src/behaviour/test.rs:240:5
[INFO] [stdout]     |
[INFO] [stdout] 240 |     QuickCheck::new().tests(10).quickcheck(prop as fn(_) -> _)
[INFO] [stdout]     |     ^^^^^^^^^^ use of undeclared type `QuickCheck`
[INFO] [stdout] 
[INFO] [stdout] 
[INFO] [stdout] error[E0433]: failed to resolve: use of undeclared type `QuickCheck`
[INFO] [stdout]    --> src/behaviour/test.rs:736:5
[INFO] [stdout]     |
[INFO] [stdout] 736 |     QuickCheck::new()
[INFO] [stdout]     |     ^^^^^^^^^^ use of undeclared type `QuickCheck`
[INFO] [stdout] 
[INFO] [stdout] 
[INFO] [stdout] error[E0433]: failed to resolve: use of undeclared type `QuickCheck`
[INFO] [stdout]     --> src/behaviour/test.rs:1040:5
[INFO] [stdout]      |
[INFO] [stdout] 1040 |     QuickCheck::new().tests(3).quickcheck(prop as fn(_, _))
[INFO] [stdout]      |     ^^^^^^^^^^ use of undeclared type `QuickCheck`
[INFO] [stdout] 
[INFO] [stdout] 
[INFO] [stdout] error[E0433]: failed to resolve: use of undeclared type `QuickCheck`
[INFO] [stdout]     --> src/behaviour/test.rs:1427:5
[INFO] [stdout]      |
[INFO] [stdout] 1427 |     QuickCheck::new().tests(10).quickcheck(prop as fn(_))
[INFO] [stdout]      |     ^^^^^^^^^^ use of undeclared type `QuickCheck`
[INFO] [stdout] 
[INFO] [stdout] 
[INFO] [stdout] error[E0433]: failed to resolve: use of undeclared type `QuickCheck`
[INFO] [stdout]     --> src/behaviour/test.rs:1513:5
[INFO] [stdout]      |
[INFO] [stdout] 1513 |     QuickCheck::new().tests(10).quickcheck(prop::<N> as fn(_))
[INFO] [stdout]      |     ^^^^^^^^^^ use of undeclared type `QuickCheck`
[INFO] [stdout] 
[INFO] [stdout] 
[INFO] [stdout] error[E0433]: failed to resolve: use of undeclared crate or module `quickcheck`
[INFO] [stdout]     --> src/handler.rs:1205:9
[INFO] [stdout]      |
[INFO] [stdout] 1205 |         quickcheck::quickcheck(prop as fn(_, _))
[INFO] [stdout]      |         ^^^^^^^^^^ use of undeclared crate or module `quickcheck`
[INFO] [stdout] 
[INFO] [stdout] 
[INFO] [stdout] error[E0433]: failed to resolve: use of undeclared type `TestResult`
[INFO] [stdout]    --> src/kbucket/key.rs:243:17
[INFO] [stdout]     |
[INFO] [stdout] 243 |                 TestResult::discard()
[INFO] [stdout]     |                 ^^^^^^^^^^ use of undeclared type `TestResult`
[INFO] [stdout] 
[INFO] [stdout] 
[INFO] [stdout] error[E0433]: failed to resolve: use of undeclared type `TestResult`
[INFO] [stdout]    --> src/kbucket/key.rs:245:17
[INFO] [stdout]     |
[INFO] [stdout] 245 |                 TestResult::from_bool(a.distance(&c) <= Distance(ab_plus_bc))
[INFO] [stdout]     |                 ^^^^^^^^^^ use of undeclared type `TestResult`
[INFO] [stdout] 
[INFO] [stdout] 
[INFO] [stdout] error[E0433]: failed to resolve: use of undeclared type `QuickCheck`
[INFO] [stdout]    --> src/kbucket.rs:769:9
[INFO] [stdout]     |
[INFO] [stdout] 769 |         QuickCheck::new()
[INFO] [stdout]     |         ^^^^^^^^^^ use of undeclared type `QuickCheck`
[INFO] [stdout] 
[INFO] [stdout] 
[INFO] [stdout] error[E0433]: failed to resolve: use of undeclared type `QuickCheck`
[INFO] [stdout]    --> src/query/peers/closest/disjoint.rs:575:9
[INFO] [stdout]     |
[INFO] [stdout] 575 |         QuickCheck::new().quickcheck(prop as fn(_))
[INFO] [stdout]     |         ^^^^^^^^^^ use of undeclared type `QuickCheck`
[INFO] [stdout] 
[INFO] [stdout] 
[INFO] [stdout] error[E0433]: failed to resolve: use of undeclared type `TestResult`
[INFO] [stdout]    --> src/query/peers/closest/disjoint.rs:865:24
[INFO] [stdout]     |
[INFO] [stdout] 865 |                 return TestResult::discard();
[INFO] [stdout]     |                        ^^^^^^^^^^ use of undeclared type `TestResult`
[INFO] [stdout] 
[INFO] [stdout] 
[INFO] [stdout] error[E0433]: failed to resolve: use of undeclared type `TestResult`
[INFO] [stdout]    --> src/query/peers/closest/disjoint.rs:934:13
[INFO] [stdout]     |
[INFO] [stdout] 934 |             TestResult::passed()
[INFO] [stdout]     |             ^^^^^^^^^^ use of undeclared type `TestResult`
[INFO] [stdout] 
[INFO] [stdout] 
[INFO] [stdout] error[E0433]: failed to resolve: use of undeclared type `QuickCheck`
[INFO] [stdout]    --> src/query/peers/closest/disjoint.rs:967:9
[INFO] [stdout]     |
[INFO] [stdout] 967 |         QuickCheck::new()
[INFO] [stdout]     |         ^^^^^^^^^^ use of undeclared type `QuickCheck`
[INFO] [stdout] 
[INFO] [stdout] 
[INFO] [stdout] error[E0433]: failed to resolve: use of undeclared type `QuickCheck`
[INFO] [stdout]    --> src/query/peers/closest.rs:566:9
[INFO] [stdout]     |
[INFO] [stdout] 566 |         QuickCheck::new().tests(10).quickcheck(prop as fn(_) -> _)
[INFO] [stdout]     |         ^^^^^^^^^^ use of undeclared type `QuickCheck`
[INFO] [stdout] 
[INFO] [stdout] 
[INFO] [stdout] error[E0433]: failed to resolve: use of undeclared type `QuickCheck`
[INFO] [stdout]    --> src/query/peers/closest.rs:670:9
[INFO] [stdout]     |
[INFO] [stdout] 670 |         QuickCheck::new()
[INFO] [stdout]     |         ^^^^^^^^^^ use of undeclared type `QuickCheck`
[INFO] [stdout] 
[INFO] [stdout] 
[INFO] [stdout] error[E0433]: failed to resolve: use of undeclared type `QuickCheck`
[INFO] [stdout]    --> src/query/peers/closest.rs:712:9
[INFO] [stdout]     |
[INFO] [stdout] 712 |         QuickCheck::new()
[INFO] [stdout]     |         ^^^^^^^^^^ use of undeclared type `QuickCheck`
[INFO] [stdout] 
[INFO] [stdout] 
[INFO] [stdout] error[E0433]: failed to resolve: use of undeclared type `QuickCheck`
[INFO] [stdout]    --> src/query/peers/closest.rs:767:9
[INFO] [stdout]     |
[INFO] [stdout] 767 |         QuickCheck::new().tests(10).quickcheck(prop as fn(_) -> _)
[INFO] [stdout]     |         ^^^^^^^^^^ use of undeclared type `QuickCheck`
[INFO] [stdout] 
[INFO] [stdout] 
[INFO] [stdout] error[E0433]: failed to resolve: use of undeclared type `QuickCheck`
[INFO] [stdout]    --> src/query/peers/closest.rs:788:9
[INFO] [stdout]     |
[INFO] [stdout] 788 |         QuickCheck::new().tests(10).quickcheck(prop as fn(_))
[INFO] [stdout]     |         ^^^^^^^^^^ use of undeclared type `QuickCheck`
[INFO] [stdout] 
[INFO] [stdout] 
[INFO] [stdout] error[E0433]: failed to resolve: use of undeclared type `QuickCheck`
[INFO] [stdout]    --> src/query/peers/closest.rs:814:9
[INFO] [stdout]     |
[INFO] [stdout] 814 |         QuickCheck::new().tests(10).quickcheck(prop as fn(_))
[INFO] [stdout]     |         ^^^^^^^^^^ use of undeclared type `QuickCheck`
[INFO] [stdout] 
[INFO] [stdout] 
[INFO] [stdout] error[E0425]: cannot find function `quickcheck` in this scope
[INFO] [stdout]     --> src/behaviour/test.rs:1088:5
[INFO] [stdout]      |
[INFO] [stdout] 1088 |     quickcheck(prop_no_panic as fn(_, _))
[INFO] [stdout]      |     ^^^^^^^^^^ not found in this scope
[INFO] [stdout] 
[INFO] [stdout] 
[INFO] [stdout] error[E0425]: cannot find function `quickcheck` in this scope
[INFO] [stdout]    --> src/jobs.rs:392:9
[INFO] [stdout]     |
[INFO] [stdout] 392 |         quickcheck(prop as fn(_))
[INFO] [stdout]     |         ^^^^^^^^^^ not found in this scope
[INFO] [stdout] 
[INFO] [stdout] 
[INFO] [stdout] error[E0425]: cannot find function `quickcheck` in this scope
[INFO] [stdout]    --> src/jobs.rs:422:9
[INFO] [stdout]     |
[INFO] [stdout] 422 |         quickcheck(prop as fn(_))
[INFO] [stdout]     |         ^^^^^^^^^^ not found in this scope
[INFO] [stdout] 
[INFO] [stdout] 
[INFO] [stdout] error[E0425]: cannot find function `quickcheck` in this scope
[INFO] [stdout]    --> src/kbucket/bucket.rs:530:9
[INFO] [stdout]     |
[INFO] [stdout] 530 |         quickcheck(prop as fn(_) -> _);
[INFO] [stdout]     |         ^^^^^^^^^^ not found in this scope
[INFO] [stdout] 
[INFO] [stdout] 
[INFO] [stdout] error[E0425]: cannot find function `quickcheck` in this scope
[INFO] [stdout]    --> src/kbucket/bucket.rs:677:9
[INFO] [stdout]     |
[INFO] [stdout] 677 |         quickcheck(prop as fn(_, _, _) -> _);
[INFO] [stdout]     |         ^^^^^^^^^^ not found in this scope
[INFO] [stdout] 
[INFO] [stdout] 
[INFO] [stdout] error[E0425]: cannot find function `quickcheck` in this scope
[INFO] [stdout]    --> src/kbucket/key.rs:225:9
[INFO] [stdout]     |
[INFO] [stdout] 225 |         quickcheck(prop as fn(_) -> _)
[INFO] [stdout]     |         ^^^^^^^^^^ not found in this scope
[INFO] [stdout] 
[INFO] [stdout] 
[INFO] [stdout] error[E0425]: cannot find function `quickcheck` in this scope
[INFO] [stdout]    --> src/kbucket/key.rs:233:9
[INFO] [stdout]     |
[INFO] [stdout] 233 |         quickcheck(prop as fn(_, _) -> _)
[INFO] [stdout]     |         ^^^^^^^^^^ not found in this scope
[INFO] [stdout] 
[INFO] [stdout] 
[INFO] [stdout] error[E0425]: cannot find function `quickcheck` in this scope
[INFO] [stdout]    --> src/kbucket/key.rs:248:9
[INFO] [stdout]     |
[INFO] [stdout] 248 |         quickcheck(prop as fn(_, _, _) -> _)
[INFO] [stdout]     |         ^^^^^^^^^^ not found in this scope
[INFO] [stdout] 
[INFO] [stdout] 
[INFO] [stdout] error[E0425]: cannot find function `quickcheck` in this scope
[INFO] [stdout]    --> src/kbucket/key.rs:260:9
[INFO] [stdout]     |
[INFO] [stdout] 260 |         quickcheck(prop as fn(_, _) -> _)
[INFO] [stdout]     |         ^^^^^^^^^^ not found in this scope
[INFO] [stdout] 
[INFO] [stdout] 
[INFO] [stdout] error[E0425]: cannot find function `quickcheck` in this scope
[INFO] [stdout]    --> src/kbucket.rs:607:9
[INFO] [stdout]     |
[INFO] [stdout] 607 |         quickcheck(prop as fn(_));
[INFO] [stdout]     |         ^^^^^^^^^^ not found in this scope
[INFO] [stdout] 
[INFO] [stdout] 
[INFO] [stdout] error[E0425]: cannot find function `quickcheck` in this scope
[INFO] [stdout]    --> src/kbucket.rs:621:9
[INFO] [stdout]     |
[INFO] [stdout] 621 |         quickcheck(prop as fn(_) -> _);
[INFO] [stdout]     |         ^^^^^^^^^^ not found in this scope
[INFO] [stdout] 
[INFO] [stdout] 
[INFO] [stdout] error[E0425]: cannot find function `quickcheck` in this scope
[INFO] [stdout]    --> src/record/store/memory.rs:241:9
[INFO] [stdout]     |
[INFO] [stdout] 241 |         quickcheck(prop as fn(_))
[INFO] [stdout]     |         ^^^^^^^^^^ not found in this scope
[INFO] [stdout] 
[INFO] [stdout] 
[INFO] [stdout] error[E0425]: cannot find function `quickcheck` in this scope
[INFO] [stdout]    --> src/record/store/memory.rs:253:9
[INFO] [stdout]     |
[INFO] [stdout] 253 |         quickcheck(prop as fn(_))
[INFO] [stdout]     |         ^^^^^^^^^^ not found in this scope
[INFO] [stdout] 
[INFO] [stdout] 
[INFO] [stdout] error[E0425]: cannot find function `quickcheck` in this scope
[INFO] [stdout]    --> src/record/store/memory.rs:277:9
[INFO] [stdout]     |
[INFO] [stdout] 277 |         quickcheck(prop as fn(_) -> _)
[INFO] [stdout]     |         ^^^^^^^^^^ not found in this scope
[INFO] [stdout] 
[INFO] [stdout] 
[INFO] [stdout] error: aborting due to 88 previous errors
[INFO] [stdout] 
[INFO] [stdout] 
[INFO] [stdout] Some errors have detailed explanations: E0405, E0412, E0425, E0432, E0433.
[INFO] [stdout] 
[INFO] [stdout] For more information about an error, try `rustc --explain E0405`.
[INFO] [stdout] 
[INFO] [stderr] error: could not compile `libp2p-kad` (lib test) due to 89 previous errors
[INFO] [stderr] warning: build failed, waiting for other jobs to finish...
[INFO] running `Command { std: "docker" "inspect" "e72e70333bead89605760018d60c101f27777b7e7b45caa6e667e54d29231148", kill_on_drop: false }`
[INFO] running `Command { std: "docker" "rm" "-f" "e72e70333bead89605760018d60c101f27777b7e7b45caa6e667e54d29231148", kill_on_drop: false }`
[INFO] [stdout] e72e70333bead89605760018d60c101f27777b7e7b45caa6e667e54d29231148
