[INFO] fetching crate libgitmask 0.1.0...
[INFO] testing libgitmask-0.1.0 against 1.75.0 for beta-1.76-1
[INFO] extracting crate libgitmask 0.1.0 into /workspace/builds/worker-3-tc1/source
[INFO] validating manifest of crates.io crate libgitmask 0.1.0 on toolchain 1.75.0
[INFO] running `Command { std: CARGO_HOME="/workspace/cargo-home" RUSTUP_HOME="/workspace/rustup-home" "/workspace/cargo-home/bin/cargo" "+1.75.0" "metadata" "--manifest-path" "Cargo.toml" "--no-deps", kill_on_drop: false }`
[INFO] started tweaking crates.io crate libgitmask 0.1.0
[INFO] finished tweaking crates.io crate libgitmask 0.1.0
[INFO] tweaked toml for crates.io crate libgitmask 0.1.0 written to /workspace/builds/worker-3-tc1/source/Cargo.toml
[INFO] running `Command { std: CARGO_HOME="/workspace/cargo-home" RUSTUP_HOME="/workspace/rustup-home" "/workspace/cargo-home/bin/cargo" "+1.75.0" "generate-lockfile" "--manifest-path" "Cargo.toml", kill_on_drop: false }`
[INFO] [stderr]     Updating crates.io index
[INFO] running `Command { std: CARGO_HOME="/workspace/cargo-home" RUSTUP_HOME="/workspace/rustup-home" "/workspace/cargo-home/bin/cargo" "+1.75.0" "fetch" "--manifest-path" "Cargo.toml", kill_on_drop: false }`
[INFO] [stderr]  Downloading crates ...
[INFO] [stderr]   Downloaded vergen v8.2.6
[INFO] [stderr]   Downloaded rusqlite v0.30.0
[INFO] [stderr]   Downloaded barnacl_sys v0.1.1
[INFO] [stderr]   Downloaded barnacl v0.1.1
[INFO] running `Command { std: "docker" "create" "-v" "/var/lib/crater-agent-workspace/builds/worker-3-tc1/target:/opt/rustwide/target:rw,Z" "-v" "/var/lib/crater-agent-workspace/builds/worker-3-tc1/source:/opt/rustwide/workdir:ro,Z" "-v" "/var/lib/crater-agent-workspace/cargo-home:/opt/rustwide/cargo-home:ro,Z" "-v" "/var/lib/crater-agent-workspace/rustup-home:/opt/rustwide/rustup-home:ro,Z" "-e" "SOURCE_DIR=/opt/rustwide/workdir" "-e" "CARGO_TARGET_DIR=/opt/rustwide/target" "-e" "CARGO_HOME=/opt/rustwide/cargo-home" "-e" "RUSTUP_HOME=/opt/rustwide/rustup-home" "-w" "/opt/rustwide/workdir" "-m" "1610612736" "--user" "0:0" "--network" "none" "ghcr.io/rust-lang/crates-build-env/linux@sha256:2788e3201cd34a07e3172128adcd8b3090168a8e3bcc40d7c032b9dda1df7d1c" "/opt/rustwide/cargo-home/bin/cargo" "+1.75.0" "metadata" "--no-deps" "--format-version=1", kill_on_drop: false }`
[INFO] [stdout] 2a05ab30771296b207c3f20da7c40f557c2ac199ce3347310a6febd606267bc5
[INFO] running `Command { std: "docker" "start" "-a" "2a05ab30771296b207c3f20da7c40f557c2ac199ce3347310a6febd606267bc5", kill_on_drop: false }`
[INFO] running `Command { std: "docker" "inspect" "2a05ab30771296b207c3f20da7c40f557c2ac199ce3347310a6febd606267bc5", kill_on_drop: false }`
[INFO] running `Command { std: "docker" "rm" "-f" "2a05ab30771296b207c3f20da7c40f557c2ac199ce3347310a6febd606267bc5", kill_on_drop: false }`
[INFO] [stdout] 2a05ab30771296b207c3f20da7c40f557c2ac199ce3347310a6febd606267bc5
[INFO] running `Command { std: "docker" "create" "-v" "/var/lib/crater-agent-workspace/builds/worker-3-tc1/target:/opt/rustwide/target:rw,Z" "-v" "/var/lib/crater-agent-workspace/builds/worker-3-tc1/source:/opt/rustwide/workdir:ro,Z" "-v" "/var/lib/crater-agent-workspace/cargo-home:/opt/rustwide/cargo-home:ro,Z" "-v" "/var/lib/crater-agent-workspace/rustup-home:/opt/rustwide/rustup-home:ro,Z" "-e" "SOURCE_DIR=/opt/rustwide/workdir" "-e" "CARGO_TARGET_DIR=/opt/rustwide/target" "-e" "CARGO_INCREMENTAL=0" "-e" "RUST_BACKTRACE=full" "-e" "RUSTFLAGS=--cap-lints=warn" "-e" "RUSTDOCFLAGS=--cap-lints=warn" "-e" "CARGO_HOME=/opt/rustwide/cargo-home" "-e" "RUSTUP_HOME=/opt/rustwide/rustup-home" "-w" "/opt/rustwide/workdir" "-m" "1610612736" "--user" "0:0" "--network" "none" "ghcr.io/rust-lang/crates-build-env/linux@sha256:2788e3201cd34a07e3172128adcd8b3090168a8e3bcc40d7c032b9dda1df7d1c" "/opt/rustwide/cargo-home/bin/cargo" "+1.75.0" "build" "--frozen" "--message-format=json", kill_on_drop: false }`
[INFO] [stdout] 42461017b17453c3c862bd0b3685360e09b67d92e99ad4dd86ef44e2aa58fbca
[INFO] running `Command { std: "docker" "start" "-a" "42461017b17453c3c862bd0b3685360e09b67d92e99ad4dd86ef44e2aa58fbca", kill_on_drop: false }`
[INFO] [stderr]    Compiling pkg-config v0.3.28
[INFO] [stderr]    Compiling rustversion v1.0.14
[INFO] [stderr]    Compiling once_cell v1.19.0
[INFO] [stderr]    Compiling zerocopy v0.7.32
[INFO] [stderr]    Compiling vcpkg v0.2.15
[INFO] [stderr]    Compiling ahash v0.8.7
[INFO] [stderr]    Compiling anyhow v1.0.79
[INFO] [stderr]    Compiling libc v0.2.151
[INFO] [stderr]    Compiling allocator-api2 v0.2.16
[INFO] [stderr]    Compiling bitflags v2.4.1
[INFO] [stderr]    Compiling fallible-iterator v0.3.0
[INFO] [stderr]    Compiling smallvec v1.11.2
[INFO] [stderr]    Compiling fallible-streaming-iterator v0.1.9
[INFO] [stderr]    Compiling rustc-serialize v0.3.25
[INFO] [stderr]    Compiling hashbrown v0.14.3
[INFO] [stderr]    Compiling barnacl_sys v0.1.1
[INFO] [stderr]    Compiling libsqlite3-sys v0.27.0
[INFO] [stderr]    Compiling vergen v8.2.6
[INFO] [stderr]    Compiling hashlink v0.8.4
[INFO] [stderr]    Compiling libgitmask v0.1.0 (/opt/rustwide/workdir)
[INFO] [stdout] error[E0425]: cannot find value `NOW` in this scope
[INFO] [stdout]  --> build.rs:8:18
[INFO] [stdout]   |
[INFO] [stdout] 8 |     flags.toggle(NOW);
[INFO] [stdout]   |                  ^^^ not found in this scope
[INFO] [stdout] 
[INFO] [stdout] 
[INFO] [stdout] warning: unused import: `vergen::*`
[INFO] [stdout]  --> build.rs:4:5
[INFO] [stdout]   |
[INFO] [stdout] 4 | use vergen::*;
[INFO] [stdout]   |     ^^^^^^^^^
[INFO] [stdout]   |
[INFO] [stdout]   = note: `#[warn(unused_imports)]` on by default
[INFO] [stdout] 
[INFO] [stdout] 
[INFO] [stdout] error[E0433]: failed to resolve: use of undeclared type `Flags`
[INFO] [stdout]  --> build.rs:7:21
[INFO] [stdout]   |
[INFO] [stdout] 7 |     let mut flags = Flags::all();
[INFO] [stdout]   |                     ^^^^^ use of undeclared type `Flags`
[INFO] [stdout] 
[INFO] [stdout] 
[INFO] [stdout] error[E0423]: expected function, found crate `vergen`
[INFO] [stdout]  --> build.rs:9:5
[INFO] [stdout]   |
[INFO] [stdout] 9 |     vergen(flags);
[INFO] [stdout]   |     ^^^^^^ not a function
[INFO] [stdout] 
[INFO] [stdout] 
[INFO] [stdout] error: aborting due to 3 previous errors; 1 warning emitted
[INFO] [stdout] 
[INFO] [stdout] 
[INFO] [stdout] Some errors have detailed explanations: E0423, E0425, E0433.
[INFO] [stdout] 
[INFO] [stdout] For more information about an error, try `rustc --explain E0423`.
[INFO] [stdout] 
[INFO] [stderr] error: could not compile `libgitmask` (build script) due to 4 previous errors; 1 warning emitted
[INFO] [stderr] warning: build failed, waiting for other jobs to finish...
[INFO] running `Command { std: "docker" "inspect" "42461017b17453c3c862bd0b3685360e09b67d92e99ad4dd86ef44e2aa58fbca", kill_on_drop: false }`
[INFO] running `Command { std: "docker" "rm" "-f" "42461017b17453c3c862bd0b3685360e09b67d92e99ad4dd86ef44e2aa58fbca", kill_on_drop: false }`
[INFO] [stdout] 42461017b17453c3c862bd0b3685360e09b67d92e99ad4dd86ef44e2aa58fbca
