[INFO] fetching crate libcontainer 0.3.0...
[INFO] testing libcontainer-0.3.0 against 1.75.0 for beta-1.76-1
[INFO] extracting crate libcontainer 0.3.0 into /workspace/builds/worker-4-tc1/source
[INFO] validating manifest of crates.io crate libcontainer 0.3.0 on toolchain 1.75.0
[INFO] running `Command { std: CARGO_HOME="/workspace/cargo-home" RUSTUP_HOME="/workspace/rustup-home" "/workspace/cargo-home/bin/cargo" "+1.75.0" "metadata" "--manifest-path" "Cargo.toml" "--no-deps", kill_on_drop: false }`
[INFO] started tweaking crates.io crate libcontainer 0.3.0
[INFO] finished tweaking crates.io crate libcontainer 0.3.0
[INFO] tweaked toml for crates.io crate libcontainer 0.3.0 written to /workspace/builds/worker-4-tc1/source/Cargo.toml
[INFO] running `Command { std: CARGO_HOME="/workspace/cargo-home" RUSTUP_HOME="/workspace/rustup-home" "/workspace/cargo-home/bin/cargo" "+1.75.0" "generate-lockfile" "--manifest-path" "Cargo.toml", kill_on_drop: false }`
[INFO] [stderr]     Updating crates.io index
[INFO] running `Command { std: CARGO_HOME="/workspace/cargo-home" RUSTUP_HOME="/workspace/rustup-home" "/workspace/cargo-home/bin/cargo" "+1.75.0" "fetch" "--manifest-path" "Cargo.toml", kill_on_drop: false }`
[INFO] [stderr]     Blocking waiting for file lock on package cache
[INFO] [stderr]     Blocking waiting for file lock on package cache
[INFO] [stderr]  Downloading crates ...
[INFO] [stderr]   Downloaded protobuf-support v3.3.0
[INFO] [stderr]   Downloaded protobuf-codegen v3.3.0
[INFO] [stderr]   Downloaded prctl v1.0.0
[INFO] [stderr]   Downloaded safe-path v0.1.0
[INFO] [stderr]   Downloaded libseccomp v0.3.0
[INFO] [stderr]   Downloaded oci-spec v0.6.4
[INFO] [stderr]   Downloaded protobuf v3.3.0
[INFO] [stderr]   Downloaded procfs-core v0.16.0
[INFO] [stderr]   Downloaded ascii v0.7.1
[INFO] [stderr]   Downloaded rbpf v0.2.0
[INFO] [stderr]   Downloaded procfs v0.16.0
[INFO] [stderr]   Downloaded libseccomp-sys v0.2.1
[INFO] [stderr]   Downloaded protobuf-parse v3.3.0
[INFO] [stderr]   Downloaded getset v0.1.2
[INFO] [stderr]   Downloaded combine v2.5.2
[INFO] [stderr]   Downloaded rust-criu v0.4.0
[INFO] [stderr]   Downloaded libcgroups v0.3.1
[INFO] running `Command { std: "docker" "create" "-v" "/var/lib/crater-agent-workspace/builds/worker-4-tc1/target:/opt/rustwide/target:rw,Z" "-v" "/var/lib/crater-agent-workspace/builds/worker-4-tc1/source:/opt/rustwide/workdir:ro,Z" "-v" "/var/lib/crater-agent-workspace/cargo-home:/opt/rustwide/cargo-home:ro,Z" "-v" "/var/lib/crater-agent-workspace/rustup-home:/opt/rustwide/rustup-home:ro,Z" "-e" "SOURCE_DIR=/opt/rustwide/workdir" "-e" "CARGO_TARGET_DIR=/opt/rustwide/target" "-e" "CARGO_HOME=/opt/rustwide/cargo-home" "-e" "RUSTUP_HOME=/opt/rustwide/rustup-home" "-w" "/opt/rustwide/workdir" "-m" "1610612736" "--user" "0:0" "--network" "none" "ghcr.io/rust-lang/crates-build-env/linux@sha256:2788e3201cd34a07e3172128adcd8b3090168a8e3bcc40d7c032b9dda1df7d1c" "/opt/rustwide/cargo-home/bin/cargo" "+1.75.0" "metadata" "--no-deps" "--format-version=1", kill_on_drop: false }`
[INFO] [stdout] fa5897f458628c7fbe0fb142a7af214b4b9bdd993cdc52c79616435fb567558f
[INFO] running `Command { std: "docker" "start" "-a" "fa5897f458628c7fbe0fb142a7af214b4b9bdd993cdc52c79616435fb567558f", kill_on_drop: false }`
[INFO] running `Command { std: "docker" "inspect" "fa5897f458628c7fbe0fb142a7af214b4b9bdd993cdc52c79616435fb567558f", kill_on_drop: false }`
[INFO] running `Command { std: "docker" "rm" "-f" "fa5897f458628c7fbe0fb142a7af214b4b9bdd993cdc52c79616435fb567558f", kill_on_drop: false }`
[INFO] [stdout] fa5897f458628c7fbe0fb142a7af214b4b9bdd993cdc52c79616435fb567558f
[INFO] running `Command { std: "docker" "create" "-v" "/var/lib/crater-agent-workspace/builds/worker-4-tc1/target:/opt/rustwide/target:rw,Z" "-v" "/var/lib/crater-agent-workspace/builds/worker-4-tc1/source:/opt/rustwide/workdir:ro,Z" "-v" "/var/lib/crater-agent-workspace/cargo-home:/opt/rustwide/cargo-home:ro,Z" "-v" "/var/lib/crater-agent-workspace/rustup-home:/opt/rustwide/rustup-home:ro,Z" "-e" "SOURCE_DIR=/opt/rustwide/workdir" "-e" "CARGO_TARGET_DIR=/opt/rustwide/target" "-e" "CARGO_INCREMENTAL=0" "-e" "RUST_BACKTRACE=full" "-e" "RUSTFLAGS=--cap-lints=warn" "-e" "RUSTDOCFLAGS=--cap-lints=warn" "-e" "CARGO_HOME=/opt/rustwide/cargo-home" "-e" "RUSTUP_HOME=/opt/rustwide/rustup-home" "-w" "/opt/rustwide/workdir" "-m" "1610612736" "--user" "0:0" "--network" "none" "ghcr.io/rust-lang/crates-build-env/linux@sha256:2788e3201cd34a07e3172128adcd8b3090168a8e3bcc40d7c032b9dda1df7d1c" "/opt/rustwide/cargo-home/bin/cargo" "+1.75.0" "build" "--frozen" "--message-format=json", kill_on_drop: false }`
[INFO] [stdout] df5049acff94d56dfa209d097e6c09367e20533faa4bd44be61b3d860fe97302
[INFO] running `Command { std: "docker" "start" "-a" "df5049acff94d56dfa209d097e6c09367e20533faa4bd44be61b3d860fe97302", kill_on_drop: false }`
[INFO] [stderr]    Compiling syn v1.0.109
[INFO] [stderr]    Compiling ident_case v1.0.1
[INFO] [stderr]    Compiling strsim v0.10.0
[INFO] [stderr]    Compiling fnv v1.0.7
[INFO] [stderr]    Compiling rustix v0.38.28
[INFO] [stderr]    Compiling linux-raw-sys v0.4.12
[INFO] [stderr]    Compiling anyhow v1.0.79
[INFO] [stderr]    Compiling protobuf v3.3.0
[INFO] [stderr]    Compiling indexmap v1.9.3
[INFO] [stderr]    Compiling hashbrown v0.12.3
[INFO] [stderr]    Compiling either v1.9.0
[INFO] [stderr]    Compiling syn v2.0.48
[INFO] [stderr]    Compiling home v0.5.9
[INFO] [stderr]    Compiling memoffset v0.9.0
[INFO] [stderr]    Compiling log v0.4.20
[INFO] [stderr]    Compiling proc-macro-error-attr v1.0.4
[INFO] [stderr]    Compiling hex v0.4.3
[INFO] [stderr]    Compiling futures-core v0.3.30
[INFO] [stderr]    Compiling io-lifetimes v1.0.11
[INFO] [stderr]    Compiling flate2 v1.0.28
[INFO] [stderr]    Compiling procfs v0.16.0
[INFO] [stderr]    Compiling futures-channel v0.3.30
[INFO] [stderr]    Compiling libseccomp-sys v0.2.1
[INFO] [stderr]    Compiling futures-io v0.3.30
[INFO] [stderr]    Compiling rustix v0.36.17
[INFO] [stderr]    Compiling nix v0.27.1
[INFO] [stderr]    Compiling libseccomp v0.3.0
[INFO] [stderr]    Compiling procfs v0.15.1
[INFO] [stderr]    Compiling linux-raw-sys v0.1.4
[INFO] [stderr]    Compiling byteorder v1.5.0
[INFO] [stderr]    Compiling fixedbitset v0.4.2
[INFO] [stderr]    Compiling safe-path v0.1.0
[INFO] [stderr]    Compiling which v4.4.2
[INFO] [stderr]    Compiling tempfile v3.9.0
[INFO] [stderr]    Compiling darling_core v0.14.4
[INFO] [stderr]    Compiling proc-macro-error v1.0.4
[INFO] [stderr]    Compiling prctl v1.0.0
[INFO] [stderr]    Compiling getset v0.1.2
[INFO] [stderr]    Compiling thiserror-impl v1.0.56
[INFO] [stderr]    Compiling serde_derive v1.0.194
[INFO] [stderr]    Compiling futures-macro v0.3.30
[INFO] [stderr]    Compiling tracing-attributes v0.1.27
[INFO] [stderr]    Compiling darling_macro v0.14.4
[INFO] [stderr]    Compiling futures-util v0.3.30
[INFO] [stderr]    Compiling thiserror v1.0.56
[INFO] [stderr]    Compiling protobuf-support v3.3.0
[INFO] [stderr]    Compiling caps v0.5.5
[INFO] [stderr]    Compiling darling v0.14.4
[INFO] [stderr]    Compiling derive_builder_core v0.12.0
[INFO] [stderr]    Compiling tracing v0.1.40
[INFO] [stderr]    Compiling derive_builder_macro v0.12.0
[INFO] [stderr]    Compiling derive_builder v0.12.0
[INFO] [stderr]    Compiling serde v1.0.194
[INFO] [stderr]    Compiling futures-executor v0.3.30
[INFO] [stderr]    Compiling futures v0.3.30
[INFO] [stderr]    Compiling protobuf-parse v3.3.0
[INFO] [stderr]    Compiling chrono v0.4.31
[INFO] [stderr]    Compiling serde_json v1.0.111
[INFO] [stderr]    Compiling protobuf-codegen v3.3.0
[INFO] [stderr]    Compiling oci-spec v0.6.4
[INFO] [stderr]    Compiling procfs-core v0.16.0
[INFO] [stderr]    Compiling rust-criu v0.4.0
[INFO] [stderr]    Compiling libcgroups v0.3.1
[INFO] [stdout] error[E0425]: cannot find value `VERSION_3_2_0` in crate `protobuf`
[INFO] [stdout]   --> /opt/rustwide/cargo-home/registry/src/index.crates.io-6f17d22bba15001f/rust-criu-0.4.0/src/rust_criu_protobuf/rpc.rs:26:49
[INFO] [stdout]    |
[INFO] [stdout] 26 | const _PROTOBUF_VERSION_CHECK: () = ::protobuf::VERSION_3_2_0;
[INFO] [stdout]    |                                                 ^^^^^^^^^^^^^ help: a constant with a similar name exists: `VERSION_3_3_0`
[INFO] [stdout]    |
[INFO] [stdout]   ::: /opt/rustwide/target/debug/build/protobuf-7281386ed24b7cae/out/version.rs:7:1
[INFO] [stdout]    |
[INFO] [stdout] 7  | pub const VERSION_3_3_0: () = ();
[INFO] [stdout]    | --------------------------- similarly named constant `VERSION_3_3_0` defined here
[INFO] [stdout] 
[INFO] [stdout] 
[INFO] [stdout] error[E0046]: not all trait items implemented, missing: `from_str`
[INFO] [stdout]     --> /opt/rustwide/cargo-home/registry/src/index.crates.io-6f17d22bba15001f/rust-criu-0.4.0/src/rust_criu_protobuf/rpc.rs:5850:1
[INFO] [stdout]      |
[INFO] [stdout] 5850 | impl ::protobuf::Enum for Criu_cg_mode {
[INFO] [stdout]      | ^^^^^^^^^^^^^^^^^^^^^^^^^^^^^^^^^^^^^^ missing `from_str` in implementation
[INFO] [stdout]      |
[INFO] [stdout]      = help: implement the missing item: `fn from_str(_: &str) -> std::option::Option<Self> { todo!() }`
[INFO] [stdout] 
[INFO] [stdout] 
[INFO] [stdout] error[E0046]: not all trait items implemented, missing: `from_str`
[INFO] [stdout]     --> /opt/rustwide/cargo-home/registry/src/index.crates.io-6f17d22bba15001f/rust-criu-0.4.0/src/rust_criu_protobuf/rpc.rs:5914:1
[INFO] [stdout]      |
[INFO] [stdout] 5914 | impl ::protobuf::Enum for Criu_pre_dump_mode {
[INFO] [stdout]      | ^^^^^^^^^^^^^^^^^^^^^^^^^^^^^^^^^^^^^^^^^^^^ missing `from_str` in implementation
[INFO] [stdout]      |
[INFO] [stdout]      = help: implement the missing item: `fn from_str(_: &str) -> std::option::Option<Self> { todo!() }`
[INFO] [stdout] 
[INFO] [stdout] 
[INFO] [stdout] error[E0046]: not all trait items implemented, missing: `from_str`
[INFO] [stdout]     --> /opt/rustwide/cargo-home/registry/src/index.crates.io-6f17d22bba15001f/rust-criu-0.4.0/src/rust_criu_protobuf/rpc.rs:5994:1
[INFO] [stdout]      |
[INFO] [stdout] 5994 | impl ::protobuf::Enum for Criu_req_type {
[INFO] [stdout]      | ^^^^^^^^^^^^^^^^^^^^^^^^^^^^^^^^^^^^^^^ missing `from_str` in implementation
[INFO] [stdout]      |
[INFO] [stdout]      = help: implement the missing item: `fn from_str(_: &str) -> std::option::Option<Self> { todo!() }`
[INFO] [stdout] 
[INFO] [stdout] 
[INFO] [stdout] error: aborting due to 4 previous errors
[INFO] [stdout] 
[INFO] [stdout] 
[INFO] [stdout] Some errors have detailed explanations: E0046, E0425.
[INFO] [stdout] 
[INFO] [stdout] For more information about an error, try `rustc --explain E0046`.
[INFO] [stdout] 
[INFO] [stderr] error: could not compile `rust-criu` (lib) due to 5 previous errors
[INFO] [stderr] warning: build failed, waiting for other jobs to finish...
[INFO] running `Command { std: "docker" "inspect" "df5049acff94d56dfa209d097e6c09367e20533faa4bd44be61b3d860fe97302", kill_on_drop: false }`
[INFO] running `Command { std: "docker" "rm" "-f" "df5049acff94d56dfa209d097e6c09367e20533faa4bd44be61b3d860fe97302", kill_on_drop: false }`
[INFO] [stdout] df5049acff94d56dfa209d097e6c09367e20533faa4bd44be61b3d860fe97302
[INFO] testing libcontainer-0.3.0 against beta-2023-12-22 for beta-1.76-1
[INFO] extracting crate libcontainer 0.3.0 into /workspace/builds/worker-4-tc2/source
[INFO] validating manifest of crates.io crate libcontainer 0.3.0 on toolchain beta-2023-12-22
[INFO] running `Command { std: CARGO_HOME="/workspace/cargo-home" RUSTUP_HOME="/workspace/rustup-home" "/workspace/cargo-home/bin/cargo" "+beta-2023-12-22" "metadata" "--manifest-path" "Cargo.toml" "--no-deps", kill_on_drop: false }`
[INFO] started tweaking crates.io crate libcontainer 0.3.0
[INFO] finished tweaking crates.io crate libcontainer 0.3.0
[INFO] tweaked toml for crates.io crate libcontainer 0.3.0 written to /workspace/builds/worker-4-tc2/source/Cargo.toml
[INFO] running `Command { std: CARGO_HOME="/workspace/cargo-home" RUSTUP_HOME="/workspace/rustup-home" "/workspace/cargo-home/bin/cargo" "+beta-2023-12-22" "generate-lockfile" "--manifest-path" "Cargo.toml", kill_on_drop: false }`
[INFO] [stderr]     Updating crates.io index
[INFO] running `Command { std: CARGO_HOME="/workspace/cargo-home" RUSTUP_HOME="/workspace/rustup-home" "/workspace/cargo-home/bin/cargo" "+beta-2023-12-22" "fetch" "--manifest-path" "Cargo.toml", kill_on_drop: false }`
[INFO] running `Command { std: "docker" "create" "-v" "/var/lib/crater-agent-workspace/builds/worker-4-tc2/target:/opt/rustwide/target:rw,Z" "-v" "/var/lib/crater-agent-workspace/builds/worker-4-tc2/source:/opt/rustwide/workdir:ro,Z" "-v" "/var/lib/crater-agent-workspace/cargo-home:/opt/rustwide/cargo-home:ro,Z" "-v" "/var/lib/crater-agent-workspace/rustup-home:/opt/rustwide/rustup-home:ro,Z" "-e" "SOURCE_DIR=/opt/rustwide/workdir" "-e" "CARGO_TARGET_DIR=/opt/rustwide/target" "-e" "CARGO_HOME=/opt/rustwide/cargo-home" "-e" "RUSTUP_HOME=/opt/rustwide/rustup-home" "-w" "/opt/rustwide/workdir" "-m" "1610612736" "--user" "0:0" "--network" "none" "ghcr.io/rust-lang/crates-build-env/linux@sha256:2788e3201cd34a07e3172128adcd8b3090168a8e3bcc40d7c032b9dda1df7d1c" "/opt/rustwide/cargo-home/bin/cargo" "+beta-2023-12-22" "metadata" "--no-deps" "--format-version=1", kill_on_drop: false }`
[INFO] [stdout] 5641a1d0b99e6e5e8eb7c1703aa29441244a041f26cfd65d70de2a9fcfc031db
[INFO] running `Command { std: "docker" "start" "-a" "5641a1d0b99e6e5e8eb7c1703aa29441244a041f26cfd65d70de2a9fcfc031db", kill_on_drop: false }`
[INFO] running `Command { std: "docker" "inspect" "5641a1d0b99e6e5e8eb7c1703aa29441244a041f26cfd65d70de2a9fcfc031db", kill_on_drop: false }`
[INFO] running `Command { std: "docker" "rm" "-f" "5641a1d0b99e6e5e8eb7c1703aa29441244a041f26cfd65d70de2a9fcfc031db", kill_on_drop: false }`
[INFO] [stdout] 5641a1d0b99e6e5e8eb7c1703aa29441244a041f26cfd65d70de2a9fcfc031db
[INFO] running `Command { std: "docker" "create" "-v" "/var/lib/crater-agent-workspace/builds/worker-4-tc2/target:/opt/rustwide/target:rw,Z" "-v" "/var/lib/crater-agent-workspace/builds/worker-4-tc2/source:/opt/rustwide/workdir:ro,Z" "-v" "/var/lib/crater-agent-workspace/cargo-home:/opt/rustwide/cargo-home:ro,Z" "-v" "/var/lib/crater-agent-workspace/rustup-home:/opt/rustwide/rustup-home:ro,Z" "-e" "SOURCE_DIR=/opt/rustwide/workdir" "-e" "CARGO_TARGET_DIR=/opt/rustwide/target" "-e" "CARGO_INCREMENTAL=0" "-e" "RUST_BACKTRACE=full" "-e" "RUSTFLAGS=--cap-lints=warn" "-e" "RUSTDOCFLAGS=--cap-lints=warn" "-e" "CARGO_HOME=/opt/rustwide/cargo-home" "-e" "RUSTUP_HOME=/opt/rustwide/rustup-home" "-w" "/opt/rustwide/workdir" "-m" "1610612736" "--user" "0:0" "--network" "none" "ghcr.io/rust-lang/crates-build-env/linux@sha256:2788e3201cd34a07e3172128adcd8b3090168a8e3bcc40d7c032b9dda1df7d1c" "/opt/rustwide/cargo-home/bin/cargo" "+beta-2023-12-22" "build" "--frozen" "--message-format=json", kill_on_drop: false }`
[INFO] [stdout] 3f20021d5a0c6fbc0b024ad909aea2128ee9b75b67c502e43455b535ef10a29e
[INFO] running `Command { std: "docker" "start" "-a" "3f20021d5a0c6fbc0b024ad909aea2128ee9b75b67c502e43455b535ef10a29e", kill_on_drop: false }`
[INFO] [stderr]    Compiling syn v1.0.109
[INFO] [stderr]    Compiling ident_case v1.0.1
[INFO] [stderr]    Compiling fnv v1.0.7
[INFO] [stderr]    Compiling strsim v0.10.0
[INFO] [stderr]    Compiling rustix v0.38.28
[INFO] [stderr]    Compiling linux-raw-sys v0.4.12
[INFO] [stderr]    Compiling anyhow v1.0.79
[INFO] [stderr]    Compiling protobuf v3.3.0
[INFO] [stderr]    Compiling indexmap v1.9.3
[INFO] [stderr]    Compiling hashbrown v0.12.3
[INFO] [stderr]    Compiling either v1.9.0
[INFO] [stderr]    Compiling syn v2.0.48
[INFO] [stderr]    Compiling home v0.5.9
[INFO] [stderr]    Compiling memoffset v0.9.0
[INFO] [stderr]    Compiling log v0.4.20
[INFO] [stderr]    Compiling proc-macro-error-attr v1.0.4
[INFO] [stderr]    Compiling io-lifetimes v1.0.11
[INFO] [stderr]    Compiling hex v0.4.3
[INFO] [stderr]    Compiling futures-core v0.3.30
[INFO] [stderr]    Compiling flate2 v1.0.28
[INFO] [stderr]    Compiling procfs v0.16.0
[INFO] [stderr]    Compiling rustix v0.36.17
[INFO] [stderr]    Compiling futures-channel v0.3.30
[INFO] [stderr]    Compiling libseccomp-sys v0.2.1
[INFO] [stderr]    Compiling futures-io v0.3.30
[INFO] [stderr]    Compiling nix v0.27.1
[INFO] [stderr]    Compiling libseccomp v0.3.0
[INFO] [stderr]    Compiling linux-raw-sys v0.1.4
[INFO] [stderr]    Compiling procfs v0.15.1
[INFO] [stderr]    Compiling byteorder v1.5.0
[INFO] [stderr]    Compiling fixedbitset v0.4.2
[INFO] [stderr]    Compiling safe-path v0.1.0
[INFO] [stderr]    Compiling which v4.4.2
[INFO] [stderr]    Compiling tempfile v3.9.0
[INFO] [stderr]    Compiling prctl v1.0.0
[INFO] [stderr]    Compiling darling_core v0.14.4
[INFO] [stderr]    Compiling proc-macro-error v1.0.4
[INFO] [stderr]    Compiling thiserror-impl v1.0.56
[INFO] [stderr]    Compiling serde_derive v1.0.194
[INFO] [stderr]    Compiling futures-macro v0.3.30
[INFO] [stderr]    Compiling tracing-attributes v0.1.27
[INFO] [stderr]    Compiling getset v0.1.2
[INFO] [stderr]    Compiling futures-util v0.3.30
[INFO] [stderr]    Compiling darling_macro v0.14.4
[INFO] [stderr]    Compiling thiserror v1.0.56
[INFO] [stderr]    Compiling protobuf-support v3.3.0
[INFO] [stderr]    Compiling caps v0.5.5
[INFO] [stderr]    Compiling tracing v0.1.40
[INFO] [stderr]    Compiling darling v0.14.4
[INFO] [stderr]    Compiling derive_builder_core v0.12.0
[INFO] [stderr]    Compiling derive_builder_macro v0.12.0
[INFO] [stderr]    Compiling serde v1.0.194
[INFO] [stderr]    Compiling derive_builder v0.12.0
[INFO] [stderr]    Compiling futures-executor v0.3.30
[INFO] [stderr]    Compiling futures v0.3.30
[INFO] [stderr]    Compiling protobuf-parse v3.3.0
[INFO] [stderr]    Compiling protobuf-codegen v3.3.0
[INFO] [stderr]    Compiling chrono v0.4.31
[INFO] [stderr]    Compiling serde_json v1.0.111
[INFO] [stderr]    Compiling oci-spec v0.6.4
[INFO] [stderr]    Compiling procfs-core v0.16.0
[INFO] [stderr]    Compiling rust-criu v0.4.0
[INFO] [stderr]    Compiling libcgroups v0.3.1
[INFO] [stdout] error[E0425]: cannot find value `VERSION_3_2_0` in crate `protobuf`
[INFO] [stdout]   --> /opt/rustwide/cargo-home/registry/src/index.crates.io-6f17d22bba15001f/rust-criu-0.4.0/src/rust_criu_protobuf/rpc.rs:26:49
[INFO] [stdout]    |
[INFO] [stdout] 26 | const _PROTOBUF_VERSION_CHECK: () = ::protobuf::VERSION_3_2_0;
[INFO] [stdout]    |                                                 ^^^^^^^^^^^^^ help: a constant with a similar name exists: `VERSION_3_3_0`
[INFO] [stdout]    |
[INFO] [stdout]   ::: /opt/rustwide/target/debug/build/protobuf-be71526e8728d3ea/out/version.rs:7:1
[INFO] [stdout]    |
[INFO] [stdout] 7  | pub const VERSION_3_3_0: () = ();
[INFO] [stdout]    | --------------------------- similarly named constant `VERSION_3_3_0` defined here
[INFO] [stdout] 
[INFO] [stdout] 
[INFO] [stdout] error[E0046]: not all trait items implemented, missing: `from_str`
[INFO] [stdout]     --> /opt/rustwide/cargo-home/registry/src/index.crates.io-6f17d22bba15001f/rust-criu-0.4.0/src/rust_criu_protobuf/rpc.rs:5850:1
[INFO] [stdout]      |
[INFO] [stdout] 5850 | impl ::protobuf::Enum for Criu_cg_mode {
[INFO] [stdout]      | ^^^^^^^^^^^^^^^^^^^^^^^^^^^^^^^^^^^^^^ missing `from_str` in implementation
[INFO] [stdout]      |
[INFO] [stdout]      = help: implement the missing item: `fn from_str(_: &str) -> std::option::Option<Self> { todo!() }`
[INFO] [stdout] 
[INFO] [stdout] 
[INFO] [stdout] error[E0046]: not all trait items implemented, missing: `from_str`
[INFO] [stdout]     --> /opt/rustwide/cargo-home/registry/src/index.crates.io-6f17d22bba15001f/rust-criu-0.4.0/src/rust_criu_protobuf/rpc.rs:5914:1
[INFO] [stdout]      |
[INFO] [stdout] 5914 | impl ::protobuf::Enum for Criu_pre_dump_mode {
[INFO] [stdout]      | ^^^^^^^^^^^^^^^^^^^^^^^^^^^^^^^^^^^^^^^^^^^^ missing `from_str` in implementation
[INFO] [stdout]      |
[INFO] [stdout]      = help: implement the missing item: `fn from_str(_: &str) -> std::option::Option<Self> { todo!() }`
[INFO] [stdout] 
[INFO] [stdout] 
[INFO] [stdout] error[E0046]: not all trait items implemented, missing: `from_str`
[INFO] [stdout]     --> /opt/rustwide/cargo-home/registry/src/index.crates.io-6f17d22bba15001f/rust-criu-0.4.0/src/rust_criu_protobuf/rpc.rs:5994:1
[INFO] [stdout]      |
[INFO] [stdout] 5994 | impl ::protobuf::Enum for Criu_req_type {
[INFO] [stdout]      | ^^^^^^^^^^^^^^^^^^^^^^^^^^^^^^^^^^^^^^^ missing `from_str` in implementation
[INFO] [stdout]      |
[INFO] [stdout]      = help: implement the missing item: `fn from_str(_: &str) -> std::option::Option<Self> { todo!() }`
[INFO] [stdout] 
[INFO] [stdout] 
[INFO] [stdout] error: aborting due to 4 previous errors
[INFO] [stdout] 
[INFO] [stdout] 
[INFO] [stdout] Some errors have detailed explanations: E0046, E0425.
[INFO] [stdout] 
[INFO] [stdout] For more information about an error, try `rustc --explain E0046`.
[INFO] [stdout] 
[INFO] [stderr] error: could not compile `rust-criu` (lib) due to 5 previous errors
[INFO] [stderr] warning: build failed, waiting for other jobs to finish...
[INFO] running `Command { std: "docker" "inspect" "3f20021d5a0c6fbc0b024ad909aea2128ee9b75b67c502e43455b535ef10a29e", kill_on_drop: false }`
[INFO] running `Command { std: "docker" "rm" "-f" "3f20021d5a0c6fbc0b024ad909aea2128ee9b75b67c502e43455b535ef10a29e", kill_on_drop: false }`
[INFO] [stdout] 3f20021d5a0c6fbc0b024ad909aea2128ee9b75b67c502e43455b535ef10a29e
