[INFO] fetching crate libcef-sys 117.2.6...
[INFO] testing libcef-sys-117.2.6 against 1.75.0 for beta-1.76-1
[INFO] extracting crate libcef-sys 117.2.6 into /workspace/builds/worker-4-tc1/source
[INFO] validating manifest of crates.io crate libcef-sys 117.2.6 on toolchain 1.75.0
[INFO] running `Command { std: CARGO_HOME="/workspace/cargo-home" RUSTUP_HOME="/workspace/rustup-home" "/workspace/cargo-home/bin/cargo" "+1.75.0" "metadata" "--manifest-path" "Cargo.toml" "--no-deps", kill_on_drop: false }`
[INFO] started tweaking crates.io crate libcef-sys 117.2.6
[INFO] finished tweaking crates.io crate libcef-sys 117.2.6
[INFO] tweaked toml for crates.io crate libcef-sys 117.2.6 written to /workspace/builds/worker-4-tc1/source/Cargo.toml
[INFO] crate crates.io crate libcef-sys 117.2.6 already has a lockfile, it will not be regenerated
[INFO] running `Command { std: CARGO_HOME="/workspace/cargo-home" RUSTUP_HOME="/workspace/rustup-home" "/workspace/cargo-home/bin/cargo" "+1.75.0" "fetch" "--manifest-path" "Cargo.toml", kill_on_drop: false }`
[INFO] running `Command { std: "docker" "create" "-v" "/var/lib/crater-agent-workspace/builds/worker-4-tc1/target:/opt/rustwide/target:rw,Z" "-v" "/var/lib/crater-agent-workspace/builds/worker-4-tc1/source:/opt/rustwide/workdir:ro,Z" "-v" "/var/lib/crater-agent-workspace/cargo-home:/opt/rustwide/cargo-home:ro,Z" "-v" "/var/lib/crater-agent-workspace/rustup-home:/opt/rustwide/rustup-home:ro,Z" "-e" "SOURCE_DIR=/opt/rustwide/workdir" "-e" "CARGO_TARGET_DIR=/opt/rustwide/target" "-e" "CARGO_HOME=/opt/rustwide/cargo-home" "-e" "RUSTUP_HOME=/opt/rustwide/rustup-home" "-w" "/opt/rustwide/workdir" "-m" "1610612736" "--user" "0:0" "--network" "none" "ghcr.io/rust-lang/crates-build-env/linux@sha256:2788e3201cd34a07e3172128adcd8b3090168a8e3bcc40d7c032b9dda1df7d1c" "/opt/rustwide/cargo-home/bin/cargo" "+1.75.0" "metadata" "--no-deps" "--format-version=1", kill_on_drop: false }`
[INFO] [stdout] 52640607c7dcb135861a49e7f9a7be9eba7ed4b535949babbc6024309fe2c4a4
[INFO] running `Command { std: "docker" "start" "-a" "52640607c7dcb135861a49e7f9a7be9eba7ed4b535949babbc6024309fe2c4a4", kill_on_drop: false }`
[INFO] running `Command { std: "docker" "inspect" "52640607c7dcb135861a49e7f9a7be9eba7ed4b535949babbc6024309fe2c4a4", kill_on_drop: false }`
[INFO] running `Command { std: "docker" "rm" "-f" "52640607c7dcb135861a49e7f9a7be9eba7ed4b535949babbc6024309fe2c4a4", kill_on_drop: false }`
[INFO] [stdout] 52640607c7dcb135861a49e7f9a7be9eba7ed4b535949babbc6024309fe2c4a4
[INFO] running `Command { std: "docker" "create" "-v" "/var/lib/crater-agent-workspace/builds/worker-4-tc1/target:/opt/rustwide/target:rw,Z" "-v" "/var/lib/crater-agent-workspace/builds/worker-4-tc1/source:/opt/rustwide/workdir:ro,Z" "-v" "/var/lib/crater-agent-workspace/cargo-home:/opt/rustwide/cargo-home:ro,Z" "-v" "/var/lib/crater-agent-workspace/rustup-home:/opt/rustwide/rustup-home:ro,Z" "-e" "SOURCE_DIR=/opt/rustwide/workdir" "-e" "CARGO_TARGET_DIR=/opt/rustwide/target" "-e" "CARGO_INCREMENTAL=0" "-e" "RUST_BACKTRACE=full" "-e" "RUSTFLAGS=--cap-lints=warn" "-e" "RUSTDOCFLAGS=--cap-lints=warn" "-e" "CARGO_HOME=/opt/rustwide/cargo-home" "-e" "RUSTUP_HOME=/opt/rustwide/rustup-home" "-w" "/opt/rustwide/workdir" "-m" "1610612736" "--user" "0:0" "--network" "none" "ghcr.io/rust-lang/crates-build-env/linux@sha256:2788e3201cd34a07e3172128adcd8b3090168a8e3bcc40d7c032b9dda1df7d1c" "/opt/rustwide/cargo-home/bin/cargo" "+1.75.0" "build" "--frozen" "--message-format=json", kill_on_drop: false }`
[INFO] [stdout] 756c20fef31274d170136349ef55d3ca1390831a59b8428179805150743b7096
[INFO] running `Command { std: "docker" "start" "-a" "756c20fef31274d170136349ef55d3ca1390831a59b8428179805150743b7096", kill_on_drop: false }`
[INFO] [stderr]    Compiling libcef-sys v117.2.6 (/opt/rustwide/workdir)
[INFO] [stderr]     Finished dev [unoptimized + debuginfo] target(s) in 1.54s
[INFO] running `Command { std: "docker" "inspect" "756c20fef31274d170136349ef55d3ca1390831a59b8428179805150743b7096", kill_on_drop: false }`
[INFO] running `Command { std: "docker" "rm" "-f" "756c20fef31274d170136349ef55d3ca1390831a59b8428179805150743b7096", kill_on_drop: false }`
[INFO] [stdout] 756c20fef31274d170136349ef55d3ca1390831a59b8428179805150743b7096
[INFO] running `Command { std: "docker" "create" "-v" "/var/lib/crater-agent-workspace/builds/worker-4-tc1/target:/opt/rustwide/target:rw,Z" "-v" "/var/lib/crater-agent-workspace/builds/worker-4-tc1/source:/opt/rustwide/workdir:ro,Z" "-v" "/var/lib/crater-agent-workspace/cargo-home:/opt/rustwide/cargo-home:ro,Z" "-v" "/var/lib/crater-agent-workspace/rustup-home:/opt/rustwide/rustup-home:ro,Z" "-e" "SOURCE_DIR=/opt/rustwide/workdir" "-e" "CARGO_TARGET_DIR=/opt/rustwide/target" "-e" "CARGO_INCREMENTAL=0" "-e" "RUST_BACKTRACE=full" "-e" "RUSTFLAGS=--cap-lints=warn" "-e" "RUSTDOCFLAGS=--cap-lints=warn" "-e" "CARGO_HOME=/opt/rustwide/cargo-home" "-e" "RUSTUP_HOME=/opt/rustwide/rustup-home" "-w" "/opt/rustwide/workdir" "-m" "1610612736" "--user" "0:0" "--network" "none" "ghcr.io/rust-lang/crates-build-env/linux@sha256:2788e3201cd34a07e3172128adcd8b3090168a8e3bcc40d7c032b9dda1df7d1c" "/opt/rustwide/cargo-home/bin/cargo" "+1.75.0" "test" "--frozen" "--no-run" "--message-format=json", kill_on_drop: false }`
[INFO] [stdout] 0336de96eb2d81901b5b3fcc749059668520aa21bc9b0912b08e3ba224074a78
[INFO] running `Command { std: "docker" "start" "-a" "0336de96eb2d81901b5b3fcc749059668520aa21bc9b0912b08e3ba224074a78", kill_on_drop: false }`
[INFO] [stderr]    Compiling libc v0.2.149
[INFO] [stderr]    Compiling xml-rs v0.8.19
[INFO] [stderr]    Compiling once_cell v1.18.0
[INFO] [stderr]    Compiling simd-adler32 v0.3.7
[INFO] [stderr]    Compiling thiserror v1.0.49
[INFO] [stderr]    Compiling memoffset v0.6.5
[INFO] [stderr]    Compiling libloading v0.8.1
[INFO] [stderr]    Compiling wayland-sys v0.29.5
[INFO] [stderr]    Compiling slotmap v1.0.6
[INFO] [stderr]    Compiling memchr v2.6.4
[INFO] [stderr]    Compiling downcast-rs v1.2.0
[INFO] [stderr]    Compiling scoped-tls v1.0.1
[INFO] [stderr]    Compiling smithay-client-toolkit v0.16.1
[INFO] [stderr]    Compiling strict-num v0.1.1
[INFO] [stderr]    Compiling syn v2.0.38
[INFO] [stderr]    Compiling ttf-parser v0.19.2
[INFO] [stderr]    Compiling bytemuck v1.14.0
[INFO] [stderr]    Compiling x11-dl v2.21.0
[INFO] [stderr]    Compiling miniz_oxide v0.7.1
[INFO] [stderr]    Compiling dlib v0.5.2
[INFO] [stderr]    Compiling fdeflate v0.3.0
[INFO] [stderr]    Compiling tiny-skia-path v0.8.4
[INFO] [stderr]    Compiling cfg_aliases v0.1.1
[INFO] [stderr]    Compiling ab_glyph_rasterizer v0.1.8
[INFO] [stderr]    Compiling raw-window-handle v0.5.2
[INFO] [stderr]    Compiling percent-encoding v2.3.0
[INFO] [stderr]    Compiling nom v7.1.3
[INFO] [stderr]    Compiling wayland-scanner v0.29.5
[INFO] [stderr]    Compiling flate2 v1.0.28
[INFO] [stderr]    Compiling png v0.17.10
[INFO] [stderr]    Compiling wayland-client v0.29.5
[INFO] [stderr]    Compiling wayland-protocols v0.29.5
[INFO] [stderr]    Compiling winit v0.28.7
[INFO] [stderr]    Compiling tiny-skia v0.8.4
[INFO] [stderr]    Compiling nix v0.24.3
[INFO] [stderr]    Compiling nix v0.25.1
[INFO] [stderr]    Compiling memmap2 v0.5.10
[INFO] [stderr]    Compiling mio v0.8.8
[INFO] [stderr]    Compiling xcursor v0.3.4
[INFO] [stderr]    Compiling thiserror-impl v1.0.49
[INFO] [stderr]    Compiling owned_ttf_parser v0.19.0
[INFO] [stderr]    Compiling ab_glyph v0.2.22
[INFO] [stderr]    Compiling wayland-commons v0.29.5
[INFO] [stderr]    Compiling calloop v0.10.6
[INFO] [stderr]    Compiling wayland-cursor v0.29.5
[INFO] [stderr]    Compiling sctk-adwaita v0.5.4
[INFO] [stderr]    Compiling libcef-sys v117.2.6 (/opt/rustwide/workdir)
[INFO] [stdout] warning: unused imports: `platform::x11::WindowExtX11`, `window::Window`
[INFO] [stdout]  --> examples/demo.rs:7:36
[INFO] [stdout]   |
[INFO] [stdout] 7 | use winit::{event_loop::EventLoop, platform::x11::WindowExtX11, window::Window};
[INFO] [stdout]   |                                    ^^^^^^^^^^^^^^^^^^^^^^^^^^^  ^^^^^^^^^^^^^^
[INFO] [stdout]   |
[INFO] [stdout]   = note: `#[warn(unused_imports)]` on by default
[INFO] [stdout] 
[INFO] [stdout] 
[INFO] [stdout] warning: unused variable: `el`
[INFO] [stdout]   --> examples/demo.rs:74:13
[INFO] [stdout]    |
[INFO] [stdout] 74 |         let el = EventLoop::new();
[INFO] [stdout]    |             ^^ help: if this is intentional, prefix it with an underscore: `_el`
[INFO] [stdout]    |
[INFO] [stdout]    = note: `#[warn(unused_variables)]` on by default
[INFO] [stdout] 
[INFO] [stdout] 
[INFO] [stdout] error: linking with `cc` failed: exit status: 1
[INFO] [stdout]   |
[INFO] [stdout]   = note: LC_ALL="C" PATH="/opt/rustwide/rustup-home/toolchains/1.75.0-x86_64-unknown-linux-gnu/lib/rustlib/x86_64-unknown-linux-gnu/bin:/opt/rustwide/cargo-home/bin:/usr/local/sbin:/usr/local/bin:/usr/sbin:/usr/bin:/sbin:/bin" VSLANG="1033" "cc" "-m64" "/tmp/rustceHstpT/symbols.o" "/opt/rustwide/target/debug/examples/demo-1302dab7924f905b.demo.af4ec17b45fb531c-cgu.0.rcgu.o" "/opt/rustwide/target/debug/examples/demo-1302dab7924f905b.tq81pnhczomzeae.rcgu.o" "-Wl,--as-needed" "-L" "/opt/rustwide/target/debug/deps" "-L" "/root/.local/share/cef" "-L" "/opt/rustwide/rustup-home/toolchains/1.75.0-x86_64-unknown-linux-gnu/lib/rustlib/x86_64-unknown-linux-gnu/lib" "-Wl,-Bstatic" "/opt/rustwide/target/debug/deps/libwinit-a364decaab08c95f.rlib" "/opt/rustwide/target/debug/deps/libsctk_adwaita-e7e711c3adbb306b.rlib" "/opt/rustwide/target/debug/deps/libab_glyph-093d7af8ae3f8a81.rlib" "/opt/rustwide/target/debug/deps/libowned_ttf_parser-92bd1addcc79c47f.rlib" "/opt/rustwide/target/debug/deps/libttf_parser-51136347069ad4c3.rlib" "/opt/rustwide/target/debug/deps/libab_glyph_rasterizer-085a93a36ad7f9e0.rlib" "/opt/rustwide/target/debug/deps/libtiny_skia-980986408f11a724.rlib" "/opt/rustwide/target/debug/deps/libpng-2f4117f746ea6bc7.rlib" "/opt/rustwide/target/debug/deps/libflate2-7f92c99f69457527.rlib" "/opt/rustwide/target/debug/deps/libminiz_oxide-53601ce0b8585fba.rlib" "/opt/rustwide/target/debug/deps/libfdeflate-76452764ddf881dd.rlib" "/opt/rustwide/target/debug/deps/libsimd_adler32-ca3d52f5d152a392.rlib" "/opt/rustwide/target/debug/deps/libcrc32fast-664446237529ebff.rlib" "/opt/rustwide/target/debug/deps/libarrayvec-531100a46ff9d9df.rlib" "/opt/rustwide/target/debug/deps/libtiny_skia_path-5021b78ad525fff8.rlib" "/opt/rustwide/target/debug/deps/libbytemuck-77a13b3807508469.rlib" "/opt/rustwide/target/debug/deps/libstrict_num-8375261d38d7e628.rlib" "/opt/rustwide/target/debug/deps/libarrayref-50afdd1ea8722a59.rlib" "/opt/rustwide/target/debug/deps/libmio-6e39dc588fe24e3f.rlib" "/opt/rustwide/target/debug/deps/libx11_dl-fbf97ab0ab307021.rlib" "/opt/rustwide/target/debug/deps/libpercent_encoding-5d42724fd4d173a7.rlib" "/opt/rustwide/target/debug/deps/libsmithay_client_toolkit-283d6730fcfecdcc.rlib" "/opt/rustwide/target/debug/deps/libwayland_cursor-eb90caeb1fe4bf75.rlib" "/opt/rustwide/target/debug/deps/libxcursor-efa2c0330121d4ca.rlib" "/opt/rustwide/target/debug/deps/libnom-3e37996d74807c2b.rlib" "/opt/rustwide/target/debug/deps/libmemchr-ee1d365d27dccfd9.rlib" "/opt/rustwide/target/debug/deps/libmemmap2-bb68f9da4bc5613b.rlib" "/opt/rustwide/target/debug/deps/libwayland_protocols-ff56d949e360883a.rlib" "/opt/rustwide/target/debug/deps/libwayland_client-3eeca5ac7f8b4de1.rlib" "/opt/rustwide/target/debug/deps/libscoped_tls-169b605071c9f714.rlib" "/opt/rustwide/target/debug/deps/libwayland_commons-3bb89ae103284d43.rlib" "/opt/rustwide/target/debug/deps/libsmallvec-e348a0178db8b1b8.rlib" "/opt/rustwide/target/debug/deps/libnix-32f9d53ef71f4fb0.rlib" "/opt/rustwide/target/debug/deps/libwayland_sys-72597370521b663f.rlib" "/opt/rustwide/target/debug/deps/liblazy_static-591486ebcb9a7ead.rlib" "/opt/rustwide/target/debug/deps/libcalloop-bcb16b82ac58ef54.rlib" "/opt/rustwide/target/debug/deps/libthiserror-de0d657d9cbf30bc.rlib" "/opt/rustwide/target/debug/deps/libslotmap-d9eef6254cc2d81d.rlib" "/opt/rustwide/target/debug/deps/libnix-77e47bd7dc270ab9.rlib" "/opt/rustwide/target/debug/deps/libmemoffset-c7b1b1cc44d01308.rlib" "/opt/rustwide/target/debug/deps/liblibc-229081a4ee43464c.rlib" "/opt/rustwide/target/debug/deps/libvec_map-f4b9763d49b4e0fe.rlib" "/opt/rustwide/target/debug/deps/libdlib-a5de80f4aa7be3e5.rlib" "/opt/rustwide/target/debug/deps/liblibloading-7432f0e609ff3f27.rlib" "/opt/rustwide/target/debug/deps/libraw_window_handle-43ba71143601eca6.rlib" "/opt/rustwide/target/debug/deps/libonce_cell-865e1c5018a0303a.rlib" "/opt/rustwide/target/debug/deps/libinstant-d2eacafc3f5b0144.rlib" "/opt/rustwide/target/debug/deps/libcfg_if-61dc7a6799e72b18.rlib" "/opt/rustwide/target/debug/deps/libbitflags-b7cee2ca4fb438d0.rlib" "/opt/rustwide/target/debug/deps/liblog-4f472032e8cdd371.rlib" "/opt/rustwide/target/debug/deps/libcef_sys-58ffbeaa2f62f2c4.rlib" "/opt/rustwide/rustup-home/toolchains/1.75.0-x86_64-unknown-linux-gnu/lib/rustlib/x86_64-unknown-linux-gnu/lib/libstd-90f6ddbf82de36ec.rlib" "/opt/rustwide/rustup-home/toolchains/1.75.0-x86_64-unknown-linux-gnu/lib/rustlib/x86_64-unknown-linux-gnu/lib/libpanic_unwind-480c41e9d4e1f677.rlib" "/opt/rustwide/rustup-home/toolchains/1.75.0-x86_64-unknown-linux-gnu/lib/rustlib/x86_64-unknown-linux-gnu/lib/libobject-db744c0ca03eed1d.rlib" "/opt/rustwide/rustup-home/toolchains/1.75.0-x86_64-unknown-linux-gnu/lib/rustlib/x86_64-unknown-linux-gnu/lib/libmemchr-8ba652dc7d4b285a.rlib" "/opt/rustwide/rustup-home/toolchains/1.75.0-x86_64-unknown-linux-gnu/lib/rustlib/x86_64-unknown-linux-gnu/lib/libaddr2line-d5f4520a9ebc0d58.rlib" "/opt/rustwide/rustup-home/toolchains/1.75.0-x86_64-unknown-linux-gnu/lib/rustlib/x86_64-unknown-linux-gnu/lib/libgimli-4ad84de58f0cb463.rlib" "/opt/rustwide/rustup-home/toolchains/1.75.0-x86_64-unknown-linux-gnu/lib/rustlib/x86_64-unknown-linux-gnu/lib/librustc_demangle-0d10aae2e0f38735.rlib" "/opt/rustwide/rustup-home/toolchains/1.75.0-x86_64-unknown-linux-gnu/lib/rustlib/x86_64-unknown-linux-gnu/lib/libstd_detect-0c17cff739e6745b.rlib" "/opt/rustwide/rustup-home/toolchains/1.75.0-x86_64-unknown-linux-gnu/lib/rustlib/x86_64-unknown-linux-gnu/lib/libhashbrown-b29e17139dde1aa8.rlib" "/opt/rustwide/rustup-home/toolchains/1.75.0-x86_64-unknown-linux-gnu/lib/rustlib/x86_64-unknown-linux-gnu/lib/librustc_std_workspace_alloc-1f975299829cc7bd.rlib" "/opt/rustwide/rustup-home/toolchains/1.75.0-x86_64-unknown-linux-gnu/lib/rustlib/x86_64-unknown-linux-gnu/lib/libminiz_oxide-86bae3bc3079f89b.rlib" "/opt/rustwide/rustup-home/toolchains/1.75.0-x86_64-unknown-linux-gnu/lib/rustlib/x86_64-unknown-linux-gnu/lib/libadler-321b82c30dffdf5f.rlib" "/opt/rustwide/rustup-home/toolchains/1.75.0-x86_64-unknown-linux-gnu/lib/rustlib/x86_64-unknown-linux-gnu/lib/libunwind-3dd8a6810a0bdfef.rlib" "/opt/rustwide/rustup-home/toolchains/1.75.0-x86_64-unknown-linux-gnu/lib/rustlib/x86_64-unknown-linux-gnu/lib/libcfg_if-eb39a61c0c879984.rlib" "/opt/rustwide/rustup-home/toolchains/1.75.0-x86_64-unknown-linux-gnu/lib/rustlib/x86_64-unknown-linux-gnu/lib/liblibc-aa769569f91c3548.rlib" "/opt/rustwide/rustup-home/toolchains/1.75.0-x86_64-unknown-linux-gnu/lib/rustlib/x86_64-unknown-linux-gnu/lib/liballoc-510a192a50a983ed.rlib" "/opt/rustwide/rustup-home/toolchains/1.75.0-x86_64-unknown-linux-gnu/lib/rustlib/x86_64-unknown-linux-gnu/lib/librustc_std_workspace_core-0577018320f99037.rlib" "/opt/rustwide/rustup-home/toolchains/1.75.0-x86_64-unknown-linux-gnu/lib/rustlib/x86_64-unknown-linux-gnu/lib/libcore-193cf992125ccd4c.rlib" "/opt/rustwide/rustup-home/toolchains/1.75.0-x86_64-unknown-linux-gnu/lib/rustlib/x86_64-unknown-linux-gnu/lib/libcompiler_builtins-8e138eaf26ebb4a8.rlib" "-Wl,-Bdynamic" "-ldl" "-ldl" "-lcef" "-lgcc_s" "-lutil" "-lrt" "-lpthread" "-lm" "-ldl" "-lc" "-Wl,--eh-frame-hdr" "-Wl,-z,noexecstack" "-L" "/opt/rustwide/rustup-home/toolchains/1.75.0-x86_64-unknown-linux-gnu/lib/rustlib/x86_64-unknown-linux-gnu/lib" "-o" "/opt/rustwide/target/debug/examples/demo-1302dab7924f905b" "-Wl,--gc-sections" "-pie" "-Wl,-z,relro,-z,now" "-nodefaultlibs"
[INFO] [stdout]   = note: /usr/bin/ld: cannot find -lcef: No such file or directory
[INFO] [stdout]           collect2: error: ld returned 1 exit status
[INFO] [stdout]           
[INFO] [stdout] 
[INFO] [stdout] 
[INFO] [stdout] error: aborting due to previous error; 2 warnings emitted
[INFO] [stdout] 
[INFO] [stdout] 
[INFO] [stderr] error: could not compile `libcef-sys` (example "demo") due to 2 previous errors; 2 warnings emitted
[INFO] [stderr] warning: build failed, waiting for other jobs to finish...
[INFO] [stdout] error: linking with `cc` failed: exit status: 1
[INFO] [stdout]   |
[INFO] [stdout]   = note: LC_ALL="C" PATH="/opt/rustwide/rustup-home/toolchains/1.75.0-x86_64-unknown-linux-gnu/lib/rustlib/x86_64-unknown-linux-gnu/bin:/opt/rustwide/cargo-home/bin:/usr/local/sbin:/usr/local/bin:/usr/sbin:/usr/bin:/sbin:/bin" VSLANG="1033" "cc" "-m64" "/tmp/rustcHTBq9U/symbols.o" "/opt/rustwide/target/debug/deps/cef_sys-4e890c7ed17e9bf3.cef_sys.6c27ff2fb9c959de-cgu.0.rcgu.o" "/opt/rustwide/target/debug/deps/cef_sys-4e890c7ed17e9bf3.2thdr4oe1v38bct8.rcgu.o" "-Wl,--as-needed" "-L" "/opt/rustwide/target/debug/deps" "-L" "/root/.local/share/cef" "-L" "/opt/rustwide/rustup-home/toolchains/1.75.0-x86_64-unknown-linux-gnu/lib/rustlib/x86_64-unknown-linux-gnu/lib" "-Wl,-Bdynamic" "-lcef" "-Wl,-Bstatic" "/opt/rustwide/rustup-home/toolchains/1.75.0-x86_64-unknown-linux-gnu/lib/rustlib/x86_64-unknown-linux-gnu/lib/libtest-3df1bed8075ce1de.rlib" "/opt/rustwide/rustup-home/toolchains/1.75.0-x86_64-unknown-linux-gnu/lib/rustlib/x86_64-unknown-linux-gnu/lib/libgetopts-2076fd86b325cb5d.rlib" "/opt/rustwide/rustup-home/toolchains/1.75.0-x86_64-unknown-linux-gnu/lib/rustlib/x86_64-unknown-linux-gnu/lib/libunicode_width-caa7152ee70c190f.rlib" "/opt/rustwide/rustup-home/toolchains/1.75.0-x86_64-unknown-linux-gnu/lib/rustlib/x86_64-unknown-linux-gnu/lib/librustc_std_workspace_std-04e6425e07f02a3c.rlib" "/opt/rustwide/rustup-home/toolchains/1.75.0-x86_64-unknown-linux-gnu/lib/rustlib/x86_64-unknown-linux-gnu/lib/libstd-90f6ddbf82de36ec.rlib" "/opt/rustwide/rustup-home/toolchains/1.75.0-x86_64-unknown-linux-gnu/lib/rustlib/x86_64-unknown-linux-gnu/lib/libpanic_unwind-480c41e9d4e1f677.rlib" "/opt/rustwide/rustup-home/toolchains/1.75.0-x86_64-unknown-linux-gnu/lib/rustlib/x86_64-unknown-linux-gnu/lib/libobject-db744c0ca03eed1d.rlib" "/opt/rustwide/rustup-home/toolchains/1.75.0-x86_64-unknown-linux-gnu/lib/rustlib/x86_64-unknown-linux-gnu/lib/libmemchr-8ba652dc7d4b285a.rlib" "/opt/rustwide/rustup-home/toolchains/1.75.0-x86_64-unknown-linux-gnu/lib/rustlib/x86_64-unknown-linux-gnu/lib/libaddr2line-d5f4520a9ebc0d58.rlib" "/opt/rustwide/rustup-home/toolchains/1.75.0-x86_64-unknown-linux-gnu/lib/rustlib/x86_64-unknown-linux-gnu/lib/libgimli-4ad84de58f0cb463.rlib" "/opt/rustwide/rustup-home/toolchains/1.75.0-x86_64-unknown-linux-gnu/lib/rustlib/x86_64-unknown-linux-gnu/lib/librustc_demangle-0d10aae2e0f38735.rlib" "/opt/rustwide/rustup-home/toolchains/1.75.0-x86_64-unknown-linux-gnu/lib/rustlib/x86_64-unknown-linux-gnu/lib/libstd_detect-0c17cff739e6745b.rlib" "/opt/rustwide/rustup-home/toolchains/1.75.0-x86_64-unknown-linux-gnu/lib/rustlib/x86_64-unknown-linux-gnu/lib/libhashbrown-b29e17139dde1aa8.rlib" "/opt/rustwide/rustup-home/toolchains/1.75.0-x86_64-unknown-linux-gnu/lib/rustlib/x86_64-unknown-linux-gnu/lib/librustc_std_workspace_alloc-1f975299829cc7bd.rlib" "/opt/rustwide/rustup-home/toolchains/1.75.0-x86_64-unknown-linux-gnu/lib/rustlib/x86_64-unknown-linux-gnu/lib/libminiz_oxide-86bae3bc3079f89b.rlib" "/opt/rustwide/rustup-home/toolchains/1.75.0-x86_64-unknown-linux-gnu/lib/rustlib/x86_64-unknown-linux-gnu/lib/libadler-321b82c30dffdf5f.rlib" "/opt/rustwide/rustup-home/toolchains/1.75.0-x86_64-unknown-linux-gnu/lib/rustlib/x86_64-unknown-linux-gnu/lib/libunwind-3dd8a6810a0bdfef.rlib" "/opt/rustwide/rustup-home/toolchains/1.75.0-x86_64-unknown-linux-gnu/lib/rustlib/x86_64-unknown-linux-gnu/lib/libcfg_if-eb39a61c0c879984.rlib" "/opt/rustwide/rustup-home/toolchains/1.75.0-x86_64-unknown-linux-gnu/lib/rustlib/x86_64-unknown-linux-gnu/lib/liblibc-aa769569f91c3548.rlib" "/opt/rustwide/rustup-home/toolchains/1.75.0-x86_64-unknown-linux-gnu/lib/rustlib/x86_64-unknown-linux-gnu/lib/liballoc-510a192a50a983ed.rlib" "/opt/rustwide/rustup-home/toolchains/1.75.0-x86_64-unknown-linux-gnu/lib/rustlib/x86_64-unknown-linux-gnu/lib/librustc_std_workspace_core-0577018320f99037.rlib" "/opt/rustwide/rustup-home/toolchains/1.75.0-x86_64-unknown-linux-gnu/lib/rustlib/x86_64-unknown-linux-gnu/lib/libcore-193cf992125ccd4c.rlib" "/opt/rustwide/rustup-home/toolchains/1.75.0-x86_64-unknown-linux-gnu/lib/rustlib/x86_64-unknown-linux-gnu/lib/libcompiler_builtins-8e138eaf26ebb4a8.rlib" "-Wl,-Bdynamic" "-lgcc_s" "-lutil" "-lrt" "-lpthread" "-lm" "-ldl" "-lc" "-Wl,--eh-frame-hdr" "-Wl,-z,noexecstack" "-L" "/opt/rustwide/rustup-home/toolchains/1.75.0-x86_64-unknown-linux-gnu/lib/rustlib/x86_64-unknown-linux-gnu/lib" "-o" "/opt/rustwide/target/debug/deps/cef_sys-4e890c7ed17e9bf3" "-Wl,--gc-sections" "-pie" "-Wl,-z,relro,-z,now" "-nodefaultlibs"
[INFO] [stdout]   = note: /usr/bin/ld: cannot find -lcef: No such file or directory
[INFO] [stdout]           collect2: error: ld returned 1 exit status
[INFO] [stdout]           
[INFO] [stdout] 
[INFO] [stdout] 
[INFO] [stdout] error: aborting due to previous error
[INFO] [stdout] 
[INFO] [stdout] 
[INFO] [stderr] error: could not compile `libcef-sys` (lib test) due to 2 previous errors
[INFO] running `Command { std: "docker" "inspect" "0336de96eb2d81901b5b3fcc749059668520aa21bc9b0912b08e3ba224074a78", kill_on_drop: false }`
[INFO] running `Command { std: "docker" "rm" "-f" "0336de96eb2d81901b5b3fcc749059668520aa21bc9b0912b08e3ba224074a78", kill_on_drop: false }`
[INFO] [stdout] 0336de96eb2d81901b5b3fcc749059668520aa21bc9b0912b08e3ba224074a78
[INFO] testing libcef-sys-117.2.6 against beta-2023-12-22 for beta-1.76-1
[INFO] extracting crate libcef-sys 117.2.6 into /workspace/builds/worker-4-tc2/source
[INFO] validating manifest of crates.io crate libcef-sys 117.2.6 on toolchain beta-2023-12-22
[INFO] running `Command { std: CARGO_HOME="/workspace/cargo-home" RUSTUP_HOME="/workspace/rustup-home" "/workspace/cargo-home/bin/cargo" "+beta-2023-12-22" "metadata" "--manifest-path" "Cargo.toml" "--no-deps", kill_on_drop: false }`
[INFO] started tweaking crates.io crate libcef-sys 117.2.6
[INFO] finished tweaking crates.io crate libcef-sys 117.2.6
[INFO] tweaked toml for crates.io crate libcef-sys 117.2.6 written to /workspace/builds/worker-4-tc2/source/Cargo.toml
[INFO] crate crates.io crate libcef-sys 117.2.6 already has a lockfile, it will not be regenerated
[INFO] running `Command { std: CARGO_HOME="/workspace/cargo-home" RUSTUP_HOME="/workspace/rustup-home" "/workspace/cargo-home/bin/cargo" "+beta-2023-12-22" "fetch" "--manifest-path" "Cargo.toml", kill_on_drop: false }`
[INFO] running `Command { std: "docker" "create" "-v" "/var/lib/crater-agent-workspace/builds/worker-4-tc2/target:/opt/rustwide/target:rw,Z" "-v" "/var/lib/crater-agent-workspace/builds/worker-4-tc2/source:/opt/rustwide/workdir:ro,Z" "-v" "/var/lib/crater-agent-workspace/cargo-home:/opt/rustwide/cargo-home:ro,Z" "-v" "/var/lib/crater-agent-workspace/rustup-home:/opt/rustwide/rustup-home:ro,Z" "-e" "SOURCE_DIR=/opt/rustwide/workdir" "-e" "CARGO_TARGET_DIR=/opt/rustwide/target" "-e" "CARGO_HOME=/opt/rustwide/cargo-home" "-e" "RUSTUP_HOME=/opt/rustwide/rustup-home" "-w" "/opt/rustwide/workdir" "-m" "1610612736" "--user" "0:0" "--network" "none" "ghcr.io/rust-lang/crates-build-env/linux@sha256:2788e3201cd34a07e3172128adcd8b3090168a8e3bcc40d7c032b9dda1df7d1c" "/opt/rustwide/cargo-home/bin/cargo" "+beta-2023-12-22" "metadata" "--no-deps" "--format-version=1", kill_on_drop: false }`
[INFO] [stdout] 7691b0aae349a05b21aad589d65cfe46ee0818737d4100879b046ce1b52e8f2e
[INFO] running `Command { std: "docker" "start" "-a" "7691b0aae349a05b21aad589d65cfe46ee0818737d4100879b046ce1b52e8f2e", kill_on_drop: false }`
[INFO] running `Command { std: "docker" "inspect" "7691b0aae349a05b21aad589d65cfe46ee0818737d4100879b046ce1b52e8f2e", kill_on_drop: false }`
[INFO] running `Command { std: "docker" "rm" "-f" "7691b0aae349a05b21aad589d65cfe46ee0818737d4100879b046ce1b52e8f2e", kill_on_drop: false }`
[INFO] [stdout] 7691b0aae349a05b21aad589d65cfe46ee0818737d4100879b046ce1b52e8f2e
[INFO] running `Command { std: "docker" "create" "-v" "/var/lib/crater-agent-workspace/builds/worker-4-tc2/target:/opt/rustwide/target:rw,Z" "-v" "/var/lib/crater-agent-workspace/builds/worker-4-tc2/source:/opt/rustwide/workdir:ro,Z" "-v" "/var/lib/crater-agent-workspace/cargo-home:/opt/rustwide/cargo-home:ro,Z" "-v" "/var/lib/crater-agent-workspace/rustup-home:/opt/rustwide/rustup-home:ro,Z" "-e" "SOURCE_DIR=/opt/rustwide/workdir" "-e" "CARGO_TARGET_DIR=/opt/rustwide/target" "-e" "CARGO_INCREMENTAL=0" "-e" "RUST_BACKTRACE=full" "-e" "RUSTFLAGS=--cap-lints=warn" "-e" "RUSTDOCFLAGS=--cap-lints=warn" "-e" "CARGO_HOME=/opt/rustwide/cargo-home" "-e" "RUSTUP_HOME=/opt/rustwide/rustup-home" "-w" "/opt/rustwide/workdir" "-m" "1610612736" "--user" "0:0" "--network" "none" "ghcr.io/rust-lang/crates-build-env/linux@sha256:2788e3201cd34a07e3172128adcd8b3090168a8e3bcc40d7c032b9dda1df7d1c" "/opt/rustwide/cargo-home/bin/cargo" "+beta-2023-12-22" "build" "--frozen" "--message-format=json", kill_on_drop: false }`
[INFO] [stdout] b4e40b71e81e550bff8316222984bc1f9fdf1366fcc02bd5b384d2f8c7f4a716
[INFO] running `Command { std: "docker" "start" "-a" "b4e40b71e81e550bff8316222984bc1f9fdf1366fcc02bd5b384d2f8c7f4a716", kill_on_drop: false }`
[INFO] [stderr]    Compiling libcef-sys v117.2.6 (/opt/rustwide/workdir)
[INFO] [stderr]     Finished dev [unoptimized + debuginfo] target(s) in 1.39s
[INFO] running `Command { std: "docker" "inspect" "b4e40b71e81e550bff8316222984bc1f9fdf1366fcc02bd5b384d2f8c7f4a716", kill_on_drop: false }`
[INFO] running `Command { std: "docker" "rm" "-f" "b4e40b71e81e550bff8316222984bc1f9fdf1366fcc02bd5b384d2f8c7f4a716", kill_on_drop: false }`
[INFO] [stdout] b4e40b71e81e550bff8316222984bc1f9fdf1366fcc02bd5b384d2f8c7f4a716
[INFO] running `Command { std: "docker" "create" "-v" "/var/lib/crater-agent-workspace/builds/worker-4-tc2/target:/opt/rustwide/target:rw,Z" "-v" "/var/lib/crater-agent-workspace/builds/worker-4-tc2/source:/opt/rustwide/workdir:ro,Z" "-v" "/var/lib/crater-agent-workspace/cargo-home:/opt/rustwide/cargo-home:ro,Z" "-v" "/var/lib/crater-agent-workspace/rustup-home:/opt/rustwide/rustup-home:ro,Z" "-e" "SOURCE_DIR=/opt/rustwide/workdir" "-e" "CARGO_TARGET_DIR=/opt/rustwide/target" "-e" "CARGO_INCREMENTAL=0" "-e" "RUST_BACKTRACE=full" "-e" "RUSTFLAGS=--cap-lints=warn" "-e" "RUSTDOCFLAGS=--cap-lints=warn" "-e" "CARGO_HOME=/opt/rustwide/cargo-home" "-e" "RUSTUP_HOME=/opt/rustwide/rustup-home" "-w" "/opt/rustwide/workdir" "-m" "1610612736" "--user" "0:0" "--network" "none" "ghcr.io/rust-lang/crates-build-env/linux@sha256:2788e3201cd34a07e3172128adcd8b3090168a8e3bcc40d7c032b9dda1df7d1c" "/opt/rustwide/cargo-home/bin/cargo" "+beta-2023-12-22" "test" "--frozen" "--no-run" "--message-format=json", kill_on_drop: false }`
[INFO] [stdout] eb2fcfef80203787e0e22275f13af7d0baa40a50ce6f7253525b0922866b699c
[INFO] running `Command { std: "docker" "start" "-a" "eb2fcfef80203787e0e22275f13af7d0baa40a50ce6f7253525b0922866b699c", kill_on_drop: false }`
[INFO] [stderr]    Compiling libc v0.2.149
[INFO] [stderr]    Compiling xml-rs v0.8.19
[INFO] [stderr]    Compiling once_cell v1.18.0
[INFO] [stderr]    Compiling simd-adler32 v0.3.7
[INFO] [stderr]    Compiling memchr v2.6.4
[INFO] [stderr]    Compiling downcast-rs v1.2.0
[INFO] [stderr]    Compiling memoffset v0.6.5
[INFO] [stderr]    Compiling libloading v0.8.1
[INFO] [stderr]    Compiling wayland-sys v0.29.5
[INFO] [stderr]    Compiling slotmap v1.0.6
[INFO] [stderr]    Compiling scoped-tls v1.0.1
[INFO] [stderr]    Compiling thiserror v1.0.49
[INFO] [stderr]    Compiling smithay-client-toolkit v0.16.1
[INFO] [stderr]    Compiling syn v2.0.38
[INFO] [stderr]    Compiling bytemuck v1.14.0
[INFO] [stderr]    Compiling strict-num v0.1.1
[INFO] [stderr]    Compiling ttf-parser v0.19.2
[INFO] [stderr]    Compiling x11-dl v2.21.0
[INFO] [stderr]    Compiling ab_glyph_rasterizer v0.1.8
[INFO] [stderr]    Compiling dlib v0.5.2
[INFO] [stderr]    Compiling miniz_oxide v0.7.1
[INFO] [stderr]    Compiling fdeflate v0.3.0
[INFO] [stderr]    Compiling tiny-skia-path v0.8.4
[INFO] [stderr]    Compiling cfg_aliases v0.1.1
[INFO] [stderr]    Compiling percent-encoding v2.3.0
[INFO] [stderr]    Compiling raw-window-handle v0.5.2
[INFO] [stderr]    Compiling nom v7.1.3
[INFO] [stderr]    Compiling flate2 v1.0.28
[INFO] [stderr]    Compiling wayland-scanner v0.29.5
[INFO] [stderr]    Compiling png v0.17.10
[INFO] [stderr]    Compiling tiny-skia v0.8.4
[INFO] [stderr]    Compiling nix v0.24.3
[INFO] [stderr]    Compiling nix v0.25.1
[INFO] [stderr]    Compiling memmap2 v0.5.10
[INFO] [stderr]    Compiling mio v0.8.8
[INFO] [stderr]    Compiling wayland-client v0.29.5
[INFO] [stderr]    Compiling wayland-protocols v0.29.5
[INFO] [stderr]    Compiling winit v0.28.7
[INFO] [stderr]    Compiling owned_ttf_parser v0.19.0
[INFO] [stderr]    Compiling xcursor v0.3.4
[INFO] [stderr]    Compiling ab_glyph v0.2.22
[INFO] [stderr]    Compiling thiserror-impl v1.0.49
[INFO] [stderr]    Compiling wayland-commons v0.29.5
[INFO] [stderr]    Compiling calloop v0.10.6
[INFO] [stderr]    Compiling wayland-cursor v0.29.5
[INFO] [stderr]    Compiling sctk-adwaita v0.5.4
[INFO] [stderr]    Compiling libcef-sys v117.2.6 (/opt/rustwide/workdir)
[INFO] [stdout] warning: unused imports: `platform::x11::WindowExtX11`, `window::Window`
[INFO] [stdout]  --> examples/demo.rs:7:36
[INFO] [stdout]   |
[INFO] [stdout] 7 | use winit::{event_loop::EventLoop, platform::x11::WindowExtX11, window::Window};
[INFO] [stdout]   |                                    ^^^^^^^^^^^^^^^^^^^^^^^^^^^  ^^^^^^^^^^^^^^
[INFO] [stdout]   |
[INFO] [stdout]   = note: `#[warn(unused_imports)]` on by default
[INFO] [stdout] 
[INFO] [stdout] 
[INFO] [stdout] warning: unused variable: `el`
[INFO] [stdout]   --> examples/demo.rs:74:13
[INFO] [stdout]    |
[INFO] [stdout] 74 |         let el = EventLoop::new();
[INFO] [stdout]    |             ^^ help: if this is intentional, prefix it with an underscore: `_el`
[INFO] [stdout]    |
[INFO] [stdout]    = note: `#[warn(unused_variables)]` on by default
[INFO] [stdout] 
[INFO] [stdout] 
[INFO] [stdout] error: linking with `cc` failed: exit status: 1
[INFO] [stdout]   |
[INFO] [stdout]   = note: LC_ALL="C" PATH="/opt/rustwide/rustup-home/toolchains/beta-2023-12-22-x86_64-unknown-linux-gnu/lib/rustlib/x86_64-unknown-linux-gnu/bin:/opt/rustwide/cargo-home/bin:/usr/local/sbin:/usr/local/bin:/usr/sbin:/usr/bin:/sbin:/bin" VSLANG="1033" "cc" "-m64" "/tmp/rustc4Qc66k/symbols.o" "/opt/rustwide/target/debug/examples/demo-7587cd7692a8293a.demo.f3dc7d37c993495b-cgu.0.rcgu.o" "/opt/rustwide/target/debug/examples/demo-7587cd7692a8293a.owbfg681lrwf8bs.rcgu.o" "-Wl,--as-needed" "-L" "/opt/rustwide/target/debug/deps" "-L" "/root/.local/share/cef" "-L" "/opt/rustwide/rustup-home/toolchains/beta-2023-12-22-x86_64-unknown-linux-gnu/lib/rustlib/x86_64-unknown-linux-gnu/lib" "-Wl,-Bstatic" "/opt/rustwide/target/debug/deps/libwinit-5d21a3fa6288ef9c.rlib" "/opt/rustwide/target/debug/deps/libsctk_adwaita-d691830a5fe133cf.rlib" "/opt/rustwide/target/debug/deps/libab_glyph-16e90088e1296cf2.rlib" "/opt/rustwide/target/debug/deps/libowned_ttf_parser-50dbacd9c025a2e3.rlib" "/opt/rustwide/target/debug/deps/libttf_parser-5a342cdd9743de1b.rlib" "/opt/rustwide/target/debug/deps/libab_glyph_rasterizer-a14d57c95a676215.rlib" "/opt/rustwide/target/debug/deps/libtiny_skia-c6bfda08a8b208ee.rlib" "/opt/rustwide/target/debug/deps/libpng-cb1e23e19d39e35e.rlib" "/opt/rustwide/target/debug/deps/libflate2-91fece6fe4a6963c.rlib" "/opt/rustwide/target/debug/deps/libminiz_oxide-c7819383263b23d3.rlib" "/opt/rustwide/target/debug/deps/libfdeflate-0a54520a88d3e44a.rlib" "/opt/rustwide/target/debug/deps/libsimd_adler32-b640043de69bea10.rlib" "/opt/rustwide/target/debug/deps/libcrc32fast-dbea8ee6fb11ce73.rlib" "/opt/rustwide/target/debug/deps/libarrayvec-003fb1a4e19c55f3.rlib" "/opt/rustwide/target/debug/deps/libtiny_skia_path-3a2e1db4117e9a4f.rlib" "/opt/rustwide/target/debug/deps/libbytemuck-bfacf15636aad827.rlib" "/opt/rustwide/target/debug/deps/libstrict_num-5d5f2dc0b24ba6a2.rlib" "/opt/rustwide/target/debug/deps/libarrayref-8957ff1d73700ff2.rlib" "/opt/rustwide/target/debug/deps/libmio-c3d6fedfc2ad1ea5.rlib" "/opt/rustwide/target/debug/deps/libx11_dl-ad45f2fc3bc50474.rlib" "/opt/rustwide/target/debug/deps/libpercent_encoding-c878b6f40f2978b2.rlib" "/opt/rustwide/target/debug/deps/libsmithay_client_toolkit-5523cfb99c83c051.rlib" "/opt/rustwide/target/debug/deps/libwayland_cursor-c02a29a041d829f5.rlib" "/opt/rustwide/target/debug/deps/libxcursor-e957ed444a63e0a9.rlib" "/opt/rustwide/target/debug/deps/libnom-832d98011a63bba1.rlib" "/opt/rustwide/target/debug/deps/libmemchr-6d6b60182c4818bd.rlib" "/opt/rustwide/target/debug/deps/libmemmap2-9afdff9b48fc7117.rlib" "/opt/rustwide/target/debug/deps/libwayland_protocols-7cb1f2bd68b37756.rlib" "/opt/rustwide/target/debug/deps/libwayland_client-3a67c4947f153939.rlib" "/opt/rustwide/target/debug/deps/libscoped_tls-f6838ea757d14c0f.rlib" "/opt/rustwide/target/debug/deps/libwayland_commons-53a9cea30a958e65.rlib" "/opt/rustwide/target/debug/deps/libsmallvec-df813a784713ad8a.rlib" "/opt/rustwide/target/debug/deps/libnix-39bc2701d5c8e0bc.rlib" "/opt/rustwide/target/debug/deps/libwayland_sys-444a14686428ad5a.rlib" "/opt/rustwide/target/debug/deps/liblazy_static-efa3519517df6cf0.rlib" "/opt/rustwide/target/debug/deps/libcalloop-9784907bb5540847.rlib" "/opt/rustwide/target/debug/deps/libthiserror-d0c157dbf20be3a4.rlib" "/opt/rustwide/target/debug/deps/libslotmap-f6a7ffbdfc285241.rlib" "/opt/rustwide/target/debug/deps/libnix-453d6618bf47f83d.rlib" "/opt/rustwide/target/debug/deps/libmemoffset-3b8b6c5d2cb3d911.rlib" "/opt/rustwide/target/debug/deps/liblibc-bee1a846c06b5f5f.rlib" "/opt/rustwide/target/debug/deps/libvec_map-5b55b3a0782d93d8.rlib" "/opt/rustwide/target/debug/deps/libdlib-3e68ff3b25423064.rlib" "/opt/rustwide/target/debug/deps/liblibloading-8701ee9d82950cf3.rlib" "/opt/rustwide/target/debug/deps/libraw_window_handle-5e055c0d0a282ff9.rlib" "/opt/rustwide/target/debug/deps/libonce_cell-728f13abc4f8cf5f.rlib" "/opt/rustwide/target/debug/deps/libinstant-11857eb893fd2c6b.rlib" "/opt/rustwide/target/debug/deps/libcfg_if-e7002d307f97bc56.rlib" "/opt/rustwide/target/debug/deps/libbitflags-85e13ed1e0c6d910.rlib" "/opt/rustwide/target/debug/deps/liblog-8188d82fb061445d.rlib" "/opt/rustwide/target/debug/deps/libcef_sys-313a79968df8d263.rlib" "/opt/rustwide/rustup-home/toolchains/beta-2023-12-22-x86_64-unknown-linux-gnu/lib/rustlib/x86_64-unknown-linux-gnu/lib/libstd-0672489a78b613de.rlib" "/opt/rustwide/rustup-home/toolchains/beta-2023-12-22-x86_64-unknown-linux-gnu/lib/rustlib/x86_64-unknown-linux-gnu/lib/libpanic_unwind-7eb3ffc34a49f675.rlib" "/opt/rustwide/rustup-home/toolchains/beta-2023-12-22-x86_64-unknown-linux-gnu/lib/rustlib/x86_64-unknown-linux-gnu/lib/libobject-6478a9daa4bee8e2.rlib" "/opt/rustwide/rustup-home/toolchains/beta-2023-12-22-x86_64-unknown-linux-gnu/lib/rustlib/x86_64-unknown-linux-gnu/lib/libmemchr-0c75d871a5c3923d.rlib" "/opt/rustwide/rustup-home/toolchains/beta-2023-12-22-x86_64-unknown-linux-gnu/lib/rustlib/x86_64-unknown-linux-gnu/lib/libaddr2line-d163ef63ad37bb71.rlib" "/opt/rustwide/rustup-home/toolchains/beta-2023-12-22-x86_64-unknown-linux-gnu/lib/rustlib/x86_64-unknown-linux-gnu/lib/libgimli-8a3fd810a85b9f4c.rlib" "/opt/rustwide/rustup-home/toolchains/beta-2023-12-22-x86_64-unknown-linux-gnu/lib/rustlib/x86_64-unknown-linux-gnu/lib/librustc_demangle-462a2cde8c5dfc10.rlib" "/opt/rustwide/rustup-home/toolchains/beta-2023-12-22-x86_64-unknown-linux-gnu/lib/rustlib/x86_64-unknown-linux-gnu/lib/libstd_detect-cb06ac9f54713f71.rlib" "/opt/rustwide/rustup-home/toolchains/beta-2023-12-22-x86_64-unknown-linux-gnu/lib/rustlib/x86_64-unknown-linux-gnu/lib/libhashbrown-f20bfd1f8e59b393.rlib" "/opt/rustwide/rustup-home/toolchains/beta-2023-12-22-x86_64-unknown-linux-gnu/lib/rustlib/x86_64-unknown-linux-gnu/lib/librustc_std_workspace_alloc-1ef460949b49da4b.rlib" "/opt/rustwide/rustup-home/toolchains/beta-2023-12-22-x86_64-unknown-linux-gnu/lib/rustlib/x86_64-unknown-linux-gnu/lib/libminiz_oxide-2cb0c0ffe4f87514.rlib" "/opt/rustwide/rustup-home/toolchains/beta-2023-12-22-x86_64-unknown-linux-gnu/lib/rustlib/x86_64-unknown-linux-gnu/lib/libadler-58d841eb322a11a2.rlib" "/opt/rustwide/rustup-home/toolchains/beta-2023-12-22-x86_64-unknown-linux-gnu/lib/rustlib/x86_64-unknown-linux-gnu/lib/libunwind-aa2ae0b0a9d11533.rlib" "/opt/rustwide/rustup-home/toolchains/beta-2023-12-22-x86_64-unknown-linux-gnu/lib/rustlib/x86_64-unknown-linux-gnu/lib/libcfg_if-23874e15830ed336.rlib" "/opt/rustwide/rustup-home/toolchains/beta-2023-12-22-x86_64-unknown-linux-gnu/lib/rustlib/x86_64-unknown-linux-gnu/lib/liblibc-e47cddc003bce885.rlib" "/opt/rustwide/rustup-home/toolchains/beta-2023-12-22-x86_64-unknown-linux-gnu/lib/rustlib/x86_64-unknown-linux-gnu/lib/liballoc-c22b13b48a8f128e.rlib" "/opt/rustwide/rustup-home/toolchains/beta-2023-12-22-x86_64-unknown-linux-gnu/lib/rustlib/x86_64-unknown-linux-gnu/lib/librustc_std_workspace_core-e46bc3da6d7c462f.rlib" "/opt/rustwide/rustup-home/toolchains/beta-2023-12-22-x86_64-unknown-linux-gnu/lib/rustlib/x86_64-unknown-linux-gnu/lib/libcore-8d1ac131d3cb2645.rlib" "/opt/rustwide/rustup-home/toolchains/beta-2023-12-22-x86_64-unknown-linux-gnu/lib/rustlib/x86_64-unknown-linux-gnu/lib/libcompiler_builtins-a1b43df8c6899c1f.rlib" "-Wl,-Bdynamic" "-ldl" "-ldl" "-lcef" "-lgcc_s" "-lutil" "-lrt" "-lpthread" "-lm" "-ldl" "-lc" "-Wl,--eh-frame-hdr" "-Wl,-z,noexecstack" "-L" "/opt/rustwide/rustup-home/toolchains/beta-2023-12-22-x86_64-unknown-linux-gnu/lib/rustlib/x86_64-unknown-linux-gnu/lib" "-o" "/opt/rustwide/target/debug/examples/demo-7587cd7692a8293a" "-Wl,--gc-sections" "-pie" "-Wl,-z,relro,-z,now" "-nodefaultlibs"
[INFO] [stdout]   = note: /usr/bin/ld: cannot find -lcef: No such file or directory
[INFO] [stdout]           collect2: error: ld returned 1 exit status
[INFO] [stdout]           
[INFO] [stdout] 
[INFO] [stdout] 
[INFO] [stdout] error: aborting due to 1 previous error; 2 warnings emitted
[INFO] [stdout] 
[INFO] [stdout] 
[INFO] [stderr] error: could not compile `libcef-sys` (example "demo") due to 2 previous errors; 2 warnings emitted
[INFO] [stderr] warning: build failed, waiting for other jobs to finish...
[INFO] [stdout] error: linking with `cc` failed: exit status: 1
[INFO] [stdout]   |
[INFO] [stdout]   = note: LC_ALL="C" PATH="/opt/rustwide/rustup-home/toolchains/beta-2023-12-22-x86_64-unknown-linux-gnu/lib/rustlib/x86_64-unknown-linux-gnu/bin:/opt/rustwide/cargo-home/bin:/usr/local/sbin:/usr/local/bin:/usr/sbin:/usr/bin:/sbin:/bin" VSLANG="1033" "cc" "-m64" "/tmp/rustc7JpQ1m/symbols.o" "/opt/rustwide/target/debug/deps/cef_sys-b20b0e37083f851f.cef_sys.d07f6761a7c02901-cgu.0.rcgu.o" "/opt/rustwide/target/debug/deps/cef_sys-b20b0e37083f851f.4q4nniijqozq6et.rcgu.o" "-Wl,--as-needed" "-L" "/opt/rustwide/target/debug/deps" "-L" "/root/.local/share/cef" "-L" "/opt/rustwide/rustup-home/toolchains/beta-2023-12-22-x86_64-unknown-linux-gnu/lib/rustlib/x86_64-unknown-linux-gnu/lib" "-Wl,-Bdynamic" "-lcef" "-Wl,-Bstatic" "/opt/rustwide/rustup-home/toolchains/beta-2023-12-22-x86_64-unknown-linux-gnu/lib/rustlib/x86_64-unknown-linux-gnu/lib/libtest-cbab71697df97b00.rlib" "/opt/rustwide/rustup-home/toolchains/beta-2023-12-22-x86_64-unknown-linux-gnu/lib/rustlib/x86_64-unknown-linux-gnu/lib/libgetopts-2a2cf8f16c536007.rlib" "/opt/rustwide/rustup-home/toolchains/beta-2023-12-22-x86_64-unknown-linux-gnu/lib/rustlib/x86_64-unknown-linux-gnu/lib/libunicode_width-c5f3cc3cceaf9070.rlib" "/opt/rustwide/rustup-home/toolchains/beta-2023-12-22-x86_64-unknown-linux-gnu/lib/rustlib/x86_64-unknown-linux-gnu/lib/librustc_std_workspace_std-a31324ec815b09db.rlib" "/opt/rustwide/rustup-home/toolchains/beta-2023-12-22-x86_64-unknown-linux-gnu/lib/rustlib/x86_64-unknown-linux-gnu/lib/libstd-0672489a78b613de.rlib" "/opt/rustwide/rustup-home/toolchains/beta-2023-12-22-x86_64-unknown-linux-gnu/lib/rustlib/x86_64-unknown-linux-gnu/lib/libpanic_unwind-7eb3ffc34a49f675.rlib" "/opt/rustwide/rustup-home/toolchains/beta-2023-12-22-x86_64-unknown-linux-gnu/lib/rustlib/x86_64-unknown-linux-gnu/lib/libobject-6478a9daa4bee8e2.rlib" "/opt/rustwide/rustup-home/toolchains/beta-2023-12-22-x86_64-unknown-linux-gnu/lib/rustlib/x86_64-unknown-linux-gnu/lib/libmemchr-0c75d871a5c3923d.rlib" "/opt/rustwide/rustup-home/toolchains/beta-2023-12-22-x86_64-unknown-linux-gnu/lib/rustlib/x86_64-unknown-linux-gnu/lib/libaddr2line-d163ef63ad37bb71.rlib" "/opt/rustwide/rustup-home/toolchains/beta-2023-12-22-x86_64-unknown-linux-gnu/lib/rustlib/x86_64-unknown-linux-gnu/lib/libgimli-8a3fd810a85b9f4c.rlib" "/opt/rustwide/rustup-home/toolchains/beta-2023-12-22-x86_64-unknown-linux-gnu/lib/rustlib/x86_64-unknown-linux-gnu/lib/librustc_demangle-462a2cde8c5dfc10.rlib" "/opt/rustwide/rustup-home/toolchains/beta-2023-12-22-x86_64-unknown-linux-gnu/lib/rustlib/x86_64-unknown-linux-gnu/lib/libstd_detect-cb06ac9f54713f71.rlib" "/opt/rustwide/rustup-home/toolchains/beta-2023-12-22-x86_64-unknown-linux-gnu/lib/rustlib/x86_64-unknown-linux-gnu/lib/libhashbrown-f20bfd1f8e59b393.rlib" "/opt/rustwide/rustup-home/toolchains/beta-2023-12-22-x86_64-unknown-linux-gnu/lib/rustlib/x86_64-unknown-linux-gnu/lib/librustc_std_workspace_alloc-1ef460949b49da4b.rlib" "/opt/rustwide/rustup-home/toolchains/beta-2023-12-22-x86_64-unknown-linux-gnu/lib/rustlib/x86_64-unknown-linux-gnu/lib/libminiz_oxide-2cb0c0ffe4f87514.rlib" "/opt/rustwide/rustup-home/toolchains/beta-2023-12-22-x86_64-unknown-linux-gnu/lib/rustlib/x86_64-unknown-linux-gnu/lib/libadler-58d841eb322a11a2.rlib" "/opt/rustwide/rustup-home/toolchains/beta-2023-12-22-x86_64-unknown-linux-gnu/lib/rustlib/x86_64-unknown-linux-gnu/lib/libunwind-aa2ae0b0a9d11533.rlib" "/opt/rustwide/rustup-home/toolchains/beta-2023-12-22-x86_64-unknown-linux-gnu/lib/rustlib/x86_64-unknown-linux-gnu/lib/libcfg_if-23874e15830ed336.rlib" "/opt/rustwide/rustup-home/toolchains/beta-2023-12-22-x86_64-unknown-linux-gnu/lib/rustlib/x86_64-unknown-linux-gnu/lib/liblibc-e47cddc003bce885.rlib" "/opt/rustwide/rustup-home/toolchains/beta-2023-12-22-x86_64-unknown-linux-gnu/lib/rustlib/x86_64-unknown-linux-gnu/lib/liballoc-c22b13b48a8f128e.rlib" "/opt/rustwide/rustup-home/toolchains/beta-2023-12-22-x86_64-unknown-linux-gnu/lib/rustlib/x86_64-unknown-linux-gnu/lib/librustc_std_workspace_core-e46bc3da6d7c462f.rlib" "/opt/rustwide/rustup-home/toolchains/beta-2023-12-22-x86_64-unknown-linux-gnu/lib/rustlib/x86_64-unknown-linux-gnu/lib/libcore-8d1ac131d3cb2645.rlib" "/opt/rustwide/rustup-home/toolchains/beta-2023-12-22-x86_64-unknown-linux-gnu/lib/rustlib/x86_64-unknown-linux-gnu/lib/libcompiler_builtins-a1b43df8c6899c1f.rlib" "-Wl,-Bdynamic" "-lgcc_s" "-lutil" "-lrt" "-lpthread" "-lm" "-ldl" "-lc" "-Wl,--eh-frame-hdr" "-Wl,-z,noexecstack" "-L" "/opt/rustwide/rustup-home/toolchains/beta-2023-12-22-x86_64-unknown-linux-gnu/lib/rustlib/x86_64-unknown-linux-gnu/lib" "-o" "/opt/rustwide/target/debug/deps/cef_sys-b20b0e37083f851f" "-Wl,--gc-sections" "-pie" "-Wl,-z,relro,-z,now" "-nodefaultlibs"
[INFO] [stdout]   = note: /usr/bin/ld: cannot find -lcef: No such file or directory
[INFO] [stdout]           collect2: error: ld returned 1 exit status
[INFO] [stdout]           
[INFO] [stdout] 
[INFO] [stdout] 
[INFO] [stdout] error: aborting due to 1 previous error
[INFO] [stdout] 
[INFO] [stdout] 
[INFO] [stderr] error: could not compile `libcef-sys` (lib test) due to 2 previous errors
[INFO] running `Command { std: "docker" "inspect" "eb2fcfef80203787e0e22275f13af7d0baa40a50ce6f7253525b0922866b699c", kill_on_drop: false }`
[INFO] running `Command { std: "docker" "rm" "-f" "eb2fcfef80203787e0e22275f13af7d0baa40a50ce6f7253525b0922866b699c", kill_on_drop: false }`
[INFO] [stdout] eb2fcfef80203787e0e22275f13af7d0baa40a50ce6f7253525b0922866b699c
