[INFO] fetching crate libafl 0.11.1...
[INFO] testing libafl-0.11.1 against 1.75.0 for beta-1.76-1
[INFO] extracting crate libafl 0.11.1 into /workspace/builds/worker-0-tc1/source
[INFO] validating manifest of crates.io crate libafl 0.11.1 on toolchain 1.75.0
[INFO] running `Command { std: CARGO_HOME="/workspace/cargo-home" RUSTUP_HOME="/workspace/rustup-home" "/workspace/cargo-home/bin/cargo" "+1.75.0" "metadata" "--manifest-path" "Cargo.toml" "--no-deps", kill_on_drop: false }`
[INFO] started tweaking crates.io crate libafl 0.11.1
[INFO] finished tweaking crates.io crate libafl 0.11.1
[INFO] tweaked toml for crates.io crate libafl 0.11.1 written to /workspace/builds/worker-0-tc1/source/Cargo.toml
[INFO] running `Command { std: CARGO_HOME="/workspace/cargo-home" RUSTUP_HOME="/workspace/rustup-home" "/workspace/cargo-home/bin/cargo" "+1.75.0" "generate-lockfile" "--manifest-path" "Cargo.toml", kill_on_drop: false }`
[INFO] [stderr]     Updating crates.io index
[INFO] running `Command { std: CARGO_HOME="/workspace/cargo-home" RUSTUP_HOME="/workspace/rustup-home" "/workspace/cargo-home/bin/cargo" "+1.75.0" "fetch" "--manifest-path" "Cargo.toml", kill_on_drop: false }`
[INFO] [stderr]  Downloading crates ...
[INFO] [stderr]   Downloaded universal-hash v0.4.0
[INFO] [stderr]   Downloaded concat-idents v1.1.5
[INFO] [stderr]   Downloaded tuple_list v0.1.3
[INFO] [stderr]   Downloaded crypto-mac v0.10.0
[INFO] [stderr]   Downloaded meminterval v0.4.1
[INFO] [stderr]   Downloaded regex_mutator v0.3.1
[INFO] [stderr]   Downloaded ratatui v0.23.0
[INFO] [stderr]   Downloaded grammartec v0.3.1
[INFO] [stderr]   Downloaded gdb-command v0.7.6
[INFO] [stderr]   Downloaded z3 v0.12.1
[INFO] [stderr]   Downloaded uds v0.4.2
[INFO] [stderr]   Downloaded libcasr v2.10.0
[INFO] [stderr]   Downloaded loaded_dice v0.2.2
[INFO] [stderr]   Downloaded kodama v0.3.0
[INFO] [stderr]   Downloaded z3-sys v0.8.1
[INFO] [stderr]   Downloaded libafl_derive v0.11.2
[INFO] [stderr]   Downloaded libafl_bolts v0.11.2
[INFO] [stderr]   Downloaded c2rust-bitfields-derive v0.17.0
[INFO] [stderr]   Downloaded c2rust-bitfields v0.17.0
[INFO] running `Command { std: "docker" "create" "-v" "/var/lib/crater-agent-workspace/builds/worker-0-tc1/target:/opt/rustwide/target:rw,Z" "-v" "/var/lib/crater-agent-workspace/builds/worker-0-tc1/source:/opt/rustwide/workdir:ro,Z" "-v" "/var/lib/crater-agent-workspace/cargo-home:/opt/rustwide/cargo-home:ro,Z" "-v" "/var/lib/crater-agent-workspace/rustup-home:/opt/rustwide/rustup-home:ro,Z" "-e" "SOURCE_DIR=/opt/rustwide/workdir" "-e" "CARGO_TARGET_DIR=/opt/rustwide/target" "-e" "CARGO_HOME=/opt/rustwide/cargo-home" "-e" "RUSTUP_HOME=/opt/rustwide/rustup-home" "-w" "/opt/rustwide/workdir" "-m" "1610612736" "--user" "0:0" "--network" "none" "ghcr.io/rust-lang/crates-build-env/linux@sha256:2788e3201cd34a07e3172128adcd8b3090168a8e3bcc40d7c032b9dda1df7d1c" "/opt/rustwide/cargo-home/bin/cargo" "+1.75.0" "metadata" "--no-deps" "--format-version=1", kill_on_drop: false }`
[INFO] [stdout] 65d760e1f4f0554abfed005986ccf696e611c3c8770154ab27c2f7269d35dc92
[INFO] running `Command { std: "docker" "start" "-a" "65d760e1f4f0554abfed005986ccf696e611c3c8770154ab27c2f7269d35dc92", kill_on_drop: false }`
[INFO] running `Command { std: "docker" "inspect" "65d760e1f4f0554abfed005986ccf696e611c3c8770154ab27c2f7269d35dc92", kill_on_drop: false }`
[INFO] running `Command { std: "docker" "rm" "-f" "65d760e1f4f0554abfed005986ccf696e611c3c8770154ab27c2f7269d35dc92", kill_on_drop: false }`
[INFO] [stdout] 65d760e1f4f0554abfed005986ccf696e611c3c8770154ab27c2f7269d35dc92
[INFO] running `Command { std: "docker" "create" "-v" "/var/lib/crater-agent-workspace/builds/worker-0-tc1/target:/opt/rustwide/target:rw,Z" "-v" "/var/lib/crater-agent-workspace/builds/worker-0-tc1/source:/opt/rustwide/workdir:ro,Z" "-v" "/var/lib/crater-agent-workspace/cargo-home:/opt/rustwide/cargo-home:ro,Z" "-v" "/var/lib/crater-agent-workspace/rustup-home:/opt/rustwide/rustup-home:ro,Z" "-e" "SOURCE_DIR=/opt/rustwide/workdir" "-e" "CARGO_TARGET_DIR=/opt/rustwide/target" "-e" "CARGO_INCREMENTAL=0" "-e" "RUST_BACKTRACE=full" "-e" "RUSTFLAGS=--cap-lints=warn" "-e" "RUSTDOCFLAGS=--cap-lints=warn" "-e" "CARGO_HOME=/opt/rustwide/cargo-home" "-e" "RUSTUP_HOME=/opt/rustwide/rustup-home" "-w" "/opt/rustwide/workdir" "-m" "1610612736" "--user" "0:0" "--network" "none" "ghcr.io/rust-lang/crates-build-env/linux@sha256:2788e3201cd34a07e3172128adcd8b3090168a8e3bcc40d7c032b9dda1df7d1c" "/opt/rustwide/cargo-home/bin/cargo" "+1.75.0" "build" "--frozen" "--message-format=json", kill_on_drop: false }`
[INFO] [stdout] 1ecffb18517996a4b5dcf72653e444df86954d1f85034c4beeee37e1f9366b4c
[INFO] running `Command { std: "docker" "start" "-a" "1ecffb18517996a4b5dcf72653e444df86954d1f85034c4beeee37e1f9366b4c", kill_on_drop: false }`
[INFO] [stderr]    Compiling libc v0.2.151
[INFO] [stderr]    Compiling rustversion v1.0.14
[INFO] [stderr]    Compiling scopeguard v1.2.0
[INFO] [stderr]    Compiling zerocopy v0.7.32
[INFO] [stderr]    Compiling signal-hook v0.3.17
[INFO] [stderr]    Compiling memoffset v0.7.1
[INFO] [stderr]    Compiling parking_lot_core v0.9.9
[INFO] [stderr]    Compiling lock_api v0.4.11
[INFO] [stderr]    Compiling ahash v0.8.7
[INFO] [stderr]    Compiling syn v1.0.109
[INFO] [stderr]    Compiling num-traits v0.2.17
[INFO] [stderr]    Compiling serde_json v1.0.111
[INFO] [stderr]    Compiling adler v1.0.2
[INFO] [stderr]    Compiling gimli v0.28.1
[INFO] [stderr]    Compiling syn v2.0.48
[INFO] [stderr]    Compiling heck v0.4.1
[INFO] [stderr]    Compiling object v0.32.2
[INFO] [stderr]    Compiling miniz_oxide v0.7.1
[INFO] [stderr]    Compiling embedded-io v0.4.0
[INFO] [stderr]    Compiling libm v0.2.8
[INFO] [stderr]    Compiling match_cfg v0.1.0
[INFO] [stderr]    Compiling bitflags v2.4.1
[INFO] [stderr]    Compiling cobs v0.2.3
[INFO] [stderr]    Compiling rustc-demangle v0.1.23
[INFO] [stderr]    Compiling bitflags v1.3.2
[INFO] [stderr]    Compiling itertools v0.11.0
[INFO] [stderr]    Compiling indoc v2.0.4
[INFO] [stderr]    Compiling tuple_list v0.1.3
[INFO] [stderr]    Compiling cassowary v0.3.0
[INFO] [stderr]    Compiling rand_core v0.6.4
[INFO] [stderr]    Compiling unicode-width v0.1.11
[INFO] [stderr]    Compiling unicode-segmentation v1.10.1
[INFO] [stderr]    Compiling xxhash-rust v0.8.8
[INFO] [stderr]    Compiling cc v1.0.83
[INFO] [stderr]    Compiling libafl_bolts v0.11.2
[INFO] [stderr]    Compiling libafl v0.11.1 (/opt/rustwide/workdir)
[INFO] [stderr]    Compiling signal-hook-registry v1.4.1
[INFO] [stderr]    Compiling mio v0.8.10
[INFO] [stderr]    Compiling getrandom v0.2.11
[INFO] [stderr]    Compiling nix v0.26.4
[INFO] [stderr]    Compiling uds v0.4.2
[INFO] [stderr]    Compiling hostname v0.3.1
[INFO] [stderr]    Compiling parking_lot v0.12.1
[INFO] [stderr]    Compiling wait-timeout v0.2.0
[INFO] [stderr]    Compiling backtrace v0.3.69
[INFO] [stderr]    Compiling signal-hook-mio v0.2.3
[INFO] [stderr]    Compiling crossterm v0.27.0
[INFO] [stderr]    Compiling addr2line v0.21.0
[INFO] [stderr]    Compiling c2rust-bitfields-derive v0.17.0
[INFO] [stderr]    Compiling serde_derive v1.0.194
[INFO] [stderr]    Compiling num_enum_derive v0.7.1
[INFO] [stderr]    Compiling serial_test_derive v2.0.0
[INFO] [stderr]    Compiling strum_macros v0.25.3
[INFO] [stderr]    Compiling libafl_derive v0.11.2
[INFO] [stderr]    Compiling ctor v0.2.6
[INFO] [stderr]    Compiling typed-builder-macro v0.15.2
[INFO] [stderr]    Compiling c2rust-bitfields v0.17.0
[INFO] [stderr]    Compiling num_enum v0.7.1
[INFO] [stderr]    Compiling typed-builder v0.15.2
[INFO] [stderr]    Compiling strum v0.25.0
[INFO] [stderr]    Compiling ratatui v0.23.0
[INFO] [stderr]    Compiling serde v1.0.194
[INFO] [stderr]    Compiling hashbrown v0.14.3
[INFO] [stderr]    Compiling postcard v1.0.8
[INFO] [stderr]    Compiling erased-serde v0.3.31
[INFO] [stderr]    Compiling uuid v1.6.1
[INFO] [stderr]    Compiling bincode v1.3.3
[INFO] [stderr]    Compiling meminterval v0.4.1
[INFO] [stderr]    Compiling dashmap v5.5.3
[INFO] [stderr]    Compiling serial_test v2.0.0
[INFO] [stdout] warning: unused doc comment
[INFO] [stdout]    --> src/executors/inprocess.rs:515:5
[INFO] [stdout]     |
[INFO] [stdout] 515 |     /// The state ptr for signal handling
[INFO] [stdout]     |     ^^^^^^^^^^^^^^^^^^^^^^^^^^^^^^^^^^^^^
[INFO] [stdout] 516 |     state_ptr: null_mut(),
[INFO] [stdout]     |     --------------------- rustdoc does not generate documentation for expression fields
[INFO] [stdout]     |
[INFO] [stdout]     = help: use `//` for a plain comment
[INFO] [stdout]     = note: `#[warn(unused_doc_comments)]` on by default
[INFO] [stdout] 
[INFO] [stdout] 
[INFO] [stdout] warning: unused doc comment
[INFO] [stdout]    --> src/executors/inprocess.rs:517:5
[INFO] [stdout]     |
[INFO] [stdout] 517 |     /// The event manager ptr for signal handling
[INFO] [stdout]     |     ^^^^^^^^^^^^^^^^^^^^^^^^^^^^^^^^^^^^^^^^^^^^^
[INFO] [stdout] 518 |     event_mgr_ptr: null_mut(),
[INFO] [stdout]     |     ------------------------- rustdoc does not generate documentation for expression fields
[INFO] [stdout]     |
[INFO] [stdout]     = help: use `//` for a plain comment
[INFO] [stdout] 
[INFO] [stdout] 
[INFO] [stdout] warning: unused doc comment
[INFO] [stdout]    --> src/executors/inprocess.rs:519:5
[INFO] [stdout]     |
[INFO] [stdout] 519 |     /// The fuzzer ptr for signal handling
[INFO] [stdout]     |     ^^^^^^^^^^^^^^^^^^^^^^^^^^^^^^^^^^^^^^
[INFO] [stdout] 520 |     fuzzer_ptr: null_mut(),
[INFO] [stdout]     |     ---------------------- rustdoc does not generate documentation for expression fields
[INFO] [stdout]     |
[INFO] [stdout]     = help: use `//` for a plain comment
[INFO] [stdout] 
[INFO] [stdout] 
[INFO] [stdout] warning: unused doc comment
[INFO] [stdout]    --> src/executors/inprocess.rs:521:5
[INFO] [stdout]     |
[INFO] [stdout] 521 |     /// The executor ptr for signal handling
[INFO] [stdout]     |     ^^^^^^^^^^^^^^^^^^^^^^^^^^^^^^^^^^^^^^^^
[INFO] [stdout] 522 |     executor_ptr: ptr::null(),
[INFO] [stdout]     |     ------------------------- rustdoc does not generate documentation for expression fields
[INFO] [stdout]     |
[INFO] [stdout]     = help: use `//` for a plain comment
[INFO] [stdout] 
[INFO] [stdout] 
[INFO] [stdout] warning: unused doc comment
[INFO] [stdout]    --> src/executors/inprocess.rs:523:5
[INFO] [stdout]     |
[INFO] [stdout] 523 |     /// The current input for signal handling
[INFO] [stdout]     |     ^^^^^^^^^^^^^^^^^^^^^^^^^^^^^^^^^^^^^^^^^
[INFO] [stdout] 524 |     current_input_ptr: ptr::null(),
[INFO] [stdout]     |     ------------------------------ rustdoc does not generate documentation for expression fields
[INFO] [stdout]     |
[INFO] [stdout]     = help: use `//` for a plain comment
[INFO] [stdout] 
[INFO] [stdout] 
[INFO] [stdout] warning: unused doc comment
[INFO] [stdout]    --> src/executors/inprocess.rs:528:5
[INFO] [stdout]     |
[INFO] [stdout] 528 |     /// The crash handler fn
[INFO] [stdout]     |     ^^^^^^^^^^^^^^^^^^^^^^^^
[INFO] [stdout] 529 |     #[cfg(any(unix, feature = "std"))]
[INFO] [stdout] 530 |     crash_handler: ptr::null(),
[INFO] [stdout]     |     -------------------------- rustdoc does not generate documentation for expression fields
[INFO] [stdout]     |
[INFO] [stdout]     = help: use `//` for a plain comment
[INFO] [stdout] 
[INFO] [stdout] 
[INFO] [stdout] warning: unused doc comment
[INFO] [stdout]    --> src/executors/inprocess.rs:531:5
[INFO] [stdout]     |
[INFO] [stdout] 531 |     /// The timeout handler fn
[INFO] [stdout]     |     ^^^^^^^^^^^^^^^^^^^^^^^^^^
[INFO] [stdout] 532 |     #[cfg(any(unix, feature = "std"))]
[INFO] [stdout] 533 |     timeout_handler: ptr::null(),
[INFO] [stdout]     |     ---------------------------- rustdoc does not generate documentation for expression fields
[INFO] [stdout]     |
[INFO] [stdout]     = help: use `//` for a plain comment
[INFO] [stdout] 
[INFO] [stdout] 
[INFO] [stdout] warning: unused import: `mutations::*`
[INFO] [stdout]  --> src/mutators/mod.rs:8:9
[INFO] [stdout]   |
[INFO] [stdout] 8 | pub use mutations::*;
[INFO] [stdout]   |         ^^^^^^^^^^^^
[INFO] [stdout]   |
[INFO] [stdout]   = note: `#[warn(unused_imports)]` on by default
[INFO] [stdout] 
[INFO] [stdout] 
[INFO] [stdout] warning: unused import: `token_mutations::*`
[INFO] [stdout]   --> src/mutators/mod.rs:11:9
[INFO] [stdout]    |
[INFO] [stdout] 11 | pub use token_mutations::*;
[INFO] [stdout]    |         ^^^^^^^^^^^^^^^^^^
[INFO] [stdout] 
[INFO] [stdout] 
[INFO] [stdout] error[E0053]: method `handle` has an incompatible type for trait
[INFO] [stdout]    --> src/events/mod.rs:109:48
[INFO] [stdout]     |
[INFO] [stdout] 109 |     fn handle(&mut self, signal: Signal, info: siginfo_t, context: &mut ucontext_t) {
[INFO] [stdout]     |                                                ^^^^^^^^^
[INFO] [stdout]     |                                                |
[INFO] [stdout]     |                                                expected `&mut siginfo_t`, found `siginfo_t`
[INFO] [stdout]     |                                                help: change the parameter type to match the trait: `&mut siginfo_t`
[INFO] [stdout]     |
[INFO] [stdout]     = note: expected signature `fn(&mut ShutdownSignalData, libafl_bolts::os::unix_signals::Signal, &mut siginfo_t, core::option::Option<&mut ucontext_t>)`
[INFO] [stdout]                found signature `fn(&mut ShutdownSignalData, libafl_bolts::os::unix_signals::Signal, siginfo_t, &mut ucontext_t)`
[INFO] [stdout] 
[INFO] [stdout] 
[INFO] [stdout] error[E0053]: method `handle` has an incompatible type for trait
[INFO] [stdout]     --> src/executors/inprocess.rs:1519:48
[INFO] [stdout]      |
[INFO] [stdout] 1519 |     fn handle(&mut self, signal: Signal, info: siginfo_t, context: &mut ucontext_t) {
[INFO] [stdout]      |                                                ^^^^^^^^^
[INFO] [stdout]      |                                                |
[INFO] [stdout]      |                                                expected `&mut siginfo_t`, found `siginfo_t`
[INFO] [stdout]      |                                                help: change the parameter type to match the trait: `&mut siginfo_t`
[INFO] [stdout]      |
[INFO] [stdout]      = note: expected signature `fn(&mut InProcessForkExecutorGlobalData, libafl_bolts::os::unix_signals::Signal, &mut siginfo_t, core::option::Option<&mut ucontext_t>)`
[INFO] [stdout]                 found signature `fn(&mut InProcessForkExecutorGlobalData, libafl_bolts::os::unix_signals::Signal, siginfo_t, &mut ucontext_t)`
[INFO] [stdout] 
[INFO] [stdout] 
[INFO] [stdout] error[E0053]: method `handle` has an incompatible type for trait
[INFO] [stdout]    --> src/executors/inprocess.rs:726:52
[INFO] [stdout]     |
[INFO] [stdout] 726 |         fn handle(&mut self, signal: Signal, info: siginfo_t, context: &mut ucontext_t) {
[INFO] [stdout]     |                                                    ^^^^^^^^^
[INFO] [stdout]     |                                                    |
[INFO] [stdout]     |                                                    expected `&mut siginfo_t`, found `siginfo_t`
[INFO] [stdout]     |                                                    help: change the parameter type to match the trait: `&mut siginfo_t`
[INFO] [stdout]     |
[INFO] [stdout]     = note: expected signature `fn(&mut InProcessExecutorHandlerData, libafl_bolts::os::unix_signals::Signal, &mut siginfo_t, core::option::Option<&mut ucontext_t>)`
[INFO] [stdout]                found signature `fn(&mut InProcessExecutorHandlerData, libafl_bolts::os::unix_signals::Signal, siginfo_t, &mut ucontext_t)`
[INFO] [stdout] 
[INFO] [stdout] 
[INFO] [stdout] error[E0308]: arguments to this function are incorrect
[INFO] [stdout]    --> src/executors/inprocess.rs:894:21
[INFO] [stdout]     |
[INFO] [stdout] 894 |                     libafl_bolts::minibsod::generate_minibsod(&mut writer, signal, _info, _context)
[INFO] [stdout]     |                     ^^^^^^^^^^^^^^^^^^^^^^^^^^^^^^^^^^^^^^^^^                      ----- expected `&siginfo_t`, found `siginfo_t`
[INFO] [stdout]     |
[INFO] [stdout] note: expected `Option<&ucontext_t>`, found `&mut ucontext_t`
[INFO] [stdout]    --> src/executors/inprocess.rs:894:91
[INFO] [stdout]     |
[INFO] [stdout] 894 |                     libafl_bolts::minibsod::generate_minibsod(&mut writer, signal, _info, _context)
[INFO] [stdout]     |                                                                                           ^^^^^^^^
[INFO] [stdout]     = note:           expected enum `core::option::Option<&ucontext_t>`
[INFO] [stdout]             found mutable reference `&mut ucontext_t`
[INFO] [stdout] note: function defined here
[INFO] [stdout]    --> /opt/rustwide/cargo-home/registry/src/index.crates.io-6f17d22bba15001f/libafl_bolts-0.11.2/src/minibsod.rs:950:8
[INFO] [stdout]     |
[INFO] [stdout] 950 | pub fn generate_minibsod<W: Write>(
[INFO] [stdout]     |        ^^^^^^^^^^^^^^^^^
[INFO] [stdout] help: consider borrowing here
[INFO] [stdout]     |
[INFO] [stdout] 894 |                     libafl_bolts::minibsod::generate_minibsod(&mut writer, signal, &_info, _context)
[INFO] [stdout]     |                                                                                    +
[INFO] [stdout] help: try wrapping the expression in `core::prelude::v1::Some`
[INFO] [stdout]     |
[INFO] [stdout] 894 |                     libafl_bolts::minibsod::generate_minibsod(&mut writer, signal, _info, core::prelude::v1::Some(_context))
[INFO] [stdout]     |                                                                                           ++++++++++++++++++++++++        +
[INFO] [stdout] 
[INFO] [stdout] 
[INFO] [stdout] error[E0308]: arguments to this function are incorrect
[INFO] [stdout]    --> src/executors/inprocess.rs:926:25
[INFO] [stdout]     |
[INFO] [stdout] 926 |                         libafl_bolts::minibsod::generate_minibsod(
[INFO] [stdout]     |                         ^^^^^^^^^^^^^^^^^^^^^^^^^^^^^^^^^^^^^^^^^
[INFO] [stdout] ...
[INFO] [stdout] 929 |                             _info,
[INFO] [stdout]     |                             ----- expected `&siginfo_t`, found `siginfo_t`
[INFO] [stdout]     |
[INFO] [stdout] note: expected `Option<&ucontext_t>`, found `&mut ucontext_t`
[INFO] [stdout]    --> src/executors/inprocess.rs:930:29
[INFO] [stdout]     |
[INFO] [stdout] 930 | ...                   _context,
[INFO] [stdout]     |                       ^^^^^^^^
[INFO] [stdout]     = note:           expected enum `core::option::Option<&ucontext_t>`
[INFO] [stdout]             found mutable reference `&mut ucontext_t`
[INFO] [stdout] note: function defined here
[INFO] [stdout]    --> /opt/rustwide/cargo-home/registry/src/index.crates.io-6f17d22bba15001f/libafl_bolts-0.11.2/src/minibsod.rs:950:8
[INFO] [stdout]     |
[INFO] [stdout] 950 | pub fn generate_minibsod<W: Write>(
[INFO] [stdout]     |        ^^^^^^^^^^^^^^^^^
[INFO] [stdout] help: consider borrowing here
[INFO] [stdout]     |
[INFO] [stdout] 929 |                             &_info,
[INFO] [stdout]     |                             +
[INFO] [stdout] help: try wrapping the expression in `core::prelude::v1::Some`
[INFO] [stdout]     |
[INFO] [stdout] 930 |                             core::prelude::v1::Some(_context),
[INFO] [stdout]     |                             ++++++++++++++++++++++++        +
[INFO] [stdout] 
[INFO] [stdout] 
[INFO] [stdout] error: aborting due to 5 previous errors; 9 warnings emitted
[INFO] [stdout] 
[INFO] [stdout] 
[INFO] [stdout] Some errors have detailed explanations: E0053, E0308.
[INFO] [stdout] 
[INFO] [stdout] For more information about an error, try `rustc --explain E0053`.
[INFO] [stdout] 
[INFO] [stderr] error: could not compile `libafl` (lib) due to 6 previous errors; 9 warnings emitted
[INFO] running `Command { std: "docker" "inspect" "1ecffb18517996a4b5dcf72653e444df86954d1f85034c4beeee37e1f9366b4c", kill_on_drop: false }`
[INFO] running `Command { std: "docker" "rm" "-f" "1ecffb18517996a4b5dcf72653e444df86954d1f85034c4beeee37e1f9366b4c", kill_on_drop: false }`
[INFO] [stdout] 1ecffb18517996a4b5dcf72653e444df86954d1f85034c4beeee37e1f9366b4c
[INFO] testing libafl-0.11.1 against beta-2023-12-22 for beta-1.76-1
[INFO] extracting crate libafl 0.11.1 into /workspace/builds/worker-0-tc2/source
[INFO] validating manifest of crates.io crate libafl 0.11.1 on toolchain beta-2023-12-22
[INFO] running `Command { std: CARGO_HOME="/workspace/cargo-home" RUSTUP_HOME="/workspace/rustup-home" "/workspace/cargo-home/bin/cargo" "+beta-2023-12-22" "metadata" "--manifest-path" "Cargo.toml" "--no-deps", kill_on_drop: false }`
[INFO] started tweaking crates.io crate libafl 0.11.1
[INFO] finished tweaking crates.io crate libafl 0.11.1
[INFO] tweaked toml for crates.io crate libafl 0.11.1 written to /workspace/builds/worker-0-tc2/source/Cargo.toml
[INFO] running `Command { std: CARGO_HOME="/workspace/cargo-home" RUSTUP_HOME="/workspace/rustup-home" "/workspace/cargo-home/bin/cargo" "+beta-2023-12-22" "generate-lockfile" "--manifest-path" "Cargo.toml", kill_on_drop: false }`
[INFO] [stderr]     Blocking waiting for file lock on package cache
[INFO] [stderr]     Updating crates.io index
[INFO] running `Command { std: CARGO_HOME="/workspace/cargo-home" RUSTUP_HOME="/workspace/rustup-home" "/workspace/cargo-home/bin/cargo" "+beta-2023-12-22" "fetch" "--manifest-path" "Cargo.toml", kill_on_drop: false }`
[INFO] [stderr]     Blocking waiting for file lock on package cache
[INFO] running `Command { std: "docker" "create" "-v" "/var/lib/crater-agent-workspace/builds/worker-0-tc2/target:/opt/rustwide/target:rw,Z" "-v" "/var/lib/crater-agent-workspace/builds/worker-0-tc2/source:/opt/rustwide/workdir:ro,Z" "-v" "/var/lib/crater-agent-workspace/cargo-home:/opt/rustwide/cargo-home:ro,Z" "-v" "/var/lib/crater-agent-workspace/rustup-home:/opt/rustwide/rustup-home:ro,Z" "-e" "SOURCE_DIR=/opt/rustwide/workdir" "-e" "CARGO_TARGET_DIR=/opt/rustwide/target" "-e" "CARGO_HOME=/opt/rustwide/cargo-home" "-e" "RUSTUP_HOME=/opt/rustwide/rustup-home" "-w" "/opt/rustwide/workdir" "-m" "1610612736" "--user" "0:0" "--network" "none" "ghcr.io/rust-lang/crates-build-env/linux@sha256:2788e3201cd34a07e3172128adcd8b3090168a8e3bcc40d7c032b9dda1df7d1c" "/opt/rustwide/cargo-home/bin/cargo" "+beta-2023-12-22" "metadata" "--no-deps" "--format-version=1", kill_on_drop: false }`
[INFO] [stdout] 53392aa755afb7e427eb6d07d419c8a0734b259ff86150a9b404fc0ff05cbc42
[INFO] running `Command { std: "docker" "start" "-a" "53392aa755afb7e427eb6d07d419c8a0734b259ff86150a9b404fc0ff05cbc42", kill_on_drop: false }`
[INFO] running `Command { std: "docker" "inspect" "53392aa755afb7e427eb6d07d419c8a0734b259ff86150a9b404fc0ff05cbc42", kill_on_drop: false }`
[INFO] running `Command { std: "docker" "rm" "-f" "53392aa755afb7e427eb6d07d419c8a0734b259ff86150a9b404fc0ff05cbc42", kill_on_drop: false }`
[INFO] [stdout] 53392aa755afb7e427eb6d07d419c8a0734b259ff86150a9b404fc0ff05cbc42
[INFO] running `Command { std: "docker" "create" "-v" "/var/lib/crater-agent-workspace/builds/worker-0-tc2/target:/opt/rustwide/target:rw,Z" "-v" "/var/lib/crater-agent-workspace/builds/worker-0-tc2/source:/opt/rustwide/workdir:ro,Z" "-v" "/var/lib/crater-agent-workspace/cargo-home:/opt/rustwide/cargo-home:ro,Z" "-v" "/var/lib/crater-agent-workspace/rustup-home:/opt/rustwide/rustup-home:ro,Z" "-e" "SOURCE_DIR=/opt/rustwide/workdir" "-e" "CARGO_TARGET_DIR=/opt/rustwide/target" "-e" "CARGO_INCREMENTAL=0" "-e" "RUST_BACKTRACE=full" "-e" "RUSTFLAGS=--cap-lints=warn" "-e" "RUSTDOCFLAGS=--cap-lints=warn" "-e" "CARGO_HOME=/opt/rustwide/cargo-home" "-e" "RUSTUP_HOME=/opt/rustwide/rustup-home" "-w" "/opt/rustwide/workdir" "-m" "1610612736" "--user" "0:0" "--network" "none" "ghcr.io/rust-lang/crates-build-env/linux@sha256:2788e3201cd34a07e3172128adcd8b3090168a8e3bcc40d7c032b9dda1df7d1c" "/opt/rustwide/cargo-home/bin/cargo" "+beta-2023-12-22" "build" "--frozen" "--message-format=json", kill_on_drop: false }`
[INFO] [stdout] bf43423660d5019b918e362118302aa4c1a79d140a0fe668b0f2d7e5d7302fae
[INFO] running `Command { std: "docker" "start" "-a" "bf43423660d5019b918e362118302aa4c1a79d140a0fe668b0f2d7e5d7302fae", kill_on_drop: false }`
[INFO] [stderr]    Compiling libc v0.2.151
[INFO] [stderr]    Compiling rustversion v1.0.14
[INFO] [stderr]    Compiling scopeguard v1.2.0
[INFO] [stderr]    Compiling zerocopy v0.7.32
[INFO] [stderr]    Compiling parking_lot_core v0.9.9
[INFO] [stderr]    Compiling ahash v0.8.7
[INFO] [stderr]    Compiling signal-hook v0.3.17
[INFO] [stderr]    Compiling memoffset v0.7.1
[INFO] [stderr]    Compiling syn v1.0.109
[INFO] [stderr]    Compiling num-traits v0.2.17
[INFO] [stderr]    Compiling gimli v0.28.1
[INFO] [stderr]    Compiling serde_json v1.0.111
[INFO] [stderr]    Compiling lock_api v0.4.11
[INFO] [stderr]    Compiling heck v0.4.1
[INFO] [stderr]    Compiling syn v2.0.48
[INFO] [stderr]    Compiling adler v1.0.2
[INFO] [stderr]    Compiling object v0.32.2
[INFO] [stderr]    Compiling miniz_oxide v0.7.1
[INFO] [stderr]    Compiling bitflags v2.4.1
[INFO] [stderr]    Compiling libm v0.2.8
[INFO] [stderr]    Compiling embedded-io v0.4.0
[INFO] [stderr]    Compiling match_cfg v0.1.0
[INFO] [stderr]    Compiling bitflags v1.3.2
[INFO] [stderr]    Compiling cobs v0.2.3
[INFO] [stderr]    Compiling rustc-demangle v0.1.23
[INFO] [stderr]    Compiling itertools v0.11.0
[INFO] [stderr]    Compiling rand_core v0.6.4
[INFO] [stderr]    Compiling cassowary v0.3.0
[INFO] [stderr]    Compiling xxhash-rust v0.8.8
[INFO] [stderr]    Compiling unicode-width v0.1.11
[INFO] [stderr]    Compiling unicode-segmentation v1.10.1
[INFO] [stderr]    Compiling indoc v2.0.4
[INFO] [stderr]    Compiling tuple_list v0.1.3
[INFO] [stderr]    Compiling cc v1.0.83
[INFO] [stderr]    Compiling libafl_bolts v0.11.2
[INFO] [stderr]    Compiling libafl v0.11.1 (/opt/rustwide/workdir)
[INFO] [stderr]    Compiling signal-hook-registry v1.4.1
[INFO] [stderr]    Compiling mio v0.8.10
[INFO] [stderr]    Compiling getrandom v0.2.11
[INFO] [stderr]    Compiling hostname v0.3.1
[INFO] [stderr]    Compiling uds v0.4.2
[INFO] [stderr]    Compiling nix v0.26.4
[INFO] [stderr]    Compiling wait-timeout v0.2.0
[INFO] [stderr]    Compiling backtrace v0.3.69
[INFO] [stderr]    Compiling parking_lot v0.12.1
[INFO] [stderr]    Compiling signal-hook-mio v0.2.3
[INFO] [stderr]    Compiling crossterm v0.27.0
[INFO] [stderr]    Compiling addr2line v0.21.0
[INFO] [stderr]    Compiling c2rust-bitfields-derive v0.17.0
[INFO] [stderr]    Compiling serde_derive v1.0.194
[INFO] [stderr]    Compiling serial_test_derive v2.0.0
[INFO] [stderr]    Compiling strum_macros v0.25.3
[INFO] [stderr]    Compiling num_enum_derive v0.7.1
[INFO] [stderr]    Compiling typed-builder-macro v0.15.2
[INFO] [stderr]    Compiling libafl_derive v0.11.2
[INFO] [stderr]    Compiling ctor v0.2.6
[INFO] [stderr]    Compiling c2rust-bitfields v0.17.0
[INFO] [stderr]    Compiling typed-builder v0.15.2
[INFO] [stderr]    Compiling num_enum v0.7.1
[INFO] [stderr]    Compiling strum v0.25.0
[INFO] [stderr]    Compiling ratatui v0.23.0
[INFO] [stderr]    Compiling serde v1.0.194
[INFO] [stderr]    Compiling hashbrown v0.14.3
[INFO] [stderr]    Compiling uuid v1.6.1
[INFO] [stderr]    Compiling erased-serde v0.3.31
[INFO] [stderr]    Compiling postcard v1.0.8
[INFO] [stderr]    Compiling meminterval v0.4.1
[INFO] [stderr]    Compiling bincode v1.3.3
[INFO] [stderr]    Compiling dashmap v5.5.3
[INFO] [stderr]    Compiling serial_test v2.0.0
[INFO] [stdout] warning: unused doc comment
[INFO] [stdout]    --> src/executors/inprocess.rs:515:5
[INFO] [stdout]     |
[INFO] [stdout] 515 |     /// The state ptr for signal handling
[INFO] [stdout]     |     ^^^^^^^^^^^^^^^^^^^^^^^^^^^^^^^^^^^^^
[INFO] [stdout] 516 |     state_ptr: null_mut(),
[INFO] [stdout]     |     --------------------- rustdoc does not generate documentation for expression fields
[INFO] [stdout]     |
[INFO] [stdout]     = help: use `//` for a plain comment
[INFO] [stdout]     = note: `#[warn(unused_doc_comments)]` on by default
[INFO] [stdout] 
[INFO] [stdout] 
[INFO] [stdout] warning: unused doc comment
[INFO] [stdout]    --> src/executors/inprocess.rs:517:5
[INFO] [stdout]     |
[INFO] [stdout] 517 |     /// The event manager ptr for signal handling
[INFO] [stdout]     |     ^^^^^^^^^^^^^^^^^^^^^^^^^^^^^^^^^^^^^^^^^^^^^
[INFO] [stdout] 518 |     event_mgr_ptr: null_mut(),
[INFO] [stdout]     |     ------------------------- rustdoc does not generate documentation for expression fields
[INFO] [stdout]     |
[INFO] [stdout]     = help: use `//` for a plain comment
[INFO] [stdout] 
[INFO] [stdout] 
[INFO] [stdout] warning: unused doc comment
[INFO] [stdout]    --> src/executors/inprocess.rs:519:5
[INFO] [stdout]     |
[INFO] [stdout] 519 |     /// The fuzzer ptr for signal handling
[INFO] [stdout]     |     ^^^^^^^^^^^^^^^^^^^^^^^^^^^^^^^^^^^^^^
[INFO] [stdout] 520 |     fuzzer_ptr: null_mut(),
[INFO] [stdout]     |     ---------------------- rustdoc does not generate documentation for expression fields
[INFO] [stdout]     |
[INFO] [stdout]     = help: use `//` for a plain comment
[INFO] [stdout] 
[INFO] [stdout] 
[INFO] [stdout] warning: unused doc comment
[INFO] [stdout]    --> src/executors/inprocess.rs:521:5
[INFO] [stdout]     |
[INFO] [stdout] 521 |     /// The executor ptr for signal handling
[INFO] [stdout]     |     ^^^^^^^^^^^^^^^^^^^^^^^^^^^^^^^^^^^^^^^^
[INFO] [stdout] 522 |     executor_ptr: ptr::null(),
[INFO] [stdout]     |     ------------------------- rustdoc does not generate documentation for expression fields
[INFO] [stdout]     |
[INFO] [stdout]     = help: use `//` for a plain comment
[INFO] [stdout] 
[INFO] [stdout] 
[INFO] [stdout] warning: unused doc comment
[INFO] [stdout]    --> src/executors/inprocess.rs:523:5
[INFO] [stdout]     |
[INFO] [stdout] 523 |     /// The current input for signal handling
[INFO] [stdout]     |     ^^^^^^^^^^^^^^^^^^^^^^^^^^^^^^^^^^^^^^^^^
[INFO] [stdout] 524 |     current_input_ptr: ptr::null(),
[INFO] [stdout]     |     ------------------------------ rustdoc does not generate documentation for expression fields
[INFO] [stdout]     |
[INFO] [stdout]     = help: use `//` for a plain comment
[INFO] [stdout] 
[INFO] [stdout] 
[INFO] [stdout] warning: unused doc comment
[INFO] [stdout]    --> src/executors/inprocess.rs:528:5
[INFO] [stdout]     |
[INFO] [stdout] 528 |     /// The crash handler fn
[INFO] [stdout]     |     ^^^^^^^^^^^^^^^^^^^^^^^^
[INFO] [stdout] 529 |     #[cfg(any(unix, feature = "std"))]
[INFO] [stdout] 530 |     crash_handler: ptr::null(),
[INFO] [stdout]     |     -------------------------- rustdoc does not generate documentation for expression fields
[INFO] [stdout]     |
[INFO] [stdout]     = help: use `//` for a plain comment
[INFO] [stdout] 
[INFO] [stdout] 
[INFO] [stdout] warning: unused doc comment
[INFO] [stdout]    --> src/executors/inprocess.rs:531:5
[INFO] [stdout]     |
[INFO] [stdout] 531 |     /// The timeout handler fn
[INFO] [stdout]     |     ^^^^^^^^^^^^^^^^^^^^^^^^^^
[INFO] [stdout] 532 |     #[cfg(any(unix, feature = "std"))]
[INFO] [stdout] 533 |     timeout_handler: ptr::null(),
[INFO] [stdout]     |     ---------------------------- rustdoc does not generate documentation for expression fields
[INFO] [stdout]     |
[INFO] [stdout]     = help: use `//` for a plain comment
[INFO] [stdout] 
[INFO] [stdout] 
[INFO] [stdout] warning: unused import: `mutations::*`
[INFO] [stdout]  --> src/mutators/mod.rs:8:9
[INFO] [stdout]   |
[INFO] [stdout] 8 | pub use mutations::*;
[INFO] [stdout]   |         ^^^^^^^^^^^^
[INFO] [stdout]   |
[INFO] [stdout]   = note: `#[warn(unused_imports)]` on by default
[INFO] [stdout] 
[INFO] [stdout] 
[INFO] [stdout] warning: unused import: `token_mutations::*`
[INFO] [stdout]   --> src/mutators/mod.rs:11:9
[INFO] [stdout]    |
[INFO] [stdout] 11 | pub use token_mutations::*;
[INFO] [stdout]    |         ^^^^^^^^^^^^^^^^^^
[INFO] [stdout] 
[INFO] [stdout] 
[INFO] [stdout] error[E0053]: method `handle` has an incompatible type for trait
[INFO] [stdout]    --> src/events/mod.rs:109:48
[INFO] [stdout]     |
[INFO] [stdout] 109 |     fn handle(&mut self, signal: Signal, info: siginfo_t, context: &mut ucontext_t) {
[INFO] [stdout]     |                                                ^^^^^^^^^
[INFO] [stdout]     |                                                |
[INFO] [stdout]     |                                                expected `&mut siginfo_t`, found `siginfo_t`
[INFO] [stdout]     |                                                help: change the parameter type to match the trait: `&mut siginfo_t`
[INFO] [stdout]     |
[INFO] [stdout]     = note: expected signature `fn(&mut ShutdownSignalData, libafl_bolts::os::unix_signals::Signal, &mut siginfo_t, core::option::Option<&mut ucontext_t>)`
[INFO] [stdout]                found signature `fn(&mut ShutdownSignalData, libafl_bolts::os::unix_signals::Signal, siginfo_t, &mut ucontext_t)`
[INFO] [stdout] 
[INFO] [stdout] 
[INFO] [stdout] error[E0053]: method `handle` has an incompatible type for trait
[INFO] [stdout]     --> src/executors/inprocess.rs:1519:48
[INFO] [stdout]      |
[INFO] [stdout] 1519 |     fn handle(&mut self, signal: Signal, info: siginfo_t, context: &mut ucontext_t) {
[INFO] [stdout]      |                                                ^^^^^^^^^
[INFO] [stdout]      |                                                |
[INFO] [stdout]      |                                                expected `&mut siginfo_t`, found `siginfo_t`
[INFO] [stdout]      |                                                help: change the parameter type to match the trait: `&mut siginfo_t`
[INFO] [stdout]      |
[INFO] [stdout]      = note: expected signature `fn(&mut InProcessForkExecutorGlobalData, libafl_bolts::os::unix_signals::Signal, &mut siginfo_t, core::option::Option<&mut ucontext_t>)`
[INFO] [stdout]                 found signature `fn(&mut InProcessForkExecutorGlobalData, libafl_bolts::os::unix_signals::Signal, siginfo_t, &mut ucontext_t)`
[INFO] [stdout] 
[INFO] [stdout] 
[INFO] [stdout] error[E0053]: method `handle` has an incompatible type for trait
[INFO] [stdout]    --> src/executors/inprocess.rs:726:52
[INFO] [stdout]     |
[INFO] [stdout] 726 |         fn handle(&mut self, signal: Signal, info: siginfo_t, context: &mut ucontext_t) {
[INFO] [stdout]     |                                                    ^^^^^^^^^
[INFO] [stdout]     |                                                    |
[INFO] [stdout]     |                                                    expected `&mut siginfo_t`, found `siginfo_t`
[INFO] [stdout]     |                                                    help: change the parameter type to match the trait: `&mut siginfo_t`
[INFO] [stdout]     |
[INFO] [stdout]     = note: expected signature `fn(&mut InProcessExecutorHandlerData, libafl_bolts::os::unix_signals::Signal, &mut siginfo_t, core::option::Option<&mut ucontext_t>)`
[INFO] [stdout]                found signature `fn(&mut InProcessExecutorHandlerData, libafl_bolts::os::unix_signals::Signal, siginfo_t, &mut ucontext_t)`
[INFO] [stdout] 
[INFO] [stdout] 
[INFO] [stdout] error[E0308]: arguments to this function are incorrect
[INFO] [stdout]    --> src/executors/inprocess.rs:894:21
[INFO] [stdout]     |
[INFO] [stdout] 894 |                     libafl_bolts::minibsod::generate_minibsod(&mut writer, signal, _info, _context)
[INFO] [stdout]     |                     ^^^^^^^^^^^^^^^^^^^^^^^^^^^^^^^^^^^^^^^^^                      ----- expected `&siginfo_t`, found `siginfo_t`
[INFO] [stdout]     |
[INFO] [stdout] note: expected `Option<&ucontext_t>`, found `&mut ucontext_t`
[INFO] [stdout]    --> src/executors/inprocess.rs:894:91
[INFO] [stdout]     |
[INFO] [stdout] 894 |                     libafl_bolts::minibsod::generate_minibsod(&mut writer, signal, _info, _context)
[INFO] [stdout]     |                                                                                           ^^^^^^^^
[INFO] [stdout]     = note:           expected enum `core::option::Option<&ucontext_t>`
[INFO] [stdout]             found mutable reference `&mut ucontext_t`
[INFO] [stdout] note: function defined here
[INFO] [stdout]    --> /opt/rustwide/cargo-home/registry/src/index.crates.io-6f17d22bba15001f/libafl_bolts-0.11.2/src/minibsod.rs:950:8
[INFO] [stdout]     |
[INFO] [stdout] 950 | pub fn generate_minibsod<W: Write>(
[INFO] [stdout]     |        ^^^^^^^^^^^^^^^^^
[INFO] [stdout] help: consider borrowing here
[INFO] [stdout]     |
[INFO] [stdout] 894 |                     libafl_bolts::minibsod::generate_minibsod(&mut writer, signal, &_info, _context)
[INFO] [stdout]     |                                                                                    +
[INFO] [stdout] help: try wrapping the expression in `core::prelude::v1::Some`
[INFO] [stdout]     |
[INFO] [stdout] 894 |                     libafl_bolts::minibsod::generate_minibsod(&mut writer, signal, _info, core::prelude::v1::Some(_context))
[INFO] [stdout]     |                                                                                           ++++++++++++++++++++++++        +
[INFO] [stdout] 
[INFO] [stdout] 
[INFO] [stdout] error[E0308]: arguments to this function are incorrect
[INFO] [stdout]    --> src/executors/inprocess.rs:926:25
[INFO] [stdout]     |
[INFO] [stdout] 926 |                         libafl_bolts::minibsod::generate_minibsod(
[INFO] [stdout]     |                         ^^^^^^^^^^^^^^^^^^^^^^^^^^^^^^^^^^^^^^^^^
[INFO] [stdout] ...
[INFO] [stdout] 929 |                             _info,
[INFO] [stdout]     |                             ----- expected `&siginfo_t`, found `siginfo_t`
[INFO] [stdout]     |
[INFO] [stdout] note: expected `Option<&ucontext_t>`, found `&mut ucontext_t`
[INFO] [stdout]    --> src/executors/inprocess.rs:930:29
[INFO] [stdout]     |
[INFO] [stdout] 930 | ...                   _context,
[INFO] [stdout]     |                       ^^^^^^^^
[INFO] [stdout]     = note:           expected enum `core::option::Option<&ucontext_t>`
[INFO] [stdout]             found mutable reference `&mut ucontext_t`
[INFO] [stdout] note: function defined here
[INFO] [stdout]    --> /opt/rustwide/cargo-home/registry/src/index.crates.io-6f17d22bba15001f/libafl_bolts-0.11.2/src/minibsod.rs:950:8
[INFO] [stdout]     |
[INFO] [stdout] 950 | pub fn generate_minibsod<W: Write>(
[INFO] [stdout]     |        ^^^^^^^^^^^^^^^^^
[INFO] [stdout] help: consider borrowing here
[INFO] [stdout]     |
[INFO] [stdout] 929 |                             &_info,
[INFO] [stdout]     |                             +
[INFO] [stdout] help: try wrapping the expression in `core::prelude::v1::Some`
[INFO] [stdout]     |
[INFO] [stdout] 930 |                             core::prelude::v1::Some(_context),
[INFO] [stdout]     |                             ++++++++++++++++++++++++        +
[INFO] [stdout] 
[INFO] [stdout] 
[INFO] [stdout] error: aborting due to 5 previous errors; 9 warnings emitted
[INFO] [stdout] 
[INFO] [stdout] 
[INFO] [stdout] Some errors have detailed explanations: E0053, E0308.
[INFO] [stdout] 
[INFO] [stdout] For more information about an error, try `rustc --explain E0053`.
[INFO] [stdout] 
[INFO] [stderr] error: could not compile `libafl` (lib) due to 6 previous errors; 9 warnings emitted
[INFO] running `Command { std: "docker" "inspect" "bf43423660d5019b918e362118302aa4c1a79d140a0fe668b0f2d7e5d7302fae", kill_on_drop: false }`
[INFO] running `Command { std: "docker" "rm" "-f" "bf43423660d5019b918e362118302aa4c1a79d140a0fe668b0f2d7e5d7302fae", kill_on_drop: false }`
[INFO] [stdout] bf43423660d5019b918e362118302aa4c1a79d140a0fe668b0f2d7e5d7302fae
