[INFO] fetching crate lexical-sort 0.3.1...
[INFO] testing lexical-sort-0.3.1 against 1.75.0 for beta-1.76-1
[INFO] extracting crate lexical-sort 0.3.1 into /workspace/builds/worker-5-tc1/source
[INFO] validating manifest of crates.io crate lexical-sort 0.3.1 on toolchain 1.75.0
[INFO] running `Command { std: CARGO_HOME="/workspace/cargo-home" RUSTUP_HOME="/workspace/rustup-home" "/workspace/cargo-home/bin/cargo" "+1.75.0" "metadata" "--manifest-path" "Cargo.toml" "--no-deps", kill_on_drop: false }`
[INFO] started tweaking crates.io crate lexical-sort 0.3.1
[INFO] finished tweaking crates.io crate lexical-sort 0.3.1
[INFO] tweaked toml for crates.io crate lexical-sort 0.3.1 written to /workspace/builds/worker-5-tc1/source/Cargo.toml
[INFO] running `Command { std: CARGO_HOME="/workspace/cargo-home" RUSTUP_HOME="/workspace/rustup-home" "/workspace/cargo-home/bin/cargo" "+1.75.0" "generate-lockfile" "--manifest-path" "Cargo.toml", kill_on_drop: false }`
[INFO] [stderr]     Updating crates.io index
[INFO] running `Command { std: CARGO_HOME="/workspace/cargo-home" RUSTUP_HOME="/workspace/rustup-home" "/workspace/cargo-home/bin/cargo" "+1.75.0" "fetch" "--manifest-path" "Cargo.toml", kill_on_drop: false }`
[INFO] [stderr]  Downloading crates ...
[INFO] [stderr]   Downloaded alphanumeric-sort v1.5.3
[INFO] [stderr]   Downloaded any_ascii v0.1.7
[INFO] [stderr]   Downloaded rust_icu_ucol v0.3.2
[INFO] [stderr]   Downloaded rust_icu_ustring v0.3.2
[INFO] [stderr]   Downloaded rust_icu_common v0.3.2
[INFO] [stderr]   Downloaded rust_icu_uenum v0.3.2
[INFO] [stderr]   Downloaded rust_icu_sys v0.3.2
[INFO] running `Command { std: "docker" "create" "-v" "/var/lib/crater-agent-workspace/builds/worker-5-tc1/target:/opt/rustwide/target:rw,Z" "-v" "/var/lib/crater-agent-workspace/builds/worker-5-tc1/source:/opt/rustwide/workdir:ro,Z" "-v" "/var/lib/crater-agent-workspace/cargo-home:/opt/rustwide/cargo-home:ro,Z" "-v" "/var/lib/crater-agent-workspace/rustup-home:/opt/rustwide/rustup-home:ro,Z" "-e" "SOURCE_DIR=/opt/rustwide/workdir" "-e" "CARGO_TARGET_DIR=/opt/rustwide/target" "-e" "CARGO_HOME=/opt/rustwide/cargo-home" "-e" "RUSTUP_HOME=/opt/rustwide/rustup-home" "-w" "/opt/rustwide/workdir" "-m" "1610612736" "--user" "0:0" "--network" "none" "ghcr.io/rust-lang/crates-build-env/linux@sha256:2788e3201cd34a07e3172128adcd8b3090168a8e3bcc40d7c032b9dda1df7d1c" "/opt/rustwide/cargo-home/bin/cargo" "+1.75.0" "metadata" "--no-deps" "--format-version=1", kill_on_drop: false }`
[INFO] [stdout] cb4dbc02f64218ea7cb73031bef95bc3fa0b9239c32d4b235cfe2dc0737f4d9a
[INFO] running `Command { std: "docker" "start" "-a" "cb4dbc02f64218ea7cb73031bef95bc3fa0b9239c32d4b235cfe2dc0737f4d9a", kill_on_drop: false }`
[INFO] running `Command { std: "docker" "inspect" "cb4dbc02f64218ea7cb73031bef95bc3fa0b9239c32d4b235cfe2dc0737f4d9a", kill_on_drop: false }`
[INFO] running `Command { std: "docker" "rm" "-f" "cb4dbc02f64218ea7cb73031bef95bc3fa0b9239c32d4b235cfe2dc0737f4d9a", kill_on_drop: false }`
[INFO] [stdout] cb4dbc02f64218ea7cb73031bef95bc3fa0b9239c32d4b235cfe2dc0737f4d9a
[INFO] running `Command { std: "docker" "create" "-v" "/var/lib/crater-agent-workspace/builds/worker-5-tc1/target:/opt/rustwide/target:rw,Z" "-v" "/var/lib/crater-agent-workspace/builds/worker-5-tc1/source:/opt/rustwide/workdir:ro,Z" "-v" "/var/lib/crater-agent-workspace/cargo-home:/opt/rustwide/cargo-home:ro,Z" "-v" "/var/lib/crater-agent-workspace/rustup-home:/opt/rustwide/rustup-home:ro,Z" "-e" "SOURCE_DIR=/opt/rustwide/workdir" "-e" "CARGO_TARGET_DIR=/opt/rustwide/target" "-e" "CARGO_INCREMENTAL=0" "-e" "RUST_BACKTRACE=full" "-e" "RUSTFLAGS=--cap-lints=warn" "-e" "RUSTDOCFLAGS=--cap-lints=warn" "-e" "CARGO_HOME=/opt/rustwide/cargo-home" "-e" "RUSTUP_HOME=/opt/rustwide/rustup-home" "-w" "/opt/rustwide/workdir" "-m" "1610612736" "--user" "0:0" "--network" "none" "ghcr.io/rust-lang/crates-build-env/linux@sha256:2788e3201cd34a07e3172128adcd8b3090168a8e3bcc40d7c032b9dda1df7d1c" "/opt/rustwide/cargo-home/bin/cargo" "+1.75.0" "build" "--frozen" "--message-format=json", kill_on_drop: false }`
[INFO] [stdout] 5c46eea95efd2feea665521da82e7162093b98f3f15a8d5e9a2219a003919783
[INFO] running `Command { std: "docker" "start" "-a" "5c46eea95efd2feea665521da82e7162093b98f3f15a8d5e9a2219a003919783", kill_on_drop: false }`
[INFO] [stderr]    Compiling any_ascii v0.1.7
[INFO] [stderr]    Compiling lexical-sort v0.3.1 (/opt/rustwide/workdir)
[INFO] [stderr]     Finished dev [unoptimized + debuginfo] target(s) in 0.31s
[INFO] running `Command { std: "docker" "inspect" "5c46eea95efd2feea665521da82e7162093b98f3f15a8d5e9a2219a003919783", kill_on_drop: false }`
[INFO] running `Command { std: "docker" "rm" "-f" "5c46eea95efd2feea665521da82e7162093b98f3f15a8d5e9a2219a003919783", kill_on_drop: false }`
[INFO] [stdout] 5c46eea95efd2feea665521da82e7162093b98f3f15a8d5e9a2219a003919783
[INFO] running `Command { std: "docker" "create" "-v" "/var/lib/crater-agent-workspace/builds/worker-5-tc1/target:/opt/rustwide/target:rw,Z" "-v" "/var/lib/crater-agent-workspace/builds/worker-5-tc1/source:/opt/rustwide/workdir:ro,Z" "-v" "/var/lib/crater-agent-workspace/cargo-home:/opt/rustwide/cargo-home:ro,Z" "-v" "/var/lib/crater-agent-workspace/rustup-home:/opt/rustwide/rustup-home:ro,Z" "-e" "SOURCE_DIR=/opt/rustwide/workdir" "-e" "CARGO_TARGET_DIR=/opt/rustwide/target" "-e" "CARGO_INCREMENTAL=0" "-e" "RUST_BACKTRACE=full" "-e" "RUSTFLAGS=--cap-lints=warn" "-e" "RUSTDOCFLAGS=--cap-lints=warn" "-e" "CARGO_HOME=/opt/rustwide/cargo-home" "-e" "RUSTUP_HOME=/opt/rustwide/rustup-home" "-w" "/opt/rustwide/workdir" "-m" "1610612736" "--user" "0:0" "--network" "none" "ghcr.io/rust-lang/crates-build-env/linux@sha256:2788e3201cd34a07e3172128adcd8b3090168a8e3bcc40d7c032b9dda1df7d1c" "/opt/rustwide/cargo-home/bin/cargo" "+1.75.0" "test" "--frozen" "--no-run" "--message-format=json", kill_on_drop: false }`
[INFO] [stdout] 28f891505ed3e54eb4fe4168b200b3383a946ad86f80192b5af5aedc9a6c1275
[INFO] running `Command { std: "docker" "start" "-a" "28f891505ed3e54eb4fe4168b200b3383a946ad86f80192b5af5aedc9a6c1275", kill_on_drop: false }`
[INFO] [stderr]    Compiling memchr v2.7.1
[INFO] [stderr]    Compiling regex-syntax v0.8.2
[INFO] [stderr]    Compiling glob v0.3.1
[INFO] [stderr]    Compiling nom v5.1.3
[INFO] [stderr]    Compiling cc v1.0.83
[INFO] [stderr]    Compiling atty v0.2.14
[INFO] [stderr]    Compiling quick-error v1.2.3
[INFO] [stderr]    Compiling bindgen v0.53.3
[INFO] [stderr]    Compiling humantime v1.3.0
[INFO] [stderr]    Compiling clap v2.34.0
[INFO] [stderr]    Compiling log v0.4.20
[INFO] [stderr]    Compiling anyhow v1.0.79
[INFO] [stderr]    Compiling termcolor v1.4.0
[INFO] [stderr]    Compiling which v3.1.1
[INFO] [stderr]    Compiling clang-sys v0.29.3
[INFO] [stderr]    Compiling aho-corasick v1.1.2
[INFO] [stderr]    Compiling peeking_take_while v0.1.2
[INFO] [stderr]    Compiling shlex v0.1.1
[INFO] [stderr]    Compiling lazycell v1.3.0
[INFO] [stderr]    Compiling cfg-if v0.1.10
[INFO] [stderr]    Compiling rustc-hash v1.1.0
[INFO] [stderr]    Compiling crossbeam-utils v0.8.18
[INFO] [stderr]    Compiling paste v1.0.14
[INFO] [stderr]    Compiling libloading v0.5.2
[INFO] [stderr]    Compiling num-traits v0.2.17
[INFO] [stderr]    Compiling crossbeam-epoch v0.9.17
[INFO] [stderr]    Compiling regex-automata v0.4.3
[INFO] [stderr]    Compiling either v1.9.0
[INFO] [stderr]    Compiling rayon-core v1.12.0
[INFO] [stderr]    Compiling crossbeam-deque v0.8.4
[INFO] [stderr]    Compiling cexpr v0.4.0
[INFO] [stderr]    Compiling plotters-backend v0.3.5
[INFO] [stderr]    Compiling plotters-svg v0.3.5
[INFO] [stderr]    Compiling serde_json v1.0.111
[INFO] [stderr]    Compiling regex v1.10.2
[INFO] [stderr]    Compiling itertools v0.10.5
[INFO] [stderr]    Compiling csv-core v0.1.11
[INFO] [stderr]    Compiling env_logger v0.7.1
[INFO] [stderr]    Compiling cast v0.3.0
[INFO] [stderr]    Compiling half v1.8.2
[INFO] [stderr]    Compiling walkdir v2.4.0
[INFO] [stderr]    Compiling serde_cbor v0.11.2
[INFO] [stderr]    Compiling csv v1.3.0
[INFO] [stderr]    Compiling tinytemplate v1.2.1
[INFO] [stderr]    Compiling criterion-plot v0.4.5
[INFO] [stderr]    Compiling plotters v0.3.5
[INFO] [stderr]    Compiling rayon v1.8.0
[INFO] [stderr]    Compiling oorandom v11.1.3
[INFO] [stderr]    Compiling alphanumeric-sort v1.5.3
[INFO] [stderr]    Compiling criterion v0.3.6
[INFO] [stderr]    Compiling rust_icu_sys v0.3.2
[INFO] [stdout] error[E0554]: `#![feature]` may not be used on the stable release channel
[INFO] [stdout]  --> /opt/rustwide/cargo-home/registry/src/index.crates.io-6f17d22bba15001f/rust_icu_sys-0.3.2/build.rs:1:12
[INFO] [stdout]   |
[INFO] [stdout] 1 | #![feature(try_trait)]
[INFO] [stdout]   |            ^^^^^^^^^
[INFO] [stdout] 
[INFO] [stdout] 
[INFO] [stdout] error[E0635]: unknown feature `try_trait`
[INFO] [stdout]  --> /opt/rustwide/cargo-home/registry/src/index.crates.io-6f17d22bba15001f/rust_icu_sys-0.3.2/build.rs:1:12
[INFO] [stdout]   |
[INFO] [stdout] 1 | #![feature(try_trait)]
[INFO] [stdout]   |            ^^^^^^^^^
[INFO] [stdout] 
[INFO] [stdout] 
[INFO] [stdout] error: aborting due to 2 previous errors
[INFO] [stdout] 
[INFO] [stdout] 
[INFO] [stdout] Some errors have detailed explanations: E0554, E0635.
[INFO] [stdout] 
[INFO] [stdout] For more information about an error, try `rustc --explain E0554`.
[INFO] [stdout] 
[INFO] [stderr] error: could not compile `rust_icu_sys` (build script) due to 3 previous errors
[INFO] [stderr] warning: build failed, waiting for other jobs to finish...
[INFO] running `Command { std: "docker" "inspect" "28f891505ed3e54eb4fe4168b200b3383a946ad86f80192b5af5aedc9a6c1275", kill_on_drop: false }`
[INFO] running `Command { std: "docker" "rm" "-f" "28f891505ed3e54eb4fe4168b200b3383a946ad86f80192b5af5aedc9a6c1275", kill_on_drop: false }`
[INFO] [stdout] 28f891505ed3e54eb4fe4168b200b3383a946ad86f80192b5af5aedc9a6c1275
[INFO] testing lexical-sort-0.3.1 against beta-2023-12-22 for beta-1.76-1
[INFO] extracting crate lexical-sort 0.3.1 into /workspace/builds/worker-5-tc2/source
[INFO] validating manifest of crates.io crate lexical-sort 0.3.1 on toolchain beta-2023-12-22
[INFO] running `Command { std: CARGO_HOME="/workspace/cargo-home" RUSTUP_HOME="/workspace/rustup-home" "/workspace/cargo-home/bin/cargo" "+beta-2023-12-22" "metadata" "--manifest-path" "Cargo.toml" "--no-deps", kill_on_drop: false }`
[INFO] started tweaking crates.io crate lexical-sort 0.3.1
[INFO] finished tweaking crates.io crate lexical-sort 0.3.1
[INFO] tweaked toml for crates.io crate lexical-sort 0.3.1 written to /workspace/builds/worker-5-tc2/source/Cargo.toml
[INFO] running `Command { std: CARGO_HOME="/workspace/cargo-home" RUSTUP_HOME="/workspace/rustup-home" "/workspace/cargo-home/bin/cargo" "+beta-2023-12-22" "generate-lockfile" "--manifest-path" "Cargo.toml", kill_on_drop: false }`
[INFO] [stderr]     Updating crates.io index
[INFO] running `Command { std: CARGO_HOME="/workspace/cargo-home" RUSTUP_HOME="/workspace/rustup-home" "/workspace/cargo-home/bin/cargo" "+beta-2023-12-22" "fetch" "--manifest-path" "Cargo.toml", kill_on_drop: false }`
[INFO] running `Command { std: "docker" "create" "-v" "/var/lib/crater-agent-workspace/builds/worker-5-tc2/target:/opt/rustwide/target:rw,Z" "-v" "/var/lib/crater-agent-workspace/builds/worker-5-tc2/source:/opt/rustwide/workdir:ro,Z" "-v" "/var/lib/crater-agent-workspace/cargo-home:/opt/rustwide/cargo-home:ro,Z" "-v" "/var/lib/crater-agent-workspace/rustup-home:/opt/rustwide/rustup-home:ro,Z" "-e" "SOURCE_DIR=/opt/rustwide/workdir" "-e" "CARGO_TARGET_DIR=/opt/rustwide/target" "-e" "CARGO_HOME=/opt/rustwide/cargo-home" "-e" "RUSTUP_HOME=/opt/rustwide/rustup-home" "-w" "/opt/rustwide/workdir" "-m" "1610612736" "--user" "0:0" "--network" "none" "ghcr.io/rust-lang/crates-build-env/linux@sha256:2788e3201cd34a07e3172128adcd8b3090168a8e3bcc40d7c032b9dda1df7d1c" "/opt/rustwide/cargo-home/bin/cargo" "+beta-2023-12-22" "metadata" "--no-deps" "--format-version=1", kill_on_drop: false }`
[INFO] [stdout] 64c2bde782ea288b404287e98f38caea7cab5d8c0446e6bc70ee88c8e2874e1e
[INFO] running `Command { std: "docker" "start" "-a" "64c2bde782ea288b404287e98f38caea7cab5d8c0446e6bc70ee88c8e2874e1e", kill_on_drop: false }`
[INFO] running `Command { std: "docker" "inspect" "64c2bde782ea288b404287e98f38caea7cab5d8c0446e6bc70ee88c8e2874e1e", kill_on_drop: false }`
[INFO] running `Command { std: "docker" "rm" "-f" "64c2bde782ea288b404287e98f38caea7cab5d8c0446e6bc70ee88c8e2874e1e", kill_on_drop: false }`
[INFO] [stdout] 64c2bde782ea288b404287e98f38caea7cab5d8c0446e6bc70ee88c8e2874e1e
[INFO] running `Command { std: "docker" "create" "-v" "/var/lib/crater-agent-workspace/builds/worker-5-tc2/target:/opt/rustwide/target:rw,Z" "-v" "/var/lib/crater-agent-workspace/builds/worker-5-tc2/source:/opt/rustwide/workdir:ro,Z" "-v" "/var/lib/crater-agent-workspace/cargo-home:/opt/rustwide/cargo-home:ro,Z" "-v" "/var/lib/crater-agent-workspace/rustup-home:/opt/rustwide/rustup-home:ro,Z" "-e" "SOURCE_DIR=/opt/rustwide/workdir" "-e" "CARGO_TARGET_DIR=/opt/rustwide/target" "-e" "CARGO_INCREMENTAL=0" "-e" "RUST_BACKTRACE=full" "-e" "RUSTFLAGS=--cap-lints=warn" "-e" "RUSTDOCFLAGS=--cap-lints=warn" "-e" "CARGO_HOME=/opt/rustwide/cargo-home" "-e" "RUSTUP_HOME=/opt/rustwide/rustup-home" "-w" "/opt/rustwide/workdir" "-m" "1610612736" "--user" "0:0" "--network" "none" "ghcr.io/rust-lang/crates-build-env/linux@sha256:2788e3201cd34a07e3172128adcd8b3090168a8e3bcc40d7c032b9dda1df7d1c" "/opt/rustwide/cargo-home/bin/cargo" "+beta-2023-12-22" "build" "--frozen" "--message-format=json", kill_on_drop: false }`
[INFO] [stdout] 4bbb23767945fcf6653fd3942c23c0c53768521fd99eedd78d148724d9edcdec
[INFO] running `Command { std: "docker" "start" "-a" "4bbb23767945fcf6653fd3942c23c0c53768521fd99eedd78d148724d9edcdec", kill_on_drop: false }`
[INFO] [stderr]    Compiling any_ascii v0.1.7
[INFO] [stderr]    Compiling lexical-sort v0.3.1 (/opt/rustwide/workdir)
[INFO] [stderr]     Finished dev [unoptimized + debuginfo] target(s) in 0.32s
[INFO] running `Command { std: "docker" "inspect" "4bbb23767945fcf6653fd3942c23c0c53768521fd99eedd78d148724d9edcdec", kill_on_drop: false }`
[INFO] running `Command { std: "docker" "rm" "-f" "4bbb23767945fcf6653fd3942c23c0c53768521fd99eedd78d148724d9edcdec", kill_on_drop: false }`
[INFO] [stdout] 4bbb23767945fcf6653fd3942c23c0c53768521fd99eedd78d148724d9edcdec
[INFO] running `Command { std: "docker" "create" "-v" "/var/lib/crater-agent-workspace/builds/worker-5-tc2/target:/opt/rustwide/target:rw,Z" "-v" "/var/lib/crater-agent-workspace/builds/worker-5-tc2/source:/opt/rustwide/workdir:ro,Z" "-v" "/var/lib/crater-agent-workspace/cargo-home:/opt/rustwide/cargo-home:ro,Z" "-v" "/var/lib/crater-agent-workspace/rustup-home:/opt/rustwide/rustup-home:ro,Z" "-e" "SOURCE_DIR=/opt/rustwide/workdir" "-e" "CARGO_TARGET_DIR=/opt/rustwide/target" "-e" "CARGO_INCREMENTAL=0" "-e" "RUST_BACKTRACE=full" "-e" "RUSTFLAGS=--cap-lints=warn" "-e" "RUSTDOCFLAGS=--cap-lints=warn" "-e" "CARGO_HOME=/opt/rustwide/cargo-home" "-e" "RUSTUP_HOME=/opt/rustwide/rustup-home" "-w" "/opt/rustwide/workdir" "-m" "1610612736" "--user" "0:0" "--network" "none" "ghcr.io/rust-lang/crates-build-env/linux@sha256:2788e3201cd34a07e3172128adcd8b3090168a8e3bcc40d7c032b9dda1df7d1c" "/opt/rustwide/cargo-home/bin/cargo" "+beta-2023-12-22" "test" "--frozen" "--no-run" "--message-format=json", kill_on_drop: false }`
[INFO] [stdout] b78b790d19e98a4ee08f15e0f92604cd50a8d58a09216754fc5cf38863520057
[INFO] running `Command { std: "docker" "start" "-a" "b78b790d19e98a4ee08f15e0f92604cd50a8d58a09216754fc5cf38863520057", kill_on_drop: false }`
[INFO] [stderr]    Compiling memchr v2.7.1
[INFO] [stderr]    Compiling glob v0.3.1
[INFO] [stderr]    Compiling regex-syntax v0.8.2
[INFO] [stderr]    Compiling nom v5.1.3
[INFO] [stderr]    Compiling cc v1.0.83
[INFO] [stderr]    Compiling atty v0.2.14
[INFO] [stderr]    Compiling quick-error v1.2.3
[INFO] [stderr]    Compiling log v0.4.20
[INFO] [stderr]    Compiling clap v2.34.0
[INFO] [stderr]    Compiling humantime v1.3.0
[INFO] [stderr]    Compiling bindgen v0.53.3
[INFO] [stderr]    Compiling anyhow v1.0.79
[INFO] [stderr]    Compiling termcolor v1.4.0
[INFO] [stderr]    Compiling aho-corasick v1.1.2
[INFO] [stderr]    Compiling clang-sys v0.29.3
[INFO] [stderr]    Compiling which v3.1.1
[INFO] [stderr]    Compiling cfg-if v0.1.10
[INFO] [stderr]    Compiling lazycell v1.3.0
[INFO] [stderr]    Compiling rustc-hash v1.1.0
[INFO] [stderr]    Compiling shlex v0.1.1
[INFO] [stderr]    Compiling peeking_take_while v0.1.2
[INFO] [stderr]    Compiling crossbeam-utils v0.8.18
[INFO] [stderr]    Compiling paste v1.0.14
[INFO] [stderr]    Compiling libloading v0.5.2
[INFO] [stderr]    Compiling num-traits v0.2.17
[INFO] [stderr]    Compiling regex-automata v0.4.3
[INFO] [stderr]    Compiling crossbeam-epoch v0.9.17
[INFO] [stderr]    Compiling either v1.9.0
[INFO] [stderr]    Compiling cexpr v0.4.0
[INFO] [stderr]    Compiling rayon-core v1.12.0
[INFO] [stderr]    Compiling crossbeam-deque v0.8.4
[INFO] [stderr]    Compiling plotters-backend v0.3.5
[INFO] [stderr]    Compiling plotters-svg v0.3.5
[INFO] [stderr]    Compiling serde_json v1.0.111
[INFO] [stderr]    Compiling itertools v0.10.5
[INFO] [stderr]    Compiling csv-core v0.1.11
[INFO] [stderr]    Compiling regex v1.10.2
[INFO] [stderr]    Compiling half v1.8.2
[INFO] [stderr]    Compiling cast v0.3.0
[INFO] [stderr]    Compiling walkdir v2.4.0
[INFO] [stderr]    Compiling serde_cbor v0.11.2
[INFO] [stderr]    Compiling env_logger v0.7.1
[INFO] [stderr]    Compiling tinytemplate v1.2.1
[INFO] [stderr]    Compiling csv v1.3.0
[INFO] [stderr]    Compiling criterion-plot v0.4.5
[INFO] [stderr]    Compiling plotters v0.3.5
[INFO] [stderr]    Compiling rayon v1.8.0
[INFO] [stderr]    Compiling oorandom v11.1.3
[INFO] [stderr]    Compiling alphanumeric-sort v1.5.3
[INFO] [stderr]    Compiling criterion v0.3.6
[INFO] [stderr]    Compiling rust_icu_sys v0.3.2
[INFO] [stdout] error[E0554]: `#![feature]` may not be used on the beta release channel
[INFO] [stdout]  --> /opt/rustwide/cargo-home/registry/src/index.crates.io-6f17d22bba15001f/rust_icu_sys-0.3.2/build.rs:1:12
[INFO] [stdout]   |
[INFO] [stdout] 1 | #![feature(try_trait)]
[INFO] [stdout]   |            ^^^^^^^^^
[INFO] [stdout] 
[INFO] [stdout] 
[INFO] [stdout] error[E0635]: unknown feature `try_trait`
[INFO] [stdout]  --> /opt/rustwide/cargo-home/registry/src/index.crates.io-6f17d22bba15001f/rust_icu_sys-0.3.2/build.rs:1:12
[INFO] [stdout]   |
[INFO] [stdout] 1 | #![feature(try_trait)]
[INFO] [stdout]   |            ^^^^^^^^^
[INFO] [stdout] 
[INFO] [stdout] 
[INFO] [stdout] error: aborting due to 2 previous errors
[INFO] [stdout] 
[INFO] [stdout] 
[INFO] [stdout] Some errors have detailed explanations: E0554, E0635.
[INFO] [stdout] 
[INFO] [stdout] For more information about an error, try `rustc --explain E0554`.
[INFO] [stdout] 
[INFO] [stderr] error: could not compile `rust_icu_sys` (build script) due to 3 previous errors
[INFO] [stderr] warning: build failed, waiting for other jobs to finish...
[INFO] running `Command { std: "docker" "inspect" "b78b790d19e98a4ee08f15e0f92604cd50a8d58a09216754fc5cf38863520057", kill_on_drop: false }`
[INFO] running `Command { std: "docker" "rm" "-f" "b78b790d19e98a4ee08f15e0f92604cd50a8d58a09216754fc5cf38863520057", kill_on_drop: false }`
[INFO] [stdout] b78b790d19e98a4ee08f15e0f92604cd50a8d58a09216754fc5cf38863520057
