[INFO] fetching crate leptonic 0.3.0...
[INFO] testing leptonic-0.3.0 against 1.75.0 for beta-1.76-1
[INFO] extracting crate leptonic 0.3.0 into /workspace/builds/worker-6-tc1/source
[INFO] validating manifest of crates.io crate leptonic 0.3.0 on toolchain 1.75.0
[INFO] running `Command { std: CARGO_HOME="/workspace/cargo-home" RUSTUP_HOME="/workspace/rustup-home" "/workspace/cargo-home/bin/cargo" "+1.75.0" "metadata" "--manifest-path" "Cargo.toml" "--no-deps", kill_on_drop: false }`
[INFO] removed /workspace/builds/worker-6-tc1/source/.cargo/config.toml
[INFO] started tweaking crates.io crate leptonic 0.3.0
[INFO] finished tweaking crates.io crate leptonic 0.3.0
[INFO] tweaked toml for crates.io crate leptonic 0.3.0 written to /workspace/builds/worker-6-tc1/source/Cargo.toml
[INFO] running `Command { std: CARGO_HOME="/workspace/cargo-home" RUSTUP_HOME="/workspace/rustup-home" "/workspace/cargo-home/bin/cargo" "+1.75.0" "generate-lockfile" "--manifest-path" "Cargo.toml", kill_on_drop: false }`
[INFO] [stderr]     Updating crates.io index
[INFO] running `Command { std: CARGO_HOME="/workspace/cargo-home" RUSTUP_HOME="/workspace/rustup-home" "/workspace/cargo-home/bin/cargo" "+1.75.0" "fetch" "--manifest-path" "Cargo.toml", kill_on_drop: false }`
[INFO] [stderr]  Downloading crates ...
[INFO] [stderr]   Downloaded linear-map v1.2.0
[INFO] [stderr]   Downloaded typed-builder v0.18.0
[INFO] [stderr]   Downloaded manyhow v0.8.1
[INFO] [stderr]   Downloaded server_fn v0.5.4
[INFO] [stderr]   Downloaded gloo-net v0.2.6
[INFO] [stderr]   Downloaded leptos_server v0.5.4
[INFO] [stderr]   Downloaded drain_filter_polyfill v0.1.3
[INFO] [stderr]   Downloaded pad-adapter v0.1.1
[INFO] [stderr]   Downloaded default-struct-builder v0.5.0
[INFO] [stderr]   Downloaded attribute-derive-macro v0.8.1
[INFO] [stderr]   Downloaded self_cell v1.0.3
[INFO] [stderr]   Downloaded leptos v0.5.4
[INFO] [stderr]   Downloaded leptos_reactive v0.5.4
[INFO] [stderr]   Downloaded icondata_bs v0.0.8
[INFO] [stderr]   Downloaded icondata v0.0.8
[INFO] [stderr]   Downloaded leptos_macro v0.5.4
[INFO] [stderr]   Downloaded leptos-tiptap v0.4.0
[INFO] [stderr]   Downloaded leptos_dom v0.5.4
[INFO] [stderr]   Downloaded leptos_hot_reload v0.5.4
[INFO] [stderr]   Downloaded proc-macro-utils v0.8.0
[INFO] [stderr]   Downloaded leptos_config v0.5.4
[INFO] [stderr]   Downloaded interpolator v0.5.0
[INFO] [stderr]   Downloaded typed-builder-macro v0.18.0
[INFO] [stderr]   Downloaded attribute-derive v0.8.1
[INFO] [stderr]   Downloaded manyhow-macros v0.8.1
[INFO] [stderr]   Downloaded icondata_core v0.0.2
[INFO] [stderr]   Downloaded server_fn_macro_default v0.5.4
[INFO] [stderr]   Downloaded server_fn_macro v0.5.4
[INFO] [stderr]   Downloaded quote-use-macros v0.7.2
[INFO] [stderr]   Downloaded leptos_router v0.5.4
[INFO] [stderr]   Downloaded collection_literals v1.0.1
[INFO] [stderr]   Downloaded derive-where v1.2.7
[INFO] [stderr]   Downloaded quote-use v0.7.2
[INFO] [stderr]   Downloaded leptos-use v0.7.2
[INFO] [stderr]   Downloaded leptos_icons v0.1.0
[INFO] running `Command { std: "docker" "create" "-v" "/var/lib/crater-agent-workspace/builds/worker-6-tc1/target:/opt/rustwide/target:rw,Z" "-v" "/var/lib/crater-agent-workspace/builds/worker-6-tc1/source:/opt/rustwide/workdir:ro,Z" "-v" "/var/lib/crater-agent-workspace/cargo-home:/opt/rustwide/cargo-home:ro,Z" "-v" "/var/lib/crater-agent-workspace/rustup-home:/opt/rustwide/rustup-home:ro,Z" "-e" "SOURCE_DIR=/opt/rustwide/workdir" "-e" "CARGO_TARGET_DIR=/opt/rustwide/target" "-e" "CARGO_HOME=/opt/rustwide/cargo-home" "-e" "RUSTUP_HOME=/opt/rustwide/rustup-home" "-w" "/opt/rustwide/workdir" "-m" "1610612736" "--user" "0:0" "--network" "none" "ghcr.io/rust-lang/crates-build-env/linux@sha256:2788e3201cd34a07e3172128adcd8b3090168a8e3bcc40d7c032b9dda1df7d1c" "/opt/rustwide/cargo-home/bin/cargo" "+1.75.0" "metadata" "--no-deps" "--format-version=1", kill_on_drop: false }`
[INFO] [stdout] dfaa765277f6be2cfa23849aa28088878e8a0d872dbdef8af8760e95a06113b3
[INFO] running `Command { std: "docker" "start" "-a" "dfaa765277f6be2cfa23849aa28088878e8a0d872dbdef8af8760e95a06113b3", kill_on_drop: false }`
[INFO] running `Command { std: "docker" "inspect" "dfaa765277f6be2cfa23849aa28088878e8a0d872dbdef8af8760e95a06113b3", kill_on_drop: false }`
[INFO] running `Command { std: "docker" "rm" "-f" "dfaa765277f6be2cfa23849aa28088878e8a0d872dbdef8af8760e95a06113b3", kill_on_drop: false }`
[INFO] [stdout] dfaa765277f6be2cfa23849aa28088878e8a0d872dbdef8af8760e95a06113b3
[INFO] running `Command { std: "docker" "create" "-v" "/var/lib/crater-agent-workspace/builds/worker-6-tc1/target:/opt/rustwide/target:rw,Z" "-v" "/var/lib/crater-agent-workspace/builds/worker-6-tc1/source:/opt/rustwide/workdir:ro,Z" "-v" "/var/lib/crater-agent-workspace/cargo-home:/opt/rustwide/cargo-home:ro,Z" "-v" "/var/lib/crater-agent-workspace/rustup-home:/opt/rustwide/rustup-home:ro,Z" "-e" "SOURCE_DIR=/opt/rustwide/workdir" "-e" "CARGO_TARGET_DIR=/opt/rustwide/target" "-e" "CARGO_INCREMENTAL=0" "-e" "RUST_BACKTRACE=full" "-e" "RUSTFLAGS=--cap-lints=warn" "-e" "RUSTDOCFLAGS=--cap-lints=warn" "-e" "CARGO_HOME=/opt/rustwide/cargo-home" "-e" "RUSTUP_HOME=/opt/rustwide/rustup-home" "-w" "/opt/rustwide/workdir" "-m" "1610612736" "--user" "0:0" "--network" "none" "ghcr.io/rust-lang/crates-build-env/linux@sha256:2788e3201cd34a07e3172128adcd8b3090168a8e3bcc40d7c032b9dda1df7d1c" "/opt/rustwide/cargo-home/bin/cargo" "+1.75.0" "build" "--frozen" "--message-format=json", kill_on_drop: false }`
[INFO] [stdout] 686dbca5ce4b2ceca25ceb38be0e69bca8deb13f0e5070894a3be36484d04b63
[INFO] running `Command { std: "docker" "start" "-a" "686dbca5ce4b2ceca25ceb38be0e69bca8deb13f0e5070894a3be36484d04b63", kill_on_drop: false }`
[INFO] [stderr]    Compiling unicode-ident v1.0.12
[INFO] [stderr]    Compiling proc-macro2 v1.0.75
[INFO] [stderr]    Compiling autocfg v1.1.0
[INFO] [stderr]    Compiling serde v1.0.194
[INFO] [stderr]    Compiling once_cell v1.19.0
[INFO] [stderr]    Compiling version_check v0.9.4
[INFO] [stderr]    Compiling cfg-if v1.0.0
[INFO] [stderr]    Compiling libc v0.2.151
[INFO] [stderr]    Compiling wasm-bindgen-shared v0.2.89
[INFO] [stderr]    Compiling log v0.4.20
[INFO] [stderr]    Compiling memchr v2.7.1
[INFO] [stderr]    Compiling pin-project-lite v0.2.13
[INFO] [stderr]    Compiling bumpalo v3.14.0
[INFO] [stderr]    Compiling itoa v1.0.10
[INFO] [stderr]    Compiling futures-sink v0.3.30
[INFO] [stderr]    Compiling wasm-bindgen v0.2.89
[INFO] [stderr]    Compiling futures-core v0.3.30
[INFO] [stderr]    Compiling proc-macro-error-attr v1.0.4
[INFO] [stderr]    Compiling slab v0.4.9
[INFO] [stderr]    Compiling thiserror v1.0.56
[INFO] [stderr]    Compiling fnv v1.0.7
[INFO] [stderr]    Compiling futures-channel v0.3.30
[INFO] [stderr]    Compiling proc-macro-error v1.0.4
[INFO] [stderr]    Compiling tracing-core v0.1.32
[INFO] [stderr]    Compiling smallvec v1.11.2
[INFO] [stderr]    Compiling hashbrown v0.14.3
[INFO] [stderr]    Compiling quote v1.0.35
[INFO] [stderr]    Compiling futures-io v0.3.30
[INFO] [stderr]    Compiling bytes v1.5.0
[INFO] [stderr]    Compiling syn v2.0.48
[INFO] [stderr]    Compiling pin-utils v0.1.0
[INFO] [stderr]    Compiling equivalent v1.0.1
[INFO] [stderr]    Compiling futures-task v0.3.30
[INFO] [stderr]    Compiling ryu v1.0.16
[INFO] [stderr]    Compiling mio v0.8.10
[INFO] [stderr]    Compiling indexmap v2.1.0
[INFO] [stderr]    Compiling socket2 v0.5.5
[INFO] [stderr]    Compiling tinyvec_macros v0.1.1
[INFO] [stderr]    Compiling percent-encoding v2.3.1
[INFO] [stderr]    Compiling serde_json v1.0.111
[INFO] [stderr]    Compiling unicode-xid v0.2.4
[INFO] [stderr]    Compiling tinyvec v1.6.0
[INFO] [stderr]    Compiling http v0.2.11
[INFO] [stderr]    Compiling const_format_proc_macros v0.2.32
[INFO] [stderr]    Compiling tokio v1.35.1
[INFO] [stderr]    Compiling httparse v1.8.0
[INFO] [stderr]    Compiling form_urlencoded v1.2.1
[INFO] [stderr]    Compiling proc-macro-utils v0.8.0
[INFO] [stderr]    Compiling proc-macro2-diagnostics v0.10.1
[INFO] [stderr]    Compiling lock_api v0.4.11
[INFO] [stderr]    Compiling unicode-normalization v0.1.22
[INFO] [stderr]    Compiling xxhash-rust v0.8.8
[INFO] [stderr]    Compiling try-lock v0.2.5
[INFO] [stderr]    Compiling parking_lot_core v0.9.9
[INFO] [stderr]    Compiling unicode-bidi v0.3.14
[INFO] [stderr]    Compiling manyhow-macros v0.8.1
[INFO] [stderr]    Compiling want v0.3.1
[INFO] [stderr]    Compiling const_format v0.2.32
[INFO] [stderr]    Compiling http-body v0.4.6
[INFO] [stderr]    Compiling idna v0.5.0
[INFO] [stderr]    Compiling slotmap v1.0.7
[INFO] [stderr]    Compiling anyhow v1.0.79
[INFO] [stderr]    Compiling ciborium-io v0.2.1
[INFO] [stderr]    Compiling camino v1.1.6
[INFO] [stderr]    Compiling tower-service v0.3.2
[INFO] [stderr]    Compiling scopeguard v1.2.0
[INFO] [stderr]    Compiling paste v1.0.14
[INFO] [stderr]    Compiling base64 v0.21.5
[INFO] [stderr]    Compiling yansi v1.0.0-rc.1
[INFO] [stderr]    Compiling either v1.9.0
[INFO] [stderr]    Compiling httpdate v1.0.3
[INFO] [stderr]    Compiling lazy_static v1.4.0
[INFO] [stderr]    Compiling half v1.8.2
[INFO] [stderr]    Compiling url v2.5.0
[INFO] [stderr]    Compiling ciborium-ll v0.2.1
[INFO] [stderr]    Compiling num-traits v0.2.17
[INFO] [stderr]    Compiling encoding_rs v0.8.33
[INFO] [stderr]    Compiling async-trait v0.1.77
[INFO] [stderr]    Compiling same-file v1.0.6
[INFO] [stderr]    Compiling utf8-width v0.1.7
[INFO] [stderr]    Compiling prettyplease v0.2.16
[INFO] [stderr]    Compiling collection_literals v1.0.1
[INFO] [stderr]    Compiling mime v0.3.17
[INFO] [stderr]    Compiling ipnet v2.9.0
[INFO] [stderr]    Compiling interpolator v0.5.0
[INFO] [stderr]    Compiling html-escape v0.2.13
[INFO] [stderr]    Compiling wasm-bindgen-backend v0.2.89
[INFO] [stderr]    Compiling manyhow v0.8.1
[INFO] [stderr]    Compiling walkdir v2.4.0
[INFO] [stderr]    Compiling parking_lot v0.12.1
[INFO] [stderr]    Compiling getrandom v0.2.11
[INFO] [stderr]    Compiling aho-corasick v1.1.2
[INFO] [stderr]    Compiling regex-syntax v0.8.2
[INFO] [stderr]    Compiling minimal-lexical v0.2.1
[INFO] [stderr]    Compiling wasm-bindgen-macro-support v0.2.89
[INFO] [stderr]    Compiling self_cell v1.0.3
[INFO] [stderr]    Compiling rustc-hash v1.1.0
[INFO] [stderr]    Compiling unicode-segmentation v1.10.1
[INFO] [stderr]    Compiling nom v7.1.3
[INFO] [stderr]    Compiling uuid v1.6.1
[INFO] [stderr]    Compiling convert_case v0.6.0
[INFO] [stderr]    Compiling serde_derive v1.0.194
[INFO] [stderr]    Compiling wasm-bindgen-macro v0.2.89
[INFO] [stderr]    Compiling thiserror-impl v1.0.56
[INFO] [stderr]    Compiling tracing-attributes v0.1.27
[INFO] [stderr]    Compiling futures-macro v0.3.30
[INFO] [stderr]    Compiling js-sys v0.3.66
[INFO] [stderr]    Compiling derive-where v1.2.7
[INFO] [stderr]    Compiling pin-project-internal v1.1.3
[INFO] [stderr]    Compiling syn_derive v0.1.8
[INFO] [stderr]    Compiling futures-util v0.3.30
[INFO] [stderr]    Compiling tracing v0.1.40
[INFO] [stderr]    Compiling tokio-util v0.7.10
[INFO] [stderr]    Compiling rstml v0.11.2
[INFO] [stderr]    Compiling pin-project v1.1.3
[INFO] [stderr]    Compiling regex-automata v0.4.3
[INFO] [stderr]    Compiling quote-use-macros v0.7.2
[INFO] [stderr]    Compiling typed-builder-macro v0.18.0
[INFO] [stderr]    Compiling quote-use v0.7.2
[INFO] [stderr]    Compiling attribute-derive-macro v0.8.1
[INFO] [stderr]    Compiling h2 v0.3.22
[INFO] [stderr]    Compiling futures-executor v0.3.30
[INFO] [stderr]    Compiling futures v0.3.30
[INFO] [stderr]    Compiling web-sys v0.3.66
[INFO] [stderr]    Compiling wasm-bindgen-futures v0.4.39
[INFO] [stderr]    Compiling attribute-derive v0.8.1
[INFO] [stderr]    Compiling itertools v0.11.0
[INFO] [stderr]    Compiling num-integer v0.1.45
[INFO] [stderr]    Compiling pathdiff v0.2.1
[INFO] [stderr]    Compiling regex v1.10.2
[INFO] [stderr]    Compiling serde_urlencoded v0.7.1
[INFO] [stderr]    Compiling ciborium v0.2.1
[INFO] [stderr]    Compiling serde-wasm-bindgen v0.5.0
[INFO] [stderr]    Compiling server_fn_macro v0.5.4
[INFO] [stderr]    Compiling serde_qs v0.12.0
[INFO] [stderr]    Compiling leptos_hot_reload v0.5.4
[INFO] [stderr]    Compiling server_fn_macro_default v0.5.4
[INFO] [stderr]    Compiling leptos_reactive v0.5.4
[INFO] [stderr]    Compiling toml v0.5.11
[INFO] [stderr]    Compiling hyper v0.14.28
[INFO] [stderr]    Compiling typed-builder v0.18.0
[INFO] [stderr]    Compiling async-recursion v1.0.5
[INFO] [stderr]    Compiling leptos_macro v0.5.4
[INFO] [stderr]    Compiling config v0.13.4
[INFO] [stderr]    Compiling itertools v0.10.5
[INFO] [stderr]    Compiling drain_filter_polyfill v0.1.3
[INFO] [stderr]    Compiling inventory v0.3.14
[INFO] [stderr]    Compiling pad-adapter v0.1.1
[INFO] [stderr]    Compiling leptos_config v0.5.4
[INFO] [stderr]    Compiling reqwest v0.11.23
[INFO] [stderr]    Compiling num-bigint v0.4.4
[INFO] [stderr]    Compiling ident_case v1.0.1
[INFO] [stderr]    Compiling strsim v0.10.0
[INFO] [stderr]    Compiling num-iter v0.1.43
[INFO] [stderr]    Compiling darling_core v0.20.3
[INFO] [stderr]    Compiling num-rational v0.4.1
[INFO] [stderr]    Compiling rustversion v1.0.14
[INFO] [stderr]    Compiling server_fn v0.5.4
[INFO] [stderr]    Compiling icondata_core v0.0.2
[INFO] [stderr]    Compiling icondata_bs v0.0.8
[INFO] [stderr]    Compiling serde_test v1.0.176
[INFO] [stderr]    Compiling num-complex v0.4.4
[INFO] [stderr]    Compiling heck v0.4.1
[INFO] [stderr]    Compiling time-core v0.1.2
[INFO] [stderr]    Compiling powerfmt v0.2.0
[INFO] [stderr]    Compiling strum_macros v0.25.3
[INFO] [stderr]    Compiling deranged v0.3.11
[INFO] [stderr]    Compiling leptos_server v0.5.4
[INFO] [stderr]    Compiling num v0.4.1
[INFO] [stderr]    Compiling time-macros v0.2.16
[INFO] [stderr]    Compiling linear-map v1.2.0
[INFO] [stderr]    Compiling icondata v0.0.8
[INFO] [stderr]    Compiling darling_macro v0.20.3
[INFO] [stderr]    Compiling serde-wasm-bindgen v0.6.3
[INFO] [stderr]    Compiling atomic v0.5.3
[INFO] [stderr]    Compiling indoc v2.0.4
[INFO] [stderr]    Compiling darling v0.20.3
[INFO] [stderr]    Compiling default-struct-builder v0.5.0
[INFO] [stderr]    Compiling strum v0.25.0
[INFO] [stderr]    Compiling time v0.3.31
[INFO] [stderr]    Compiling leptos_dom v0.5.4
[INFO] [stderr]    Compiling gloo-utils v0.1.7
[INFO] [stderr]    Compiling gloo-net v0.2.6
[INFO] [stderr]    Compiling leptos v0.5.4
[INFO] [stderr]    Compiling leptos-tiptap v0.4.0
[INFO] [stderr]    Compiling leptos_router v0.5.4
[INFO] [stderr]    Compiling leptos-use v0.7.2
[INFO] [stderr]    Compiling leptos_icons v0.1.0
[INFO] [stderr]    Compiling leptonic v0.3.0 (/opt/rustwide/workdir)
[INFO] [stdout] error[E0432]: unresolved imports `leptos_use::use_element_size`, `leptos_use::UseElementSizeReturn`
[INFO] [stdout]  --> src/progress_bar.rs:2:18
[INFO] [stdout]   |
[INFO] [stdout] 2 | use leptos_use::{use_element_size, UseElementSizeReturn};
[INFO] [stdout]   |                  ^^^^^^^^^^^^^^^^  ^^^^^^^^^^^^^^^^^^^^ no `UseElementSizeReturn` in the root
[INFO] [stdout]   |                  |
[INFO] [stdout]   |                  no `use_element_size` in the root
[INFO] [stdout]   |                  help: a similar name exists in the module: `use_element_hover`
[INFO] [stdout] 
[INFO] [stdout] 
[INFO] [stdout] error[E0432]: unresolved imports `leptos_use::use_element_size`, `leptos_use::UseElementSizeReturn`
[INFO] [stdout]  --> src/skeleton.rs:2:18
[INFO] [stdout]   |
[INFO] [stdout] 2 | use leptos_use::{use_element_size, UseElementSizeReturn};
[INFO] [stdout]   |                  ^^^^^^^^^^^^^^^^  ^^^^^^^^^^^^^^^^^^^^ no `UseElementSizeReturn` in the root
[INFO] [stdout]   |                  |
[INFO] [stdout]   |                  no `use_element_size` in the root
[INFO] [stdout]   |                  help: a similar name exists in the module: `use_element_hover`
[INFO] [stdout] 
[INFO] [stdout] 
[INFO] [stdout] error: aborting due to 2 previous errors
[INFO] [stdout] 
[INFO] [stdout] 
[INFO] [stdout] For more information about this error, try `rustc --explain E0432`.
[INFO] [stdout] 
[INFO] [stderr] error: could not compile `leptonic` (lib) due to 3 previous errors
[INFO] running `Command { std: "docker" "inspect" "686dbca5ce4b2ceca25ceb38be0e69bca8deb13f0e5070894a3be36484d04b63", kill_on_drop: false }`
[INFO] running `Command { std: "docker" "rm" "-f" "686dbca5ce4b2ceca25ceb38be0e69bca8deb13f0e5070894a3be36484d04b63", kill_on_drop: false }`
[INFO] [stdout] 686dbca5ce4b2ceca25ceb38be0e69bca8deb13f0e5070894a3be36484d04b63
[INFO] testing leptonic-0.3.0 against beta-2023-12-22 for beta-1.76-1
[INFO] extracting crate leptonic 0.3.0 into /workspace/builds/worker-6-tc2/source
[INFO] validating manifest of crates.io crate leptonic 0.3.0 on toolchain beta-2023-12-22
[INFO] running `Command { std: CARGO_HOME="/workspace/cargo-home" RUSTUP_HOME="/workspace/rustup-home" "/workspace/cargo-home/bin/cargo" "+beta-2023-12-22" "metadata" "--manifest-path" "Cargo.toml" "--no-deps", kill_on_drop: false }`
[INFO] removed /workspace/builds/worker-6-tc2/source/.cargo/config.toml
[INFO] started tweaking crates.io crate leptonic 0.3.0
[INFO] finished tweaking crates.io crate leptonic 0.3.0
[INFO] tweaked toml for crates.io crate leptonic 0.3.0 written to /workspace/builds/worker-6-tc2/source/Cargo.toml
[INFO] running `Command { std: CARGO_HOME="/workspace/cargo-home" RUSTUP_HOME="/workspace/rustup-home" "/workspace/cargo-home/bin/cargo" "+beta-2023-12-22" "generate-lockfile" "--manifest-path" "Cargo.toml", kill_on_drop: false }`
[INFO] [stderr]     Blocking waiting for file lock on package cache
[INFO] [stderr]     Updating crates.io index
[INFO] running `Command { std: CARGO_HOME="/workspace/cargo-home" RUSTUP_HOME="/workspace/rustup-home" "/workspace/cargo-home/bin/cargo" "+beta-2023-12-22" "fetch" "--manifest-path" "Cargo.toml", kill_on_drop: false }`
[INFO] running `Command { std: "docker" "create" "-v" "/var/lib/crater-agent-workspace/builds/worker-6-tc2/target:/opt/rustwide/target:rw,Z" "-v" "/var/lib/crater-agent-workspace/builds/worker-6-tc2/source:/opt/rustwide/workdir:ro,Z" "-v" "/var/lib/crater-agent-workspace/cargo-home:/opt/rustwide/cargo-home:ro,Z" "-v" "/var/lib/crater-agent-workspace/rustup-home:/opt/rustwide/rustup-home:ro,Z" "-e" "SOURCE_DIR=/opt/rustwide/workdir" "-e" "CARGO_TARGET_DIR=/opt/rustwide/target" "-e" "CARGO_HOME=/opt/rustwide/cargo-home" "-e" "RUSTUP_HOME=/opt/rustwide/rustup-home" "-w" "/opt/rustwide/workdir" "-m" "1610612736" "--user" "0:0" "--network" "none" "ghcr.io/rust-lang/crates-build-env/linux@sha256:2788e3201cd34a07e3172128adcd8b3090168a8e3bcc40d7c032b9dda1df7d1c" "/opt/rustwide/cargo-home/bin/cargo" "+beta-2023-12-22" "metadata" "--no-deps" "--format-version=1", kill_on_drop: false }`
[INFO] [stdout] 748696532eab71fa8689b3eec8fbcd776fe335dbaa6833fbf125017a8cded9bd
[INFO] running `Command { std: "docker" "start" "-a" "748696532eab71fa8689b3eec8fbcd776fe335dbaa6833fbf125017a8cded9bd", kill_on_drop: false }`
[INFO] running `Command { std: "docker" "inspect" "748696532eab71fa8689b3eec8fbcd776fe335dbaa6833fbf125017a8cded9bd", kill_on_drop: false }`
[INFO] running `Command { std: "docker" "rm" "-f" "748696532eab71fa8689b3eec8fbcd776fe335dbaa6833fbf125017a8cded9bd", kill_on_drop: false }`
[INFO] [stdout] 748696532eab71fa8689b3eec8fbcd776fe335dbaa6833fbf125017a8cded9bd
[INFO] running `Command { std: "docker" "create" "-v" "/var/lib/crater-agent-workspace/builds/worker-6-tc2/target:/opt/rustwide/target:rw,Z" "-v" "/var/lib/crater-agent-workspace/builds/worker-6-tc2/source:/opt/rustwide/workdir:ro,Z" "-v" "/var/lib/crater-agent-workspace/cargo-home:/opt/rustwide/cargo-home:ro,Z" "-v" "/var/lib/crater-agent-workspace/rustup-home:/opt/rustwide/rustup-home:ro,Z" "-e" "SOURCE_DIR=/opt/rustwide/workdir" "-e" "CARGO_TARGET_DIR=/opt/rustwide/target" "-e" "CARGO_INCREMENTAL=0" "-e" "RUST_BACKTRACE=full" "-e" "RUSTFLAGS=--cap-lints=warn" "-e" "RUSTDOCFLAGS=--cap-lints=warn" "-e" "CARGO_HOME=/opt/rustwide/cargo-home" "-e" "RUSTUP_HOME=/opt/rustwide/rustup-home" "-w" "/opt/rustwide/workdir" "-m" "1610612736" "--user" "0:0" "--network" "none" "ghcr.io/rust-lang/crates-build-env/linux@sha256:2788e3201cd34a07e3172128adcd8b3090168a8e3bcc40d7c032b9dda1df7d1c" "/opt/rustwide/cargo-home/bin/cargo" "+beta-2023-12-22" "build" "--frozen" "--message-format=json", kill_on_drop: false }`
[INFO] [stdout] 53dc33facf86074c2d6f1ca7849593e6728d25aed1c276b942ff3e7986ac7e51
[INFO] running `Command { std: "docker" "start" "-a" "53dc33facf86074c2d6f1ca7849593e6728d25aed1c276b942ff3e7986ac7e51", kill_on_drop: false }`
[INFO] [stderr]    Compiling unicode-ident v1.0.12
[INFO] [stderr]    Compiling proc-macro2 v1.0.75
[INFO] [stderr]    Compiling autocfg v1.1.0
[INFO] [stderr]    Compiling serde v1.0.194
[INFO] [stderr]    Compiling once_cell v1.19.0
[INFO] [stderr]    Compiling version_check v0.9.4
[INFO] [stderr]    Compiling cfg-if v1.0.0
[INFO] [stderr]    Compiling libc v0.2.151
[INFO] [stderr]    Compiling log v0.4.20
[INFO] [stderr]    Compiling wasm-bindgen-shared v0.2.89
[INFO] [stderr]    Compiling memchr v2.7.1
[INFO] [stderr]    Compiling bumpalo v3.14.0
[INFO] [stderr]    Compiling pin-project-lite v0.2.13
[INFO] [stderr]    Compiling itoa v1.0.10
[INFO] [stderr]    Compiling futures-sink v0.3.30
[INFO] [stderr]    Compiling wasm-bindgen v0.2.89
[INFO] [stderr]    Compiling futures-core v0.3.30
[INFO] [stderr]    Compiling slab v0.4.9
[INFO] [stderr]    Compiling proc-macro-error-attr v1.0.4
[INFO] [stderr]    Compiling fnv v1.0.7
[INFO] [stderr]    Compiling thiserror v1.0.56
[INFO] [stderr]    Compiling futures-channel v0.3.30
[INFO] [stderr]    Compiling proc-macro-error v1.0.4
[INFO] [stderr]    Compiling tracing-core v0.1.32
[INFO] [stderr]    Compiling pin-utils v0.1.0
[INFO] [stderr]    Compiling hashbrown v0.14.3
[INFO] [stderr]    Compiling smallvec v1.11.2
[INFO] [stderr]    Compiling equivalent v1.0.1
[INFO] [stderr]    Compiling futures-io v0.3.30
[INFO] [stderr]    Compiling quote v1.0.35
[INFO] [stderr]    Compiling futures-task v0.3.30
[INFO] [stderr]    Compiling bytes v1.5.0
[INFO] [stderr]    Compiling syn v2.0.48
[INFO] [stderr]    Compiling ryu v1.0.16
[INFO] [stderr]    Compiling indexmap v2.1.0
[INFO] [stderr]    Compiling mio v0.8.10
[INFO] [stderr]    Compiling socket2 v0.5.5
[INFO] [stderr]    Compiling percent-encoding v2.3.1
[INFO] [stderr]    Compiling unicode-xid v0.2.4
[INFO] [stderr]    Compiling serde_json v1.0.111
[INFO] [stderr]    Compiling tinyvec_macros v0.1.1
[INFO] [stderr]    Compiling tinyvec v1.6.0
[INFO] [stderr]    Compiling const_format_proc_macros v0.2.32
[INFO] [stderr]    Compiling tokio v1.35.1
[INFO] [stderr]    Compiling http v0.2.11
[INFO] [stderr]    Compiling httparse v1.8.0
[INFO] [stderr]    Compiling form_urlencoded v1.2.1
[INFO] [stderr]    Compiling proc-macro-utils v0.8.0
[INFO] [stderr]    Compiling lock_api v0.4.11
[INFO] [stderr]    Compiling proc-macro2-diagnostics v0.10.1
[INFO] [stderr]    Compiling xxhash-rust v0.8.8
[INFO] [stderr]    Compiling parking_lot_core v0.9.9
[INFO] [stderr]    Compiling unicode-normalization v0.1.22
[INFO] [stderr]    Compiling unicode-bidi v0.3.14
[INFO] [stderr]    Compiling try-lock v0.2.5
[INFO] [stderr]    Compiling want v0.3.1
[INFO] [stderr]    Compiling manyhow-macros v0.8.1
[INFO] [stderr]    Compiling http-body v0.4.6
[INFO] [stderr]    Compiling const_format v0.2.32
[INFO] [stderr]    Compiling idna v0.5.0
[INFO] [stderr]    Compiling slotmap v1.0.7
[INFO] [stderr]    Compiling tower-service v0.3.2
[INFO] [stderr]    Compiling camino v1.1.6
[INFO] [stderr]    Compiling anyhow v1.0.79
[INFO] [stderr]    Compiling paste v1.0.14
[INFO] [stderr]    Compiling half v1.8.2
[INFO] [stderr]    Compiling httpdate v1.0.3
[INFO] [stderr]    Compiling scopeguard v1.2.0
[INFO] [stderr]    Compiling either v1.9.0
[INFO] [stderr]    Compiling lazy_static v1.4.0
[INFO] [stderr]    Compiling ciborium-io v0.2.1
[INFO] [stderr]    Compiling yansi v1.0.0-rc.1
[INFO] [stderr]    Compiling base64 v0.21.5
[INFO] [stderr]    Compiling ciborium-ll v0.2.1
[INFO] [stderr]    Compiling wasm-bindgen-backend v0.2.89
[INFO] [stderr]    Compiling manyhow v0.8.1
[INFO] [stderr]    Compiling url v2.5.0
[INFO] [stderr]    Compiling num-traits v0.2.17
[INFO] [stderr]    Compiling encoding_rs v0.8.33
[INFO] [stderr]    Compiling async-trait v0.1.77
[INFO] [stderr]    Compiling same-file v1.0.6
[INFO] [stderr]    Compiling ipnet v2.9.0
[INFO] [stderr]    Compiling mime v0.3.17
[INFO] [stderr]    Compiling wasm-bindgen-macro-support v0.2.89
[INFO] [stderr]    Compiling collection_literals v1.0.1
[INFO] [stderr]    Compiling prettyplease v0.2.16
[INFO] [stderr]    Compiling interpolator v0.5.0
[INFO] [stderr]    Compiling utf8-width v0.1.7
[INFO] [stderr]    Compiling html-escape v0.2.13
[INFO] [stderr]    Compiling walkdir v2.4.0
[INFO] [stderr]    Compiling parking_lot v0.12.1
[INFO] [stderr]    Compiling getrandom v0.2.11
[INFO] [stderr]    Compiling aho-corasick v1.1.2
[INFO] [stderr]    Compiling self_cell v1.0.3
[INFO] [stderr]    Compiling regex-syntax v0.8.2
[INFO] [stderr]    Compiling rustc-hash v1.1.0
[INFO] [stderr]    Compiling unicode-segmentation v1.10.1
[INFO] [stderr]    Compiling serde_derive v1.0.194
[INFO] [stderr]    Compiling wasm-bindgen-macro v0.2.89
[INFO] [stderr]    Compiling thiserror-impl v1.0.56
[INFO] [stderr]    Compiling tracing-attributes v0.1.27
[INFO] [stderr]    Compiling futures-macro v0.3.30
[INFO] [stderr]    Compiling js-sys v0.3.66
[INFO] [stderr]    Compiling derive-where v1.2.7
[INFO] [stderr]    Compiling futures-util v0.3.30
[INFO] [stderr]    Compiling tracing v0.1.40
[INFO] [stderr]    Compiling tokio-util v0.7.10
[INFO] [stderr]    Compiling pin-project-internal v1.1.3
[INFO] [stderr]    Compiling syn_derive v0.1.8
[INFO] [stderr]    Compiling minimal-lexical v0.2.1
[INFO] [stderr]    Compiling nom v7.1.3
[INFO] [stderr]    Compiling quote-use-macros v0.7.2
[INFO] [stderr]    Compiling quote-use v0.7.2
[INFO] [stderr]    Compiling attribute-derive-macro v0.8.1
[INFO] [stderr]    Compiling pin-project v1.1.3
[INFO] [stderr]    Compiling web-sys v0.3.66
[INFO] [stderr]    Compiling h2 v0.3.22
[INFO] [stderr]    Compiling futures-executor v0.3.30
[INFO] [stderr]    Compiling futures v0.3.30
[INFO] [stderr]    Compiling rstml v0.11.2
[INFO] [stderr]    Compiling wasm-bindgen-futures v0.4.39
[INFO] [stderr]    Compiling regex-automata v0.4.3
[INFO] [stderr]    Compiling attribute-derive v0.8.1
[INFO] [stderr]    Compiling convert_case v0.6.0
[INFO] [stderr]    Compiling typed-builder-macro v0.18.0
[INFO] [stderr]    Compiling server_fn_macro v0.5.4
[INFO] [stderr]    Compiling serde_urlencoded v0.7.1
[INFO] [stderr]    Compiling server_fn_macro_default v0.5.4
[INFO] [stderr]    Compiling serde-wasm-bindgen v0.5.0
[INFO] [stderr]    Compiling serde_qs v0.12.0
[INFO] [stderr]    Compiling ciborium v0.2.1
[INFO] [stderr]    Compiling leptos_hot_reload v0.5.4
[INFO] [stderr]    Compiling toml v0.5.11
[INFO] [stderr]    Compiling hyper v0.14.28
[INFO] [stderr]    Compiling leptos_reactive v0.5.4
[INFO] [stderr]    Compiling uuid v1.6.1
[INFO] [stderr]    Compiling itertools v0.11.0
[INFO] [stderr]    Compiling num-integer v0.1.45
[INFO] [stderr]    Compiling pathdiff v0.2.1
[INFO] [stderr]    Compiling config v0.13.4
[INFO] [stderr]    Compiling regex v1.10.2
[INFO] [stderr]    Compiling typed-builder v0.18.0
[INFO] [stderr]    Compiling async-recursion v1.0.5
[INFO] [stderr]    Compiling itertools v0.10.5
[INFO] [stderr]    Compiling reqwest v0.11.23
[INFO] [stderr]    Compiling leptos_macro v0.5.4
[INFO] [stderr]    Compiling inventory v0.3.14
[INFO] [stderr]    Compiling pad-adapter v0.1.1
[INFO] [stderr]    Compiling drain_filter_polyfill v0.1.3
[INFO] [stderr]    Compiling leptos_config v0.5.4
[INFO] [stderr]    Compiling num-bigint v0.4.4
[INFO] [stderr]    Compiling strsim v0.10.0
[INFO] [stderr]    Compiling server_fn v0.5.4
[INFO] [stderr]    Compiling ident_case v1.0.1
[INFO] [stderr]    Compiling darling_core v0.20.3
[INFO] [stderr]    Compiling num-rational v0.4.1
[INFO] [stderr]    Compiling num-iter v0.1.43
[INFO] [stderr]    Compiling rustversion v1.0.14
[INFO] [stderr]    Compiling icondata_core v0.0.2
[INFO] [stderr]    Compiling icondata_bs v0.0.8
[INFO] [stderr]    Compiling num-complex v0.4.4
[INFO] [stderr]    Compiling serde_test v1.0.176
[INFO] [stderr]    Compiling powerfmt v0.2.0
[INFO] [stderr]    Compiling time-core v0.1.2
[INFO] [stderr]    Compiling heck v0.4.1
[INFO] [stderr]    Compiling time-macros v0.2.16
[INFO] [stderr]    Compiling deranged v0.3.11
[INFO] [stderr]    Compiling strum_macros v0.25.3
[INFO] [stderr]    Compiling num v0.4.1
[INFO] [stderr]    Compiling linear-map v1.2.0
[INFO] [stderr]    Compiling leptos_server v0.5.4
[INFO] [stderr]    Compiling darling_macro v0.20.3
[INFO] [stderr]    Compiling icondata v0.0.8
[INFO] [stderr]    Compiling serde-wasm-bindgen v0.6.3
[INFO] [stderr]    Compiling atomic v0.5.3
[INFO] [stderr]    Compiling indoc v2.0.4
[INFO] [stderr]    Compiling darling v0.20.3
[INFO] [stderr]    Compiling default-struct-builder v0.5.0
[INFO] [stderr]    Compiling strum v0.25.0
[INFO] [stderr]    Compiling time v0.3.31
[INFO] [stderr]    Compiling leptos_dom v0.5.4
[INFO] [stderr]    Compiling gloo-utils v0.1.7
[INFO] [stderr]    Compiling gloo-net v0.2.6
[INFO] [stderr]    Compiling leptos v0.5.4
[INFO] [stderr]    Compiling leptos-use v0.7.2
[INFO] [stderr]    Compiling leptos_router v0.5.4
[INFO] [stderr]    Compiling leptos_icons v0.1.0
[INFO] [stderr]    Compiling leptos-tiptap v0.4.0
[INFO] [stderr]    Compiling leptonic v0.3.0 (/opt/rustwide/workdir)
[INFO] [stdout] error[E0432]: unresolved imports `leptos_use::use_element_size`, `leptos_use::UseElementSizeReturn`
[INFO] [stdout]  --> src/progress_bar.rs:2:18
[INFO] [stdout]   |
[INFO] [stdout] 2 | use leptos_use::{use_element_size, UseElementSizeReturn};
[INFO] [stdout]   |                  ^^^^^^^^^^^^^^^^  ^^^^^^^^^^^^^^^^^^^^ no `UseElementSizeReturn` in the root
[INFO] [stdout]   |                  |
[INFO] [stdout]   |                  no `use_element_size` in the root
[INFO] [stdout]   |                  help: a similar name exists in the module: `use_element_hover`
[INFO] [stdout] 
[INFO] [stdout] 
[INFO] [stdout] error[E0432]: unresolved imports `leptos_use::use_element_size`, `leptos_use::UseElementSizeReturn`
[INFO] [stdout]  --> src/skeleton.rs:2:18
[INFO] [stdout]   |
[INFO] [stdout] 2 | use leptos_use::{use_element_size, UseElementSizeReturn};
[INFO] [stdout]   |                  ^^^^^^^^^^^^^^^^  ^^^^^^^^^^^^^^^^^^^^ no `UseElementSizeReturn` in the root
[INFO] [stdout]   |                  |
[INFO] [stdout]   |                  no `use_element_size` in the root
[INFO] [stdout]   |                  help: a similar name exists in the module: `use_element_hover`
[INFO] [stdout] 
[INFO] [stdout] 
[INFO] [stdout] error: aborting due to 2 previous errors
[INFO] [stdout] 
[INFO] [stdout] 
[INFO] [stdout] For more information about this error, try `rustc --explain E0432`.
[INFO] [stdout] 
[INFO] [stderr] error: could not compile `leptonic` (lib) due to 3 previous errors
[INFO] running `Command { std: "docker" "inspect" "53dc33facf86074c2d6f1ca7849593e6728d25aed1c276b942ff3e7986ac7e51", kill_on_drop: false }`
[INFO] running `Command { std: "docker" "rm" "-f" "53dc33facf86074c2d6f1ca7849593e6728d25aed1c276b942ff3e7986ac7e51", kill_on_drop: false }`
[INFO] [stdout] 53dc33facf86074c2d6f1ca7849593e6728d25aed1c276b942ff3e7986ac7e51
