[INFO] fetching crate ldap3 0.11.3...
[INFO] testing ldap3-0.11.3 against 1.75.0 for beta-1.76-1
[INFO] extracting crate ldap3 0.11.3 into /workspace/builds/worker-4-tc1/source
[INFO] validating manifest of crates.io crate ldap3 0.11.3 on toolchain 1.75.0
[INFO] running `Command { std: CARGO_HOME="/workspace/cargo-home" RUSTUP_HOME="/workspace/rustup-home" "/workspace/cargo-home/bin/cargo" "+1.75.0" "metadata" "--manifest-path" "Cargo.toml" "--no-deps", kill_on_drop: false }`
[INFO] started tweaking crates.io crate ldap3 0.11.3
[INFO] finished tweaking crates.io crate ldap3 0.11.3
[INFO] tweaked toml for crates.io crate ldap3 0.11.3 written to /workspace/builds/worker-4-tc1/source/Cargo.toml
[INFO] crate crates.io crate ldap3 0.11.3 already has a lockfile, it will not be regenerated
[INFO] running `Command { std: CARGO_HOME="/workspace/cargo-home" RUSTUP_HOME="/workspace/rustup-home" "/workspace/cargo-home/bin/cargo" "+1.75.0" "fetch" "--manifest-path" "Cargo.toml", kill_on_drop: false }`
[INFO] [stderr]     Updating crates.io index
[INFO] [stderr]  Downloading crates ...
[INFO] [stderr]   Downloaded der-parser v8.1.0
[INFO] [stderr]   Downloaded lber v0.4.2
[INFO] [stderr]   Downloaded libgssapi-sys v0.2.4
[INFO] [stderr]   Downloaded x509-parser v0.15.0
[INFO] [stderr]   Downloaded asn1-rs v0.5.1
[INFO] [stderr]   Downloaded clang-sys v1.3.1
[INFO] [stderr]   Downloaded cross-krb5 v0.3.0
[INFO] [stderr]   Downloaded libgssapi v0.6.1
[INFO] running `Command { std: "docker" "create" "-v" "/var/lib/crater-agent-workspace/builds/worker-4-tc1/target:/opt/rustwide/target:rw,Z" "-v" "/var/lib/crater-agent-workspace/builds/worker-4-tc1/source:/opt/rustwide/workdir:ro,Z" "-v" "/var/lib/crater-agent-workspace/cargo-home:/opt/rustwide/cargo-home:ro,Z" "-v" "/var/lib/crater-agent-workspace/rustup-home:/opt/rustwide/rustup-home:ro,Z" "-e" "SOURCE_DIR=/opt/rustwide/workdir" "-e" "CARGO_TARGET_DIR=/opt/rustwide/target" "-e" "CARGO_HOME=/opt/rustwide/cargo-home" "-e" "RUSTUP_HOME=/opt/rustwide/rustup-home" "-w" "/opt/rustwide/workdir" "-m" "1610612736" "--user" "0:0" "--network" "none" "ghcr.io/rust-lang/crates-build-env/linux@sha256:2788e3201cd34a07e3172128adcd8b3090168a8e3bcc40d7c032b9dda1df7d1c" "/opt/rustwide/cargo-home/bin/cargo" "+1.75.0" "metadata" "--no-deps" "--format-version=1", kill_on_drop: false }`
[INFO] [stdout] 76254607caf978aac9727265ef388fb2ce7803710df22e79c6cc45fc7ed4295d
[INFO] running `Command { std: "docker" "start" "-a" "76254607caf978aac9727265ef388fb2ce7803710df22e79c6cc45fc7ed4295d", kill_on_drop: false }`
[INFO] running `Command { std: "docker" "inspect" "76254607caf978aac9727265ef388fb2ce7803710df22e79c6cc45fc7ed4295d", kill_on_drop: false }`
[INFO] running `Command { std: "docker" "rm" "-f" "76254607caf978aac9727265ef388fb2ce7803710df22e79c6cc45fc7ed4295d", kill_on_drop: false }`
[INFO] [stdout] 76254607caf978aac9727265ef388fb2ce7803710df22e79c6cc45fc7ed4295d
[INFO] running `Command { std: "docker" "create" "-v" "/var/lib/crater-agent-workspace/builds/worker-4-tc1/target:/opt/rustwide/target:rw,Z" "-v" "/var/lib/crater-agent-workspace/builds/worker-4-tc1/source:/opt/rustwide/workdir:ro,Z" "-v" "/var/lib/crater-agent-workspace/cargo-home:/opt/rustwide/cargo-home:ro,Z" "-v" "/var/lib/crater-agent-workspace/rustup-home:/opt/rustwide/rustup-home:ro,Z" "-e" "SOURCE_DIR=/opt/rustwide/workdir" "-e" "CARGO_TARGET_DIR=/opt/rustwide/target" "-e" "CARGO_INCREMENTAL=0" "-e" "RUST_BACKTRACE=full" "-e" "RUSTFLAGS=--cap-lints=warn" "-e" "RUSTDOCFLAGS=--cap-lints=warn" "-e" "CARGO_HOME=/opt/rustwide/cargo-home" "-e" "RUSTUP_HOME=/opt/rustwide/rustup-home" "-w" "/opt/rustwide/workdir" "-m" "1610612736" "--user" "0:0" "--network" "none" "ghcr.io/rust-lang/crates-build-env/linux@sha256:2788e3201cd34a07e3172128adcd8b3090168a8e3bcc40d7c032b9dda1df7d1c" "/opt/rustwide/cargo-home/bin/cargo" "+1.75.0" "build" "--frozen" "--message-format=json", kill_on_drop: false }`
[INFO] [stdout] c0647da9fb75055ed9beb4c294f170b2d57599a48ed03fc523baf80744045e4e
[INFO] running `Command { std: "docker" "start" "-a" "c0647da9fb75055ed9beb4c294f170b2d57599a48ed03fc523baf80744045e4e", kill_on_drop: false }`
[INFO] [stderr]    Compiling proc-macro2 v1.0.49
[INFO] [stderr]    Compiling unicode-ident v1.0.6
[INFO] [stderr]    Compiling syn v1.0.107
[INFO] [stderr]    Compiling libc v0.2.138
[INFO] [stderr]    Compiling futures-core v0.3.25
[INFO] [stderr]    Compiling cc v1.0.73
[INFO] [stderr]    Compiling log v0.4.17
[INFO] [stderr]    Compiling pin-project-lite v0.2.8
[INFO] [stderr]    Compiling once_cell v1.16.0
[INFO] [stderr]    Compiling bytes v1.3.0
[INFO] [stderr]    Compiling futures-channel v0.3.25
[INFO] [stderr]    Compiling futures-task v0.3.25
[INFO] [stderr]    Compiling tokio v1.23.0
[INFO] [stderr]    Compiling futures-sink v0.3.25
[INFO] [stderr]    Compiling futures-util v0.3.25
[INFO] [stderr]    Compiling native-tls v0.2.11
[INFO] [stderr]    Compiling futures-io v0.3.25
[INFO] [stderr]    Compiling thiserror v1.0.38
[INFO] [stderr]    Compiling async-trait v0.1.60
[INFO] [stderr]    Compiling tracing-core v0.1.30
[INFO] [stderr]    Compiling minimal-lexical v0.2.1
[INFO] [stderr]    Compiling openssl-probe v0.1.5
[INFO] [stderr]    Compiling percent-encoding v2.2.0
[INFO] [stderr]    Compiling idna v0.3.0
[INFO] [stderr]    Compiling form_urlencoded v1.1.0
[INFO] [stderr]    Compiling nom v7.1.1
[INFO] [stderr]    Compiling openssl-sys v0.9.72
[INFO] [stderr]    Compiling quote v1.0.15
[INFO] [stderr]    Compiling tracing v0.1.35
[INFO] [stderr]    Compiling url v2.3.1
[INFO] [stderr]    Compiling socket2 v0.4.4
[INFO] [stderr]    Compiling mio v0.8.5
[INFO] [stderr]    Compiling openssl v0.10.38
[INFO] [stderr]    Compiling lber v0.4.2
[INFO] [stderr]    Compiling tokio-macros v1.7.0
[INFO] [stderr]    Compiling futures-macro v0.3.25
[INFO] [stderr]    Compiling thiserror-impl v1.0.38
[INFO] [stderr]    Compiling futures-executor v0.3.25
[INFO] [stderr]    Compiling futures v0.3.25
[INFO] [stderr]    Compiling tokio-native-tls v0.3.0
[INFO] [stderr]    Compiling tokio-stream v0.1.11
[INFO] [stderr]    Compiling tokio-util v0.7.4
[INFO] [stderr]    Compiling ldap3 v0.11.3 (/opt/rustwide/workdir)
[INFO] [stderr]     Finished dev [unoptimized + debuginfo] target(s) in 10.85s
[INFO] running `Command { std: "docker" "inspect" "c0647da9fb75055ed9beb4c294f170b2d57599a48ed03fc523baf80744045e4e", kill_on_drop: false }`
[INFO] running `Command { std: "docker" "rm" "-f" "c0647da9fb75055ed9beb4c294f170b2d57599a48ed03fc523baf80744045e4e", kill_on_drop: false }`
[INFO] [stdout] c0647da9fb75055ed9beb4c294f170b2d57599a48ed03fc523baf80744045e4e
[INFO] running `Command { std: "docker" "create" "-v" "/var/lib/crater-agent-workspace/builds/worker-4-tc1/target:/opt/rustwide/target:rw,Z" "-v" "/var/lib/crater-agent-workspace/builds/worker-4-tc1/source:/opt/rustwide/workdir:ro,Z" "-v" "/var/lib/crater-agent-workspace/cargo-home:/opt/rustwide/cargo-home:ro,Z" "-v" "/var/lib/crater-agent-workspace/rustup-home:/opt/rustwide/rustup-home:ro,Z" "-e" "SOURCE_DIR=/opt/rustwide/workdir" "-e" "CARGO_TARGET_DIR=/opt/rustwide/target" "-e" "CARGO_INCREMENTAL=0" "-e" "RUST_BACKTRACE=full" "-e" "RUSTFLAGS=--cap-lints=warn" "-e" "RUSTDOCFLAGS=--cap-lints=warn" "-e" "CARGO_HOME=/opt/rustwide/cargo-home" "-e" "RUSTUP_HOME=/opt/rustwide/rustup-home" "-w" "/opt/rustwide/workdir" "-m" "1610612736" "--user" "0:0" "--network" "none" "ghcr.io/rust-lang/crates-build-env/linux@sha256:2788e3201cd34a07e3172128adcd8b3090168a8e3bcc40d7c032b9dda1df7d1c" "/opt/rustwide/cargo-home/bin/cargo" "+1.75.0" "test" "--frozen" "--no-run" "--message-format=json", kill_on_drop: false }`
[INFO] [stdout] b5fbbe3ea1d490b6b14d9872c9fa11e5b2cef06f8698291b1daf88fa8d5bedb8
[INFO] running `Command { std: "docker" "start" "-a" "b5fbbe3ea1d490b6b14d9872c9fa11e5b2cef06f8698291b1daf88fa8d5bedb8", kill_on_drop: false }`
[INFO] [stderr]    Compiling libc v0.2.138
[INFO] [stderr]    Compiling log v0.4.17
[INFO] [stderr]    Compiling tokio v1.23.0
[INFO] [stderr]    Compiling io-lifetimes v1.0.5
[INFO] [stderr]    Compiling rustix v0.36.8
[INFO] [stderr]    Compiling linux-raw-sys v0.1.4
[INFO] [stderr]    Compiling socket2 v0.4.4
[INFO] [stderr]    Compiling mio v0.8.5
[INFO] [stderr]    Compiling num_cpus v1.13.1
[INFO] [stderr]    Compiling openssl-sys v0.9.72
[INFO] [stderr]    Compiling openssl v0.10.38
[INFO] [stderr]    Compiling is-terminal v0.4.3
[INFO] [stderr]    Compiling env_logger v0.10.0
[INFO] [stderr]    Compiling native-tls v0.2.11
[INFO] [stderr]    Compiling tokio-util v0.7.4
[INFO] [stderr]    Compiling tokio-native-tls v0.3.0
[INFO] [stderr]    Compiling tokio-stream v0.1.11
[INFO] [stderr]    Compiling ldap3 v0.11.3 (/opt/rustwide/workdir)
[INFO] [stderr] error: could not compile `ldap3` (example "search_adapted_paged_plus")
[INFO] [stderr] 
[INFO] [stderr] Caused by:
[INFO] [stderr]   process didn't exit successfully: `/opt/rustwide/rustup-home/toolchains/1.75.0-x86_64-unknown-linux-gnu/bin/rustc --crate-name search_adapted_paged_plus --edition=2021 examples/search_adapted_paged_plus.rs --error-format=json --json=diagnostic-rendered-ansi,artifacts,future-incompat --crate-type bin --emit=dep-info,link -C embed-bitcode=no -C debuginfo=2 --cfg 'feature="default"' --cfg 'feature="native-tls"' --cfg 'feature="sync"' --cfg 'feature="tls"' --cfg 'feature="tls-native"' --cfg 'feature="tokio-native-tls"' -C metadata=39fd7db72c94888f -C extra-filename=-39fd7db72c94888f --out-dir /opt/rustwide/target/debug/examples -L dependency=/opt/rustwide/target/debug/deps --extern async_trait=/opt/rustwide/target/debug/deps/libasync_trait-fca9bd1c5d07d7c8.so --extern bytes=/opt/rustwide/target/debug/deps/libbytes-2f962337dbf30e11.rlib --extern env_logger=/opt/rustwide/target/debug/deps/libenv_logger-c423ec869d86330a.rlib --extern futures=/opt/rustwide/target/debug/deps/libfutures-b7163c698d2b072e.rlib --extern futures_util=/opt/rustwide/target/debug/deps/libfutures_util-eab629b9baa33766.rlib --extern lazy_static=/opt/rustwide/target/debug/deps/liblazy_static-591486ebcb9a7ead.rlib --extern lber=/opt/rustwide/target/debug/deps/liblber-c22edc4e20adfdce.rlib --extern ldap3=/opt/rustwide/target/debug/deps/libldap3-1acad622218e8538.rlib --extern log=/opt/rustwide/target/debug/deps/liblog-d88d404ed4a3e8b9.rlib --extern native_tls=/opt/rustwide/target/debug/deps/libnative_tls-697523e3ac3ac5e3.rlib --extern nom=/opt/rustwide/target/debug/deps/libnom-d4970f9456a2ced2.rlib --extern percent_encoding=/opt/rustwide/target/debug/deps/libpercent_encoding-c39f6500503dd269.rlib --extern thiserror=/opt/rustwide/target/debug/deps/libthiserror-e3e6cb1a14d0aa09.rlib --extern tokio=/opt/rustwide/target/debug/deps/libtokio-e4d8016bdf3d0b60.rlib --extern tokio_native_tls=/opt/rustwide/target/debug/deps/libtokio_native_tls-1c9da15d7cee1066.rlib --extern tokio_stream=/opt/rustwide/target/debug/deps/libtokio_stream-ac2ce3e616ad75d1.rlib --extern tokio_util=/opt/rustwide/target/debug/deps/libtokio_util-f6a18d2023162eb1.rlib --extern url=/opt/rustwide/target/debug/deps/liburl-c958407dd123acdc.rlib --cap-lints=warn` (signal: 9, SIGKILL: kill)
[INFO] [stderr] warning: build failed, waiting for other jobs to finish...
[INFO] [stdout] error: linking with `cc` failed: exit status: 1
[INFO] [stdout]   |
[INFO] [stdout]   = note: LC_ALL="C" PATH="/opt/rustwide/rustup-home/toolchains/1.75.0-x86_64-unknown-linux-gnu/lib/rustlib/x86_64-unknown-linux-gnu/bin:/opt/rustwide/cargo-home/bin:/usr/local/sbin:/usr/local/bin:/usr/sbin:/usr/bin:/sbin:/bin" VSLANG="1033" "cc" "-m64" "/tmp/rustcw05PO7/symbols.o" "/opt/rustwide/target/debug/examples/connect_tls_ipaddr_sync-f0cc4411af628ea1.connect_tls_ipaddr_sync.764fada032d6dd12-cgu.0.rcgu.o" "/opt/rustwide/target/debug/examples/connect_tls_ipaddr_sync-f0cc4411af628ea1.2mqk7mosro26ymip.rcgu.o" "-Wl,--as-needed" "-L" "/opt/rustwide/target/debug/deps" "-L" "/opt/rustwide/rustup-home/toolchains/1.75.0-x86_64-unknown-linux-gnu/lib/rustlib/x86_64-unknown-linux-gnu/lib" "-Wl,-Bstatic" "/opt/rustwide/target/debug/deps/libldap3-1acad622218e8538.rlib" "/opt/rustwide/target/debug/deps/libthiserror-e3e6cb1a14d0aa09.rlib" "/opt/rustwide/target/debug/deps/liblazy_static-591486ebcb9a7ead.rlib" "/opt/rustwide/target/debug/deps/liburl-c958407dd123acdc.rlib" "/opt/rustwide/target/debug/deps/libidna-4923223819c1b25f.rlib" "/opt/rustwide/target/debug/deps/libunicode_normalization-fa540275a0f8725d.rlib" "/opt/rustwide/target/debug/deps/libtinyvec-fc2adea61ab58f5e.rlib" "/opt/rustwide/target/debug/deps/libtinyvec_macros-bfeb7a087f0273ce.rlib" "/opt/rustwide/target/debug/deps/libunicode_bidi-d3ecfe40977b4a59.rlib" "/opt/rustwide/target/debug/deps/libform_urlencoded-e8c43e838ad28fa4.rlib" "/opt/rustwide/target/debug/deps/libtokio_util-f6a18d2023162eb1.rlib" "/opt/rustwide/target/debug/deps/libtracing-6efca6c9ac42ced7.rlib" "/opt/rustwide/target/debug/deps/libtracing_core-241d2437394ed42f.rlib" "/opt/rustwide/target/debug/deps/libtokio_stream-ac2ce3e616ad75d1.rlib" "/opt/rustwide/target/debug/deps/libtokio_native_tls-1c9da15d7cee1066.rlib" "/opt/rustwide/target/debug/deps/libpercent_encoding-c39f6500503dd269.rlib" "/opt/rustwide/target/debug/deps/libnative_tls-697523e3ac3ac5e3.rlib" "/opt/rustwide/target/debug/deps/libopenssl_probe-d850575132083d7c.rlib" "/opt/rustwide/target/debug/deps/libopenssl-3ac3d3795e765868.rlib" "/opt/rustwide/target/debug/deps/libonce_cell-0b3944a765abe985.rlib" "/opt/rustwide/target/debug/deps/libbitflags-b7cee2ca4fb438d0.rlib" "/opt/rustwide/target/debug/deps/libforeign_types-c05743815e5b8a9d.rlib" "/opt/rustwide/target/debug/deps/libforeign_types_shared-d149f5491fde2862.rlib" "/opt/rustwide/target/debug/deps/libopenssl_sys-c4530a60c32c58bb.rlib" "/opt/rustwide/target/debug/deps/libfutures_util-eab629b9baa33766.rlib" "/opt/rustwide/target/debug/deps/libfutures_io-5062be024aa4c585.rlib" "/opt/rustwide/target/debug/deps/libslab-3fdda774eccf4f9f.rlib" "/opt/rustwide/target/debug/deps/libfutures_channel-06438e41420ed8a9.rlib" "/opt/rustwide/target/debug/deps/libfutures_sink-8ece13312afb8528.rlib" "/opt/rustwide/target/debug/deps/libfutures_task-8ee454208e29f22c.rlib" "/opt/rustwide/target/debug/deps/libpin_utils-741f7d9d160e4a16.rlib" "/opt/rustwide/target/debug/deps/libfutures_core-804d82575990b571.rlib" "/opt/rustwide/target/debug/deps/liblber-c22edc4e20adfdce.rlib" "/opt/rustwide/target/debug/deps/libnom-d4970f9456a2ced2.rlib" "/opt/rustwide/target/debug/deps/libtokio-e4d8016bdf3d0b60.rlib" "/opt/rustwide/target/debug/deps/libnum_cpus-3aa53bfbe81fd219.rlib" "/opt/rustwide/target/debug/deps/libsocket2-052f475784d1fa89.rlib" "/opt/rustwide/target/debug/deps/libmemchr-651b9a52835bc194.rlib" "/opt/rustwide/target/debug/deps/libbytes-2f962337dbf30e11.rlib" "/opt/rustwide/target/debug/deps/libpin_project_lite-bd863d416e545bf5.rlib" "/opt/rustwide/target/debug/deps/libmio-a839d3aa0b6a132b.rlib" "/opt/rustwide/target/debug/deps/liblibc-f38636c3bef1ad82.rlib" "/opt/rustwide/target/debug/deps/liblog-d88d404ed4a3e8b9.rlib" "/opt/rustwide/target/debug/deps/libcfg_if-61dc7a6799e72b18.rlib" "/opt/rustwide/rustup-home/toolchains/1.75.0-x86_64-unknown-linux-gnu/lib/rustlib/x86_64-unknown-linux-gnu/lib/libstd-90f6ddbf82de36ec.rlib" "/opt/rustwide/rustup-home/toolchains/1.75.0-x86_64-unknown-linux-gnu/lib/rustlib/x86_64-unknown-linux-gnu/lib/libpanic_unwind-480c41e9d4e1f677.rlib" "/opt/rustwide/rustup-home/toolchains/1.75.0-x86_64-unknown-linux-gnu/lib/rustlib/x86_64-unknown-linux-gnu/lib/libobject-db744c0ca03eed1d.rlib" "/opt/rustwide/rustup-home/toolchains/1.75.0-x86_64-unknown-linux-gnu/lib/rustlib/x86_64-unknown-linux-gnu/lib/libmemchr-8ba652dc7d4b285a.rlib" "/opt/rustwide/rustup-home/toolchains/1.75.0-x86_64-unknown-linux-gnu/lib/rustlib/x86_64-unknown-linux-gnu/lib/libaddr2line-d5f4520a9ebc0d58.rlib" "/opt/rustwide/rustup-home/toolchains/1.75.0-x86_64-unknown-linux-gnu/lib/rustlib/x86_64-unknown-linux-gnu/lib/libgimli-4ad84de58f0cb463.rlib" "/opt/rustwide/rustup-home/toolchains/1.75.0-x86_64-unknown-linux-gnu/lib/rustlib/x86_64-unknown-linux-gnu/lib/librustc_demangle-0d10aae2e0f38735.rlib" "/opt/rustwide/rustup-home/toolchains/1.75.0-x86_64-unknown-linux-gnu/lib/rustlib/x86_64-unknown-linux-gnu/lib/libstd_detect-0c17cff739e6745b.rlib" "/opt/rustwide/rustup-home/toolchains/1.75.0-x86_64-unknown-linux-gnu/lib/rustlib/x86_64-unknown-linux-gnu/lib/libhashbrown-b29e17139dde1aa8.rlib" "/opt/rustwide/rustup-home/toolchains/1.75.0-x86_64-unknown-linux-gnu/lib/rustlib/x86_64-unknown-linux-gnu/lib/librustc_std_workspace_alloc-1f975299829cc7bd.rlib" "/opt/rustwide/rustup-home/toolchains/1.75.0-x86_64-unknown-linux-gnu/lib/rustlib/x86_64-unknown-linux-gnu/lib/libminiz_oxide-86bae3bc3079f89b.rlib" "/opt/rustwide/rustup-home/toolchains/1.75.0-x86_64-unknown-linux-gnu/lib/rustlib/x86_64-unknown-linux-gnu/lib/libadler-321b82c30dffdf5f.rlib" "/opt/rustwide/rustup-home/toolchains/1.75.0-x86_64-unknown-linux-gnu/lib/rustlib/x86_64-unknown-linux-gnu/lib/libunwind-3dd8a6810a0bdfef.rlib" "/opt/rustwide/rustup-home/toolchains/1.75.0-x86_64-unknown-linux-gnu/lib/rustlib/x86_64-unknown-linux-gnu/lib/libcfg_if-eb39a61c0c879984.rlib" "/opt/rustwide/rustup-home/toolchains/1.75.0-x86_64-unknown-linux-gnu/lib/rustlib/x86_64-unknown-linux-gnu/lib/liblibc-aa769569f91c3548.rlib" "/opt/rustwide/rustup-home/toolchains/1.75.0-x86_64-unknown-linux-gnu/lib/rustlib/x86_64-unknown-linux-gnu/lib/liballoc-510a192a50a983ed.rlib" "/opt/rustwide/rustup-home/toolchains/1.75.0-x86_64-unknown-linux-gnu/lib/rustlib/x86_64-unknown-linux-gnu/lib/librustc_std_workspace_core-0577018320f99037.rlib" "/opt/rustwide/rustup-home/toolchains/1.75.0-x86_64-unknown-linux-gnu/lib/rustlib/x86_64-unknown-linux-gnu/lib/libcore-193cf992125ccd4c.rlib" "/opt/rustwide/rustup-home/toolchains/1.75.0-x86_64-unknown-linux-gnu/lib/rustlib/x86_64-unknown-linux-gnu/lib/libcompiler_builtins-8e138eaf26ebb4a8.rlib" "-Wl,-Bdynamic" "-lssl" "-lcrypto" "-lgcc_s" "-lutil" "-lrt" "-lpthread" "-lm" "-ldl" "-lc" "-Wl,--eh-frame-hdr" "-Wl,-z,noexecstack" "-L" "/opt/rustwide/rustup-home/toolchains/1.75.0-x86_64-unknown-linux-gnu/lib/rustlib/x86_64-unknown-linux-gnu/lib" "-o" "/opt/rustwide/target/debug/examples/connect_tls_ipaddr_sync-f0cc4411af628ea1" "-Wl,--gc-sections" "-pie" "-Wl,-z,relro,-z,now" "-nodefaultlibs"
[INFO] [stdout]   = note: collect2: fatal error: ld terminated with signal 9 [Killed]
[INFO] [stdout]           compilation terminated.
[INFO] [stdout]           
[INFO] [stdout] 
[INFO] [stdout] 
[INFO] [stdout] error: aborting due to previous error
[INFO] [stdout] 
[INFO] [stdout] 
[INFO] [stderr] error: could not compile `ldap3` (example "connect_tls_ipaddr_sync") due to 2 previous errors
[INFO] [stdout] error: linking with `cc` failed: exit status: 1
[INFO] [stdout]   |
[INFO] [stdout]   = note: LC_ALL="C" PATH="/opt/rustwide/rustup-home/toolchains/1.75.0-x86_64-unknown-linux-gnu/lib/rustlib/x86_64-unknown-linux-gnu/bin:/opt/rustwide/cargo-home/bin:/usr/local/sbin:/usr/local/bin:/usr/sbin:/usr/bin:/sbin:/bin" VSLANG="1033" "cc" "-m64" "/tmp/rustc2RLrsk/symbols.o" "/opt/rustwide/target/debug/examples/whoami_external_sync-847a3a6704a333a5.whoami_external_sync.a7d90cc56e8406f9-cgu.0.rcgu.o" "/opt/rustwide/target/debug/examples/whoami_external_sync-847a3a6704a333a5.5co5jhwtm7h7k87s.rcgu.o" "-Wl,--as-needed" "-L" "/opt/rustwide/target/debug/deps" "-L" "/opt/rustwide/rustup-home/toolchains/1.75.0-x86_64-unknown-linux-gnu/lib/rustlib/x86_64-unknown-linux-gnu/lib" "-Wl,-Bstatic" "/opt/rustwide/target/debug/deps/libldap3-1acad622218e8538.rlib" "/opt/rustwide/target/debug/deps/libthiserror-e3e6cb1a14d0aa09.rlib" "/opt/rustwide/target/debug/deps/liblazy_static-591486ebcb9a7ead.rlib" "/opt/rustwide/target/debug/deps/liburl-c958407dd123acdc.rlib" "/opt/rustwide/target/debug/deps/libidna-4923223819c1b25f.rlib" "/opt/rustwide/target/debug/deps/libunicode_normalization-fa540275a0f8725d.rlib" "/opt/rustwide/target/debug/deps/libtinyvec-fc2adea61ab58f5e.rlib" "/opt/rustwide/target/debug/deps/libtinyvec_macros-bfeb7a087f0273ce.rlib" "/opt/rustwide/target/debug/deps/libunicode_bidi-d3ecfe40977b4a59.rlib" "/opt/rustwide/target/debug/deps/libform_urlencoded-e8c43e838ad28fa4.rlib" "/opt/rustwide/target/debug/deps/libtokio_util-f6a18d2023162eb1.rlib" "/opt/rustwide/target/debug/deps/libtracing-6efca6c9ac42ced7.rlib" "/opt/rustwide/target/debug/deps/libtracing_core-241d2437394ed42f.rlib" "/opt/rustwide/target/debug/deps/libtokio_stream-ac2ce3e616ad75d1.rlib" "/opt/rustwide/target/debug/deps/libtokio_native_tls-1c9da15d7cee1066.rlib" "/opt/rustwide/target/debug/deps/libpercent_encoding-c39f6500503dd269.rlib" "/opt/rustwide/target/debug/deps/libnative_tls-697523e3ac3ac5e3.rlib" "/opt/rustwide/target/debug/deps/libopenssl_probe-d850575132083d7c.rlib" "/opt/rustwide/target/debug/deps/libopenssl-3ac3d3795e765868.rlib" "/opt/rustwide/target/debug/deps/libonce_cell-0b3944a765abe985.rlib" "/opt/rustwide/target/debug/deps/libbitflags-b7cee2ca4fb438d0.rlib" "/opt/rustwide/target/debug/deps/libforeign_types-c05743815e5b8a9d.rlib" "/opt/rustwide/target/debug/deps/libforeign_types_shared-d149f5491fde2862.rlib" "/opt/rustwide/target/debug/deps/libopenssl_sys-c4530a60c32c58bb.rlib" "/opt/rustwide/target/debug/deps/libfutures_util-eab629b9baa33766.rlib" "/opt/rustwide/target/debug/deps/libfutures_io-5062be024aa4c585.rlib" "/opt/rustwide/target/debug/deps/libslab-3fdda774eccf4f9f.rlib" "/opt/rustwide/target/debug/deps/libfutures_channel-06438e41420ed8a9.rlib" "/opt/rustwide/target/debug/deps/libfutures_sink-8ece13312afb8528.rlib" "/opt/rustwide/target/debug/deps/libfutures_task-8ee454208e29f22c.rlib" "/opt/rustwide/target/debug/deps/libpin_utils-741f7d9d160e4a16.rlib" "/opt/rustwide/target/debug/deps/libfutures_core-804d82575990b571.rlib" "/opt/rustwide/target/debug/deps/liblber-c22edc4e20adfdce.rlib" "/opt/rustwide/target/debug/deps/libnom-d4970f9456a2ced2.rlib" "/opt/rustwide/target/debug/deps/libtokio-e4d8016bdf3d0b60.rlib" "/opt/rustwide/target/debug/deps/libnum_cpus-3aa53bfbe81fd219.rlib" "/opt/rustwide/target/debug/deps/libsocket2-052f475784d1fa89.rlib" "/opt/rustwide/target/debug/deps/libmemchr-651b9a52835bc194.rlib" "/opt/rustwide/target/debug/deps/libbytes-2f962337dbf30e11.rlib" "/opt/rustwide/target/debug/deps/libpin_project_lite-bd863d416e545bf5.rlib" "/opt/rustwide/target/debug/deps/libmio-a839d3aa0b6a132b.rlib" "/opt/rustwide/target/debug/deps/liblibc-f38636c3bef1ad82.rlib" "/opt/rustwide/target/debug/deps/liblog-d88d404ed4a3e8b9.rlib" "/opt/rustwide/target/debug/deps/libcfg_if-61dc7a6799e72b18.rlib" "/opt/rustwide/rustup-home/toolchains/1.75.0-x86_64-unknown-linux-gnu/lib/rustlib/x86_64-unknown-linux-gnu/lib/libstd-90f6ddbf82de36ec.rlib" "/opt/rustwide/rustup-home/toolchains/1.75.0-x86_64-unknown-linux-gnu/lib/rustlib/x86_64-unknown-linux-gnu/lib/libpanic_unwind-480c41e9d4e1f677.rlib" "/opt/rustwide/rustup-home/toolchains/1.75.0-x86_64-unknown-linux-gnu/lib/rustlib/x86_64-unknown-linux-gnu/lib/libobject-db744c0ca03eed1d.rlib" "/opt/rustwide/rustup-home/toolchains/1.75.0-x86_64-unknown-linux-gnu/lib/rustlib/x86_64-unknown-linux-gnu/lib/libmemchr-8ba652dc7d4b285a.rlib" "/opt/rustwide/rustup-home/toolchains/1.75.0-x86_64-unknown-linux-gnu/lib/rustlib/x86_64-unknown-linux-gnu/lib/libaddr2line-d5f4520a9ebc0d58.rlib" "/opt/rustwide/rustup-home/toolchains/1.75.0-x86_64-unknown-linux-gnu/lib/rustlib/x86_64-unknown-linux-gnu/lib/libgimli-4ad84de58f0cb463.rlib" "/opt/rustwide/rustup-home/toolchains/1.75.0-x86_64-unknown-linux-gnu/lib/rustlib/x86_64-unknown-linux-gnu/lib/librustc_demangle-0d10aae2e0f38735.rlib" "/opt/rustwide/rustup-home/toolchains/1.75.0-x86_64-unknown-linux-gnu/lib/rustlib/x86_64-unknown-linux-gnu/lib/libstd_detect-0c17cff739e6745b.rlib" "/opt/rustwide/rustup-home/toolchains/1.75.0-x86_64-unknown-linux-gnu/lib/rustlib/x86_64-unknown-linux-gnu/lib/libhashbrown-b29e17139dde1aa8.rlib" "/opt/rustwide/rustup-home/toolchains/1.75.0-x86_64-unknown-linux-gnu/lib/rustlib/x86_64-unknown-linux-gnu/lib/librustc_std_workspace_alloc-1f975299829cc7bd.rlib" "/opt/rustwide/rustup-home/toolchains/1.75.0-x86_64-unknown-linux-gnu/lib/rustlib/x86_64-unknown-linux-gnu/lib/libminiz_oxide-86bae3bc3079f89b.rlib" "/opt/rustwide/rustup-home/toolchains/1.75.0-x86_64-unknown-linux-gnu/lib/rustlib/x86_64-unknown-linux-gnu/lib/libadler-321b82c30dffdf5f.rlib" "/opt/rustwide/rustup-home/toolchains/1.75.0-x86_64-unknown-linux-gnu/lib/rustlib/x86_64-unknown-linux-gnu/lib/libunwind-3dd8a6810a0bdfef.rlib" "/opt/rustwide/rustup-home/toolchains/1.75.0-x86_64-unknown-linux-gnu/lib/rustlib/x86_64-unknown-linux-gnu/lib/libcfg_if-eb39a61c0c879984.rlib" "/opt/rustwide/rustup-home/toolchains/1.75.0-x86_64-unknown-linux-gnu/lib/rustlib/x86_64-unknown-linux-gnu/lib/liblibc-aa769569f91c3548.rlib" "/opt/rustwide/rustup-home/toolchains/1.75.0-x86_64-unknown-linux-gnu/lib/rustlib/x86_64-unknown-linux-gnu/lib/liballoc-510a192a50a983ed.rlib" "/opt/rustwide/rustup-home/toolchains/1.75.0-x86_64-unknown-linux-gnu/lib/rustlib/x86_64-unknown-linux-gnu/lib/librustc_std_workspace_core-0577018320f99037.rlib" "/opt/rustwide/rustup-home/toolchains/1.75.0-x86_64-unknown-linux-gnu/lib/rustlib/x86_64-unknown-linux-gnu/lib/libcore-193cf992125ccd4c.rlib" "/opt/rustwide/rustup-home/toolchains/1.75.0-x86_64-unknown-linux-gnu/lib/rustlib/x86_64-unknown-linux-gnu/lib/libcompiler_builtins-8e138eaf26ebb4a8.rlib" "-Wl,-Bdynamic" "-lssl" "-lcrypto" "-lgcc_s" "-lutil" "-lrt" "-lpthread" "-lm" "-ldl" "-lc" "-Wl,--eh-frame-hdr" "-Wl,-z,noexecstack" "-L" "/opt/rustwide/rustup-home/toolchains/1.75.0-x86_64-unknown-linux-gnu/lib/rustlib/x86_64-unknown-linux-gnu/lib" "-o" "/opt/rustwide/target/debug/examples/whoami_external_sync-847a3a6704a333a5" "-Wl,--gc-sections" "-pie" "-Wl,-z,relro,-z,now" "-nodefaultlibs"
[INFO] [stdout]   = note: collect2: fatal error: ld terminated with signal 9 [Killed]
[INFO] [stdout]           compilation terminated.
[INFO] [stdout]           
[INFO] [stdout] 
[INFO] [stdout] 
[INFO] [stdout] error: aborting due to previous error
[INFO] [stdout] 
[INFO] [stdout] 
[INFO] [stderr] error: could not compile `ldap3` (example "whoami_external_sync") due to 2 previous errors
[INFO] [stdout] error: linking with `cc` failed: exit status: 1
[INFO] [stdout]   |
[INFO] [stdout]   = note: LC_ALL="C" PATH="/opt/rustwide/rustup-home/toolchains/1.75.0-x86_64-unknown-linux-gnu/lib/rustlib/x86_64-unknown-linux-gnu/bin:/opt/rustwide/cargo-home/bin:/usr/local/sbin:/usr/local/bin:/usr/sbin:/usr/bin:/sbin:/bin" VSLANG="1033" "cc" "-m64" "/tmp/rustc3647KF/symbols.o" "/opt/rustwide/target/debug/examples/add_sync-b927fae1dd4965e9.add_sync.f8aee60c34ede2-cgu.0.rcgu.o" "/opt/rustwide/target/debug/examples/add_sync-b927fae1dd4965e9.add_sync.f8aee60c34ede2-cgu.1.rcgu.o" "/opt/rustwide/target/debug/examples/add_sync-b927fae1dd4965e9.add_sync.f8aee60c34ede2-cgu.2.rcgu.o" "/opt/rustwide/target/debug/examples/add_sync-b927fae1dd4965e9.2mvxzzeo1114r854.rcgu.o" "-Wl,--as-needed" "-L" "/opt/rustwide/target/debug/deps" "-L" "/opt/rustwide/rustup-home/toolchains/1.75.0-x86_64-unknown-linux-gnu/lib/rustlib/x86_64-unknown-linux-gnu/lib" "-Wl,-Bstatic" "/opt/rustwide/target/debug/deps/libldap3-1acad622218e8538.rlib" "/opt/rustwide/target/debug/deps/libthiserror-e3e6cb1a14d0aa09.rlib" "/opt/rustwide/target/debug/deps/liblazy_static-591486ebcb9a7ead.rlib" "/opt/rustwide/target/debug/deps/liburl-c958407dd123acdc.rlib" "/opt/rustwide/target/debug/deps/libidna-4923223819c1b25f.rlib" "/opt/rustwide/target/debug/deps/libunicode_normalization-fa540275a0f8725d.rlib" "/opt/rustwide/target/debug/deps/libtinyvec-fc2adea61ab58f5e.rlib" "/opt/rustwide/target/debug/deps/libtinyvec_macros-bfeb7a087f0273ce.rlib" "/opt/rustwide/target/debug/deps/libunicode_bidi-d3ecfe40977b4a59.rlib" "/opt/rustwide/target/debug/deps/libform_urlencoded-e8c43e838ad28fa4.rlib" "/opt/rustwide/target/debug/deps/libtokio_util-f6a18d2023162eb1.rlib" "/opt/rustwide/target/debug/deps/libtracing-6efca6c9ac42ced7.rlib" "/opt/rustwide/target/debug/deps/libtracing_core-241d2437394ed42f.rlib" "/opt/rustwide/target/debug/deps/libtokio_stream-ac2ce3e616ad75d1.rlib" "/opt/rustwide/target/debug/deps/libtokio_native_tls-1c9da15d7cee1066.rlib" "/opt/rustwide/target/debug/deps/libpercent_encoding-c39f6500503dd269.rlib" "/opt/rustwide/target/debug/deps/libnative_tls-697523e3ac3ac5e3.rlib" "/opt/rustwide/target/debug/deps/libopenssl_probe-d850575132083d7c.rlib" "/opt/rustwide/target/debug/deps/libopenssl-3ac3d3795e765868.rlib" "/opt/rustwide/target/debug/deps/libonce_cell-0b3944a765abe985.rlib" "/opt/rustwide/target/debug/deps/libbitflags-b7cee2ca4fb438d0.rlib" "/opt/rustwide/target/debug/deps/libforeign_types-c05743815e5b8a9d.rlib" "/opt/rustwide/target/debug/deps/libforeign_types_shared-d149f5491fde2862.rlib" "/opt/rustwide/target/debug/deps/libopenssl_sys-c4530a60c32c58bb.rlib" "/opt/rustwide/target/debug/deps/libfutures_util-eab629b9baa33766.rlib" "/opt/rustwide/target/debug/deps/libfutures_io-5062be024aa4c585.rlib" "/opt/rustwide/target/debug/deps/libslab-3fdda774eccf4f9f.rlib" "/opt/rustwide/target/debug/deps/libfutures_channel-06438e41420ed8a9.rlib" "/opt/rustwide/target/debug/deps/libfutures_sink-8ece13312afb8528.rlib" "/opt/rustwide/target/debug/deps/libfutures_task-8ee454208e29f22c.rlib" "/opt/rustwide/target/debug/deps/libpin_utils-741f7d9d160e4a16.rlib" "/opt/rustwide/target/debug/deps/libfutures_core-804d82575990b571.rlib" "/opt/rustwide/target/debug/deps/liblber-c22edc4e20adfdce.rlib" "/opt/rustwide/target/debug/deps/libnom-d4970f9456a2ced2.rlib" "/opt/rustwide/target/debug/deps/libtokio-e4d8016bdf3d0b60.rlib" "/opt/rustwide/target/debug/deps/libnum_cpus-3aa53bfbe81fd219.rlib" "/opt/rustwide/target/debug/deps/libsocket2-052f475784d1fa89.rlib" "/opt/rustwide/target/debug/deps/libmemchr-651b9a52835bc194.rlib" "/opt/rustwide/target/debug/deps/libbytes-2f962337dbf30e11.rlib" "/opt/rustwide/target/debug/deps/libpin_project_lite-bd863d416e545bf5.rlib" "/opt/rustwide/target/debug/deps/libmio-a839d3aa0b6a132b.rlib" "/opt/rustwide/target/debug/deps/liblibc-f38636c3bef1ad82.rlib" "/opt/rustwide/target/debug/deps/liblog-d88d404ed4a3e8b9.rlib" "/opt/rustwide/target/debug/deps/libcfg_if-61dc7a6799e72b18.rlib" "/opt/rustwide/rustup-home/toolchains/1.75.0-x86_64-unknown-linux-gnu/lib/rustlib/x86_64-unknown-linux-gnu/lib/libstd-90f6ddbf82de36ec.rlib" "/opt/rustwide/rustup-home/toolchains/1.75.0-x86_64-unknown-linux-gnu/lib/rustlib/x86_64-unknown-linux-gnu/lib/libpanic_unwind-480c41e9d4e1f677.rlib" "/opt/rustwide/rustup-home/toolchains/1.75.0-x86_64-unknown-linux-gnu/lib/rustlib/x86_64-unknown-linux-gnu/lib/libobject-db744c0ca03eed1d.rlib" "/opt/rustwide/rustup-home/toolchains/1.75.0-x86_64-unknown-linux-gnu/lib/rustlib/x86_64-unknown-linux-gnu/lib/libmemchr-8ba652dc7d4b285a.rlib" "/opt/rustwide/rustup-home/toolchains/1.75.0-x86_64-unknown-linux-gnu/lib/rustlib/x86_64-unknown-linux-gnu/lib/libaddr2line-d5f4520a9ebc0d58.rlib" "/opt/rustwide/rustup-home/toolchains/1.75.0-x86_64-unknown-linux-gnu/lib/rustlib/x86_64-unknown-linux-gnu/lib/libgimli-4ad84de58f0cb463.rlib" "/opt/rustwide/rustup-home/toolchains/1.75.0-x86_64-unknown-linux-gnu/lib/rustlib/x86_64-unknown-linux-gnu/lib/librustc_demangle-0d10aae2e0f38735.rlib" "/opt/rustwide/rustup-home/toolchains/1.75.0-x86_64-unknown-linux-gnu/lib/rustlib/x86_64-unknown-linux-gnu/lib/libstd_detect-0c17cff739e6745b.rlib" "/opt/rustwide/rustup-home/toolchains/1.75.0-x86_64-unknown-linux-gnu/lib/rustlib/x86_64-unknown-linux-gnu/lib/libhashbrown-b29e17139dde1aa8.rlib" "/opt/rustwide/rustup-home/toolchains/1.75.0-x86_64-unknown-linux-gnu/lib/rustlib/x86_64-unknown-linux-gnu/lib/librustc_std_workspace_alloc-1f975299829cc7bd.rlib" "/opt/rustwide/rustup-home/toolchains/1.75.0-x86_64-unknown-linux-gnu/lib/rustlib/x86_64-unknown-linux-gnu/lib/libminiz_oxide-86bae3bc3079f89b.rlib" "/opt/rustwide/rustup-home/toolchains/1.75.0-x86_64-unknown-linux-gnu/lib/rustlib/x86_64-unknown-linux-gnu/lib/libadler-321b82c30dffdf5f.rlib" "/opt/rustwide/rustup-home/toolchains/1.75.0-x86_64-unknown-linux-gnu/lib/rustlib/x86_64-unknown-linux-gnu/lib/libunwind-3dd8a6810a0bdfef.rlib" "/opt/rustwide/rustup-home/toolchains/1.75.0-x86_64-unknown-linux-gnu/lib/rustlib/x86_64-unknown-linux-gnu/lib/libcfg_if-eb39a61c0c879984.rlib" "/opt/rustwide/rustup-home/toolchains/1.75.0-x86_64-unknown-linux-gnu/lib/rustlib/x86_64-unknown-linux-gnu/lib/liblibc-aa769569f91c3548.rlib" "/opt/rustwide/rustup-home/toolchains/1.75.0-x86_64-unknown-linux-gnu/lib/rustlib/x86_64-unknown-linux-gnu/lib/liballoc-510a192a50a983ed.rlib" "/opt/rustwide/rustup-home/toolchains/1.75.0-x86_64-unknown-linux-gnu/lib/rustlib/x86_64-unknown-linux-gnu/lib/librustc_std_workspace_core-0577018320f99037.rlib" "/opt/rustwide/rustup-home/toolchains/1.75.0-x86_64-unknown-linux-gnu/lib/rustlib/x86_64-unknown-linux-gnu/lib/libcore-193cf992125ccd4c.rlib" "/opt/rustwide/rustup-home/toolchains/1.75.0-x86_64-unknown-linux-gnu/lib/rustlib/x86_64-unknown-linux-gnu/lib/libcompiler_builtins-8e138eaf26ebb4a8.rlib" "-Wl,-Bdynamic" "-lssl" "-lcrypto" "-lgcc_s" "-lutil" "-lrt" "-lpthread" "-lm" "-ldl" "-lc" "-Wl,--eh-frame-hdr" "-Wl,-z,noexecstack" "-L" "/opt/rustwide/rustup-home/toolchains/1.75.0-x86_64-unknown-linux-gnu/lib/rustlib/x86_64-unknown-linux-gnu/lib" "-o" "/opt/rustwide/target/debug/examples/add_sync-b927fae1dd4965e9" "-Wl,--gc-sections" "-pie" "-Wl,-z,relro,-z,now" "-nodefaultlibs"
[INFO] [stdout]   = note: collect2: fatal error: ld terminated with signal 9 [Killed]
[INFO] [stdout]           compilation terminated.
[INFO] [stdout]           
[INFO] [stdout] 
[INFO] [stdout] 
[INFO] [stdout] error: aborting due to previous error
[INFO] [stdout] 
[INFO] [stdout] 
[INFO] [stderr] error: could not compile `ldap3` (example "add_sync") due to 2 previous errors
[INFO] [stdout] error: linking with `cc` failed: exit status: 1
[INFO] [stdout]   |
[INFO] [stdout]   = note: LC_ALL="C" PATH="/opt/rustwide/rustup-home/toolchains/1.75.0-x86_64-unknown-linux-gnu/lib/rustlib/x86_64-unknown-linux-gnu/bin:/opt/rustwide/cargo-home/bin:/usr/local/sbin:/usr/local/bin:/usr/sbin:/usr/bin:/sbin:/bin" VSLANG="1033" "cc" "-m64" "/tmp/rustcIuSLKl/symbols.o" "/opt/rustwide/target/debug/examples/bind_sync-17b39a4415215fcf.bind_sync.ac44c35809012d00-cgu.0.rcgu.o" "/opt/rustwide/target/debug/examples/bind_sync-17b39a4415215fcf.2kg18kjmu7zeadob.rcgu.o" "-Wl,--as-needed" "-L" "/opt/rustwide/target/debug/deps" "-L" "/opt/rustwide/rustup-home/toolchains/1.75.0-x86_64-unknown-linux-gnu/lib/rustlib/x86_64-unknown-linux-gnu/lib" "-Wl,-Bstatic" "/opt/rustwide/target/debug/deps/libldap3-1acad622218e8538.rlib" "/opt/rustwide/target/debug/deps/libthiserror-e3e6cb1a14d0aa09.rlib" "/opt/rustwide/target/debug/deps/liblazy_static-591486ebcb9a7ead.rlib" "/opt/rustwide/target/debug/deps/liburl-c958407dd123acdc.rlib" "/opt/rustwide/target/debug/deps/libidna-4923223819c1b25f.rlib" "/opt/rustwide/target/debug/deps/libunicode_normalization-fa540275a0f8725d.rlib" "/opt/rustwide/target/debug/deps/libtinyvec-fc2adea61ab58f5e.rlib" "/opt/rustwide/target/debug/deps/libtinyvec_macros-bfeb7a087f0273ce.rlib" "/opt/rustwide/target/debug/deps/libunicode_bidi-d3ecfe40977b4a59.rlib" "/opt/rustwide/target/debug/deps/libform_urlencoded-e8c43e838ad28fa4.rlib" "/opt/rustwide/target/debug/deps/libtokio_util-f6a18d2023162eb1.rlib" "/opt/rustwide/target/debug/deps/libtracing-6efca6c9ac42ced7.rlib" "/opt/rustwide/target/debug/deps/libtracing_core-241d2437394ed42f.rlib" "/opt/rustwide/target/debug/deps/libtokio_stream-ac2ce3e616ad75d1.rlib" "/opt/rustwide/target/debug/deps/libtokio_native_tls-1c9da15d7cee1066.rlib" "/opt/rustwide/target/debug/deps/libpercent_encoding-c39f6500503dd269.rlib" "/opt/rustwide/target/debug/deps/libnative_tls-697523e3ac3ac5e3.rlib" "/opt/rustwide/target/debug/deps/libopenssl_probe-d850575132083d7c.rlib" "/opt/rustwide/target/debug/deps/libopenssl-3ac3d3795e765868.rlib" "/opt/rustwide/target/debug/deps/libonce_cell-0b3944a765abe985.rlib" "/opt/rustwide/target/debug/deps/libbitflags-b7cee2ca4fb438d0.rlib" "/opt/rustwide/target/debug/deps/libforeign_types-c05743815e5b8a9d.rlib" "/opt/rustwide/target/debug/deps/libforeign_types_shared-d149f5491fde2862.rlib" "/opt/rustwide/target/debug/deps/libopenssl_sys-c4530a60c32c58bb.rlib" "/opt/rustwide/target/debug/deps/libfutures_util-eab629b9baa33766.rlib" "/opt/rustwide/target/debug/deps/libfutures_io-5062be024aa4c585.rlib" "/opt/rustwide/target/debug/deps/libslab-3fdda774eccf4f9f.rlib" "/opt/rustwide/target/debug/deps/libfutures_channel-06438e41420ed8a9.rlib" "/opt/rustwide/target/debug/deps/libfutures_sink-8ece13312afb8528.rlib" "/opt/rustwide/target/debug/deps/libfutures_task-8ee454208e29f22c.rlib" "/opt/rustwide/target/debug/deps/libpin_utils-741f7d9d160e4a16.rlib" "/opt/rustwide/target/debug/deps/libfutures_core-804d82575990b571.rlib" "/opt/rustwide/target/debug/deps/liblber-c22edc4e20adfdce.rlib" "/opt/rustwide/target/debug/deps/libnom-d4970f9456a2ced2.rlib" "/opt/rustwide/target/debug/deps/libtokio-e4d8016bdf3d0b60.rlib" "/opt/rustwide/target/debug/deps/libnum_cpus-3aa53bfbe81fd219.rlib" "/opt/rustwide/target/debug/deps/libsocket2-052f475784d1fa89.rlib" "/opt/rustwide/target/debug/deps/libmemchr-651b9a52835bc194.rlib" "/opt/rustwide/target/debug/deps/libbytes-2f962337dbf30e11.rlib" "/opt/rustwide/target/debug/deps/libpin_project_lite-bd863d416e545bf5.rlib" "/opt/rustwide/target/debug/deps/libmio-a839d3aa0b6a132b.rlib" "/opt/rustwide/target/debug/deps/liblibc-f38636c3bef1ad82.rlib" "/opt/rustwide/target/debug/deps/liblog-d88d404ed4a3e8b9.rlib" "/opt/rustwide/target/debug/deps/libcfg_if-61dc7a6799e72b18.rlib" "/opt/rustwide/rustup-home/toolchains/1.75.0-x86_64-unknown-linux-gnu/lib/rustlib/x86_64-unknown-linux-gnu/lib/libstd-90f6ddbf82de36ec.rlib" "/opt/rustwide/rustup-home/toolchains/1.75.0-x86_64-unknown-linux-gnu/lib/rustlib/x86_64-unknown-linux-gnu/lib/libpanic_unwind-480c41e9d4e1f677.rlib" "/opt/rustwide/rustup-home/toolchains/1.75.0-x86_64-unknown-linux-gnu/lib/rustlib/x86_64-unknown-linux-gnu/lib/libobject-db744c0ca03eed1d.rlib" "/opt/rustwide/rustup-home/toolchains/1.75.0-x86_64-unknown-linux-gnu/lib/rustlib/x86_64-unknown-linux-gnu/lib/libmemchr-8ba652dc7d4b285a.rlib" "/opt/rustwide/rustup-home/toolchains/1.75.0-x86_64-unknown-linux-gnu/lib/rustlib/x86_64-unknown-linux-gnu/lib/libaddr2line-d5f4520a9ebc0d58.rlib" "/opt/rustwide/rustup-home/toolchains/1.75.0-x86_64-unknown-linux-gnu/lib/rustlib/x86_64-unknown-linux-gnu/lib/libgimli-4ad84de58f0cb463.rlib" "/opt/rustwide/rustup-home/toolchains/1.75.0-x86_64-unknown-linux-gnu/lib/rustlib/x86_64-unknown-linux-gnu/lib/librustc_demangle-0d10aae2e0f38735.rlib" "/opt/rustwide/rustup-home/toolchains/1.75.0-x86_64-unknown-linux-gnu/lib/rustlib/x86_64-unknown-linux-gnu/lib/libstd_detect-0c17cff739e6745b.rlib" "/opt/rustwide/rustup-home/toolchains/1.75.0-x86_64-unknown-linux-gnu/lib/rustlib/x86_64-unknown-linux-gnu/lib/libhashbrown-b29e17139dde1aa8.rlib" "/opt/rustwide/rustup-home/toolchains/1.75.0-x86_64-unknown-linux-gnu/lib/rustlib/x86_64-unknown-linux-gnu/lib/librustc_std_workspace_alloc-1f975299829cc7bd.rlib" "/opt/rustwide/rustup-home/toolchains/1.75.0-x86_64-unknown-linux-gnu/lib/rustlib/x86_64-unknown-linux-gnu/lib/libminiz_oxide-86bae3bc3079f89b.rlib" "/opt/rustwide/rustup-home/toolchains/1.75.0-x86_64-unknown-linux-gnu/lib/rustlib/x86_64-unknown-linux-gnu/lib/libadler-321b82c30dffdf5f.rlib" "/opt/rustwide/rustup-home/toolchains/1.75.0-x86_64-unknown-linux-gnu/lib/rustlib/x86_64-unknown-linux-gnu/lib/libunwind-3dd8a6810a0bdfef.rlib" "/opt/rustwide/rustup-home/toolchains/1.75.0-x86_64-unknown-linux-gnu/lib/rustlib/x86_64-unknown-linux-gnu/lib/libcfg_if-eb39a61c0c879984.rlib" "/opt/rustwide/rustup-home/toolchains/1.75.0-x86_64-unknown-linux-gnu/lib/rustlib/x86_64-unknown-linux-gnu/lib/liblibc-aa769569f91c3548.rlib" "/opt/rustwide/rustup-home/toolchains/1.75.0-x86_64-unknown-linux-gnu/lib/rustlib/x86_64-unknown-linux-gnu/lib/liballoc-510a192a50a983ed.rlib" "/opt/rustwide/rustup-home/toolchains/1.75.0-x86_64-unknown-linux-gnu/lib/rustlib/x86_64-unknown-linux-gnu/lib/librustc_std_workspace_core-0577018320f99037.rlib" "/opt/rustwide/rustup-home/toolchains/1.75.0-x86_64-unknown-linux-gnu/lib/rustlib/x86_64-unknown-linux-gnu/lib/libcore-193cf992125ccd4c.rlib" "/opt/rustwide/rustup-home/toolchains/1.75.0-x86_64-unknown-linux-gnu/lib/rustlib/x86_64-unknown-linux-gnu/lib/libcompiler_builtins-8e138eaf26ebb4a8.rlib" "-Wl,-Bdynamic" "-lssl" "-lcrypto" "-lgcc_s" "-lutil" "-lrt" "-lpthread" "-lm" "-ldl" "-lc" "-Wl,--eh-frame-hdr" "-Wl,-z,noexecstack" "-L" "/opt/rustwide/rustup-home/toolchains/1.75.0-x86_64-unknown-linux-gnu/lib/rustlib/x86_64-unknown-linux-gnu/lib" "-o" "/opt/rustwide/target/debug/examples/bind_sync-17b39a4415215fcf" "-Wl,--gc-sections" "-pie" "-Wl,-z,relro,-z,now" "-nodefaultlibs"
[INFO] [stdout]   = note: collect2: fatal error: ld terminated with signal 9 [Killed]
[INFO] [stdout]           compilation terminated.
[INFO] [stdout]           
[INFO] [stdout] 
[INFO] [stdout] 
[INFO] [stdout] error: aborting due to previous error
[INFO] [stdout] 
[INFO] [stdout] 
[INFO] [stderr] error: could not compile `ldap3` (example "bind_sync") due to 2 previous errors
[INFO] [stdout] error: linking with `cc` failed: exit status: 1
[INFO] [stdout]   |
[INFO] [stdout]   = note: LC_ALL="C" PATH="/opt/rustwide/rustup-home/toolchains/1.75.0-x86_64-unknown-linux-gnu/lib/rustlib/x86_64-unknown-linux-gnu/bin:/opt/rustwide/cargo-home/bin:/usr/local/sbin:/usr/local/bin:/usr/sbin:/usr/bin:/sbin:/bin" VSLANG="1033" "cc" "-m64" "/tmp/rustcL9qCet/symbols.o" "/opt/rustwide/target/debug/examples/search_entrystream_sync-4ca7596b8809415d.search_entrystream_sync.1113712617d1d5c6-cgu.0.rcgu.o" "/opt/rustwide/target/debug/examples/search_entrystream_sync-4ca7596b8809415d.search_entrystream_sync.1113712617d1d5c6-cgu.1.rcgu.o" "/opt/rustwide/target/debug/examples/search_entrystream_sync-4ca7596b8809415d.search_entrystream_sync.1113712617d1d5c6-cgu.2.rcgu.o" "/opt/rustwide/target/debug/examples/search_entrystream_sync-4ca7596b8809415d.search_entrystream_sync.1113712617d1d5c6-cgu.3.rcgu.o" "/opt/rustwide/target/debug/examples/search_entrystream_sync-4ca7596b8809415d.search_entrystream_sync.1113712617d1d5c6-cgu.4.rcgu.o" "/opt/rustwide/target/debug/examples/search_entrystream_sync-4ca7596b8809415d.53ekn9w8p2n6lw34.rcgu.o" "-Wl,--as-needed" "-L" "/opt/rustwide/target/debug/deps" "-L" "/opt/rustwide/rustup-home/toolchains/1.75.0-x86_64-unknown-linux-gnu/lib/rustlib/x86_64-unknown-linux-gnu/lib" "-Wl,-Bstatic" "/opt/rustwide/target/debug/deps/libldap3-1acad622218e8538.rlib" "/opt/rustwide/target/debug/deps/libthiserror-e3e6cb1a14d0aa09.rlib" "/opt/rustwide/target/debug/deps/liblazy_static-591486ebcb9a7ead.rlib" "/opt/rustwide/target/debug/deps/liburl-c958407dd123acdc.rlib" "/opt/rustwide/target/debug/deps/libidna-4923223819c1b25f.rlib" "/opt/rustwide/target/debug/deps/libunicode_normalization-fa540275a0f8725d.rlib" "/opt/rustwide/target/debug/deps/libtinyvec-fc2adea61ab58f5e.rlib" "/opt/rustwide/target/debug/deps/libtinyvec_macros-bfeb7a087f0273ce.rlib" "/opt/rustwide/target/debug/deps/libunicode_bidi-d3ecfe40977b4a59.rlib" "/opt/rustwide/target/debug/deps/libform_urlencoded-e8c43e838ad28fa4.rlib" "/opt/rustwide/target/debug/deps/libtokio_util-f6a18d2023162eb1.rlib" "/opt/rustwide/target/debug/deps/libtracing-6efca6c9ac42ced7.rlib" "/opt/rustwide/target/debug/deps/libtracing_core-241d2437394ed42f.rlib" "/opt/rustwide/target/debug/deps/libtokio_stream-ac2ce3e616ad75d1.rlib" "/opt/rustwide/target/debug/deps/libtokio_native_tls-1c9da15d7cee1066.rlib" "/opt/rustwide/target/debug/deps/libpercent_encoding-c39f6500503dd269.rlib" "/opt/rustwide/target/debug/deps/libnative_tls-697523e3ac3ac5e3.rlib" "/opt/rustwide/target/debug/deps/libopenssl_probe-d850575132083d7c.rlib" "/opt/rustwide/target/debug/deps/libopenssl-3ac3d3795e765868.rlib" "/opt/rustwide/target/debug/deps/libonce_cell-0b3944a765abe985.rlib" "/opt/rustwide/target/debug/deps/libbitflags-b7cee2ca4fb438d0.rlib" "/opt/rustwide/target/debug/deps/libforeign_types-c05743815e5b8a9d.rlib" "/opt/rustwide/target/debug/deps/libforeign_types_shared-d149f5491fde2862.rlib" "/opt/rustwide/target/debug/deps/libopenssl_sys-c4530a60c32c58bb.rlib" "/opt/rustwide/target/debug/deps/libfutures_util-eab629b9baa33766.rlib" "/opt/rustwide/target/debug/deps/libfutures_io-5062be024aa4c585.rlib" "/opt/rustwide/target/debug/deps/libslab-3fdda774eccf4f9f.rlib" "/opt/rustwide/target/debug/deps/libfutures_channel-06438e41420ed8a9.rlib" "/opt/rustwide/target/debug/deps/libfutures_sink-8ece13312afb8528.rlib" "/opt/rustwide/target/debug/deps/libfutures_task-8ee454208e29f22c.rlib" "/opt/rustwide/target/debug/deps/libpin_utils-741f7d9d160e4a16.rlib" "/opt/rustwide/target/debug/deps/libfutures_core-804d82575990b571.rlib" "/opt/rustwide/target/debug/deps/liblber-c22edc4e20adfdce.rlib" "/opt/rustwide/target/debug/deps/libnom-d4970f9456a2ced2.rlib" "/opt/rustwide/target/debug/deps/libtokio-e4d8016bdf3d0b60.rlib" "/opt/rustwide/target/debug/deps/libnum_cpus-3aa53bfbe81fd219.rlib" "/opt/rustwide/target/debug/deps/libsocket2-052f475784d1fa89.rlib" "/opt/rustwide/target/debug/deps/libmemchr-651b9a52835bc194.rlib" "/opt/rustwide/target/debug/deps/libbytes-2f962337dbf30e11.rlib" "/opt/rustwide/target/debug/deps/libpin_project_lite-bd863d416e545bf5.rlib" "/opt/rustwide/target/debug/deps/libmio-a839d3aa0b6a132b.rlib" "/opt/rustwide/target/debug/deps/liblibc-f38636c3bef1ad82.rlib" "/opt/rustwide/target/debug/deps/liblog-d88d404ed4a3e8b9.rlib" "/opt/rustwide/target/debug/deps/libcfg_if-61dc7a6799e72b18.rlib" "/opt/rustwide/rustup-home/toolchains/1.75.0-x86_64-unknown-linux-gnu/lib/rustlib/x86_64-unknown-linux-gnu/lib/libstd-90f6ddbf82de36ec.rlib" "/opt/rustwide/rustup-home/toolchains/1.75.0-x86_64-unknown-linux-gnu/lib/rustlib/x86_64-unknown-linux-gnu/lib/libpanic_unwind-480c41e9d4e1f677.rlib" "/opt/rustwide/rustup-home/toolchains/1.75.0-x86_64-unknown-linux-gnu/lib/rustlib/x86_64-unknown-linux-gnu/lib/libobject-db744c0ca03eed1d.rlib" "/opt/rustwide/rustup-home/toolchains/1.75.0-x86_64-unknown-linux-gnu/lib/rustlib/x86_64-unknown-linux-gnu/lib/libmemchr-8ba652dc7d4b285a.rlib" "/opt/rustwide/rustup-home/toolchains/1.75.0-x86_64-unknown-linux-gnu/lib/rustlib/x86_64-unknown-linux-gnu/lib/libaddr2line-d5f4520a9ebc0d58.rlib" "/opt/rustwide/rustup-home/toolchains/1.75.0-x86_64-unknown-linux-gnu/lib/rustlib/x86_64-unknown-linux-gnu/lib/libgimli-4ad84de58f0cb463.rlib" "/opt/rustwide/rustup-home/toolchains/1.75.0-x86_64-unknown-linux-gnu/lib/rustlib/x86_64-unknown-linux-gnu/lib/librustc_demangle-0d10aae2e0f38735.rlib" "/opt/rustwide/rustup-home/toolchains/1.75.0-x86_64-unknown-linux-gnu/lib/rustlib/x86_64-unknown-linux-gnu/lib/libstd_detect-0c17cff739e6745b.rlib" "/opt/rustwide/rustup-home/toolchains/1.75.0-x86_64-unknown-linux-gnu/lib/rustlib/x86_64-unknown-linux-gnu/lib/libhashbrown-b29e17139dde1aa8.rlib" "/opt/rustwide/rustup-home/toolchains/1.75.0-x86_64-unknown-linux-gnu/lib/rustlib/x86_64-unknown-linux-gnu/lib/librustc_std_workspace_alloc-1f975299829cc7bd.rlib" "/opt/rustwide/rustup-home/toolchains/1.75.0-x86_64-unknown-linux-gnu/lib/rustlib/x86_64-unknown-linux-gnu/lib/libminiz_oxide-86bae3bc3079f89b.rlib" "/opt/rustwide/rustup-home/toolchains/1.75.0-x86_64-unknown-linux-gnu/lib/rustlib/x86_64-unknown-linux-gnu/lib/libadler-321b82c30dffdf5f.rlib" "/opt/rustwide/rustup-home/toolchains/1.75.0-x86_64-unknown-linux-gnu/lib/rustlib/x86_64-unknown-linux-gnu/lib/libunwind-3dd8a6810a0bdfef.rlib" "/opt/rustwide/rustup-home/toolchains/1.75.0-x86_64-unknown-linux-gnu/lib/rustlib/x86_64-unknown-linux-gnu/lib/libcfg_if-eb39a61c0c879984.rlib" "/opt/rustwide/rustup-home/toolchains/1.75.0-x86_64-unknown-linux-gnu/lib/rustlib/x86_64-unknown-linux-gnu/lib/liblibc-aa769569f91c3548.rlib" "/opt/rustwide/rustup-home/toolchains/1.75.0-x86_64-unknown-linux-gnu/lib/rustlib/x86_64-unknown-linux-gnu/lib/liballoc-510a192a50a983ed.rlib" "/opt/rustwide/rustup-home/toolchains/1.75.0-x86_64-unknown-linux-gnu/lib/rustlib/x86_64-unknown-linux-gnu/lib/librustc_std_workspace_core-0577018320f99037.rlib" "/opt/rustwide/rustup-home/toolchains/1.75.0-x86_64-unknown-linux-gnu/lib/rustlib/x86_64-unknown-linux-gnu/lib/libcore-193cf992125ccd4c.rlib" "/opt/rustwide/rustup-home/toolchains/1.75.0-x86_64-unknown-linux-gnu/lib/rustlib/x86_64-unknown-linux-gnu/lib/libcompiler_builtins-8e138eaf26ebb4a8.rlib" "-Wl,-Bdynamic" "-lssl" "-lcrypto" "-lgcc_s" "-lutil" "-lrt" "-lpthread" "-lm" "-ldl" "-lc" "-Wl,--eh-frame-hdr" "-Wl,-z,noexecstack" "-L" "/opt/rustwide/rustup-home/toolchains/1.75.0-x86_64-unknown-linux-gnu/lib/rustlib/x86_64-unknown-linux-gnu/lib" "-o" "/opt/rustwide/target/debug/examples/search_entrystream_sync-4ca7596b8809415d" "-Wl,--gc-sections" "-pie" "-Wl,-z,relro,-z,now" "-nodefaultlibs"
[INFO] [stdout]   = note: collect2: fatal error: ld terminated with signal 9 [Killed]
[INFO] [stdout]           compilation terminated.
[INFO] [stdout]           
[INFO] [stdout] 
[INFO] [stdout] 
[INFO] [stdout] error: aborting due to previous error
[INFO] [stdout] 
[INFO] [stdout] 
[INFO] [stderr] error: could not compile `ldap3` (example "search_entrystream_sync") due to 2 previous errors
[INFO] running `Command { std: "docker" "inspect" "b5fbbe3ea1d490b6b14d9872c9fa11e5b2cef06f8698291b1daf88fa8d5bedb8", kill_on_drop: false }`
[INFO] running `Command { std: "docker" "rm" "-f" "b5fbbe3ea1d490b6b14d9872c9fa11e5b2cef06f8698291b1daf88fa8d5bedb8", kill_on_drop: false }`
[INFO] [stdout] b5fbbe3ea1d490b6b14d9872c9fa11e5b2cef06f8698291b1daf88fa8d5bedb8
[INFO] testing ldap3-0.11.3 against beta-2023-12-22 for beta-1.76-1
[INFO] extracting crate ldap3 0.11.3 into /workspace/builds/worker-4-tc2/source
[INFO] validating manifest of crates.io crate ldap3 0.11.3 on toolchain beta-2023-12-22
[INFO] running `Command { std: CARGO_HOME="/workspace/cargo-home" RUSTUP_HOME="/workspace/rustup-home" "/workspace/cargo-home/bin/cargo" "+beta-2023-12-22" "metadata" "--manifest-path" "Cargo.toml" "--no-deps", kill_on_drop: false }`
[INFO] started tweaking crates.io crate ldap3 0.11.3
[INFO] finished tweaking crates.io crate ldap3 0.11.3
[INFO] tweaked toml for crates.io crate ldap3 0.11.3 written to /workspace/builds/worker-4-tc2/source/Cargo.toml
[INFO] crate crates.io crate ldap3 0.11.3 already has a lockfile, it will not be regenerated
[INFO] running `Command { std: CARGO_HOME="/workspace/cargo-home" RUSTUP_HOME="/workspace/rustup-home" "/workspace/cargo-home/bin/cargo" "+beta-2023-12-22" "fetch" "--manifest-path" "Cargo.toml", kill_on_drop: false }`
[INFO] [stderr]     Blocking waiting for file lock on package cache
[INFO] [stderr]     Blocking waiting for file lock on package cache
[INFO] running `Command { std: "docker" "create" "-v" "/var/lib/crater-agent-workspace/builds/worker-4-tc2/target:/opt/rustwide/target:rw,Z" "-v" "/var/lib/crater-agent-workspace/builds/worker-4-tc2/source:/opt/rustwide/workdir:ro,Z" "-v" "/var/lib/crater-agent-workspace/cargo-home:/opt/rustwide/cargo-home:ro,Z" "-v" "/var/lib/crater-agent-workspace/rustup-home:/opt/rustwide/rustup-home:ro,Z" "-e" "SOURCE_DIR=/opt/rustwide/workdir" "-e" "CARGO_TARGET_DIR=/opt/rustwide/target" "-e" "CARGO_HOME=/opt/rustwide/cargo-home" "-e" "RUSTUP_HOME=/opt/rustwide/rustup-home" "-w" "/opt/rustwide/workdir" "-m" "1610612736" "--user" "0:0" "--network" "none" "ghcr.io/rust-lang/crates-build-env/linux@sha256:2788e3201cd34a07e3172128adcd8b3090168a8e3bcc40d7c032b9dda1df7d1c" "/opt/rustwide/cargo-home/bin/cargo" "+beta-2023-12-22" "metadata" "--no-deps" "--format-version=1", kill_on_drop: false }`
[INFO] [stdout] 1a199824dc21f009e9e65d4e41cc6bc8028dc6ab4a804eac8c49a08b898bd696
[INFO] running `Command { std: "docker" "start" "-a" "1a199824dc21f009e9e65d4e41cc6bc8028dc6ab4a804eac8c49a08b898bd696", kill_on_drop: false }`
[INFO] running `Command { std: "docker" "inspect" "1a199824dc21f009e9e65d4e41cc6bc8028dc6ab4a804eac8c49a08b898bd696", kill_on_drop: false }`
[INFO] running `Command { std: "docker" "rm" "-f" "1a199824dc21f009e9e65d4e41cc6bc8028dc6ab4a804eac8c49a08b898bd696", kill_on_drop: false }`
[INFO] [stdout] 1a199824dc21f009e9e65d4e41cc6bc8028dc6ab4a804eac8c49a08b898bd696
[INFO] running `Command { std: "docker" "create" "-v" "/var/lib/crater-agent-workspace/builds/worker-4-tc2/target:/opt/rustwide/target:rw,Z" "-v" "/var/lib/crater-agent-workspace/builds/worker-4-tc2/source:/opt/rustwide/workdir:ro,Z" "-v" "/var/lib/crater-agent-workspace/cargo-home:/opt/rustwide/cargo-home:ro,Z" "-v" "/var/lib/crater-agent-workspace/rustup-home:/opt/rustwide/rustup-home:ro,Z" "-e" "SOURCE_DIR=/opt/rustwide/workdir" "-e" "CARGO_TARGET_DIR=/opt/rustwide/target" "-e" "CARGO_INCREMENTAL=0" "-e" "RUST_BACKTRACE=full" "-e" "RUSTFLAGS=--cap-lints=warn" "-e" "RUSTDOCFLAGS=--cap-lints=warn" "-e" "CARGO_HOME=/opt/rustwide/cargo-home" "-e" "RUSTUP_HOME=/opt/rustwide/rustup-home" "-w" "/opt/rustwide/workdir" "-m" "1610612736" "--user" "0:0" "--network" "none" "ghcr.io/rust-lang/crates-build-env/linux@sha256:2788e3201cd34a07e3172128adcd8b3090168a8e3bcc40d7c032b9dda1df7d1c" "/opt/rustwide/cargo-home/bin/cargo" "+beta-2023-12-22" "build" "--frozen" "--message-format=json", kill_on_drop: false }`
[INFO] [stdout] 886f146d0168fe2a27db41d008cf5d2ffea8daff8192a11fccaebff8349815f1
[INFO] running `Command { std: "docker" "start" "-a" "886f146d0168fe2a27db41d008cf5d2ffea8daff8192a11fccaebff8349815f1", kill_on_drop: false }`
[INFO] [stderr]    Compiling proc-macro2 v1.0.49
[INFO] [stderr]    Compiling unicode-ident v1.0.6
[INFO] [stderr]    Compiling syn v1.0.107
[INFO] [stderr]    Compiling libc v0.2.138
[INFO] [stderr]    Compiling cc v1.0.73
[INFO] [stderr]    Compiling pin-project-lite v0.2.8
[INFO] [stderr]    Compiling futures-core v0.3.25
[INFO] [stderr]    Compiling log v0.4.17
[INFO] [stderr]    Compiling once_cell v1.16.0
[INFO] [stderr]    Compiling futures-channel v0.3.25
[INFO] [stderr]    Compiling bytes v1.3.0
[INFO] [stderr]    Compiling futures-sink v0.3.25
[INFO] [stderr]    Compiling tokio v1.23.0
[INFO] [stderr]    Compiling futures-task v0.3.25
[INFO] [stderr]    Compiling futures-util v0.3.25
[INFO] [stderr]    Compiling native-tls v0.2.11
[INFO] [stderr]    Compiling futures-io v0.3.25
[INFO] [stderr]    Compiling async-trait v0.1.60
[INFO] [stderr]    Compiling openssl-probe v0.1.5
[INFO] [stderr]    Compiling tracing-core v0.1.30
[INFO] [stderr]    Compiling minimal-lexical v0.2.1
[INFO] [stderr]    Compiling thiserror v1.0.38
[INFO] [stderr]    Compiling percent-encoding v2.2.0
[INFO] [stderr]    Compiling idna v0.3.0
[INFO] [stderr]    Compiling form_urlencoded v1.1.0
[INFO] [stderr]    Compiling nom v7.1.1
[INFO] [stderr]    Compiling tracing v0.1.35
[INFO] [stderr]    Compiling mio v0.8.5
[INFO] [stderr]    Compiling socket2 v0.4.4
[INFO] [stderr]    Compiling quote v1.0.15
[INFO] [stderr]    Compiling url v2.3.1
[INFO] [stderr]    Compiling openssl-sys v0.9.72
[INFO] [stderr]    Compiling openssl v0.10.38
[INFO] [stderr]    Compiling lber v0.4.2
[INFO] [stderr]    Compiling tokio-macros v1.7.0
[INFO] [stderr]    Compiling futures-macro v0.3.25
[INFO] [stderr]    Compiling thiserror-impl v1.0.38
[INFO] [stderr]    Compiling futures-executor v0.3.25
[INFO] [stderr]    Compiling tokio-stream v0.1.11
[INFO] [stderr]    Compiling tokio-native-tls v0.3.0
[INFO] [stderr]    Compiling tokio-util v0.7.4
[INFO] [stderr]    Compiling futures v0.3.25
[INFO] [stderr]    Compiling ldap3 v0.11.3 (/opt/rustwide/workdir)
[INFO] [stderr]     Finished dev [unoptimized + debuginfo] target(s) in 12.59s
[INFO] running `Command { std: "docker" "inspect" "886f146d0168fe2a27db41d008cf5d2ffea8daff8192a11fccaebff8349815f1", kill_on_drop: false }`
[INFO] running `Command { std: "docker" "rm" "-f" "886f146d0168fe2a27db41d008cf5d2ffea8daff8192a11fccaebff8349815f1", kill_on_drop: false }`
[INFO] [stdout] 886f146d0168fe2a27db41d008cf5d2ffea8daff8192a11fccaebff8349815f1
[INFO] running `Command { std: "docker" "create" "-v" "/var/lib/crater-agent-workspace/builds/worker-4-tc2/target:/opt/rustwide/target:rw,Z" "-v" "/var/lib/crater-agent-workspace/builds/worker-4-tc2/source:/opt/rustwide/workdir:ro,Z" "-v" "/var/lib/crater-agent-workspace/cargo-home:/opt/rustwide/cargo-home:ro,Z" "-v" "/var/lib/crater-agent-workspace/rustup-home:/opt/rustwide/rustup-home:ro,Z" "-e" "SOURCE_DIR=/opt/rustwide/workdir" "-e" "CARGO_TARGET_DIR=/opt/rustwide/target" "-e" "CARGO_INCREMENTAL=0" "-e" "RUST_BACKTRACE=full" "-e" "RUSTFLAGS=--cap-lints=warn" "-e" "RUSTDOCFLAGS=--cap-lints=warn" "-e" "CARGO_HOME=/opt/rustwide/cargo-home" "-e" "RUSTUP_HOME=/opt/rustwide/rustup-home" "-w" "/opt/rustwide/workdir" "-m" "1610612736" "--user" "0:0" "--network" "none" "ghcr.io/rust-lang/crates-build-env/linux@sha256:2788e3201cd34a07e3172128adcd8b3090168a8e3bcc40d7c032b9dda1df7d1c" "/opt/rustwide/cargo-home/bin/cargo" "+beta-2023-12-22" "test" "--frozen" "--no-run" "--message-format=json", kill_on_drop: false }`
[INFO] [stdout] 4b2b634a033d13dadbe591052497cef89c18226576a7bbed9483a886fb7ddf9b
[INFO] running `Command { std: "docker" "start" "-a" "4b2b634a033d13dadbe591052497cef89c18226576a7bbed9483a886fb7ddf9b", kill_on_drop: false }`
[INFO] [stderr]    Compiling libc v0.2.138
[INFO] [stderr]    Compiling log v0.4.17
[INFO] [stderr]    Compiling tokio v1.23.0
[INFO] [stderr]    Compiling io-lifetimes v1.0.5
[INFO] [stderr]    Compiling rustix v0.36.8
[INFO] [stderr]    Compiling linux-raw-sys v0.1.4
[INFO] [stderr]    Compiling num_cpus v1.13.1
[INFO] [stderr]    Compiling mio v0.8.5
[INFO] [stderr]    Compiling socket2 v0.4.4
[INFO] [stderr]    Compiling openssl-sys v0.9.72
[INFO] [stderr]    Compiling openssl v0.10.38
[INFO] [stderr]    Compiling is-terminal v0.4.3
[INFO] [stderr]    Compiling env_logger v0.10.0
[INFO] [stderr]    Compiling native-tls v0.2.11
[INFO] [stderr]    Compiling tokio-native-tls v0.3.0
[INFO] [stderr]    Compiling tokio-stream v0.1.11
[INFO] [stderr]    Compiling tokio-util v0.7.4
[INFO] [stderr]    Compiling ldap3 v0.11.3 (/opt/rustwide/workdir)
[INFO] [stderr] error: could not compile `ldap3` (example "search_adapted_paged_plus")
[INFO] [stderr] 
[INFO] [stderr] Caused by:
[INFO] [stderr]   process didn't exit successfully: `/opt/rustwide/rustup-home/toolchains/beta-2023-12-22-x86_64-unknown-linux-gnu/bin/rustc --crate-name search_adapted_paged_plus --edition=2021 examples/search_adapted_paged_plus.rs --error-format=json --json=diagnostic-rendered-ansi,artifacts,future-incompat --crate-type bin --emit=dep-info,link -C embed-bitcode=no -C debuginfo=2 --cfg 'feature="default"' --cfg 'feature="native-tls"' --cfg 'feature="sync"' --cfg 'feature="tls"' --cfg 'feature="tls-native"' --cfg 'feature="tokio-native-tls"' -C metadata=2b859576ce26b912 -C extra-filename=-2b859576ce26b912 --out-dir /opt/rustwide/target/debug/examples -L dependency=/opt/rustwide/target/debug/deps --extern async_trait=/opt/rustwide/target/debug/deps/libasync_trait-443092fdfbe4f499.so --extern bytes=/opt/rustwide/target/debug/deps/libbytes-34a79b63f509580e.rlib --extern env_logger=/opt/rustwide/target/debug/deps/libenv_logger-dc356e2c816bb6a3.rlib --extern futures=/opt/rustwide/target/debug/deps/libfutures-c163625559ee755e.rlib --extern futures_util=/opt/rustwide/target/debug/deps/libfutures_util-c36a443b4de41238.rlib --extern lazy_static=/opt/rustwide/target/debug/deps/liblazy_static-efa3519517df6cf0.rlib --extern lber=/opt/rustwide/target/debug/deps/liblber-bed7d74f98c0fad0.rlib --extern ldap3=/opt/rustwide/target/debug/deps/libldap3-9a9ff081d82b7e8f.rlib --extern log=/opt/rustwide/target/debug/deps/liblog-5dd7ca7285786d5e.rlib --extern native_tls=/opt/rustwide/target/debug/deps/libnative_tls-91c58c8b986d8dff.rlib --extern nom=/opt/rustwide/target/debug/deps/libnom-87dc99101acde9c2.rlib --extern percent_encoding=/opt/rustwide/target/debug/deps/libpercent_encoding-52ba3d834e28489d.rlib --extern thiserror=/opt/rustwide/target/debug/deps/libthiserror-8fe9cebe593656c8.rlib --extern tokio=/opt/rustwide/target/debug/deps/libtokio-bf4e879a17168919.rlib --extern tokio_native_tls=/opt/rustwide/target/debug/deps/libtokio_native_tls-90f47330c4d1fa8b.rlib --extern tokio_stream=/opt/rustwide/target/debug/deps/libtokio_stream-533ca51a7f11b471.rlib --extern tokio_util=/opt/rustwide/target/debug/deps/libtokio_util-33af7e051e22002f.rlib --extern url=/opt/rustwide/target/debug/deps/liburl-07a7ed2a4bc86949.rlib --cap-lints=warn` (signal: 9, SIGKILL: kill)
[INFO] [stderr] warning: build failed, waiting for other jobs to finish...
[INFO] [stderr] error: could not compile `ldap3` (example "search_adapted")
[INFO] [stderr] 
[INFO] [stderr] Caused by:
[INFO] [stderr]   process didn't exit successfully: `/opt/rustwide/rustup-home/toolchains/beta-2023-12-22-x86_64-unknown-linux-gnu/bin/rustc --crate-name search_adapted --edition=2021 examples/search_adapted.rs --error-format=json --json=diagnostic-rendered-ansi,artifacts,future-incompat --crate-type bin --emit=dep-info,link -C embed-bitcode=no -C debuginfo=2 --cfg 'feature="default"' --cfg 'feature="native-tls"' --cfg 'feature="sync"' --cfg 'feature="tls"' --cfg 'feature="tls-native"' --cfg 'feature="tokio-native-tls"' -C metadata=391a83d9a128ac06 -C extra-filename=-391a83d9a128ac06 --out-dir /opt/rustwide/target/debug/examples -L dependency=/opt/rustwide/target/debug/deps --extern async_trait=/opt/rustwide/target/debug/deps/libasync_trait-443092fdfbe4f499.so --extern bytes=/opt/rustwide/target/debug/deps/libbytes-34a79b63f509580e.rlib --extern env_logger=/opt/rustwide/target/debug/deps/libenv_logger-dc356e2c816bb6a3.rlib --extern futures=/opt/rustwide/target/debug/deps/libfutures-c163625559ee755e.rlib --extern futures_util=/opt/rustwide/target/debug/deps/libfutures_util-c36a443b4de41238.rlib --extern lazy_static=/opt/rustwide/target/debug/deps/liblazy_static-efa3519517df6cf0.rlib --extern lber=/opt/rustwide/target/debug/deps/liblber-bed7d74f98c0fad0.rlib --extern ldap3=/opt/rustwide/target/debug/deps/libldap3-9a9ff081d82b7e8f.rlib --extern log=/opt/rustwide/target/debug/deps/liblog-5dd7ca7285786d5e.rlib --extern native_tls=/opt/rustwide/target/debug/deps/libnative_tls-91c58c8b986d8dff.rlib --extern nom=/opt/rustwide/target/debug/deps/libnom-87dc99101acde9c2.rlib --extern percent_encoding=/opt/rustwide/target/debug/deps/libpercent_encoding-52ba3d834e28489d.rlib --extern thiserror=/opt/rustwide/target/debug/deps/libthiserror-8fe9cebe593656c8.rlib --extern tokio=/opt/rustwide/target/debug/deps/libtokio-bf4e879a17168919.rlib --extern tokio_native_tls=/opt/rustwide/target/debug/deps/libtokio_native_tls-90f47330c4d1fa8b.rlib --extern tokio_stream=/opt/rustwide/target/debug/deps/libtokio_stream-533ca51a7f11b471.rlib --extern tokio_util=/opt/rustwide/target/debug/deps/libtokio_util-33af7e051e22002f.rlib --extern url=/opt/rustwide/target/debug/deps/liburl-07a7ed2a4bc86949.rlib --cap-lints=warn` (signal: 9, SIGKILL: kill)
[INFO] [stderr] error: could not compile `ldap3` (example "search_adapted_paged_plus_sync")
[INFO] [stderr] 
[INFO] [stderr] Caused by:
[INFO] [stderr]   process didn't exit successfully: `/opt/rustwide/rustup-home/toolchains/beta-2023-12-22-x86_64-unknown-linux-gnu/bin/rustc --crate-name search_adapted_paged_plus_sync --edition=2021 examples/search_adapted_paged_plus_sync.rs --error-format=json --json=diagnostic-rendered-ansi,artifacts,future-incompat --crate-type bin --emit=dep-info,link -C embed-bitcode=no -C debuginfo=2 --cfg 'feature="default"' --cfg 'feature="native-tls"' --cfg 'feature="sync"' --cfg 'feature="tls"' --cfg 'feature="tls-native"' --cfg 'feature="tokio-native-tls"' -C metadata=4013ae90dd793a0a -C extra-filename=-4013ae90dd793a0a --out-dir /opt/rustwide/target/debug/examples -L dependency=/opt/rustwide/target/debug/deps --extern async_trait=/opt/rustwide/target/debug/deps/libasync_trait-443092fdfbe4f499.so --extern bytes=/opt/rustwide/target/debug/deps/libbytes-34a79b63f509580e.rlib --extern env_logger=/opt/rustwide/target/debug/deps/libenv_logger-dc356e2c816bb6a3.rlib --extern futures=/opt/rustwide/target/debug/deps/libfutures-c163625559ee755e.rlib --extern futures_util=/opt/rustwide/target/debug/deps/libfutures_util-c36a443b4de41238.rlib --extern lazy_static=/opt/rustwide/target/debug/deps/liblazy_static-efa3519517df6cf0.rlib --extern lber=/opt/rustwide/target/debug/deps/liblber-bed7d74f98c0fad0.rlib --extern ldap3=/opt/rustwide/target/debug/deps/libldap3-9a9ff081d82b7e8f.rlib --extern log=/opt/rustwide/target/debug/deps/liblog-5dd7ca7285786d5e.rlib --extern native_tls=/opt/rustwide/target/debug/deps/libnative_tls-91c58c8b986d8dff.rlib --extern nom=/opt/rustwide/target/debug/deps/libnom-87dc99101acde9c2.rlib --extern percent_encoding=/opt/rustwide/target/debug/deps/libpercent_encoding-52ba3d834e28489d.rlib --extern thiserror=/opt/rustwide/target/debug/deps/libthiserror-8fe9cebe593656c8.rlib --extern tokio=/opt/rustwide/target/debug/deps/libtokio-bf4e879a17168919.rlib --extern tokio_native_tls=/opt/rustwide/target/debug/deps/libtokio_native_tls-90f47330c4d1fa8b.rlib --extern tokio_stream=/opt/rustwide/target/debug/deps/libtokio_stream-533ca51a7f11b471.rlib --extern tokio_util=/opt/rustwide/target/debug/deps/libtokio_util-33af7e051e22002f.rlib --extern url=/opt/rustwide/target/debug/deps/liburl-07a7ed2a4bc86949.rlib --cap-lints=warn` (signal: 9, SIGKILL: kill)
[INFO] [stdout] error: linking with `cc` failed: exit status: 1
[INFO] [stdout]   |
[INFO] [stdout]   = note: LC_ALL="C" PATH="/opt/rustwide/rustup-home/toolchains/beta-2023-12-22-x86_64-unknown-linux-gnu/lib/rustlib/x86_64-unknown-linux-gnu/bin:/opt/rustwide/cargo-home/bin:/usr/local/sbin:/usr/local/bin:/usr/sbin:/usr/bin:/sbin:/bin" VSLANG="1033" "cc" "-m64" "/tmp/rustc0a3TBi/symbols.o" "/opt/rustwide/target/debug/examples/whoami_external_sync-d872609d3a080f55.whoami_external_sync.6e196833d26e0889-cgu.0.rcgu.o" "/opt/rustwide/target/debug/examples/whoami_external_sync-d872609d3a080f55.1gbscizv2r7h89wa.rcgu.o" "-Wl,--as-needed" "-L" "/opt/rustwide/target/debug/deps" "-L" "/opt/rustwide/rustup-home/toolchains/beta-2023-12-22-x86_64-unknown-linux-gnu/lib/rustlib/x86_64-unknown-linux-gnu/lib" "-Wl,-Bstatic" "/opt/rustwide/target/debug/deps/libldap3-9a9ff081d82b7e8f.rlib" "/opt/rustwide/target/debug/deps/libthiserror-8fe9cebe593656c8.rlib" "/opt/rustwide/target/debug/deps/liblazy_static-efa3519517df6cf0.rlib" "/opt/rustwide/target/debug/deps/liburl-07a7ed2a4bc86949.rlib" "/opt/rustwide/target/debug/deps/libidna-aa1c0045aa81672e.rlib" "/opt/rustwide/target/debug/deps/libunicode_normalization-40526e3f649c16ed.rlib" "/opt/rustwide/target/debug/deps/libtinyvec-63fcc069d8fc338e.rlib" "/opt/rustwide/target/debug/deps/libtinyvec_macros-2b90caf71be257df.rlib" "/opt/rustwide/target/debug/deps/libunicode_bidi-9e22f06d2a04cff1.rlib" "/opt/rustwide/target/debug/deps/libform_urlencoded-2e6be29729763aa6.rlib" "/opt/rustwide/target/debug/deps/libtokio_util-33af7e051e22002f.rlib" "/opt/rustwide/target/debug/deps/libtracing-b36c7f219d8aad7b.rlib" "/opt/rustwide/target/debug/deps/libtracing_core-bd8d97dcd41b02fd.rlib" "/opt/rustwide/target/debug/deps/libtokio_stream-533ca51a7f11b471.rlib" "/opt/rustwide/target/debug/deps/libtokio_native_tls-90f47330c4d1fa8b.rlib" "/opt/rustwide/target/debug/deps/libpercent_encoding-52ba3d834e28489d.rlib" "/opt/rustwide/target/debug/deps/libnative_tls-91c58c8b986d8dff.rlib" "/opt/rustwide/target/debug/deps/libopenssl_probe-01da96bec2dfd166.rlib" "/opt/rustwide/target/debug/deps/libopenssl-9e8259ecaee9e096.rlib" "/opt/rustwide/target/debug/deps/libonce_cell-ef1409d54228c1c0.rlib" "/opt/rustwide/target/debug/deps/libbitflags-85e13ed1e0c6d910.rlib" "/opt/rustwide/target/debug/deps/libforeign_types-34162016ad32c65c.rlib" "/opt/rustwide/target/debug/deps/libforeign_types_shared-6c481fa47d8ef87b.rlib" "/opt/rustwide/target/debug/deps/libopenssl_sys-7ef00ddba879fbbe.rlib" "/opt/rustwide/target/debug/deps/libfutures_util-c36a443b4de41238.rlib" "/opt/rustwide/target/debug/deps/libfutures_io-71cd5128c90d7d08.rlib" "/opt/rustwide/target/debug/deps/libslab-e5442f48fd9b849e.rlib" "/opt/rustwide/target/debug/deps/libfutures_channel-8580f4878379d174.rlib" "/opt/rustwide/target/debug/deps/libfutures_sink-623c2952ee7aa955.rlib" "/opt/rustwide/target/debug/deps/libfutures_task-a89347c5f688dfaa.rlib" "/opt/rustwide/target/debug/deps/libpin_utils-9c5dcf17efb91bff.rlib" "/opt/rustwide/target/debug/deps/libfutures_core-33f184b6951e8fbf.rlib" "/opt/rustwide/target/debug/deps/liblber-bed7d74f98c0fad0.rlib" "/opt/rustwide/target/debug/deps/libnom-87dc99101acde9c2.rlib" "/opt/rustwide/target/debug/deps/libtokio-bf4e879a17168919.rlib" "/opt/rustwide/target/debug/deps/libnum_cpus-599ebb0bb9a26b90.rlib" "/opt/rustwide/target/debug/deps/libsocket2-36b361f050e37b85.rlib" "/opt/rustwide/target/debug/deps/libmemchr-6f62f415054b7720.rlib" "/opt/rustwide/target/debug/deps/libbytes-34a79b63f509580e.rlib" "/opt/rustwide/target/debug/deps/libpin_project_lite-ca6a0babd9f90b02.rlib" "/opt/rustwide/target/debug/deps/libmio-d430a505fdf75768.rlib" "/opt/rustwide/target/debug/deps/liblibc-0c76da938fb0702f.rlib" "/opt/rustwide/target/debug/deps/liblog-5dd7ca7285786d5e.rlib" "/opt/rustwide/target/debug/deps/libcfg_if-e7002d307f97bc56.rlib" "/opt/rustwide/rustup-home/toolchains/beta-2023-12-22-x86_64-unknown-linux-gnu/lib/rustlib/x86_64-unknown-linux-gnu/lib/libstd-0672489a78b613de.rlib" "/opt/rustwide/rustup-home/toolchains/beta-2023-12-22-x86_64-unknown-linux-gnu/lib/rustlib/x86_64-unknown-linux-gnu/lib/libpanic_unwind-7eb3ffc34a49f675.rlib" "/opt/rustwide/rustup-home/toolchains/beta-2023-12-22-x86_64-unknown-linux-gnu/lib/rustlib/x86_64-unknown-linux-gnu/lib/libobject-6478a9daa4bee8e2.rlib" "/opt/rustwide/rustup-home/toolchains/beta-2023-12-22-x86_64-unknown-linux-gnu/lib/rustlib/x86_64-unknown-linux-gnu/lib/libmemchr-0c75d871a5c3923d.rlib" "/opt/rustwide/rustup-home/toolchains/beta-2023-12-22-x86_64-unknown-linux-gnu/lib/rustlib/x86_64-unknown-linux-gnu/lib/libaddr2line-d163ef63ad37bb71.rlib" "/opt/rustwide/rustup-home/toolchains/beta-2023-12-22-x86_64-unknown-linux-gnu/lib/rustlib/x86_64-unknown-linux-gnu/lib/libgimli-8a3fd810a85b9f4c.rlib" "/opt/rustwide/rustup-home/toolchains/beta-2023-12-22-x86_64-unknown-linux-gnu/lib/rustlib/x86_64-unknown-linux-gnu/lib/librustc_demangle-462a2cde8c5dfc10.rlib" "/opt/rustwide/rustup-home/toolchains/beta-2023-12-22-x86_64-unknown-linux-gnu/lib/rustlib/x86_64-unknown-linux-gnu/lib/libstd_detect-cb06ac9f54713f71.rlib" "/opt/rustwide/rustup-home/toolchains/beta-2023-12-22-x86_64-unknown-linux-gnu/lib/rustlib/x86_64-unknown-linux-gnu/lib/libhashbrown-f20bfd1f8e59b393.rlib" "/opt/rustwide/rustup-home/toolchains/beta-2023-12-22-x86_64-unknown-linux-gnu/lib/rustlib/x86_64-unknown-linux-gnu/lib/librustc_std_workspace_alloc-1ef460949b49da4b.rlib" "/opt/rustwide/rustup-home/toolchains/beta-2023-12-22-x86_64-unknown-linux-gnu/lib/rustlib/x86_64-unknown-linux-gnu/lib/libminiz_oxide-2cb0c0ffe4f87514.rlib" "/opt/rustwide/rustup-home/toolchains/beta-2023-12-22-x86_64-unknown-linux-gnu/lib/rustlib/x86_64-unknown-linux-gnu/lib/libadler-58d841eb322a11a2.rlib" "/opt/rustwide/rustup-home/toolchains/beta-2023-12-22-x86_64-unknown-linux-gnu/lib/rustlib/x86_64-unknown-linux-gnu/lib/libunwind-aa2ae0b0a9d11533.rlib" "/opt/rustwide/rustup-home/toolchains/beta-2023-12-22-x86_64-unknown-linux-gnu/lib/rustlib/x86_64-unknown-linux-gnu/lib/libcfg_if-23874e15830ed336.rlib" "/opt/rustwide/rustup-home/toolchains/beta-2023-12-22-x86_64-unknown-linux-gnu/lib/rustlib/x86_64-unknown-linux-gnu/lib/liblibc-e47cddc003bce885.rlib" "/opt/rustwide/rustup-home/toolchains/beta-2023-12-22-x86_64-unknown-linux-gnu/lib/rustlib/x86_64-unknown-linux-gnu/lib/liballoc-c22b13b48a8f128e.rlib" "/opt/rustwide/rustup-home/toolchains/beta-2023-12-22-x86_64-unknown-linux-gnu/lib/rustlib/x86_64-unknown-linux-gnu/lib/librustc_std_workspace_core-e46bc3da6d7c462f.rlib" "/opt/rustwide/rustup-home/toolchains/beta-2023-12-22-x86_64-unknown-linux-gnu/lib/rustlib/x86_64-unknown-linux-gnu/lib/libcore-8d1ac131d3cb2645.rlib" "/opt/rustwide/rustup-home/toolchains/beta-2023-12-22-x86_64-unknown-linux-gnu/lib/rustlib/x86_64-unknown-linux-gnu/lib/libcompiler_builtins-a1b43df8c6899c1f.rlib" "-Wl,-Bdynamic" "-lssl" "-lcrypto" "-lgcc_s" "-lutil" "-lrt" "-lpthread" "-lm" "-ldl" "-lc" "-Wl,--eh-frame-hdr" "-Wl,-z,noexecstack" "-L" "/opt/rustwide/rustup-home/toolchains/beta-2023-12-22-x86_64-unknown-linux-gnu/lib/rustlib/x86_64-unknown-linux-gnu/lib" "-o" "/opt/rustwide/target/debug/examples/whoami_external_sync-d872609d3a080f55" "-Wl,--gc-sections" "-pie" "-Wl,-z,relro,-z,now" "-nodefaultlibs"
[INFO] [stdout]   = note: collect2: fatal error: ld terminated with signal 9 [Killed]
[INFO] [stdout]           compilation terminated.
[INFO] [stdout]           
[INFO] [stdout] 
[INFO] [stdout] 
[INFO] [stdout] error: aborting due to 1 previous error
[INFO] [stdout] 
[INFO] [stdout] 
[INFO] [stderr] error: could not compile `ldap3` (example "whoami_external_sync") due to 2 previous errors
[INFO] [stdout] error: linking with `cc` failed: exit status: 1
[INFO] [stdout]   |
[INFO] [stdout]   = note: LC_ALL="C" PATH="/opt/rustwide/rustup-home/toolchains/beta-2023-12-22-x86_64-unknown-linux-gnu/lib/rustlib/x86_64-unknown-linux-gnu/bin:/opt/rustwide/cargo-home/bin:/usr/local/sbin:/usr/local/bin:/usr/sbin:/usr/bin:/sbin:/bin" VSLANG="1033" "cc" "-m64" "/tmp/rustcOAkl9o/symbols.o" "/opt/rustwide/target/debug/examples/moddn_sync-baf0bd2393ded06a.moddn_sync.1e1278df4078a3db-cgu.0.rcgu.o" "/opt/rustwide/target/debug/examples/moddn_sync-baf0bd2393ded06a.moddn_sync.1e1278df4078a3db-cgu.1.rcgu.o" "/opt/rustwide/target/debug/examples/moddn_sync-baf0bd2393ded06a.moddn_sync.1e1278df4078a3db-cgu.2.rcgu.o" "/opt/rustwide/target/debug/examples/moddn_sync-baf0bd2393ded06a.moddn_sync.1e1278df4078a3db-cgu.3.rcgu.o" "/opt/rustwide/target/debug/examples/moddn_sync-baf0bd2393ded06a.moddn_sync.1e1278df4078a3db-cgu.4.rcgu.o" "/opt/rustwide/target/debug/examples/moddn_sync-baf0bd2393ded06a.25lz5m3nc9auxl9e.rcgu.o" "-Wl,--as-needed" "-L" "/opt/rustwide/target/debug/deps" "-L" "/opt/rustwide/rustup-home/toolchains/beta-2023-12-22-x86_64-unknown-linux-gnu/lib/rustlib/x86_64-unknown-linux-gnu/lib" "-Wl,-Bstatic" "/opt/rustwide/target/debug/deps/libldap3-9a9ff081d82b7e8f.rlib" "/opt/rustwide/target/debug/deps/libthiserror-8fe9cebe593656c8.rlib" "/opt/rustwide/target/debug/deps/liblazy_static-efa3519517df6cf0.rlib" "/opt/rustwide/target/debug/deps/liburl-07a7ed2a4bc86949.rlib" "/opt/rustwide/target/debug/deps/libidna-aa1c0045aa81672e.rlib" "/opt/rustwide/target/debug/deps/libunicode_normalization-40526e3f649c16ed.rlib" "/opt/rustwide/target/debug/deps/libtinyvec-63fcc069d8fc338e.rlib" "/opt/rustwide/target/debug/deps/libtinyvec_macros-2b90caf71be257df.rlib" "/opt/rustwide/target/debug/deps/libunicode_bidi-9e22f06d2a04cff1.rlib" "/opt/rustwide/target/debug/deps/libform_urlencoded-2e6be29729763aa6.rlib" "/opt/rustwide/target/debug/deps/libtokio_util-33af7e051e22002f.rlib" "/opt/rustwide/target/debug/deps/libtracing-b36c7f219d8aad7b.rlib" "/opt/rustwide/target/debug/deps/libtracing_core-bd8d97dcd41b02fd.rlib" "/opt/rustwide/target/debug/deps/libtokio_stream-533ca51a7f11b471.rlib" "/opt/rustwide/target/debug/deps/libtokio_native_tls-90f47330c4d1fa8b.rlib" "/opt/rustwide/target/debug/deps/libpercent_encoding-52ba3d834e28489d.rlib" "/opt/rustwide/target/debug/deps/libnative_tls-91c58c8b986d8dff.rlib" "/opt/rustwide/target/debug/deps/libopenssl_probe-01da96bec2dfd166.rlib" "/opt/rustwide/target/debug/deps/libopenssl-9e8259ecaee9e096.rlib" "/opt/rustwide/target/debug/deps/libonce_cell-ef1409d54228c1c0.rlib" "/opt/rustwide/target/debug/deps/libbitflags-85e13ed1e0c6d910.rlib" "/opt/rustwide/target/debug/deps/libforeign_types-34162016ad32c65c.rlib" "/opt/rustwide/target/debug/deps/libforeign_types_shared-6c481fa47d8ef87b.rlib" "/opt/rustwide/target/debug/deps/libopenssl_sys-7ef00ddba879fbbe.rlib" "/opt/rustwide/target/debug/deps/libfutures_util-c36a443b4de41238.rlib" "/opt/rustwide/target/debug/deps/libfutures_io-71cd5128c90d7d08.rlib" "/opt/rustwide/target/debug/deps/libslab-e5442f48fd9b849e.rlib" "/opt/rustwide/target/debug/deps/libfutures_channel-8580f4878379d174.rlib" "/opt/rustwide/target/debug/deps/libfutures_sink-623c2952ee7aa955.rlib" "/opt/rustwide/target/debug/deps/libfutures_task-a89347c5f688dfaa.rlib" "/opt/rustwide/target/debug/deps/libpin_utils-9c5dcf17efb91bff.rlib" "/opt/rustwide/target/debug/deps/libfutures_core-33f184b6951e8fbf.rlib" "/opt/rustwide/target/debug/deps/liblber-bed7d74f98c0fad0.rlib" "/opt/rustwide/target/debug/deps/libnom-87dc99101acde9c2.rlib" "/opt/rustwide/target/debug/deps/libtokio-bf4e879a17168919.rlib" "/opt/rustwide/target/debug/deps/libnum_cpus-599ebb0bb9a26b90.rlib" "/opt/rustwide/target/debug/deps/libsocket2-36b361f050e37b85.rlib" "/opt/rustwide/target/debug/deps/libmemchr-6f62f415054b7720.rlib" "/opt/rustwide/target/debug/deps/libbytes-34a79b63f509580e.rlib" "/opt/rustwide/target/debug/deps/libpin_project_lite-ca6a0babd9f90b02.rlib" "/opt/rustwide/target/debug/deps/libmio-d430a505fdf75768.rlib" "/opt/rustwide/target/debug/deps/liblibc-0c76da938fb0702f.rlib" "/opt/rustwide/target/debug/deps/liblog-5dd7ca7285786d5e.rlib" "/opt/rustwide/target/debug/deps/libcfg_if-e7002d307f97bc56.rlib" "/opt/rustwide/rustup-home/toolchains/beta-2023-12-22-x86_64-unknown-linux-gnu/lib/rustlib/x86_64-unknown-linux-gnu/lib/libstd-0672489a78b613de.rlib" "/opt/rustwide/rustup-home/toolchains/beta-2023-12-22-x86_64-unknown-linux-gnu/lib/rustlib/x86_64-unknown-linux-gnu/lib/libpanic_unwind-7eb3ffc34a49f675.rlib" "/opt/rustwide/rustup-home/toolchains/beta-2023-12-22-x86_64-unknown-linux-gnu/lib/rustlib/x86_64-unknown-linux-gnu/lib/libobject-6478a9daa4bee8e2.rlib" "/opt/rustwide/rustup-home/toolchains/beta-2023-12-22-x86_64-unknown-linux-gnu/lib/rustlib/x86_64-unknown-linux-gnu/lib/libmemchr-0c75d871a5c3923d.rlib" "/opt/rustwide/rustup-home/toolchains/beta-2023-12-22-x86_64-unknown-linux-gnu/lib/rustlib/x86_64-unknown-linux-gnu/lib/libaddr2line-d163ef63ad37bb71.rlib" "/opt/rustwide/rustup-home/toolchains/beta-2023-12-22-x86_64-unknown-linux-gnu/lib/rustlib/x86_64-unknown-linux-gnu/lib/libgimli-8a3fd810a85b9f4c.rlib" "/opt/rustwide/rustup-home/toolchains/beta-2023-12-22-x86_64-unknown-linux-gnu/lib/rustlib/x86_64-unknown-linux-gnu/lib/librustc_demangle-462a2cde8c5dfc10.rlib" "/opt/rustwide/rustup-home/toolchains/beta-2023-12-22-x86_64-unknown-linux-gnu/lib/rustlib/x86_64-unknown-linux-gnu/lib/libstd_detect-cb06ac9f54713f71.rlib" "/opt/rustwide/rustup-home/toolchains/beta-2023-12-22-x86_64-unknown-linux-gnu/lib/rustlib/x86_64-unknown-linux-gnu/lib/libhashbrown-f20bfd1f8e59b393.rlib" "/opt/rustwide/rustup-home/toolchains/beta-2023-12-22-x86_64-unknown-linux-gnu/lib/rustlib/x86_64-unknown-linux-gnu/lib/librustc_std_workspace_alloc-1ef460949b49da4b.rlib" "/opt/rustwide/rustup-home/toolchains/beta-2023-12-22-x86_64-unknown-linux-gnu/lib/rustlib/x86_64-unknown-linux-gnu/lib/libminiz_oxide-2cb0c0ffe4f87514.rlib" "/opt/rustwide/rustup-home/toolchains/beta-2023-12-22-x86_64-unknown-linux-gnu/lib/rustlib/x86_64-unknown-linux-gnu/lib/libadler-58d841eb322a11a2.rlib" "/opt/rustwide/rustup-home/toolchains/beta-2023-12-22-x86_64-unknown-linux-gnu/lib/rustlib/x86_64-unknown-linux-gnu/lib/libunwind-aa2ae0b0a9d11533.rlib" "/opt/rustwide/rustup-home/toolchains/beta-2023-12-22-x86_64-unknown-linux-gnu/lib/rustlib/x86_64-unknown-linux-gnu/lib/libcfg_if-23874e15830ed336.rlib" "/opt/rustwide/rustup-home/toolchains/beta-2023-12-22-x86_64-unknown-linux-gnu/lib/rustlib/x86_64-unknown-linux-gnu/lib/liblibc-e47cddc003bce885.rlib" "/opt/rustwide/rustup-home/toolchains/beta-2023-12-22-x86_64-unknown-linux-gnu/lib/rustlib/x86_64-unknown-linux-gnu/lib/liballoc-c22b13b48a8f128e.rlib" "/opt/rustwide/rustup-home/toolchains/beta-2023-12-22-x86_64-unknown-linux-gnu/lib/rustlib/x86_64-unknown-linux-gnu/lib/librustc_std_workspace_core-e46bc3da6d7c462f.rlib" "/opt/rustwide/rustup-home/toolchains/beta-2023-12-22-x86_64-unknown-linux-gnu/lib/rustlib/x86_64-unknown-linux-gnu/lib/libcore-8d1ac131d3cb2645.rlib" "/opt/rustwide/rustup-home/toolchains/beta-2023-12-22-x86_64-unknown-linux-gnu/lib/rustlib/x86_64-unknown-linux-gnu/lib/libcompiler_builtins-a1b43df8c6899c1f.rlib" "-Wl,-Bdynamic" "-lssl" "-lcrypto" "-lgcc_s" "-lutil" "-lrt" "-lpthread" "-lm" "-ldl" "-lc" "-Wl,--eh-frame-hdr" "-Wl,-z,noexecstack" "-L" "/opt/rustwide/rustup-home/toolchains/beta-2023-12-22-x86_64-unknown-linux-gnu/lib/rustlib/x86_64-unknown-linux-gnu/lib" "-o" "/opt/rustwide/target/debug/examples/moddn_sync-baf0bd2393ded06a" "-Wl,--gc-sections" "-pie" "-Wl,-z,relro,-z,now" "-nodefaultlibs"
[INFO] [stdout]   = note: collect2: fatal error: ld terminated with signal 9 [Killed]
[INFO] [stdout]           compilation terminated.
[INFO] [stdout]           
[INFO] [stdout] 
[INFO] [stdout] 
[INFO] [stdout] error: aborting due to 1 previous error
[INFO] [stdout] 
[INFO] [stdout] 
[INFO] [stderr] error: could not compile `ldap3` (example "moddn_sync") due to 2 previous errors
[INFO] running `Command { std: "docker" "inspect" "4b2b634a033d13dadbe591052497cef89c18226576a7bbed9483a886fb7ddf9b", kill_on_drop: false }`
[INFO] running `Command { std: "docker" "rm" "-f" "4b2b634a033d13dadbe591052497cef89c18226576a7bbed9483a886fb7ddf9b", kill_on_drop: false }`
[INFO] [stdout] 4b2b634a033d13dadbe591052497cef89c18226576a7bbed9483a886fb7ddf9b
