[INFO] fetching crate lava-api-mock 0.1.1...
[INFO] testing lava-api-mock-0.1.1 against 1.75.0 for beta-1.76-1
[INFO] extracting crate lava-api-mock 0.1.1 into /workspace/builds/worker-0-tc1/source
[INFO] validating manifest of crates.io crate lava-api-mock 0.1.1 on toolchain 1.75.0
[INFO] running `Command { std: CARGO_HOME="/workspace/cargo-home" RUSTUP_HOME="/workspace/rustup-home" "/workspace/cargo-home/bin/cargo" "+1.75.0" "metadata" "--manifest-path" "Cargo.toml" "--no-deps", kill_on_drop: false }`
[INFO] started tweaking crates.io crate lava-api-mock 0.1.1
[INFO] finished tweaking crates.io crate lava-api-mock 0.1.1
[INFO] tweaked toml for crates.io crate lava-api-mock 0.1.1 written to /workspace/builds/worker-0-tc1/source/Cargo.toml
[INFO] running `Command { std: CARGO_HOME="/workspace/cargo-home" RUSTUP_HOME="/workspace/rustup-home" "/workspace/cargo-home/bin/cargo" "+1.75.0" "generate-lockfile" "--manifest-path" "Cargo.toml", kill_on_drop: false }`
[INFO] [stderr]     Updating crates.io index
[INFO] running `Command { std: CARGO_HOME="/workspace/cargo-home" RUSTUP_HOME="/workspace/rustup-home" "/workspace/cargo-home/bin/cargo" "+1.75.0" "fetch" "--manifest-path" "Cargo.toml", kill_on_drop: false }`
[INFO] [stderr]  Downloading crates ...
[INFO] [stderr]   Downloaded persian-rug v0.1.2
[INFO] [stderr]   Downloaded strip-ansi-escapes v0.2.0
[INFO] [stderr]   Downloaded derive-getters v0.3.0
[INFO] [stderr]   Downloaded junit-parser v0.2.0
[INFO] [stderr]   Downloaded clone-replace v0.1.1
[INFO] [stderr]   Downloaded boulder_derive v0.3.0
[INFO] [stderr]   Downloaded django-query_derive v0.2.1
[INFO] [stderr]   Downloaded junit-report v0.8.3
[INFO] [stderr]   Downloaded persian-rug_derive v0.1.2
[INFO] [stderr]   Downloaded boulder v0.3.0
[INFO] [stderr]   Downloaded django-query v0.2.1
[INFO] running `Command { std: "docker" "create" "-v" "/var/lib/crater-agent-workspace/builds/worker-0-tc1/target:/opt/rustwide/target:rw,Z" "-v" "/var/lib/crater-agent-workspace/builds/worker-0-tc1/source:/opt/rustwide/workdir:ro,Z" "-v" "/var/lib/crater-agent-workspace/cargo-home:/opt/rustwide/cargo-home:ro,Z" "-v" "/var/lib/crater-agent-workspace/rustup-home:/opt/rustwide/rustup-home:ro,Z" "-e" "SOURCE_DIR=/opt/rustwide/workdir" "-e" "CARGO_TARGET_DIR=/opt/rustwide/target" "-e" "CARGO_HOME=/opt/rustwide/cargo-home" "-e" "RUSTUP_HOME=/opt/rustwide/rustup-home" "-w" "/opt/rustwide/workdir" "-m" "1610612736" "--user" "0:0" "--network" "none" "ghcr.io/rust-lang/crates-build-env/linux@sha256:2788e3201cd34a07e3172128adcd8b3090168a8e3bcc40d7c032b9dda1df7d1c" "/opt/rustwide/cargo-home/bin/cargo" "+1.75.0" "metadata" "--no-deps" "--format-version=1", kill_on_drop: false }`
[INFO] [stdout] 8272cdc0d566142a56660493fc854662f4c9e99f65245eabedccfdb61085bdcd
[INFO] running `Command { std: "docker" "start" "-a" "8272cdc0d566142a56660493fc854662f4c9e99f65245eabedccfdb61085bdcd", kill_on_drop: false }`
[INFO] running `Command { std: "docker" "inspect" "8272cdc0d566142a56660493fc854662f4c9e99f65245eabedccfdb61085bdcd", kill_on_drop: false }`
[INFO] running `Command { std: "docker" "rm" "-f" "8272cdc0d566142a56660493fc854662f4c9e99f65245eabedccfdb61085bdcd", kill_on_drop: false }`
[INFO] [stdout] 8272cdc0d566142a56660493fc854662f4c9e99f65245eabedccfdb61085bdcd
[INFO] running `Command { std: "docker" "create" "-v" "/var/lib/crater-agent-workspace/builds/worker-0-tc1/target:/opt/rustwide/target:rw,Z" "-v" "/var/lib/crater-agent-workspace/builds/worker-0-tc1/source:/opt/rustwide/workdir:ro,Z" "-v" "/var/lib/crater-agent-workspace/cargo-home:/opt/rustwide/cargo-home:ro,Z" "-v" "/var/lib/crater-agent-workspace/rustup-home:/opt/rustwide/rustup-home:ro,Z" "-e" "SOURCE_DIR=/opt/rustwide/workdir" "-e" "CARGO_TARGET_DIR=/opt/rustwide/target" "-e" "CARGO_INCREMENTAL=0" "-e" "RUST_BACKTRACE=full" "-e" "RUSTFLAGS=--cap-lints=warn" "-e" "RUSTDOCFLAGS=--cap-lints=warn" "-e" "CARGO_HOME=/opt/rustwide/cargo-home" "-e" "RUSTUP_HOME=/opt/rustwide/rustup-home" "-w" "/opt/rustwide/workdir" "-m" "1610612736" "--user" "0:0" "--network" "none" "ghcr.io/rust-lang/crates-build-env/linux@sha256:2788e3201cd34a07e3172128adcd8b3090168a8e3bcc40d7c032b9dda1df7d1c" "/opt/rustwide/cargo-home/bin/cargo" "+1.75.0" "build" "--frozen" "--message-format=json", kill_on_drop: false }`
[INFO] [stdout] 230fedea0a0dd0e6df7f7d62e97225bf62765301cfa9e3ae725dbd0c56a53f97
[INFO] running `Command { std: "docker" "start" "-a" "230fedea0a0dd0e6df7f7d62e97225bf62765301cfa9e3ae725dbd0c56a53f97", kill_on_drop: false }`
[INFO] [stderr]    Compiling serde v1.0.194
[INFO] [stderr]    Compiling num-traits v0.2.17
[INFO] [stderr]    Compiling fnv v1.0.7
[INFO] [stderr]    Compiling syn v1.0.109
[INFO] [stderr]    Compiling bytes v1.5.0
[INFO] [stderr]    Compiling syn v2.0.48
[INFO] [stderr]    Compiling futures-sink v0.3.30
[INFO] [stderr]    Compiling getrandom v0.1.16
[INFO] [stderr]    Compiling mio v0.8.10
[INFO] [stderr]    Compiling futures-channel v0.3.30
[INFO] [stderr]    Compiling num_cpus v1.16.0
[INFO] [stderr]    Compiling socket2 v0.5.5
[INFO] [stderr]    Compiling num-integer v0.1.45
[INFO] [stderr]    Compiling percent-encoding v2.3.1
[INFO] [stderr]    Compiling tinyvec_macros v0.1.1
[INFO] [stderr]    Compiling crossbeam-utils v0.8.18
[INFO] [stderr]    Compiling ppv-lite86 v0.2.17
[INFO] [stderr]    Compiling tinyvec v1.6.0
[INFO] [stderr]    Compiling tracing-core v0.1.32
[INFO] [stderr]    Compiling http v0.2.11
[INFO] [stderr]    Compiling hashbrown v0.14.3
[INFO] [stderr]    Compiling equivalent v1.0.1
[INFO] [stderr]    Compiling thiserror v1.0.56
[INFO] [stderr]    Compiling rand_core v0.5.1
[INFO] [stderr]    Compiling indexmap v2.1.0
[INFO] [stderr]    Compiling unicode-normalization v0.1.22
[INFO] [stderr]    Compiling tracing v0.1.40
[INFO] [stderr]    Compiling form_urlencoded v1.2.1
[INFO] [stderr]    Compiling num-bigint v0.4.4
[INFO] [stderr]    Compiling strsim v0.10.0
[INFO] [stderr]    Compiling httparse v1.8.0
[INFO] [stderr]    Compiling ident_case v1.0.1
[INFO] [stderr]    Compiling unicode-bidi v0.3.14
[INFO] [stderr]    Compiling anyhow v1.0.79
[INFO] [stderr]    Compiling concurrent-queue v2.4.0
[INFO] [stderr]    Compiling rand_chacha v0.2.2
[INFO] [stderr]    Compiling num-iter v0.1.43
[INFO] [stderr]    Compiling aho-corasick v1.1.2
[INFO] [stderr]    Compiling num-rational v0.4.1
[INFO] [stderr]    Compiling idna v0.5.0
[INFO] [stderr]    Compiling arc-swap v1.6.0
[INFO] [stderr]    Compiling http-types v2.12.0
[INFO] [stderr]    Compiling rustversion v1.0.14
[INFO] [stderr]    Compiling regex-syntax v0.8.2
[INFO] [stderr]    Compiling convert_case v0.5.0
[INFO] [stderr]    Compiling try-lock v0.2.5
[INFO] [stderr]    Compiling want v0.3.1
[INFO] [stderr]    Compiling async-channel v1.9.0
[INFO] [stderr]    Compiling clone-replace v0.1.1
[INFO] [stderr]    Compiling darling_core v0.20.3
[INFO] [stderr]    Compiling rand v0.7.3
[INFO] [stderr]    Compiling http-body v0.4.6
[INFO] [stderr]    Compiling getrandom v0.2.11
[INFO] [stderr]    Compiling vte_generate_state_changes v0.1.1
[INFO] [stderr]    Compiling tower-service v0.3.2
[INFO] [stderr]    Compiling infer v0.2.3
[INFO] [stderr]    Compiling regex-automata v0.4.3
[INFO] [stderr]    Compiling iana-time-zone v0.1.59
[INFO] [stderr]    Compiling rust_decimal v1.33.1
[INFO] [stderr]    Compiling utf8parse v0.2.1
[INFO] [stderr]    Compiling deadpool-runtime v0.1.3
[INFO] [stderr]    Compiling powerfmt v0.2.0
[INFO] [stderr]    Compiling base64 v0.13.1
[INFO] [stderr]    Compiling httpdate v1.0.3
[INFO] [stderr]    Compiling time-core v0.1.2
[INFO] [stderr]    Compiling retain_mut v0.1.9
[INFO] [stderr]    Compiling time-macros v0.2.16
[INFO] [stderr]    Compiling deranged v0.3.11
[INFO] [stderr]    Compiling persian-rug_derive v0.1.2
[INFO] [stderr]    Compiling vte v0.11.1
[INFO] [stderr]    Compiling serde_derive v1.0.194
[INFO] [stderr]    Compiling tokio-macros v2.2.0
[INFO] [stderr]    Compiling futures-macro v0.3.30
[INFO] [stderr]    Compiling thiserror-impl v1.0.56
[INFO] [stderr]    Compiling darling_macro v0.20.3
[INFO] [stderr]    Compiling async-trait v0.1.77
[INFO] [stderr]    Compiling regex v1.10.2
[INFO] [stderr]    Compiling tokio v1.35.1
[INFO] [stderr]    Compiling darling v0.20.3
[INFO] [stderr]    Compiling persian-rug v0.1.2
[INFO] [stderr]    Compiling rand_core v0.6.4
[INFO] [stderr]    Compiling futures-util v0.3.30
[INFO] [stderr]    Compiling num-complex v0.4.4
[INFO] [stderr]    Compiling log v0.4.20
[INFO] [stderr]    Compiling arrayvec v0.7.4
[INFO] [stderr]    Compiling futures-timer v3.0.2
[INFO] [stderr]    Compiling heck v0.4.1
[INFO] [stderr]    Compiling base64 v0.21.5
[INFO] [stderr]    Compiling num v0.4.1
[INFO] [stderr]    Compiling rand_chacha v0.3.1
[INFO] [stderr]    Compiling strum_macros v0.24.3
[INFO] [stderr]    Compiling serde_with_macros v2.3.3
[INFO] [stderr]    Compiling time v0.3.31
[INFO] [stderr]    Compiling strip-ansi-escapes v0.2.0
[INFO] [stderr]    Compiling derive-getters v0.3.0
[INFO] [stderr]    Compiling django-query_derive v0.2.1
[INFO] [stderr]    Compiling boulder_derive v0.3.0
[INFO] [stderr]    Compiling tokio-util v0.7.10
[INFO] [stderr]    Compiling futures-executor v0.3.30
[INFO] [stderr]    Compiling futures v0.3.30
[INFO] [stderr]    Compiling deadpool v0.9.5
[INFO] [stderr]    Compiling quick-xml v0.31.0
[INFO] [stderr]    Compiling h2 v0.3.22
[INFO] [stderr]    Compiling strum v0.21.0
[INFO] [stderr]    Compiling unsafe-libyaml v0.2.10
[INFO] [stderr]    Compiling junit-report v0.8.3
[INFO] [stderr]    Compiling strum v0.24.1
[INFO] [stderr]    Compiling rand v0.8.5
[INFO] [stderr]    Compiling serde_json v1.0.111
[INFO] [stderr]    Compiling url v2.5.0
[INFO] [stderr]    Compiling serde_urlencoded v0.7.1
[INFO] [stderr]    Compiling serde_qs v0.8.5
[INFO] [stderr]    Compiling chrono v0.4.31
[INFO] [stderr]    Compiling serde_with v2.3.3
[INFO] [stderr]    Compiling serde_yaml v0.9.30
[INFO] [stderr]    Compiling assert-json-diff v2.0.2
[INFO] [stderr]    Compiling hyper v0.14.28
[INFO] [stderr]    Compiling rust_decimal_macros v1.33.1
[INFO] [stderr]    Compiling boulder v0.3.0
[INFO] [stderr]    Compiling wiremock v0.5.22
[INFO] [stderr]    Compiling django-query v0.2.1
[INFO] [stderr]    Compiling lava-api-mock v0.1.1 (/opt/rustwide/workdir)
[INFO] [stderr]     Finished dev [unoptimized + debuginfo] target(s) in 42.23s
[INFO] running `Command { std: "docker" "inspect" "230fedea0a0dd0e6df7f7d62e97225bf62765301cfa9e3ae725dbd0c56a53f97", kill_on_drop: false }`
[INFO] running `Command { std: "docker" "rm" "-f" "230fedea0a0dd0e6df7f7d62e97225bf62765301cfa9e3ae725dbd0c56a53f97", kill_on_drop: false }`
[INFO] [stdout] 230fedea0a0dd0e6df7f7d62e97225bf62765301cfa9e3ae725dbd0c56a53f97
[INFO] running `Command { std: "docker" "create" "-v" "/var/lib/crater-agent-workspace/builds/worker-0-tc1/target:/opt/rustwide/target:rw,Z" "-v" "/var/lib/crater-agent-workspace/builds/worker-0-tc1/source:/opt/rustwide/workdir:ro,Z" "-v" "/var/lib/crater-agent-workspace/cargo-home:/opt/rustwide/cargo-home:ro,Z" "-v" "/var/lib/crater-agent-workspace/rustup-home:/opt/rustwide/rustup-home:ro,Z" "-e" "SOURCE_DIR=/opt/rustwide/workdir" "-e" "CARGO_TARGET_DIR=/opt/rustwide/target" "-e" "CARGO_INCREMENTAL=0" "-e" "RUST_BACKTRACE=full" "-e" "RUSTFLAGS=--cap-lints=warn" "-e" "RUSTDOCFLAGS=--cap-lints=warn" "-e" "CARGO_HOME=/opt/rustwide/cargo-home" "-e" "RUSTUP_HOME=/opt/rustwide/rustup-home" "-w" "/opt/rustwide/workdir" "-m" "1610612736" "--user" "0:0" "--network" "none" "ghcr.io/rust-lang/crates-build-env/linux@sha256:2788e3201cd34a07e3172128adcd8b3090168a8e3bcc40d7c032b9dda1df7d1c" "/opt/rustwide/cargo-home/bin/cargo" "+1.75.0" "test" "--frozen" "--no-run" "--message-format=json", kill_on_drop: false }`
[INFO] [stdout] fae737049b384c7f74dcdb34ed9e9001a325c5c04b96119d10f9ef9908d479b8
[INFO] running `Command { std: "docker" "start" "-a" "fae737049b384c7f74dcdb34ed9e9001a325c5c04b96119d10f9ef9908d479b8", kill_on_drop: false }`
[INFO] [stderr]    Compiling cc v1.0.83
[INFO] [stderr]    Compiling vcpkg v0.2.15
[INFO] [stderr]    Compiling pkg-config v0.3.28
[INFO] [stderr]    Compiling openssl v0.10.62
[INFO] [stderr]    Compiling foreign-types-shared v0.1.1
[INFO] [stderr]    Compiling openssl-macros v0.1.1
[INFO] [stderr]    Compiling native-tls v0.2.11
[INFO] [stderr]    Compiling openssl-probe v0.1.5
[INFO] [stderr]    Compiling foreign-types v0.3.2
[INFO] [stderr]    Compiling async-stream-impl v0.3.5
[INFO] [stderr]    Compiling env_logger v0.10.1
[INFO] [stderr]    Compiling tokio-stream v0.1.14
[INFO] [stderr]    Compiling test-log-macros v0.2.14
[INFO] [stderr]    Compiling atty v0.2.14
[INFO] [stderr]    Compiling encoding_rs v0.8.33
[INFO] [stderr]    Compiling quick-xml v0.22.0
[INFO] [stderr]    Compiling ipnet v2.9.0
[INFO] [stderr]    Compiling termcolor v1.4.0
[INFO] [stderr]    Compiling humantime v2.1.0
[INFO] [stderr]    Compiling mime v0.3.17
[INFO] [stderr]    Compiling async-stream v0.3.5
[INFO] [stderr]    Compiling env_logger v0.9.3
[INFO] [stderr]    Compiling tokio-test v0.4.3
[INFO] [stderr]    Compiling junit-parser v0.2.0
[INFO] [stderr]    Compiling test-log v0.2.14
[INFO] [stderr]    Compiling openssl-sys v0.9.98
[INFO] [stderr]    Compiling tokio-native-tls v0.3.1
[INFO] [stderr]    Compiling hyper-tls v0.5.0
[INFO] [stderr]    Compiling reqwest v0.11.23
[INFO] [stderr]    Compiling lava-api-mock v0.1.1 (/opt/rustwide/workdir)
[INFO] [stdout] error[E0599]: no method named `json` found for struct `Response` in the current scope
[INFO] [stdout]    --> src/devices.rs:152:38
[INFO] [stdout]     |
[INFO] [stdout] 152 |         Ok(reqwest::get(&url).await?.json().await?)
[INFO] [stdout]     |                                      ^^^^ method not found in `Response`
[INFO] [stdout] 
[INFO] [stdout] 
[INFO] [stdout] error[E0599]: no method named `json` found for struct `Response` in the current scope
[INFO] [stdout]    --> src/jobs.rs:173:38
[INFO] [stdout]     |
[INFO] [stdout] 173 |         Ok(reqwest::get(&url).await?.json().await?)
[INFO] [stdout]     |                                      ^^^^ method not found in `Response`
[INFO] [stdout] 
[INFO] [stdout] 
[INFO] [stdout] error[E0599]: no method named `json` found for struct `Response` in the current scope
[INFO] [stdout]    --> src/lava_mock.rs:226:38
[INFO] [stdout]     |
[INFO] [stdout] 226 |         Ok(reqwest::get(&url).await?.json().await?)
[INFO] [stdout]     |                                      ^^^^ method not found in `Response`
[INFO] [stdout] 
[INFO] [stdout] 
[INFO] [stdout] error[E0599]: no method named `json` found for struct `Response` in the current scope
[INFO] [stdout]    --> src/state.rs:639:38
[INFO] [stdout]     |
[INFO] [stdout] 639 |         Ok(reqwest::get(&url).await?.json().await?)
[INFO] [stdout]     |                                      ^^^^ method not found in `Response`
[INFO] [stdout] 
[INFO] [stdout] 
[INFO] [stdout] error[E0599]: no method named `json` found for struct `Response` in the current scope
[INFO] [stdout]   --> src/workers.rs:94:38
[INFO] [stdout]    |
[INFO] [stdout] 94 |         Ok(reqwest::get(&url).await?.json().await?)
[INFO] [stdout]    |                                      ^^^^ method not found in `Response`
[INFO] [stdout] 
[INFO] [stdout] 
[INFO] [stderr] error: could not compile `lava-api-mock` (lib test) due to 5 previous errors
[INFO] [stderr] 
[INFO] [stderr] Caused by:
[INFO] [stderr]   process didn't exit successfully: `/opt/rustwide/rustup-home/toolchains/1.75.0-x86_64-unknown-linux-gnu/bin/rustc --crate-name lava_api_mock --edition=2021 src/lib.rs --error-format=json --json=diagnostic-rendered-ansi,artifacts,future-incompat --emit=dep-info,link -C embed-bitcode=no -C debuginfo=2 --test -C metadata=4d0470cc4f0fd0b5 -C extra-filename=-4d0470cc4f0fd0b5 --out-dir /opt/rustwide/target/debug/deps -L dependency=/opt/rustwide/target/debug/deps --extern anyhow=/opt/rustwide/target/debug/deps/libanyhow-309ab2c875f40ec7.rlib --extern arc_swap=/opt/rustwide/target/debug/deps/libarc_swap-8b2fc6ed8a78f64a.rlib --extern boulder=/opt/rustwide/target/debug/deps/libboulder-ad07db205c44a8f5.rlib --extern chrono=/opt/rustwide/target/debug/deps/libchrono-1332730507d0a48d.rlib --extern clone_replace=/opt/rustwide/target/debug/deps/libclone_replace-c92c40954e956460.rlib --extern django_query=/opt/rustwide/target/debug/deps/libdjango_query-7217f43d02c05c6e.rlib --extern env_logger=/opt/rustwide/target/debug/deps/libenv_logger-50c2397bd9ebb589.rlib --extern futures=/opt/rustwide/target/debug/deps/libfutures-d669e9962e08daaf.rlib --extern junit_parser=/opt/rustwide/target/debug/deps/libjunit_parser-3a8bab8ecd598290.rlib --extern junit_report=/opt/rustwide/target/debug/deps/libjunit_report-e35d65fab5b86bf8.rlib --extern log=/opt/rustwide/target/debug/deps/liblog-e491f2c1d0b13538.rlib --extern persian_rug=/opt/rustwide/target/debug/deps/libpersian_rug-2d86bd16b9fc2fb2.rlib --extern rand=/opt/rustwide/target/debug/deps/librand-b24a96e3e2a21da0.rlib --extern rand_chacha=/opt/rustwide/target/debug/deps/librand_chacha-67c904a597e16fd0.rlib --extern regex=/opt/rustwide/target/debug/deps/libregex-3fdc9a8f6eaf81cf.rlib --extern reqwest=/opt/rustwide/target/debug/deps/libreqwest-b252b5cacb286fd4.rlib --extern rust_decimal=/opt/rustwide/target/debug/deps/librust_decimal-da3558732e32b96d.rlib --extern rust_decimal_macros=/opt/rustwide/target/debug/deps/librust_decimal_macros-d3d69f6ed6bf2dcb.so --extern serde=/opt/rustwide/target/debug/deps/libserde-d06c8372f84dc02c.rlib --extern serde_json=/opt/rustwide/target/debug/deps/libserde_json-d2fea35aa2f9ce82.rlib --extern serde_with=/opt/rustwide/target/debug/deps/libserde_with-8bbf0e32d357d370.rlib --extern serde_yaml=/opt/rustwide/target/debug/deps/libserde_yaml-ab8ae32d421017c7.rlib --extern strum=/opt/rustwide/target/debug/deps/libstrum-88a4c070e5d36920.rlib --extern test_log=/opt/rustwide/target/debug/deps/libtest_log-c71f35167b7a2548.rlib --extern thiserror=/opt/rustwide/target/debug/deps/libthiserror-d2111d7cb6fe900c.rlib --extern tokio=/opt/rustwide/target/debug/deps/libtokio-8dade82816ed031c.rlib --extern tokio_test=/opt/rustwide/target/debug/deps/libtokio_test-a745501d2a1e18cc.rlib --extern url=/opt/rustwide/target/debug/deps/liburl-5e6acb06d5079d7c.rlib --extern wiremock=/opt/rustwide/target/debug/deps/libwiremock-a7134d9e505946cd.rlib --cap-lints=warn` (signal: 9, SIGKILL: kill)
[INFO] running `Command { std: "docker" "inspect" "fae737049b384c7f74dcdb34ed9e9001a325c5c04b96119d10f9ef9908d479b8", kill_on_drop: false }`
[INFO] running `Command { std: "docker" "rm" "-f" "fae737049b384c7f74dcdb34ed9e9001a325c5c04b96119d10f9ef9908d479b8", kill_on_drop: false }`
[INFO] [stdout] fae737049b384c7f74dcdb34ed9e9001a325c5c04b96119d10f9ef9908d479b8
[INFO] testing lava-api-mock-0.1.1 against beta-2023-12-22 for beta-1.76-1
[INFO] extracting crate lava-api-mock 0.1.1 into /workspace/builds/worker-0-tc2/source
[INFO] validating manifest of crates.io crate lava-api-mock 0.1.1 on toolchain beta-2023-12-22
[INFO] running `Command { std: CARGO_HOME="/workspace/cargo-home" RUSTUP_HOME="/workspace/rustup-home" "/workspace/cargo-home/bin/cargo" "+beta-2023-12-22" "metadata" "--manifest-path" "Cargo.toml" "--no-deps", kill_on_drop: false }`
[INFO] started tweaking crates.io crate lava-api-mock 0.1.1
[INFO] finished tweaking crates.io crate lava-api-mock 0.1.1
[INFO] tweaked toml for crates.io crate lava-api-mock 0.1.1 written to /workspace/builds/worker-0-tc2/source/Cargo.toml
[INFO] running `Command { std: CARGO_HOME="/workspace/cargo-home" RUSTUP_HOME="/workspace/rustup-home" "/workspace/cargo-home/bin/cargo" "+beta-2023-12-22" "generate-lockfile" "--manifest-path" "Cargo.toml", kill_on_drop: false }`
[INFO] [stderr]     Updating crates.io index
[INFO] running `Command { std: CARGO_HOME="/workspace/cargo-home" RUSTUP_HOME="/workspace/rustup-home" "/workspace/cargo-home/bin/cargo" "+beta-2023-12-22" "fetch" "--manifest-path" "Cargo.toml", kill_on_drop: false }`
[INFO] running `Command { std: "docker" "create" "-v" "/var/lib/crater-agent-workspace/builds/worker-0-tc2/target:/opt/rustwide/target:rw,Z" "-v" "/var/lib/crater-agent-workspace/builds/worker-0-tc2/source:/opt/rustwide/workdir:ro,Z" "-v" "/var/lib/crater-agent-workspace/cargo-home:/opt/rustwide/cargo-home:ro,Z" "-v" "/var/lib/crater-agent-workspace/rustup-home:/opt/rustwide/rustup-home:ro,Z" "-e" "SOURCE_DIR=/opt/rustwide/workdir" "-e" "CARGO_TARGET_DIR=/opt/rustwide/target" "-e" "CARGO_HOME=/opt/rustwide/cargo-home" "-e" "RUSTUP_HOME=/opt/rustwide/rustup-home" "-w" "/opt/rustwide/workdir" "-m" "1610612736" "--user" "0:0" "--network" "none" "ghcr.io/rust-lang/crates-build-env/linux@sha256:2788e3201cd34a07e3172128adcd8b3090168a8e3bcc40d7c032b9dda1df7d1c" "/opt/rustwide/cargo-home/bin/cargo" "+beta-2023-12-22" "metadata" "--no-deps" "--format-version=1", kill_on_drop: false }`
[INFO] [stdout] 908ac29e8abcdafe5a5b88bd55fc58c3b836d4eab21fa02f9cfb7eea3e935a62
[INFO] running `Command { std: "docker" "start" "-a" "908ac29e8abcdafe5a5b88bd55fc58c3b836d4eab21fa02f9cfb7eea3e935a62", kill_on_drop: false }`
[INFO] running `Command { std: "docker" "inspect" "908ac29e8abcdafe5a5b88bd55fc58c3b836d4eab21fa02f9cfb7eea3e935a62", kill_on_drop: false }`
[INFO] running `Command { std: "docker" "rm" "-f" "908ac29e8abcdafe5a5b88bd55fc58c3b836d4eab21fa02f9cfb7eea3e935a62", kill_on_drop: false }`
[INFO] [stdout] 908ac29e8abcdafe5a5b88bd55fc58c3b836d4eab21fa02f9cfb7eea3e935a62
[INFO] running `Command { std: "docker" "create" "-v" "/var/lib/crater-agent-workspace/builds/worker-0-tc2/target:/opt/rustwide/target:rw,Z" "-v" "/var/lib/crater-agent-workspace/builds/worker-0-tc2/source:/opt/rustwide/workdir:ro,Z" "-v" "/var/lib/crater-agent-workspace/cargo-home:/opt/rustwide/cargo-home:ro,Z" "-v" "/var/lib/crater-agent-workspace/rustup-home:/opt/rustwide/rustup-home:ro,Z" "-e" "SOURCE_DIR=/opt/rustwide/workdir" "-e" "CARGO_TARGET_DIR=/opt/rustwide/target" "-e" "CARGO_INCREMENTAL=0" "-e" "RUST_BACKTRACE=full" "-e" "RUSTFLAGS=--cap-lints=warn" "-e" "RUSTDOCFLAGS=--cap-lints=warn" "-e" "CARGO_HOME=/opt/rustwide/cargo-home" "-e" "RUSTUP_HOME=/opt/rustwide/rustup-home" "-w" "/opt/rustwide/workdir" "-m" "1610612736" "--user" "0:0" "--network" "none" "ghcr.io/rust-lang/crates-build-env/linux@sha256:2788e3201cd34a07e3172128adcd8b3090168a8e3bcc40d7c032b9dda1df7d1c" "/opt/rustwide/cargo-home/bin/cargo" "+beta-2023-12-22" "build" "--frozen" "--message-format=json", kill_on_drop: false }`
[INFO] [stdout] 69258d67ae10a5d42f046407ffa082730b4c0d895791facf619ed69ce867ac87
[INFO] running `Command { std: "docker" "start" "-a" "69258d67ae10a5d42f046407ffa082730b4c0d895791facf619ed69ce867ac87", kill_on_drop: false }`
[INFO] [stderr]    Compiling serde v1.0.194
[INFO] [stderr]    Compiling num-traits v0.2.17
[INFO] [stderr]    Compiling fnv v1.0.7
[INFO] [stderr]    Compiling syn v1.0.109
[INFO] [stderr]    Compiling bytes v1.5.0
[INFO] [stderr]    Compiling syn v2.0.48
[INFO] [stderr]    Compiling futures-sink v0.3.30
[INFO] [stderr]    Compiling getrandom v0.1.16
[INFO] [stderr]    Compiling socket2 v0.5.5
[INFO] [stderr]    Compiling futures-channel v0.3.30
[INFO] [stderr]    Compiling num_cpus v1.16.0
[INFO] [stderr]    Compiling mio v0.8.10
[INFO] [stderr]    Compiling num-integer v0.1.45
[INFO] [stderr]    Compiling crossbeam-utils v0.8.18
[INFO] [stderr]    Compiling ppv-lite86 v0.2.17
[INFO] [stderr]    Compiling percent-encoding v2.3.1
[INFO] [stderr]    Compiling tinyvec_macros v0.1.1
[INFO] [stderr]    Compiling tinyvec v1.6.0
[INFO] [stderr]    Compiling tracing-core v0.1.32
[INFO] [stderr]    Compiling http v0.2.11
[INFO] [stderr]    Compiling equivalent v1.0.1
[INFO] [stderr]    Compiling hashbrown v0.14.3
[INFO] [stderr]    Compiling thiserror v1.0.56
[INFO] [stderr]    Compiling tracing v0.1.40
[INFO] [stderr]    Compiling unicode-normalization v0.1.22
[INFO] [stderr]    Compiling rand_core v0.5.1
[INFO] [stderr]    Compiling indexmap v2.1.0
[INFO] [stderr]    Compiling form_urlencoded v1.2.1
[INFO] [stderr]    Compiling num-bigint v0.4.4
[INFO] [stderr]    Compiling strsim v0.10.0
[INFO] [stderr]    Compiling ident_case v1.0.1
[INFO] [stderr]    Compiling anyhow v1.0.79
[INFO] [stderr]    Compiling unicode-bidi v0.3.14
[INFO] [stderr]    Compiling httparse v1.8.0
[INFO] [stderr]    Compiling idna v0.5.0
[INFO] [stderr]    Compiling concurrent-queue v2.4.0
[INFO] [stderr]    Compiling rand_chacha v0.2.2
[INFO] [stderr]    Compiling num-iter v0.1.43
[INFO] [stderr]    Compiling num-rational v0.4.1
[INFO] [stderr]    Compiling aho-corasick v1.1.2
[INFO] [stderr]    Compiling arc-swap v1.6.0
[INFO] [stderr]    Compiling http-types v2.12.0
[INFO] [stderr]    Compiling try-lock v0.2.5
[INFO] [stderr]    Compiling rustversion v1.0.14
[INFO] [stderr]    Compiling regex-syntax v0.8.2
[INFO] [stderr]    Compiling convert_case v0.5.0
[INFO] [stderr]    Compiling darling_core v0.20.3
[INFO] [stderr]    Compiling want v0.3.1
[INFO] [stderr]    Compiling clone-replace v0.1.1
[INFO] [stderr]    Compiling async-channel v1.9.0
[INFO] [stderr]    Compiling rand v0.7.3
[INFO] [stderr]    Compiling http-body v0.4.6
[INFO] [stderr]    Compiling regex-automata v0.4.3
[INFO] [stderr]    Compiling vte_generate_state_changes v0.1.1
[INFO] [stderr]    Compiling getrandom v0.2.11
[INFO] [stderr]    Compiling tower-service v0.3.2
[INFO] [stderr]    Compiling iana-time-zone v0.1.59
[INFO] [stderr]    Compiling powerfmt v0.2.0
[INFO] [stderr]    Compiling time-core v0.1.2
[INFO] [stderr]    Compiling retain_mut v0.1.9
[INFO] [stderr]    Compiling httpdate v1.0.3
[INFO] [stderr]    Compiling utf8parse v0.2.1
[INFO] [stderr]    Compiling rust_decimal v1.33.1
[INFO] [stderr]    Compiling deadpool-runtime v0.1.3
[INFO] [stderr]    Compiling serde_derive v1.0.194
[INFO] [stderr]    Compiling futures-macro v0.3.30
[INFO] [stderr]    Compiling tokio-macros v2.2.0
[INFO] [stderr]    Compiling thiserror-impl v1.0.56
[INFO] [stderr]    Compiling darling_macro v0.20.3
[INFO] [stderr]    Compiling persian-rug_derive v0.1.2
[INFO] [stderr]    Compiling async-trait v0.1.77
[INFO] [stderr]    Compiling tokio v1.35.1
[INFO] [stderr]    Compiling base64 v0.13.1
[INFO] [stderr]    Compiling futures-util v0.3.30
[INFO] [stderr]    Compiling infer v0.2.3
[INFO] [stderr]    Compiling persian-rug v0.1.2
[INFO] [stderr]    Compiling darling v0.20.3
[INFO] [stderr]    Compiling regex v1.10.2
[INFO] [stderr]    Compiling vte v0.11.1
[INFO] [stderr]    Compiling time-macros v0.2.16
[INFO] [stderr]    Compiling deranged v0.3.11
[INFO] [stderr]    Compiling rand_core v0.6.4
[INFO] [stderr]    Compiling num-complex v0.4.4
[INFO] [stderr]    Compiling heck v0.4.1
[INFO] [stderr]    Compiling log v0.4.20
[INFO] [stderr]    Compiling arrayvec v0.7.4
[INFO] [stderr]    Compiling futures-timer v3.0.2
[INFO] [stderr]    Compiling base64 v0.21.5
[INFO] [stderr]    Compiling strum_macros v0.24.3
[INFO] [stderr]    Compiling futures-executor v0.3.30
[INFO] [stderr]    Compiling futures v0.3.30
[INFO] [stderr]    Compiling time v0.3.31
[INFO] [stderr]    Compiling num v0.4.1
[INFO] [stderr]    Compiling strip-ansi-escapes v0.2.0
[INFO] [stderr]    Compiling rand_chacha v0.3.1
[INFO] [stderr]    Compiling serde_with_macros v2.3.3
[INFO] [stderr]    Compiling boulder_derive v0.3.0
[INFO] [stderr]    Compiling django-query_derive v0.2.1
[INFO] [stderr]    Compiling tokio-util v0.7.10
[INFO] [stderr]    Compiling h2 v0.3.22
[INFO] [stderr]    Compiling deadpool v0.9.5
[INFO] [stderr]    Compiling derive-getters v0.3.0
[INFO] [stderr]    Compiling quick-xml v0.31.0
[INFO] [stderr]    Compiling strum v0.21.0
[INFO] [stderr]    Compiling unsafe-libyaml v0.2.10
[INFO] [stderr]    Compiling strum v0.24.1
[INFO] [stderr]    Compiling rand v0.8.5
[INFO] [stderr]    Compiling junit-report v0.8.3
[INFO] [stderr]    Compiling serde_json v1.0.111
[INFO] [stderr]    Compiling serde_urlencoded v0.7.1
[INFO] [stderr]    Compiling url v2.5.0
[INFO] [stderr]    Compiling serde_qs v0.8.5
[INFO] [stderr]    Compiling chrono v0.4.31
[INFO] [stderr]    Compiling serde_with v2.3.3
[INFO] [stderr]    Compiling serde_yaml v0.9.30
[INFO] [stderr]    Compiling assert-json-diff v2.0.2
[INFO] [stderr]    Compiling hyper v0.14.28
[INFO] [stderr]    Compiling boulder v0.3.0
[INFO] [stderr]    Compiling rust_decimal_macros v1.33.1
[INFO] [stderr]    Compiling wiremock v0.5.22
[INFO] [stderr]    Compiling django-query v0.2.1
[INFO] [stderr]    Compiling lava-api-mock v0.1.1 (/opt/rustwide/workdir)
[INFO] [stderr]     Finished dev [unoptimized + debuginfo] target(s) in 44.07s
[INFO] running `Command { std: "docker" "inspect" "69258d67ae10a5d42f046407ffa082730b4c0d895791facf619ed69ce867ac87", kill_on_drop: false }`
[INFO] running `Command { std: "docker" "rm" "-f" "69258d67ae10a5d42f046407ffa082730b4c0d895791facf619ed69ce867ac87", kill_on_drop: false }`
[INFO] [stdout] 69258d67ae10a5d42f046407ffa082730b4c0d895791facf619ed69ce867ac87
[INFO] running `Command { std: "docker" "create" "-v" "/var/lib/crater-agent-workspace/builds/worker-0-tc2/target:/opt/rustwide/target:rw,Z" "-v" "/var/lib/crater-agent-workspace/builds/worker-0-tc2/source:/opt/rustwide/workdir:ro,Z" "-v" "/var/lib/crater-agent-workspace/cargo-home:/opt/rustwide/cargo-home:ro,Z" "-v" "/var/lib/crater-agent-workspace/rustup-home:/opt/rustwide/rustup-home:ro,Z" "-e" "SOURCE_DIR=/opt/rustwide/workdir" "-e" "CARGO_TARGET_DIR=/opt/rustwide/target" "-e" "CARGO_INCREMENTAL=0" "-e" "RUST_BACKTRACE=full" "-e" "RUSTFLAGS=--cap-lints=warn" "-e" "RUSTDOCFLAGS=--cap-lints=warn" "-e" "CARGO_HOME=/opt/rustwide/cargo-home" "-e" "RUSTUP_HOME=/opt/rustwide/rustup-home" "-w" "/opt/rustwide/workdir" "-m" "1610612736" "--user" "0:0" "--network" "none" "ghcr.io/rust-lang/crates-build-env/linux@sha256:2788e3201cd34a07e3172128adcd8b3090168a8e3bcc40d7c032b9dda1df7d1c" "/opt/rustwide/cargo-home/bin/cargo" "+beta-2023-12-22" "test" "--frozen" "--no-run" "--message-format=json", kill_on_drop: false }`
[INFO] [stdout] 49026e4f1c68abe4d2ab253f9d4f00e63170846c2db8ccf0bbc679ae48267f29
[INFO] running `Command { std: "docker" "start" "-a" "49026e4f1c68abe4d2ab253f9d4f00e63170846c2db8ccf0bbc679ae48267f29", kill_on_drop: false }`
[INFO] [stderr]    Compiling cc v1.0.83
[INFO] [stderr]    Compiling pkg-config v0.3.28
[INFO] [stderr]    Compiling vcpkg v0.2.15
[INFO] [stderr]    Compiling foreign-types-shared v0.1.1
[INFO] [stderr]    Compiling openssl v0.10.62
[INFO] [stderr]    Compiling openssl-macros v0.1.1
[INFO] [stderr]    Compiling native-tls v0.2.11
[INFO] [stderr]    Compiling openssl-probe v0.1.5
[INFO] [stderr]    Compiling foreign-types v0.3.2
[INFO] [stderr]    Compiling async-stream-impl v0.3.5
[INFO] [stderr]    Compiling tokio-stream v0.1.14
[INFO] [stderr]    Compiling env_logger v0.10.1
[INFO] [stderr]    Compiling test-log-macros v0.2.14
[INFO] [stderr]    Compiling atty v0.2.14
[INFO] [stderr]    Compiling quick-xml v0.22.0
[INFO] [stderr]    Compiling encoding_rs v0.8.33
[INFO] [stderr]    Compiling termcolor v1.4.0
[INFO] [stderr]    Compiling mime v0.3.17
[INFO] [stderr]    Compiling humantime v2.1.0
[INFO] [stderr]    Compiling ipnet v2.9.0
[INFO] [stderr]    Compiling async-stream v0.3.5
[INFO] [stderr]    Compiling tokio-test v0.4.3
[INFO] [stderr]    Compiling env_logger v0.9.3
[INFO] [stderr]    Compiling test-log v0.2.14
[INFO] [stderr]    Compiling junit-parser v0.2.0
[INFO] [stderr]    Compiling openssl-sys v0.9.98
[INFO] [stderr]    Compiling tokio-native-tls v0.3.1
[INFO] [stderr]    Compiling hyper-tls v0.5.0
[INFO] [stderr]    Compiling reqwest v0.11.23
[INFO] [stderr]    Compiling lava-api-mock v0.1.1 (/opt/rustwide/workdir)
[INFO] [stdout] error[E0599]: no method named `json` found for struct `Response` in the current scope
[INFO] [stdout]    --> src/devices.rs:152:38
[INFO] [stdout]     |
[INFO] [stdout] 152 |         Ok(reqwest::get(&url).await?.json().await?)
[INFO] [stdout]     |                                      ^^^^ method not found in `Response`
[INFO] [stdout] 
[INFO] [stdout] 
[INFO] [stdout] error[E0599]: no method named `json` found for struct `Response` in the current scope
[INFO] [stdout]    --> src/jobs.rs:173:38
[INFO] [stdout]     |
[INFO] [stdout] 173 |         Ok(reqwest::get(&url).await?.json().await?)
[INFO] [stdout]     |                                      ^^^^ method not found in `Response`
[INFO] [stdout] 
[INFO] [stdout] 
[INFO] [stdout] error[E0599]: no method named `json` found for struct `Response` in the current scope
[INFO] [stdout]    --> src/lava_mock.rs:226:38
[INFO] [stdout]     |
[INFO] [stdout] 226 |         Ok(reqwest::get(&url).await?.json().await?)
[INFO] [stdout]     |                                      ^^^^ method not found in `Response`
[INFO] [stdout] 
[INFO] [stdout] 
[INFO] [stdout] error[E0599]: no method named `json` found for struct `Response` in the current scope
[INFO] [stdout]    --> src/state.rs:639:38
[INFO] [stdout]     |
[INFO] [stdout] 639 |         Ok(reqwest::get(&url).await?.json().await?)
[INFO] [stdout]     |                                      ^^^^ method not found in `Response`
[INFO] [stdout] 
[INFO] [stdout] 
[INFO] [stdout] error[E0599]: no method named `json` found for struct `Response` in the current scope
[INFO] [stdout]   --> src/workers.rs:94:38
[INFO] [stdout]    |
[INFO] [stdout] 94 |         Ok(reqwest::get(&url).await?.json().await?)
[INFO] [stdout]    |                                      ^^^^ method not found in `Response`
[INFO] [stdout] 
[INFO] [stdout] 
[INFO] [stderr] error: could not compile `lava-api-mock` (lib test) due to 5 previous errors
[INFO] [stderr] 
[INFO] [stderr] Caused by:
[INFO] [stderr]   process didn't exit successfully: `/opt/rustwide/rustup-home/toolchains/beta-2023-12-22-x86_64-unknown-linux-gnu/bin/rustc --crate-name lava_api_mock --edition=2021 src/lib.rs --error-format=json --json=diagnostic-rendered-ansi,artifacts,future-incompat --emit=dep-info,link -C embed-bitcode=no -C debuginfo=2 --test -C metadata=a25536cb2874e6e5 -C extra-filename=-a25536cb2874e6e5 --out-dir /opt/rustwide/target/debug/deps -L dependency=/opt/rustwide/target/debug/deps --extern anyhow=/opt/rustwide/target/debug/deps/libanyhow-5d20277346359413.rlib --extern arc_swap=/opt/rustwide/target/debug/deps/libarc_swap-6f2cb018ed2934f6.rlib --extern boulder=/opt/rustwide/target/debug/deps/libboulder-b887221501ede657.rlib --extern chrono=/opt/rustwide/target/debug/deps/libchrono-fbf5bf0b272510e5.rlib --extern clone_replace=/opt/rustwide/target/debug/deps/libclone_replace-4a5e8e8901ed4754.rlib --extern django_query=/opt/rustwide/target/debug/deps/libdjango_query-b72640567c220dd2.rlib --extern env_logger=/opt/rustwide/target/debug/deps/libenv_logger-581503583298aba1.rlib --extern futures=/opt/rustwide/target/debug/deps/libfutures-153da15187d5e6f4.rlib --extern junit_parser=/opt/rustwide/target/debug/deps/libjunit_parser-0f6f418a3672efb5.rlib --extern junit_report=/opt/rustwide/target/debug/deps/libjunit_report-e8669fb8ae7ffc06.rlib --extern log=/opt/rustwide/target/debug/deps/liblog-2cf4a51dfa4e790a.rlib --extern persian_rug=/opt/rustwide/target/debug/deps/libpersian_rug-bf558c3123ddb325.rlib --extern rand=/opt/rustwide/target/debug/deps/librand-1b124e87493ed449.rlib --extern rand_chacha=/opt/rustwide/target/debug/deps/librand_chacha-039795e4e1bd00dd.rlib --extern regex=/opt/rustwide/target/debug/deps/libregex-6b2e15812834269a.rlib --extern reqwest=/opt/rustwide/target/debug/deps/libreqwest-d44f2fff10280339.rlib --extern rust_decimal=/opt/rustwide/target/debug/deps/librust_decimal-c451209559c2922d.rlib --extern rust_decimal_macros=/opt/rustwide/target/debug/deps/librust_decimal_macros-2ef7cfadb6d56c16.so --extern serde=/opt/rustwide/target/debug/deps/libserde-b8a04f47dfa690bf.rlib --extern serde_json=/opt/rustwide/target/debug/deps/libserde_json-ca01db6c3c9d3334.rlib --extern serde_with=/opt/rustwide/target/debug/deps/libserde_with-27c8a8465f2c4dfa.rlib --extern serde_yaml=/opt/rustwide/target/debug/deps/libserde_yaml-524438c5153c3b87.rlib --extern strum=/opt/rustwide/target/debug/deps/libstrum-30df492ee19ee9ca.rlib --extern test_log=/opt/rustwide/target/debug/deps/libtest_log-c81a51defb2385b4.rlib --extern thiserror=/opt/rustwide/target/debug/deps/libthiserror-9e92442654f9ad90.rlib --extern tokio=/opt/rustwide/target/debug/deps/libtokio-e16510e5df07b4cd.rlib --extern tokio_test=/opt/rustwide/target/debug/deps/libtokio_test-90ff31aaf507bf19.rlib --extern url=/opt/rustwide/target/debug/deps/liburl-b0f2e905768df115.rlib --extern wiremock=/opt/rustwide/target/debug/deps/libwiremock-c5f63ef71f7c01b8.rlib --cap-lints=warn` (signal: 9, SIGKILL: kill)
[INFO] running `Command { std: "docker" "inspect" "49026e4f1c68abe4d2ab253f9d4f00e63170846c2db8ccf0bbc679ae48267f29", kill_on_drop: false }`
[INFO] running `Command { std: "docker" "rm" "-f" "49026e4f1c68abe4d2ab253f9d4f00e63170846c2db8ccf0bbc679ae48267f29", kill_on_drop: false }`
[INFO] [stdout] 49026e4f1c68abe4d2ab253f9d4f00e63170846c2db8ccf0bbc679ae48267f29
