[INFO] fetching crate lav 0.7.6...
[INFO] testing lav-0.7.6 against 1.75.0 for beta-1.76-1
[INFO] extracting crate lav 0.7.6 into /workspace/builds/worker-1-tc1/source
[INFO] validating manifest of crates.io crate lav 0.7.6 on toolchain 1.75.0
[INFO] running `Command { std: CARGO_HOME="/workspace/cargo-home" RUSTUP_HOME="/workspace/rustup-home" "/workspace/cargo-home/bin/cargo" "+1.75.0" "metadata" "--manifest-path" "Cargo.toml" "--no-deps", kill_on_drop: false }`
[INFO] started tweaking crates.io crate lav 0.7.6
[INFO] finished tweaking crates.io crate lav 0.7.6
[INFO] tweaked toml for crates.io crate lav 0.7.6 written to /workspace/builds/worker-1-tc1/source/Cargo.toml
[INFO] running `Command { std: CARGO_HOME="/workspace/cargo-home" RUSTUP_HOME="/workspace/rustup-home" "/workspace/cargo-home/bin/cargo" "+1.75.0" "generate-lockfile" "--manifest-path" "Cargo.toml", kill_on_drop: false }`
[INFO] [stderr]     Updating crates.io index
[INFO] running `Command { std: CARGO_HOME="/workspace/cargo-home" RUSTUP_HOME="/workspace/rustup-home" "/workspace/cargo-home/bin/cargo" "+1.75.0" "fetch" "--manifest-path" "Cargo.toml", kill_on_drop: false }`
[INFO] [stderr]  Downloading crates ...
[INFO] [stderr]   Downloaded target-features v0.1.5
[INFO] running `Command { std: "docker" "create" "-v" "/var/lib/crater-agent-workspace/builds/worker-1-tc1/target:/opt/rustwide/target:rw,Z" "-v" "/var/lib/crater-agent-workspace/builds/worker-1-tc1/source:/opt/rustwide/workdir:ro,Z" "-v" "/var/lib/crater-agent-workspace/cargo-home:/opt/rustwide/cargo-home:ro,Z" "-v" "/var/lib/crater-agent-workspace/rustup-home:/opt/rustwide/rustup-home:ro,Z" "-e" "SOURCE_DIR=/opt/rustwide/workdir" "-e" "CARGO_TARGET_DIR=/opt/rustwide/target" "-e" "CARGO_HOME=/opt/rustwide/cargo-home" "-e" "RUSTUP_HOME=/opt/rustwide/rustup-home" "-w" "/opt/rustwide/workdir" "-m" "1610612736" "--user" "0:0" "--network" "none" "ghcr.io/rust-lang/crates-build-env/linux@sha256:2788e3201cd34a07e3172128adcd8b3090168a8e3bcc40d7c032b9dda1df7d1c" "/opt/rustwide/cargo-home/bin/cargo" "+1.75.0" "metadata" "--no-deps" "--format-version=1", kill_on_drop: false }`
[INFO] [stdout] 353c937461a812769eeefc4cad914f2c7ee0a87f3e859b09098eb64deb9db862
[INFO] running `Command { std: "docker" "start" "-a" "353c937461a812769eeefc4cad914f2c7ee0a87f3e859b09098eb64deb9db862", kill_on_drop: false }`
[INFO] running `Command { std: "docker" "inspect" "353c937461a812769eeefc4cad914f2c7ee0a87f3e859b09098eb64deb9db862", kill_on_drop: false }`
[INFO] running `Command { std: "docker" "rm" "-f" "353c937461a812769eeefc4cad914f2c7ee0a87f3e859b09098eb64deb9db862", kill_on_drop: false }`
[INFO] [stdout] 353c937461a812769eeefc4cad914f2c7ee0a87f3e859b09098eb64deb9db862
[INFO] running `Command { std: "docker" "create" "-v" "/var/lib/crater-agent-workspace/builds/worker-1-tc1/target:/opt/rustwide/target:rw,Z" "-v" "/var/lib/crater-agent-workspace/builds/worker-1-tc1/source:/opt/rustwide/workdir:ro,Z" "-v" "/var/lib/crater-agent-workspace/cargo-home:/opt/rustwide/cargo-home:ro,Z" "-v" "/var/lib/crater-agent-workspace/rustup-home:/opt/rustwide/rustup-home:ro,Z" "-e" "SOURCE_DIR=/opt/rustwide/workdir" "-e" "CARGO_TARGET_DIR=/opt/rustwide/target" "-e" "CARGO_INCREMENTAL=0" "-e" "RUST_BACKTRACE=full" "-e" "RUSTFLAGS=--cap-lints=warn" "-e" "RUSTDOCFLAGS=--cap-lints=warn" "-e" "CARGO_HOME=/opt/rustwide/cargo-home" "-e" "RUSTUP_HOME=/opt/rustwide/rustup-home" "-w" "/opt/rustwide/workdir" "-m" "1610612736" "--user" "0:0" "--network" "none" "ghcr.io/rust-lang/crates-build-env/linux@sha256:2788e3201cd34a07e3172128adcd8b3090168a8e3bcc40d7c032b9dda1df7d1c" "/opt/rustwide/cargo-home/bin/cargo" "+1.75.0" "build" "--frozen" "--message-format=json", kill_on_drop: false }`
[INFO] [stdout] af6180dfd39c8d96069f3e71a9fbbeaeeaaff5f4508fef9fa925af67574887a9
[INFO] running `Command { std: "docker" "start" "-a" "af6180dfd39c8d96069f3e71a9fbbeaeeaaff5f4508fef9fa925af67574887a9", kill_on_drop: false }`
[INFO] [stderr]    Compiling lav v0.7.6 (/opt/rustwide/workdir)
[INFO] [stdout] error[E0554]: `#![feature]` may not be used on the stable release channel
[INFO] [stdout]   --> src/lib.rs:39:1
[INFO] [stdout]    |
[INFO] [stdout] 39 | #![feature(portable_simd)]
[INFO] [stdout]    | ^^^^^^^^^^^^^^^^^^^^^^^^^^
[INFO] [stdout] 
[INFO] [stdout] 
[INFO] [stdout] error[E0554]: `#![feature]` may not be used on the stable release channel
[INFO] [stdout]   --> src/lib.rs:40:1
[INFO] [stdout]    |
[INFO] [stdout] 40 | #![feature(convert_float_to_int)]
[INFO] [stdout]    | ^^^^^^^^^^^^^^^^^^^^^^^^^^^^^^^^^
[INFO] [stdout] 
[INFO] [stdout] 
[INFO] [stdout] error[E0554]: `#![feature]` may not be used on the stable release channel
[INFO] [stdout]   --> src/lib.rs:41:1
[INFO] [stdout]    |
[INFO] [stdout] 41 | #![feature(doc_auto_cfg)]
[INFO] [stdout]    | ^^^^^^^^^^^^^^^^^^^^^^^^^
[INFO] [stdout] 
[INFO] [stdout] 
[INFO] [stdout] error[E0554]: `#![feature]` may not be used on the stable release channel
[INFO] [stdout]   --> src/lib.rs:39:12
[INFO] [stdout]    |
[INFO] [stdout] 39 | #![feature(portable_simd)]
[INFO] [stdout]    |            ^^^^^^^^^^^^^
[INFO] [stdout] 
[INFO] [stdout] 
[INFO] [stdout] error[E0554]: `#![feature]` may not be used on the stable release channel
[INFO] [stdout]   --> src/lib.rs:40:12
[INFO] [stdout]    |
[INFO] [stdout] 40 | #![feature(convert_float_to_int)]
[INFO] [stdout]    |            ^^^^^^^^^^^^^^^^^^^^
[INFO] [stdout] 
[INFO] [stdout] 
[INFO] [stdout] error: aborting due to 5 previous errors
[INFO] [stdout] 
[INFO] [stdout] 
[INFO] [stdout] For more information about this error, try `rustc --explain E0554`.
[INFO] [stdout] 
[INFO] [stderr] error: could not compile `lav` (lib) due to 6 previous errors
[INFO] running `Command { std: "docker" "inspect" "af6180dfd39c8d96069f3e71a9fbbeaeeaaff5f4508fef9fa925af67574887a9", kill_on_drop: false }`
[INFO] running `Command { std: "docker" "rm" "-f" "af6180dfd39c8d96069f3e71a9fbbeaeeaaff5f4508fef9fa925af67574887a9", kill_on_drop: false }`
[INFO] [stdout] af6180dfd39c8d96069f3e71a9fbbeaeeaaff5f4508fef9fa925af67574887a9
[INFO] testing lav-0.7.6 against beta-2023-12-22 for beta-1.76-1
[INFO] extracting crate lav 0.7.6 into /workspace/builds/worker-1-tc2/source
[INFO] validating manifest of crates.io crate lav 0.7.6 on toolchain beta-2023-12-22
[INFO] running `Command { std: CARGO_HOME="/workspace/cargo-home" RUSTUP_HOME="/workspace/rustup-home" "/workspace/cargo-home/bin/cargo" "+beta-2023-12-22" "metadata" "--manifest-path" "Cargo.toml" "--no-deps", kill_on_drop: false }`
[INFO] started tweaking crates.io crate lav 0.7.6
[INFO] finished tweaking crates.io crate lav 0.7.6
[INFO] tweaked toml for crates.io crate lav 0.7.6 written to /workspace/builds/worker-1-tc2/source/Cargo.toml
[INFO] running `Command { std: CARGO_HOME="/workspace/cargo-home" RUSTUP_HOME="/workspace/rustup-home" "/workspace/cargo-home/bin/cargo" "+beta-2023-12-22" "generate-lockfile" "--manifest-path" "Cargo.toml", kill_on_drop: false }`
[INFO] [stderr]     Updating crates.io index
[INFO] running `Command { std: CARGO_HOME="/workspace/cargo-home" RUSTUP_HOME="/workspace/rustup-home" "/workspace/cargo-home/bin/cargo" "+beta-2023-12-22" "fetch" "--manifest-path" "Cargo.toml", kill_on_drop: false }`
[INFO] running `Command { std: "docker" "create" "-v" "/var/lib/crater-agent-workspace/builds/worker-1-tc2/target:/opt/rustwide/target:rw,Z" "-v" "/var/lib/crater-agent-workspace/builds/worker-1-tc2/source:/opt/rustwide/workdir:ro,Z" "-v" "/var/lib/crater-agent-workspace/cargo-home:/opt/rustwide/cargo-home:ro,Z" "-v" "/var/lib/crater-agent-workspace/rustup-home:/opt/rustwide/rustup-home:ro,Z" "-e" "SOURCE_DIR=/opt/rustwide/workdir" "-e" "CARGO_TARGET_DIR=/opt/rustwide/target" "-e" "CARGO_HOME=/opt/rustwide/cargo-home" "-e" "RUSTUP_HOME=/opt/rustwide/rustup-home" "-w" "/opt/rustwide/workdir" "-m" "1610612736" "--user" "0:0" "--network" "none" "ghcr.io/rust-lang/crates-build-env/linux@sha256:2788e3201cd34a07e3172128adcd8b3090168a8e3bcc40d7c032b9dda1df7d1c" "/opt/rustwide/cargo-home/bin/cargo" "+beta-2023-12-22" "metadata" "--no-deps" "--format-version=1", kill_on_drop: false }`
[INFO] [stdout] 2579b78a19f4ee9c458da931bc88eb6de84d9f20aa96cdf75f994ffd42237d1a
[INFO] running `Command { std: "docker" "start" "-a" "2579b78a19f4ee9c458da931bc88eb6de84d9f20aa96cdf75f994ffd42237d1a", kill_on_drop: false }`
[INFO] running `Command { std: "docker" "inspect" "2579b78a19f4ee9c458da931bc88eb6de84d9f20aa96cdf75f994ffd42237d1a", kill_on_drop: false }`
[INFO] running `Command { std: "docker" "rm" "-f" "2579b78a19f4ee9c458da931bc88eb6de84d9f20aa96cdf75f994ffd42237d1a", kill_on_drop: false }`
[INFO] [stdout] 2579b78a19f4ee9c458da931bc88eb6de84d9f20aa96cdf75f994ffd42237d1a
[INFO] running `Command { std: "docker" "create" "-v" "/var/lib/crater-agent-workspace/builds/worker-1-tc2/target:/opt/rustwide/target:rw,Z" "-v" "/var/lib/crater-agent-workspace/builds/worker-1-tc2/source:/opt/rustwide/workdir:ro,Z" "-v" "/var/lib/crater-agent-workspace/cargo-home:/opt/rustwide/cargo-home:ro,Z" "-v" "/var/lib/crater-agent-workspace/rustup-home:/opt/rustwide/rustup-home:ro,Z" "-e" "SOURCE_DIR=/opt/rustwide/workdir" "-e" "CARGO_TARGET_DIR=/opt/rustwide/target" "-e" "CARGO_INCREMENTAL=0" "-e" "RUST_BACKTRACE=full" "-e" "RUSTFLAGS=--cap-lints=warn" "-e" "RUSTDOCFLAGS=--cap-lints=warn" "-e" "CARGO_HOME=/opt/rustwide/cargo-home" "-e" "RUSTUP_HOME=/opt/rustwide/rustup-home" "-w" "/opt/rustwide/workdir" "-m" "1610612736" "--user" "0:0" "--network" "none" "ghcr.io/rust-lang/crates-build-env/linux@sha256:2788e3201cd34a07e3172128adcd8b3090168a8e3bcc40d7c032b9dda1df7d1c" "/opt/rustwide/cargo-home/bin/cargo" "+beta-2023-12-22" "build" "--frozen" "--message-format=json", kill_on_drop: false }`
[INFO] [stdout] 63d0b5026b2eca94b8840c503883207861c769c63e8ce617ea9dbf9d28e724ae
[INFO] running `Command { std: "docker" "start" "-a" "63d0b5026b2eca94b8840c503883207861c769c63e8ce617ea9dbf9d28e724ae", kill_on_drop: false }`
[INFO] [stderr]    Compiling lav v0.7.6 (/opt/rustwide/workdir)
[INFO] [stdout] error[E0432]: unresolved imports `core::simd::SimdPartialEq`, `core::simd::SimdPartialOrd`, `core::simd::SimdUint`
[INFO] [stdout]  --> src/simd_bits/u32.rs:9:25
[INFO] [stdout]   |
[INFO] [stdout] 9 |     LaneCount, Mask, Simd, SimdPartialEq, SimdPartialOrd, SimdUint, SupportedLaneCount,
[INFO] [stdout]   |                            ^^^^^^^^^^^^^  ^^^^^^^^^^^^^^  ^^^^^^^^ no `SimdUint` in `simd`
[INFO] [stdout]   |                            |              |
[INFO] [stdout]   |                            |              no `SimdPartialOrd` in `simd`
[INFO] [stdout]   |                            no `SimdPartialEq` in `simd`
[INFO] [stdout]   |
[INFO] [stdout]   = help: consider importing one of these items instead:
[INFO] [stdout]           core::simd::prelude::SimdPartialEq
[INFO] [stdout]           std::simd::prelude::SimdPartialEq
[INFO] [stdout]   = help: consider importing one of these items instead:
[INFO] [stdout]           core::simd::prelude::SimdPartialOrd
[INFO] [stdout]           std::simd::prelude::SimdPartialOrd
[INFO] [stdout]   = help: consider importing one of these items instead:
[INFO] [stdout]           core::simd::prelude::SimdUint
[INFO] [stdout]           std::simd::prelude::SimdUint
[INFO] [stdout] 
[INFO] [stdout] 
[INFO] [stdout] error[E0432]: unresolved imports `core::simd::SimdPartialEq`, `core::simd::SimdPartialOrd`, `core::simd::SimdUint`
[INFO] [stdout]  --> src/simd_bits/u64.rs:9:25
[INFO] [stdout]   |
[INFO] [stdout] 9 |     LaneCount, Mask, Simd, SimdPartialEq, SimdPartialOrd, SimdUint, SupportedLaneCount,
[INFO] [stdout]   |                            ^^^^^^^^^^^^^  ^^^^^^^^^^^^^^  ^^^^^^^^ no `SimdUint` in `simd`
[INFO] [stdout]   |                            |              |
[INFO] [stdout]   |                            |              no `SimdPartialOrd` in `simd`
[INFO] [stdout]   |                            no `SimdPartialEq` in `simd`
[INFO] [stdout]   |
[INFO] [stdout]   = help: consider importing one of these items instead:
[INFO] [stdout]           core::simd::prelude::SimdPartialEq
[INFO] [stdout]           std::simd::prelude::SimdPartialEq
[INFO] [stdout]   = help: consider importing one of these items instead:
[INFO] [stdout]           core::simd::prelude::SimdPartialOrd
[INFO] [stdout]           std::simd::prelude::SimdPartialOrd
[INFO] [stdout]   = help: consider importing one of these items instead:
[INFO] [stdout]           core::simd::prelude::SimdUint
[INFO] [stdout]           std::simd::prelude::SimdUint
[INFO] [stdout] 
[INFO] [stdout] 
[INFO] [stdout] error[E0432]: unresolved import `core::simd::Swizzle2`
[INFO] [stdout]   --> src/simd_real/mod.rs:15:61
[INFO] [stdout]    |
[INFO] [stdout] 15 |     simd::{LaneCount, Mask, Simd, SupportedLaneCount, Swizzle, Swizzle2},
[INFO] [stdout]    |                                                                ^^^^^^^^
[INFO] [stdout]    |                                                                |
[INFO] [stdout]    |                                                                no `Swizzle2` in `simd`
[INFO] [stdout]    |                                                                help: a similar name exists in the module: `Swizzle`
[INFO] [stdout] 
[INFO] [stdout] 
[INFO] [stdout] error[E0432]: unresolved imports `core::simd::SimdFloat`, `core::simd::SimdPartialEq`, `core::simd::SimdPartialOrd`, `core::simd::Swizzle2`
[INFO] [stdout]   --> src/simd_real/f32.rs:9:25
[INFO] [stdout]    |
[INFO] [stdout] 9  |     LaneCount, Mask, Simd, SimdFloat, SimdPartialEq, SimdPartialOrd, SupportedLaneCount, Swizzle,
[INFO] [stdout]    |                            ^^^^^^^^^  ^^^^^^^^^^^^^  ^^^^^^^^^^^^^^ no `SimdPartialOrd` in `simd`
[INFO] [stdout]    |                            |          |
[INFO] [stdout]    |                            |          no `SimdPartialEq` in `simd`
[INFO] [stdout]    |                            no `SimdFloat` in `simd`
[INFO] [stdout] 10 |     Swizzle2,
[INFO] [stdout]    |     ^^^^^^^^
[INFO] [stdout]    |     |
[INFO] [stdout]    |     no `Swizzle2` in `simd`
[INFO] [stdout]    |     help: a similar name exists in the module: `Swizzle`
[INFO] [stdout]    |
[INFO] [stdout]    = help: consider importing one of these items instead:
[INFO] [stdout]            core::simd::prelude::SimdFloat
[INFO] [stdout]            std::simd::prelude::SimdFloat
[INFO] [stdout]    = help: consider importing one of these items instead:
[INFO] [stdout]            core::simd::prelude::SimdPartialEq
[INFO] [stdout]            std::simd::prelude::SimdPartialEq
[INFO] [stdout]    = help: consider importing one of these items instead:
[INFO] [stdout]            core::simd::prelude::SimdPartialOrd
[INFO] [stdout]            std::simd::prelude::SimdPartialOrd
[INFO] [stdout]    = help: consider importing this unresolved item through its public re-export instead:
[INFO] [stdout]            crate::simd_real::Swizzle2
[INFO] [stdout] 
[INFO] [stdout] 
[INFO] [stdout] error[E0432]: unresolved imports `core::simd::SimdFloat`, `core::simd::SimdPartialEq`, `core::simd::SimdPartialOrd`, `core::simd::Swizzle2`
[INFO] [stdout]   --> src/simd_real/f64.rs:9:25
[INFO] [stdout]    |
[INFO] [stdout] 9  |     LaneCount, Mask, Simd, SimdFloat, SimdPartialEq, SimdPartialOrd, SupportedLaneCount, Swizzle,
[INFO] [stdout]    |                            ^^^^^^^^^  ^^^^^^^^^^^^^  ^^^^^^^^^^^^^^ no `SimdPartialOrd` in `simd`
[INFO] [stdout]    |                            |          |
[INFO] [stdout]    |                            |          no `SimdPartialEq` in `simd`
[INFO] [stdout]    |                            no `SimdFloat` in `simd`
[INFO] [stdout] 10 |     Swizzle2,
[INFO] [stdout]    |     ^^^^^^^^
[INFO] [stdout]    |     |
[INFO] [stdout]    |     no `Swizzle2` in `simd`
[INFO] [stdout]    |     help: a similar name exists in the module: `Swizzle`
[INFO] [stdout]    |
[INFO] [stdout]    = help: consider importing one of these items instead:
[INFO] [stdout]            core::simd::prelude::SimdFloat
[INFO] [stdout]            std::simd::prelude::SimdFloat
[INFO] [stdout]    = help: consider importing one of these items instead:
[INFO] [stdout]            core::simd::prelude::SimdPartialEq
[INFO] [stdout]            std::simd::prelude::SimdPartialEq
[INFO] [stdout]    = help: consider importing one of these items instead:
[INFO] [stdout]            core::simd::prelude::SimdPartialOrd
[INFO] [stdout]            std::simd::prelude::SimdPartialOrd
[INFO] [stdout]    = help: consider importing this unresolved item through its public re-export instead:
[INFO] [stdout]            crate::simd_real::Swizzle2
[INFO] [stdout] 
[INFO] [stdout] 
[INFO] [stdout] error[E0554]: `#![feature]` may not be used on the beta release channel
[INFO] [stdout]   --> src/lib.rs:39:1
[INFO] [stdout]    |
[INFO] [stdout] 39 | #![feature(portable_simd)]
[INFO] [stdout]    | ^^^^^^^^^^^^^^^^^^^^^^^^^^
[INFO] [stdout] 
[INFO] [stdout] 
[INFO] [stdout] error[E0554]: `#![feature]` may not be used on the beta release channel
[INFO] [stdout]   --> src/lib.rs:40:1
[INFO] [stdout]    |
[INFO] [stdout] 40 | #![feature(convert_float_to_int)]
[INFO] [stdout]    | ^^^^^^^^^^^^^^^^^^^^^^^^^^^^^^^^^
[INFO] [stdout] 
[INFO] [stdout] 
[INFO] [stdout] error[E0554]: `#![feature]` may not be used on the beta release channel
[INFO] [stdout]   --> src/lib.rs:41:1
[INFO] [stdout]    |
[INFO] [stdout] 41 | #![feature(doc_auto_cfg)]
[INFO] [stdout]    | ^^^^^^^^^^^^^^^^^^^^^^^^^
[INFO] [stdout] 
[INFO] [stdout] 
[INFO] [stdout] error[E0554]: `#![feature]` may not be used on the beta release channel
[INFO] [stdout]   --> src/lib.rs:39:12
[INFO] [stdout]    |
[INFO] [stdout] 39 | #![feature(portable_simd)]
[INFO] [stdout]    |            ^^^^^^^^^^^^^
[INFO] [stdout] 
[INFO] [stdout] 
[INFO] [stdout] error[E0554]: `#![feature]` may not be used on the beta release channel
[INFO] [stdout]   --> src/lib.rs:40:12
[INFO] [stdout]    |
[INFO] [stdout] 40 | #![feature(convert_float_to_int)]
[INFO] [stdout]    |            ^^^^^^^^^^^^^^^^^^^^
[INFO] [stdout] 
[INFO] [stdout] 
[INFO] [stdout] error[E0107]: trait takes 1 generic argument but 2 generic arguments were supplied
[INFO] [stdout]    --> src/simd_real/mod.rs:241:16
[INFO] [stdout]     |
[INFO] [stdout] 241 |     fn swizzle<T: Swizzle<LANES, LANES>>(self) -> Self;
[INFO] [stdout]     |                   ^^^^^^^        ----- help: remove this generic argument
[INFO] [stdout]     |                   |
[INFO] [stdout]     |                   expected 1 generic argument
[INFO] [stdout] 
[INFO] [stdout] 
[INFO] [stdout] error: aborting due to 11 previous errors
[INFO] [stdout] 
[INFO] [stdout] 
[INFO] [stdout] Some errors have detailed explanations: E0107, E0432, E0554.
[INFO] [stdout] 
[INFO] [stdout] For more information about an error, try `rustc --explain E0107`.
[INFO] [stdout] 
[INFO] [stderr] error: could not compile `lav` (lib) due to 12 previous errors
[INFO] running `Command { std: "docker" "inspect" "63d0b5026b2eca94b8840c503883207861c769c63e8ce617ea9dbf9d28e724ae", kill_on_drop: false }`
[INFO] running `Command { std: "docker" "rm" "-f" "63d0b5026b2eca94b8840c503883207861c769c63e8ce617ea9dbf9d28e724ae", kill_on_drop: false }`
[INFO] [stdout] 63d0b5026b2eca94b8840c503883207861c769c63e8ce617ea9dbf9d28e724ae
