[INFO] fetching crate lammps-sys 0.6.0...
[INFO] testing lammps-sys-0.6.0 against 1.75.0 for beta-1.76-1
[INFO] extracting crate lammps-sys 0.6.0 into /workspace/builds/worker-6-tc1/source
[INFO] validating manifest of crates.io crate lammps-sys 0.6.0 on toolchain 1.75.0
[INFO] running `Command { std: CARGO_HOME="/workspace/cargo-home" RUSTUP_HOME="/workspace/rustup-home" "/workspace/cargo-home/bin/cargo" "+1.75.0" "metadata" "--manifest-path" "Cargo.toml" "--no-deps", kill_on_drop: false }`
[INFO] started tweaking crates.io crate lammps-sys 0.6.0
[INFO] finished tweaking crates.io crate lammps-sys 0.6.0
[INFO] tweaked toml for crates.io crate lammps-sys 0.6.0 written to /workspace/builds/worker-6-tc1/source/Cargo.toml
[INFO] crate crates.io crate lammps-sys 0.6.0 already has a lockfile, it will not be regenerated
[INFO] running `Command { std: CARGO_HOME="/workspace/cargo-home" RUSTUP_HOME="/workspace/rustup-home" "/workspace/cargo-home/bin/cargo" "+1.75.0" "fetch" "--manifest-path" "Cargo.toml", kill_on_drop: false }`
[INFO] [stderr]     Updating crates.io index
[INFO] [stderr]  Downloading crates ...
[INFO] [stderr]   Downloaded cc v1.0.40
[INFO] [stderr]   Downloaded pkg-config v0.3.15
[INFO] [stderr]   Downloaded winapi v0.3.7
[INFO] [stderr]   Downloaded cmake v0.1.41
[INFO] [stderr]   Downloaded build-probe-mpi v0.1.1
[INFO] [stderr]   Downloaded mpi-sys v0.1.2
[INFO] [stderr]   Downloaded extension-trait v0.1.3
[INFO] [stderr]   Downloaded clang-sys v0.21.2
[INFO] [stderr]   Downloaded path_abs v0.3.17
[INFO] [stderr]   Downloaded bindgen v0.31.3
[INFO] running `Command { std: "docker" "create" "-v" "/var/lib/crater-agent-workspace/builds/worker-6-tc1/target:/opt/rustwide/target:rw,Z" "-v" "/var/lib/crater-agent-workspace/builds/worker-6-tc1/source:/opt/rustwide/workdir:ro,Z" "-v" "/var/lib/crater-agent-workspace/cargo-home:/opt/rustwide/cargo-home:ro,Z" "-v" "/var/lib/crater-agent-workspace/rustup-home:/opt/rustwide/rustup-home:ro,Z" "-e" "SOURCE_DIR=/opt/rustwide/workdir" "-e" "CARGO_TARGET_DIR=/opt/rustwide/target" "-e" "CARGO_HOME=/opt/rustwide/cargo-home" "-e" "RUSTUP_HOME=/opt/rustwide/rustup-home" "-w" "/opt/rustwide/workdir" "-m" "1610612736" "--user" "0:0" "--network" "none" "ghcr.io/rust-lang/crates-build-env/linux@sha256:2788e3201cd34a07e3172128adcd8b3090168a8e3bcc40d7c032b9dda1df7d1c" "/opt/rustwide/cargo-home/bin/cargo" "+1.75.0" "metadata" "--no-deps" "--format-version=1", kill_on_drop: false }`
[INFO] [stdout] 58d5d05d06ce2b07f76ff468e2122b59c9f0f08902d886ff8196903615b9a206
[INFO] running `Command { std: "docker" "start" "-a" "58d5d05d06ce2b07f76ff468e2122b59c9f0f08902d886ff8196903615b9a206", kill_on_drop: false }`
[INFO] running `Command { std: "docker" "inspect" "58d5d05d06ce2b07f76ff468e2122b59c9f0f08902d886ff8196903615b9a206", kill_on_drop: false }`
[INFO] running `Command { std: "docker" "rm" "-f" "58d5d05d06ce2b07f76ff468e2122b59c9f0f08902d886ff8196903615b9a206", kill_on_drop: false }`
[INFO] [stdout] 58d5d05d06ce2b07f76ff468e2122b59c9f0f08902d886ff8196903615b9a206
[INFO] running `Command { std: "docker" "create" "-v" "/var/lib/crater-agent-workspace/builds/worker-6-tc1/target:/opt/rustwide/target:rw,Z" "-v" "/var/lib/crater-agent-workspace/builds/worker-6-tc1/source:/opt/rustwide/workdir:ro,Z" "-v" "/var/lib/crater-agent-workspace/cargo-home:/opt/rustwide/cargo-home:ro,Z" "-v" "/var/lib/crater-agent-workspace/rustup-home:/opt/rustwide/rustup-home:ro,Z" "-e" "SOURCE_DIR=/opt/rustwide/workdir" "-e" "CARGO_TARGET_DIR=/opt/rustwide/target" "-e" "CARGO_INCREMENTAL=0" "-e" "RUST_BACKTRACE=full" "-e" "RUSTFLAGS=--cap-lints=warn" "-e" "RUSTDOCFLAGS=--cap-lints=warn" "-e" "CARGO_HOME=/opt/rustwide/cargo-home" "-e" "RUSTUP_HOME=/opt/rustwide/rustup-home" "-w" "/opt/rustwide/workdir" "-m" "1610612736" "--user" "0:0" "--network" "none" "ghcr.io/rust-lang/crates-build-env/linux@sha256:2788e3201cd34a07e3172128adcd8b3090168a8e3bcc40d7c032b9dda1df7d1c" "/opt/rustwide/cargo-home/bin/cargo" "+1.75.0" "build" "--frozen" "--message-format=json", kill_on_drop: false }`
[INFO] [stdout] e24e2bd350ff4b842329c1662adfcd1e30230c364dbd85f2af0d430e8d7a4c05
[INFO] running `Command { std: "docker" "start" "-a" "e24e2bd350ff4b842329c1662adfcd1e30230c364dbd85f2af0d430e8d7a4c05", kill_on_drop: false }`
[INFO] [stderr]    Compiling libc v0.2.62
[INFO] [stderr]    Compiling memchr v2.2.1
[INFO] [stderr]    Compiling lazy_static v1.4.0
[INFO] [stderr]    Compiling glob v0.2.11
[INFO] [stderr]    Compiling log v0.4.8
[INFO] [stderr]    Compiling cfg-if v0.1.9
[INFO] [stderr]    Compiling libloading v0.4.3
[INFO] [stderr]    Compiling bitflags v1.1.0
[INFO] [stderr]    Compiling regex v0.2.11
[INFO] [stderr]    Compiling ucd-util v0.1.5
[INFO] [stderr]    Compiling utf8-ranges v1.0.4
[INFO] [stderr]    Compiling unicode-width v0.1.6
[INFO] [stderr]    Compiling ansi_term v0.11.0
[INFO] [stderr]    Compiling vec_map v0.8.1
[INFO] [stderr]    Compiling strsim v0.8.0
[INFO] [stderr]    Compiling bindgen v0.31.3
[INFO] [stderr]    Compiling thread_local v0.3.6
[INFO] [stderr]    Compiling std_prelude v0.2.12
[INFO] [stderr]    Compiling textwrap v0.11.0
[INFO] [stderr]    Compiling regex-syntax v0.5.6
[INFO] [stderr]    Compiling peeking_take_while v0.1.2
[INFO] [stderr]    Compiling lazy_static v0.2.11
[INFO] [stderr]    Compiling same-file v1.0.5
[INFO] [stderr]    Compiling cc v1.0.40
[INFO] [stderr]    Compiling path_abs v0.3.17
[INFO] [stderr]    Compiling pkg-config v0.3.15
[INFO] [stderr]    Compiling extension-trait v0.1.3
[INFO] [stderr]    Compiling walkdir v2.2.9
[INFO] [stderr]    Compiling clang-sys v0.21.2
[INFO] [stderr]    Compiling log v0.3.9
[INFO] [stderr]    Compiling cmake v0.1.41
[INFO] [stderr]    Compiling aho-corasick v0.6.10
[INFO] [stderr]    Compiling memchr v1.0.2
[INFO] [stderr]    Compiling atty v0.2.13
[INFO] [stderr]    Compiling which v1.0.5
[INFO] [stderr]    Compiling clap v2.33.0
[INFO] [stderr]    Compiling nom v3.2.1
[INFO] [stderr]    Compiling cexpr v0.2.3
[INFO] [stderr]    Compiling env_logger v0.4.3
[INFO] [stderr]    Compiling lammps-sys v0.6.0 (/opt/rustwide/workdir)
[INFO] [stderr]     Finished dev [unoptimized + debuginfo] target(s) in 26.12s
[INFO] [stderr] warning: the following packages contain code that will be rejected by a future version of Rust: nom v3.2.1
[INFO] [stderr] note: to see what the problems were, use the option `--future-incompat-report`, or run `cargo report future-incompatibilities --id 1`
[INFO] running `Command { std: "docker" "inspect" "e24e2bd350ff4b842329c1662adfcd1e30230c364dbd85f2af0d430e8d7a4c05", kill_on_drop: false }`
[INFO] running `Command { std: "docker" "rm" "-f" "e24e2bd350ff4b842329c1662adfcd1e30230c364dbd85f2af0d430e8d7a4c05", kill_on_drop: false }`
[INFO] [stdout] e24e2bd350ff4b842329c1662adfcd1e30230c364dbd85f2af0d430e8d7a4c05
[INFO] running `Command { std: "docker" "create" "-v" "/var/lib/crater-agent-workspace/builds/worker-6-tc1/target:/opt/rustwide/target:rw,Z" "-v" "/var/lib/crater-agent-workspace/builds/worker-6-tc1/source:/opt/rustwide/workdir:ro,Z" "-v" "/var/lib/crater-agent-workspace/cargo-home:/opt/rustwide/cargo-home:ro,Z" "-v" "/var/lib/crater-agent-workspace/rustup-home:/opt/rustwide/rustup-home:ro,Z" "-e" "SOURCE_DIR=/opt/rustwide/workdir" "-e" "CARGO_TARGET_DIR=/opt/rustwide/target" "-e" "CARGO_INCREMENTAL=0" "-e" "RUST_BACKTRACE=full" "-e" "RUSTFLAGS=--cap-lints=warn" "-e" "RUSTDOCFLAGS=--cap-lints=warn" "-e" "CARGO_HOME=/opt/rustwide/cargo-home" "-e" "RUSTUP_HOME=/opt/rustwide/rustup-home" "-w" "/opt/rustwide/workdir" "-m" "1610612736" "--user" "0:0" "--network" "none" "ghcr.io/rust-lang/crates-build-env/linux@sha256:2788e3201cd34a07e3172128adcd8b3090168a8e3bcc40d7c032b9dda1df7d1c" "/opt/rustwide/cargo-home/bin/cargo" "+1.75.0" "test" "--frozen" "--no-run" "--message-format=json", kill_on_drop: false }`
[INFO] [stdout] a7286bc6e24e4681e0e136afe5bdeda60820fd580d9b25e625ee8b0e197b9ee5
[INFO] running `Command { std: "docker" "start" "-a" "a7286bc6e24e4681e0e136afe5bdeda60820fd580d9b25e625ee8b0e197b9ee5", kill_on_drop: false }`
[INFO] [stderr]    Compiling lammps-sys v0.6.0 (/opt/rustwide/workdir)
[INFO] [stdout] error[E0463]: can't find crate for `mpi_sys`
[INFO] [stdout]   --> examples/mpi-test.rs:26:1
[INFO] [stdout]    |
[INFO] [stdout] 26 | extern crate mpi_sys;
[INFO] [stdout]    | ^^^^^^^^^^^^^^^^^^^^^ can't find crate
[INFO] [stdout] 
[INFO] [stdout] 
[INFO] [stdout] error[E0425]: cannot find function `lammps_open` in crate `lammps_sys`
[INFO] [stdout]   --> examples/mpi-test.rs:37:23
[INFO] [stdout]    |
[INFO] [stdout] 37 |         ::lammps_sys::lammps_open(
[INFO] [stdout]    |                       ^^^^^^^^^^^ help: a function with a similar name exists: `lammps_free`
[INFO] [stdout]    |
[INFO] [stdout]   ::: /opt/rustwide/target/debug/build/lammps-sys-f8b27a15cb7c5a5b/out/codegen/lammps.rs:18:2
[INFO] [stdout]    |
[INFO] [stdout] 18 |  pub fn lammps_free ( arg1 : * mut :: std :: os :: raw :: c_void , ) ; 
[INFO] [stdout]    |  ------------------------------------------------------------------- similarly named function `lammps_free` defined here
[INFO] [stdout] 
[INFO] [stdout] 
[INFO] [stdout] error: aborting due to 2 previous errors
[INFO] [stdout] 
[INFO] [stdout] 
[INFO] [stdout] Some errors have detailed explanations: E0425, E0463.
[INFO] [stdout] 
[INFO] [stdout] For more information about an error, try `rustc --explain E0425`.
[INFO] [stdout] 
[INFO] [stderr] error: could not compile `lammps-sys` (example "mpi-test") due to 3 previous errors
[INFO] [stderr] warning: build failed, waiting for other jobs to finish...
[INFO] running `Command { std: "docker" "inspect" "a7286bc6e24e4681e0e136afe5bdeda60820fd580d9b25e625ee8b0e197b9ee5", kill_on_drop: false }`
[INFO] running `Command { std: "docker" "rm" "-f" "a7286bc6e24e4681e0e136afe5bdeda60820fd580d9b25e625ee8b0e197b9ee5", kill_on_drop: false }`
[INFO] [stdout] a7286bc6e24e4681e0e136afe5bdeda60820fd580d9b25e625ee8b0e197b9ee5
[INFO] testing lammps-sys-0.6.0 against beta-2023-12-22 for beta-1.76-1
[INFO] extracting crate lammps-sys 0.6.0 into /workspace/builds/worker-6-tc2/source
[INFO] validating manifest of crates.io crate lammps-sys 0.6.0 on toolchain beta-2023-12-22
[INFO] running `Command { std: CARGO_HOME="/workspace/cargo-home" RUSTUP_HOME="/workspace/rustup-home" "/workspace/cargo-home/bin/cargo" "+beta-2023-12-22" "metadata" "--manifest-path" "Cargo.toml" "--no-deps", kill_on_drop: false }`
[INFO] started tweaking crates.io crate lammps-sys 0.6.0
[INFO] finished tweaking crates.io crate lammps-sys 0.6.0
[INFO] tweaked toml for crates.io crate lammps-sys 0.6.0 written to /workspace/builds/worker-6-tc2/source/Cargo.toml
[INFO] crate crates.io crate lammps-sys 0.6.0 already has a lockfile, it will not be regenerated
[INFO] running `Command { std: CARGO_HOME="/workspace/cargo-home" RUSTUP_HOME="/workspace/rustup-home" "/workspace/cargo-home/bin/cargo" "+beta-2023-12-22" "fetch" "--manifest-path" "Cargo.toml", kill_on_drop: false }`
[INFO] running `Command { std: "docker" "create" "-v" "/var/lib/crater-agent-workspace/builds/worker-6-tc2/target:/opt/rustwide/target:rw,Z" "-v" "/var/lib/crater-agent-workspace/builds/worker-6-tc2/source:/opt/rustwide/workdir:ro,Z" "-v" "/var/lib/crater-agent-workspace/cargo-home:/opt/rustwide/cargo-home:ro,Z" "-v" "/var/lib/crater-agent-workspace/rustup-home:/opt/rustwide/rustup-home:ro,Z" "-e" "SOURCE_DIR=/opt/rustwide/workdir" "-e" "CARGO_TARGET_DIR=/opt/rustwide/target" "-e" "CARGO_HOME=/opt/rustwide/cargo-home" "-e" "RUSTUP_HOME=/opt/rustwide/rustup-home" "-w" "/opt/rustwide/workdir" "-m" "1610612736" "--user" "0:0" "--network" "none" "ghcr.io/rust-lang/crates-build-env/linux@sha256:2788e3201cd34a07e3172128adcd8b3090168a8e3bcc40d7c032b9dda1df7d1c" "/opt/rustwide/cargo-home/bin/cargo" "+beta-2023-12-22" "metadata" "--no-deps" "--format-version=1", kill_on_drop: false }`
[INFO] [stdout] 30c97c225a070ba1628eccdde89341f268a8f33edad580bc1f3ef53e06f3f120
[INFO] running `Command { std: "docker" "start" "-a" "30c97c225a070ba1628eccdde89341f268a8f33edad580bc1f3ef53e06f3f120", kill_on_drop: false }`
[INFO] running `Command { std: "docker" "inspect" "30c97c225a070ba1628eccdde89341f268a8f33edad580bc1f3ef53e06f3f120", kill_on_drop: false }`
[INFO] running `Command { std: "docker" "rm" "-f" "30c97c225a070ba1628eccdde89341f268a8f33edad580bc1f3ef53e06f3f120", kill_on_drop: false }`
[INFO] [stdout] 30c97c225a070ba1628eccdde89341f268a8f33edad580bc1f3ef53e06f3f120
[INFO] running `Command { std: "docker" "create" "-v" "/var/lib/crater-agent-workspace/builds/worker-6-tc2/target:/opt/rustwide/target:rw,Z" "-v" "/var/lib/crater-agent-workspace/builds/worker-6-tc2/source:/opt/rustwide/workdir:ro,Z" "-v" "/var/lib/crater-agent-workspace/cargo-home:/opt/rustwide/cargo-home:ro,Z" "-v" "/var/lib/crater-agent-workspace/rustup-home:/opt/rustwide/rustup-home:ro,Z" "-e" "SOURCE_DIR=/opt/rustwide/workdir" "-e" "CARGO_TARGET_DIR=/opt/rustwide/target" "-e" "CARGO_INCREMENTAL=0" "-e" "RUST_BACKTRACE=full" "-e" "RUSTFLAGS=--cap-lints=warn" "-e" "RUSTDOCFLAGS=--cap-lints=warn" "-e" "CARGO_HOME=/opt/rustwide/cargo-home" "-e" "RUSTUP_HOME=/opt/rustwide/rustup-home" "-w" "/opt/rustwide/workdir" "-m" "1610612736" "--user" "0:0" "--network" "none" "ghcr.io/rust-lang/crates-build-env/linux@sha256:2788e3201cd34a07e3172128adcd8b3090168a8e3bcc40d7c032b9dda1df7d1c" "/opt/rustwide/cargo-home/bin/cargo" "+beta-2023-12-22" "build" "--frozen" "--message-format=json", kill_on_drop: false }`
[INFO] [stdout] f9f5927bc2ce04e56110ad818d330d509f4cb200b6b6b94f2df49de1fee9c880
[INFO] running `Command { std: "docker" "start" "-a" "f9f5927bc2ce04e56110ad818d330d509f4cb200b6b6b94f2df49de1fee9c880", kill_on_drop: false }`
[INFO] [stderr]    Compiling libc v0.2.62
[INFO] [stderr]    Compiling lazy_static v1.4.0
[INFO] [stderr]    Compiling memchr v2.2.1
[INFO] [stderr]    Compiling log v0.4.8
[INFO] [stderr]    Compiling glob v0.2.11
[INFO] [stderr]    Compiling libloading v0.4.3
[INFO] [stderr]    Compiling cfg-if v0.1.9
[INFO] [stderr]    Compiling ucd-util v0.1.5
[INFO] [stderr]    Compiling regex v0.2.11
[INFO] [stderr]    Compiling bitflags v1.1.0
[INFO] [stderr]    Compiling utf8-ranges v1.0.4
[INFO] [stderr]    Compiling unicode-width v0.1.6
[INFO] [stderr]    Compiling vec_map v0.8.1
[INFO] [stderr]    Compiling bindgen v0.31.3
[INFO] [stderr]    Compiling strsim v0.8.0
[INFO] [stderr]    Compiling ansi_term v0.11.0
[INFO] [stderr]    Compiling thread_local v0.3.6
[INFO] [stderr]    Compiling same-file v1.0.5
[INFO] [stderr]    Compiling textwrap v0.11.0
[INFO] [stderr]    Compiling regex-syntax v0.5.6
[INFO] [stderr]    Compiling peeking_take_while v0.1.2
[INFO] [stderr]    Compiling std_prelude v0.2.12
[INFO] [stderr]    Compiling lazy_static v0.2.11
[INFO] [stderr]    Compiling cc v1.0.40
[INFO] [stderr]    Compiling path_abs v0.3.17
[INFO] [stderr]    Compiling walkdir v2.2.9
[INFO] [stderr]    Compiling extension-trait v0.1.3
[INFO] [stderr]    Compiling pkg-config v0.3.15
[INFO] [stderr]    Compiling log v0.3.9
[INFO] [stderr]    Compiling clang-sys v0.21.2
[INFO] [stderr]    Compiling cmake v0.1.41
[INFO] [stderr]    Compiling aho-corasick v0.6.10
[INFO] [stderr]    Compiling memchr v1.0.2
[INFO] [stderr]    Compiling atty v0.2.13
[INFO] [stderr]    Compiling which v1.0.5
[INFO] [stderr]    Compiling clap v2.33.0
[INFO] [stderr]    Compiling nom v3.2.1
[INFO] [stderr]    Compiling cexpr v0.2.3
[INFO] [stderr]    Compiling env_logger v0.4.3
[INFO] [stderr]    Compiling lammps-sys v0.6.0 (/opt/rustwide/workdir)
[INFO] [stderr]     Finished dev [unoptimized + debuginfo] target(s) in 33.97s
[INFO] [stderr] warning: the following packages contain code that will be rejected by a future version of Rust: nom v3.2.1
[INFO] [stderr] note: to see what the problems were, use the option `--future-incompat-report`, or run `cargo report future-incompatibilities --id 1`
[INFO] running `Command { std: "docker" "inspect" "f9f5927bc2ce04e56110ad818d330d509f4cb200b6b6b94f2df49de1fee9c880", kill_on_drop: false }`
[INFO] running `Command { std: "docker" "rm" "-f" "f9f5927bc2ce04e56110ad818d330d509f4cb200b6b6b94f2df49de1fee9c880", kill_on_drop: false }`
[INFO] [stdout] f9f5927bc2ce04e56110ad818d330d509f4cb200b6b6b94f2df49de1fee9c880
[INFO] running `Command { std: "docker" "create" "-v" "/var/lib/crater-agent-workspace/builds/worker-6-tc2/target:/opt/rustwide/target:rw,Z" "-v" "/var/lib/crater-agent-workspace/builds/worker-6-tc2/source:/opt/rustwide/workdir:ro,Z" "-v" "/var/lib/crater-agent-workspace/cargo-home:/opt/rustwide/cargo-home:ro,Z" "-v" "/var/lib/crater-agent-workspace/rustup-home:/opt/rustwide/rustup-home:ro,Z" "-e" "SOURCE_DIR=/opt/rustwide/workdir" "-e" "CARGO_TARGET_DIR=/opt/rustwide/target" "-e" "CARGO_INCREMENTAL=0" "-e" "RUST_BACKTRACE=full" "-e" "RUSTFLAGS=--cap-lints=warn" "-e" "RUSTDOCFLAGS=--cap-lints=warn" "-e" "CARGO_HOME=/opt/rustwide/cargo-home" "-e" "RUSTUP_HOME=/opt/rustwide/rustup-home" "-w" "/opt/rustwide/workdir" "-m" "1610612736" "--user" "0:0" "--network" "none" "ghcr.io/rust-lang/crates-build-env/linux@sha256:2788e3201cd34a07e3172128adcd8b3090168a8e3bcc40d7c032b9dda1df7d1c" "/opt/rustwide/cargo-home/bin/cargo" "+beta-2023-12-22" "test" "--frozen" "--no-run" "--message-format=json", kill_on_drop: false }`
[INFO] [stdout] c9de4fd776ec1eb9f43253ace6fa1e91adf68a363caeb5fc9595cb3cad209c5b
[INFO] running `Command { std: "docker" "start" "-a" "c9de4fd776ec1eb9f43253ace6fa1e91adf68a363caeb5fc9595cb3cad209c5b", kill_on_drop: false }`
[INFO] [stderr]    Compiling lammps-sys v0.6.0 (/opt/rustwide/workdir)
[INFO] [stdout] error[E0463]: can't find crate for `mpi_sys`
[INFO] [stdout]   --> examples/mpi-test.rs:26:1
[INFO] [stdout]    |
[INFO] [stdout] 26 | extern crate mpi_sys;
[INFO] [stdout]    | ^^^^^^^^^^^^^^^^^^^^^ can't find crate
[INFO] [stdout] 
[INFO] [stdout] 
[INFO] [stdout] error[E0425]: cannot find function `lammps_open` in crate `lammps_sys`
[INFO] [stdout]   --> examples/mpi-test.rs:37:23
[INFO] [stdout]    |
[INFO] [stdout] 37 |         ::lammps_sys::lammps_open(
[INFO] [stdout]    |                       ^^^^^^^^^^^ help: a function with a similar name exists: `lammps_free`
[INFO] [stdout]    |
[INFO] [stdout]   ::: /opt/rustwide/target/debug/build/lammps-sys-7bfedee740363b5a/out/codegen/lammps.rs:18:2
[INFO] [stdout]    |
[INFO] [stdout] 18 |  pub fn lammps_free ( arg1 : * mut :: std :: os :: raw :: c_void , ) ; 
[INFO] [stdout]    |  ------------------------------------------------------------------- similarly named function `lammps_free` defined here
[INFO] [stdout] 
[INFO] [stdout] 
[INFO] [stdout] error: aborting due to 2 previous errors
[INFO] [stdout] 
[INFO] [stdout] 
[INFO] [stdout] Some errors have detailed explanations: E0425, E0463.
[INFO] [stdout] 
[INFO] [stdout] For more information about an error, try `rustc --explain E0425`.
[INFO] [stdout] 
[INFO] [stderr] error: could not compile `lammps-sys` (example "mpi-test") due to 3 previous errors
[INFO] [stderr] warning: build failed, waiting for other jobs to finish...
[INFO] running `Command { std: "docker" "inspect" "c9de4fd776ec1eb9f43253ace6fa1e91adf68a363caeb5fc9595cb3cad209c5b", kill_on_drop: false }`
[INFO] running `Command { std: "docker" "rm" "-f" "c9de4fd776ec1eb9f43253ace6fa1e91adf68a363caeb5fc9595cb3cad209c5b", kill_on_drop: false }`
[INFO] [stdout] c9de4fd776ec1eb9f43253ace6fa1e91adf68a363caeb5fc9595cb3cad209c5b
