[INFO] fetching crate lambda_starknet_api 0.1.0...
[INFO] testing lambda_starknet_api-0.1.0 against 1.75.0 for beta-1.76-1
[INFO] extracting crate lambda_starknet_api 0.1.0 into /workspace/builds/worker-2-tc1/source
[INFO] validating manifest of crates.io crate lambda_starknet_api 0.1.0 on toolchain 1.75.0
[INFO] running `Command { std: CARGO_HOME="/workspace/cargo-home" RUSTUP_HOME="/workspace/rustup-home" "/workspace/cargo-home/bin/cargo" "+1.75.0" "metadata" "--manifest-path" "Cargo.toml" "--no-deps", kill_on_drop: false }`
[INFO] removed /workspace/builds/worker-2-tc1/source/.cargo/config.toml
[INFO] removed /workspace/builds/worker-2-tc1/source/rust-toolchain.toml
[INFO] started tweaking crates.io crate lambda_starknet_api 0.1.0
[INFO] finished tweaking crates.io crate lambda_starknet_api 0.1.0
[INFO] tweaked toml for crates.io crate lambda_starknet_api 0.1.0 written to /workspace/builds/worker-2-tc1/source/Cargo.toml
[INFO] running `Command { std: CARGO_HOME="/workspace/cargo-home" RUSTUP_HOME="/workspace/rustup-home" "/workspace/cargo-home/bin/cargo" "+1.75.0" "generate-lockfile" "--manifest-path" "Cargo.toml", kill_on_drop: false }`
[INFO] [stderr]     Updating crates.io index
[INFO] running `Command { std: CARGO_HOME="/workspace/cargo-home" RUSTUP_HOME="/workspace/rustup-home" "/workspace/cargo-home/bin/cargo" "+1.75.0" "fetch" "--manifest-path" "Cargo.toml", kill_on_drop: false }`
[INFO] [stderr]  Downloading crates ...
[INFO] [stderr]   Downloaded cairo-lang-utils v2.4.3
[INFO] [stderr]   Downloaded cairo-lang-sierra-type-size v2.4.3
[INFO] [stderr]   Downloaded cairo-lang-sierra-to-casm v2.4.3
[INFO] [stderr]   Downloaded path-clean v1.0.1
[INFO] [stderr]   Downloaded cairo-lang-eq-solver v2.4.3
[INFO] [stderr]   Downloaded starknet-ff v0.3.6
[INFO] [stderr]   Downloaded starknet-curve v0.3.0
[INFO] [stderr]   Downloaded xshell v0.2.5
[INFO] [stderr]   Downloaded indent v0.1.1
[INFO] [stderr]   Downloaded unescaper v0.1.3
[INFO] [stderr]   Downloaded minilp v0.2.2
[INFO] [stderr]   Downloaded sprs v0.7.1
[INFO] [stderr]   Downloaded cairo-lang-lowering v2.4.3
[INFO] [stderr]   Downloaded cairo-lang-starknet v2.3.1
[INFO] [stderr]   Downloaded cairo-lang-plugins v2.4.3
[INFO] [stderr]   Downloaded cairo-lang-semantic v2.4.3
[INFO] [stderr]   Downloaded ndarray v0.13.1
[INFO] [stderr]   Downloaded cairo-lang-parser v2.4.3
[INFO] [stderr]   Downloaded cairo-felt v0.8.7
[INFO] [stderr]   Downloaded cairo-lang-casm v2.4.3
[INFO] [stderr]   Downloaded starknet-crypto v0.5.2
[INFO] [stderr]   Downloaded starknet-crypto-codegen v0.3.2
[INFO] [stderr]   Downloaded cairo-lang-defs v2.4.3
[INFO] [stderr]   Downloaded xshell-macros v0.2.5
[INFO] [stderr]   Downloaded cairo-lang-syntax-codegen v2.4.3
[INFO] [stderr]   Downloaded cairo-lang-sierra-ap-change v2.4.3
[INFO] [stderr]   Downloaded good_lp v1.7.0
[INFO] [stderr]   Downloaded starknet-curve v0.4.0
[INFO] [stderr]   Downloaded const-fnv1a-hash v1.1.0
[INFO] [stderr]   Downloaded cairo-lang-project v2.3.1
[INFO] [stderr]   Downloaded cairo-lang-proc-macros v2.4.3
[INFO] [stderr]   Downloaded cairo-lang-compiler v2.3.1
[INFO] [stderr]   Downloaded cairo-lang-filesystem v2.4.3
[INFO] [stderr]   Downloaded salsa-macros v0.16.0
[INFO] [stderr]   Downloaded salsa v0.16.1
[INFO] [stderr]   Downloaded cairo-lang-debug v2.4.3
[INFO] [stderr]   Downloaded cairo-lang-diagnostics v2.4.3
[INFO] [stderr]   Downloaded cairo-lang-sierra-gas v2.4.3
[INFO] [stderr]   Downloaded cairo-lang-syntax v2.4.3
[INFO] [stderr]   Downloaded cairo-lang-sierra v2.4.3
[INFO] [stderr]   Downloaded cairo-lang-sierra-generator v2.4.3
[INFO] running `Command { std: "docker" "create" "-v" "/var/lib/crater-agent-workspace/builds/worker-2-tc1/target:/opt/rustwide/target:rw,Z" "-v" "/var/lib/crater-agent-workspace/builds/worker-2-tc1/source:/opt/rustwide/workdir:ro,Z" "-v" "/var/lib/crater-agent-workspace/cargo-home:/opt/rustwide/cargo-home:ro,Z" "-v" "/var/lib/crater-agent-workspace/rustup-home:/opt/rustwide/rustup-home:ro,Z" "-e" "SOURCE_DIR=/opt/rustwide/workdir" "-e" "CARGO_TARGET_DIR=/opt/rustwide/target" "-e" "CARGO_HOME=/opt/rustwide/cargo-home" "-e" "RUSTUP_HOME=/opt/rustwide/rustup-home" "-w" "/opt/rustwide/workdir" "-m" "1610612736" "--user" "0:0" "--network" "none" "ghcr.io/rust-lang/crates-build-env/linux@sha256:2788e3201cd34a07e3172128adcd8b3090168a8e3bcc40d7c032b9dda1df7d1c" "/opt/rustwide/cargo-home/bin/cargo" "+1.75.0" "metadata" "--no-deps" "--format-version=1", kill_on_drop: false }`
[INFO] [stdout] 3f08e2d38535faef6e297474a88dc3db5e7b4e12b856286387a1adcbb422eb52
[INFO] running `Command { std: "docker" "start" "-a" "3f08e2d38535faef6e297474a88dc3db5e7b4e12b856286387a1adcbb422eb52", kill_on_drop: false }`
[INFO] running `Command { std: "docker" "inspect" "3f08e2d38535faef6e297474a88dc3db5e7b4e12b856286387a1adcbb422eb52", kill_on_drop: false }`
[INFO] running `Command { std: "docker" "rm" "-f" "3f08e2d38535faef6e297474a88dc3db5e7b4e12b856286387a1adcbb422eb52", kill_on_drop: false }`
[INFO] [stdout] 3f08e2d38535faef6e297474a88dc3db5e7b4e12b856286387a1adcbb422eb52
[INFO] running `Command { std: "docker" "create" "-v" "/var/lib/crater-agent-workspace/builds/worker-2-tc1/target:/opt/rustwide/target:rw,Z" "-v" "/var/lib/crater-agent-workspace/builds/worker-2-tc1/source:/opt/rustwide/workdir:ro,Z" "-v" "/var/lib/crater-agent-workspace/cargo-home:/opt/rustwide/cargo-home:ro,Z" "-v" "/var/lib/crater-agent-workspace/rustup-home:/opt/rustwide/rustup-home:ro,Z" "-e" "SOURCE_DIR=/opt/rustwide/workdir" "-e" "CARGO_TARGET_DIR=/opt/rustwide/target" "-e" "CARGO_INCREMENTAL=0" "-e" "RUST_BACKTRACE=full" "-e" "RUSTFLAGS=--cap-lints=warn" "-e" "RUSTDOCFLAGS=--cap-lints=warn" "-e" "CARGO_HOME=/opt/rustwide/cargo-home" "-e" "RUSTUP_HOME=/opt/rustwide/rustup-home" "-w" "/opt/rustwide/workdir" "-m" "1610612736" "--user" "0:0" "--network" "none" "ghcr.io/rust-lang/crates-build-env/linux@sha256:2788e3201cd34a07e3172128adcd8b3090168a8e3bcc40d7c032b9dda1df7d1c" "/opt/rustwide/cargo-home/bin/cargo" "+1.75.0" "build" "--frozen" "--message-format=json", kill_on_drop: false }`
[INFO] [stdout] 8077c36175cf0b9c868510b6bf50d70385eb2bd39db89d776b0b675c82a15a0e
[INFO] running `Command { std: "docker" "start" "-a" "8077c36175cf0b9c868510b6bf50d70385eb2bd39db89d776b0b675c82a15a0e", kill_on_drop: false }`
[INFO] [stderr]    Compiling proc-macro2 v1.0.75
[INFO] [stderr]    Compiling unicode-ident v1.0.12
[INFO] [stderr]    Compiling autocfg v1.1.0
[INFO] [stderr]    Compiling syn v1.0.109
[INFO] [stderr]    Compiling libc v0.2.151
[INFO] [stderr]    Compiling cfg-if v1.0.0
[INFO] [stderr]    Compiling serde v1.0.194
[INFO] [stderr]    Compiling either v1.9.0
[INFO] [stderr]    Compiling equivalent v1.0.1
[INFO] [stderr]    Compiling hashbrown v0.14.3
[INFO] [stderr]    Compiling typenum v1.17.0
[INFO] [stderr]    Compiling version_check v0.9.4
[INFO] [stderr]    Compiling hashbrown v0.12.3
[INFO] [stderr]    Compiling serde_json v1.0.111
[INFO] [stderr]    Compiling smallvec v1.11.2
[INFO] [stderr]    Compiling itoa v1.0.10
[INFO] [stderr]    Compiling ryu v1.0.16
[INFO] [stderr]    Compiling schemars v0.8.16
[INFO] [stderr]    Compiling dyn-clone v1.0.16
[INFO] [stderr]    Compiling arrayvec v0.7.4
[INFO] [stderr]    Compiling byte-slice-cast v1.2.2
[INFO] [stderr]    Compiling log v0.4.20
[INFO] [stderr]    Compiling scopeguard v1.2.0
[INFO] [stderr]    Compiling itertools v0.11.0
[INFO] [stderr]    Compiling subtle v2.5.0
[INFO] [stderr]    Compiling unicode-segmentation v1.10.1
[INFO] [stderr]    Compiling parking_lot_core v0.8.6
[INFO] [stderr]    Compiling generic-array v0.14.7
[INFO] [stderr]    Compiling instant v0.1.12
[INFO] [stderr]    Compiling num-traits v0.2.17
[INFO] [stderr]    Compiling num-bigint v0.4.4
[INFO] [stderr]    Compiling num-integer v0.1.45
[INFO] [stderr]    Compiling indexmap v1.9.3
[INFO] [stderr]    Compiling lock_api v0.4.11
[INFO] [stderr]    Compiling crossbeam-utils v0.8.18
[INFO] [stderr]    Compiling thiserror v1.0.56
[INFO] [stderr]    Compiling rustc-hash v1.1.0
[INFO] [stderr]    Compiling oorandom v11.1.3
[INFO] [stderr]    Compiling itertools v0.10.5
[INFO] [stderr]    Compiling memchr v2.7.1
[INFO] [stderr]    Compiling heck v0.3.3
[INFO] [stderr]    Compiling parking_lot_core v0.9.9
[INFO] [stderr]    Compiling regex-syntax v0.8.2
[INFO] [stderr]    Compiling rustix v0.38.28
[INFO] [stderr]    Compiling crunchy v0.2.2
[INFO] [stderr]    Compiling quote v1.0.35
[INFO] [stderr]    Compiling once_cell v1.19.0
[INFO] [stderr]    Compiling linux-raw-sys v0.4.12
[INFO] [stderr]    Compiling tiny-keccak v2.0.2
[INFO] [stderr]    Compiling syn v2.0.48
[INFO] [stderr]    Compiling aho-corasick v1.1.2
[INFO] [stderr]    Compiling dirs-sys-next v0.1.2
[INFO] [stderr]    Compiling bitflags v2.4.1
[INFO] [stderr]    Compiling siphasher v0.3.11
[INFO] [stderr]    Compiling parking_lot v0.11.2
[INFO] [stderr]    Compiling dirs-next v2.0.0
[INFO] [stderr]    Compiling unicode-xid v0.2.4
[INFO] [stderr]    Compiling phf_shared v0.10.0
[INFO] [stderr]    Compiling parking_lot v0.12.1
[INFO] [stderr]    Compiling term v0.7.0
[INFO] [stderr]    Compiling bit-vec v0.6.3
[INFO] [stderr]    Compiling spin v0.5.2
[INFO] [stderr]    Compiling path-clean v1.0.1
[INFO] [stderr]    Compiling fixedbitset v0.4.2
[INFO] [stderr]    Compiling genco-macros v0.17.8
[INFO] [stderr]    Compiling precomputed-hash v0.1.1
[INFO] [stderr]    Compiling new_debug_unreachable v1.0.4
[INFO] [stderr]    Compiling bit-set v0.5.3
[INFO] [stderr]    Compiling lazy_static v1.4.0
[INFO] [stderr]    Compiling string_cache v0.8.7
[INFO] [stderr]    Compiling ascii-canvas v3.0.0
[INFO] [stderr]    Compiling getrandom v0.2.11
[INFO] [stderr]    Compiling ena v0.14.2
[INFO] [stderr]    Compiling num-complex v0.2.4
[INFO] [stderr]    Compiling block-buffer v0.10.4
[INFO] [stderr]    Compiling crypto-common v0.1.6
[INFO] [stderr]    Compiling regex-syntax v0.7.5
[INFO] [stderr]    Compiling diff v0.1.13
[INFO] [stderr]    Compiling pico-args v0.5.0
[INFO] [stderr]    Compiling rand_core v0.6.4
[INFO] [stderr]    Compiling digest v0.10.7
[INFO] [stderr]    Compiling anyhow v1.0.79
[INFO] [stderr]    Compiling ndarray v0.13.1
[INFO] [stderr]    Compiling is-terminal v0.4.10
[INFO] [stderr]    Compiling relative-path v1.9.2
[INFO] [stderr]    Compiling winnow v0.5.32
[INFO] [stderr]    Compiling xshell-macros v0.2.5
[INFO] [stderr]    Compiling ppv-lite86 v0.2.17
[INFO] [stderr]    Compiling rawpointer v0.2.1
[INFO] [stderr]    Compiling paste v1.0.14
[INFO] [stderr]    Compiling matrixmultiply v0.2.4
[INFO] [stderr]    Compiling keccak v0.1.4
[INFO] [stderr]    Compiling regex-automata v0.4.3
[INFO] [stderr]    Compiling rand_chacha v0.3.1
[INFO] [stderr]    Compiling xshell v0.2.5
[INFO] [stderr]    Compiling rand v0.8.5
[INFO] [stderr]    Compiling sha3 v0.10.8
[INFO] [stderr]    Compiling num-traits v0.1.43
[INFO] [stderr]    Compiling colored v2.1.0
[INFO] [stderr]    Compiling convert_case v0.6.0
[INFO] [stderr]    Compiling const-fnv1a-hash v1.1.0
[INFO] [stderr]    Compiling indoc v2.0.4
[INFO] [stderr]    Compiling fnv v1.0.7
[INFO] [stderr]    Compiling toml_datetime v0.6.3
[INFO] [stderr]    Compiling indent v0.1.1
[INFO] [stderr]    Compiling ark-std v0.4.0
[INFO] [stderr]    Compiling hex v0.4.3
[INFO] [stderr]    Compiling id-arena v2.2.1
[INFO] [stderr]    Compiling crypto-bigint v0.5.5
[INFO] [stderr]    Compiling static_assertions v1.1.0
[INFO] [stderr]    Compiling byteorder v1.5.0
[INFO] [stderr]    Compiling hmac v0.12.1
[INFO] [stderr]    Compiling const_format_proc_macros v0.2.32
[INFO] [stderr]    Compiling cpufeatures v0.2.12
[INFO] [stderr]    Compiling rustc-hex v2.1.0
[INFO] [stderr]    Compiling assert_matches v1.5.0
[INFO] [stderr]    Compiling sha2 v0.10.8
[INFO] [stderr]    Compiling uint v0.9.5
[INFO] [stderr]    Compiling fixed-hash v0.8.0
[INFO] [stderr]    Compiling rfc6979 v0.4.0
[INFO] [stderr]    Compiling convert_case v0.4.0
[INFO] [stderr]    Compiling regex v1.10.2
[INFO] [stderr]    Compiling serde_derive_internals v0.26.0
[INFO] [stderr]    Compiling sprs v0.7.1
[INFO] [stderr]    Compiling lalrpop-util v0.20.0
[INFO] [stderr]    Compiling const_format v0.2.32
[INFO] [stderr]    Compiling serde_derive v1.0.194
[INFO] [stderr]    Compiling thiserror-impl v1.0.56
[INFO] [stderr]    Compiling zeroize_derive v1.4.2
[INFO] [stderr]    Compiling minilp v0.2.2
[INFO] [stderr]    Compiling schemars_derive v0.8.16
[INFO] [stderr]    Compiling impl-trait-for-tuples v0.2.2
[INFO] [stderr]    Compiling salsa-macros v0.16.0
[INFO] [stderr]    Compiling derivative v2.2.0
[INFO] [stderr]    Compiling ark-ff-asm v0.4.2
[INFO] [stderr]    Compiling derive_more v0.99.17
[INFO] [stderr]    Compiling zeroize v1.7.0
[INFO] [stderr]    Compiling genco v0.17.8
[INFO] [stderr]    Compiling good_lp v1.7.0
[INFO] [stderr]    Compiling unescaper v0.1.3
[INFO] [stderr]    Compiling cairo-lang-syntax-codegen v2.4.3
[INFO] [stderr]    Compiling indexmap v2.1.0
[INFO] [stderr]    Compiling parity-scale-codec v3.6.9
[INFO] [stderr]    Compiling smol_str v0.2.0
[INFO] [stderr]    Compiling serde_spanned v0.6.5
[INFO] [stderr]    Compiling impl-serde v0.4.0
[INFO] [stderr]    Compiling primitive-types v0.12.2
[INFO] [stderr]    Compiling salsa v0.16.1
[INFO] [stderr]    Compiling petgraph v0.6.4
[INFO] [stderr]    Compiling toml_edit v0.20.2
[INFO] [stderr]    Compiling toml_edit v0.19.15
[INFO] [stderr]    Compiling ark-serialize v0.4.2
[INFO] [stderr]    Compiling cairo-felt v0.8.7
[INFO] [stderr]    Compiling ark-ff-macros v0.4.2
[INFO] [stderr]    Compiling cairo-lang-utils v2.4.3
[INFO] [stderr]    Compiling lalrpop v0.20.0
[INFO] [stderr]    Compiling cairo-lang-debug v2.4.3
[INFO] [stderr]    Compiling proc-macro-crate v2.0.1
[INFO] [stderr]    Compiling cairo-lang-proc-macros v2.4.3
[INFO] [stderr]    Compiling cairo-lang-eq-solver v2.4.3
[INFO] [stderr]    Compiling toml v0.7.8
[INFO] [stderr]    Compiling cairo-lang-filesystem v2.4.3
[INFO] [stderr]    Compiling parity-scale-codec-derive v3.6.9
[INFO] [stderr]    Compiling ark-ff v0.4.2
[INFO] [stderr]    Compiling cairo-lang-syntax v2.4.3
[INFO] [stderr]    Compiling cairo-lang-diagnostics v2.4.3
[INFO] [stderr]    Compiling cairo-lang-project v2.3.1
[INFO] [stderr]    Compiling cairo-lang-casm v2.4.3
[INFO] [stderr]    Compiling cairo-lang-parser v2.4.3
[INFO] [stderr]    Compiling cairo-lang-sierra v2.4.3
[INFO] [stderr]    Compiling cairo-lang-defs v2.4.3
[INFO] [stderr]    Compiling starknet-ff v0.3.6
[INFO] [stderr]    Compiling starknet-curve v0.4.0
[INFO] [stderr]    Compiling starknet-curve v0.3.0
[INFO] [stderr]    Compiling cairo-lang-plugins v2.4.3
[INFO] [stderr]    Compiling cairo-lang-semantic v2.4.3
[INFO] [stderr]    Compiling starknet-crypto-codegen v0.3.2
[INFO] [stderr]    Compiling starknet-crypto v0.5.2
[INFO] [stderr]    Compiling cairo-lang-sierra-type-size v2.4.3
[INFO] [stderr]    Compiling cairo-lang-sierra-gas v2.4.3
[INFO] [stderr]    Compiling cairo-lang-sierra-ap-change v2.4.3
[INFO] [stderr]    Compiling cairo-lang-sierra-to-casm v2.4.3
[INFO] [stderr]    Compiling cairo-lang-lowering v2.4.3
[INFO] [stderr]    Compiling cairo-lang-sierra-generator v2.4.3
[INFO] [stderr]    Compiling cairo-lang-compiler v2.3.1
[INFO] [stdout] error[E0432]: unresolved import `cairo_lang_plugins::get_default_plugins`
[INFO] [stdout]   --> /opt/rustwide/cargo-home/registry/src/index.crates.io-6f17d22bba15001f/cairo-lang-compiler-2.3.1/src/db.rs:15:5
[INFO] [stdout]    |
[INFO] [stdout] 15 | use cairo_lang_plugins::get_default_plugins;
[INFO] [stdout]    |     ^^^^^^^^^^^^^^^^^^^^-------------------
[INFO] [stdout]    |     |                   |
[INFO] [stdout]    |     |                   help: a similar name exists in the module: `get_base_plugins`
[INFO] [stdout]    |     no `get_default_plugins` in the root
[INFO] [stdout] 
[INFO] [stdout] 
[INFO] [stdout] error[E0432]: unresolved import `cairo_lang_semantic::inline_macros::get_default_inline_macro_plugins`
[INFO] [stdout]   --> /opt/rustwide/cargo-home/registry/src/index.crates.io-6f17d22bba15001f/cairo-lang-compiler-2.3.1/src/db.rs:18:5
[INFO] [stdout]    |
[INFO] [stdout] 18 | use cairo_lang_semantic::inline_macros::get_default_inline_macro_plugins;
[INFO] [stdout]    |     ^^^^^^^^^^^^^^^^^^^^^^^^^^^^^^^^^^^^^^^^^^^^^^^^^^^^^^^^^^^^^^^^^^^^ no `get_default_inline_macro_plugins` in `inline_macros`
[INFO] [stdout] 
[INFO] [stdout] 
[INFO] [stderr] error: could not compile `cairo-lang-semantic` (lib)
[INFO] [stderr] 
[INFO] [stderr] Caused by:
[INFO] [stderr]   process didn't exit successfully: `/opt/rustwide/rustup-home/toolchains/1.75.0-x86_64-unknown-linux-gnu/bin/rustc --crate-name cairo_lang_semantic --edition=2021 /opt/rustwide/cargo-home/registry/src/index.crates.io-6f17d22bba15001f/cairo-lang-semantic-2.4.3/src/lib.rs --error-format=json --json=diagnostic-rendered-ansi,artifacts,future-incompat --crate-type lib --emit=dep-info,metadata,link -C embed-bitcode=no -C debuginfo=2 -C metadata=c043844762cfc246 -C extra-filename=-c043844762cfc246 --out-dir /opt/rustwide/target/debug/deps -L dependency=/opt/rustwide/target/debug/deps --extern cairo_lang_debug=/opt/rustwide/target/debug/deps/libcairo_lang_debug-1fbd6004ca5541b5.rmeta --extern cairo_lang_defs=/opt/rustwide/target/debug/deps/libcairo_lang_defs-108a805b458994b1.rmeta --extern cairo_lang_diagnostics=/opt/rustwide/target/debug/deps/libcairo_lang_diagnostics-713871a548f5f218.rmeta --extern cairo_lang_filesystem=/opt/rustwide/target/debug/deps/libcairo_lang_filesystem-71e548a10cb74d33.rmeta --extern cairo_lang_parser=/opt/rustwide/target/debug/deps/libcairo_lang_parser-f0de6d0ff2d5682d.rmeta --extern cairo_lang_plugins=/opt/rustwide/target/debug/deps/libcairo_lang_plugins-c7ab7c5a48c390a1.rmeta --extern cairo_lang_proc_macros=/opt/rustwide/target/debug/deps/libcairo_lang_proc_macros-ab1faf6dd3ef71a8.so --extern cairo_lang_syntax=/opt/rustwide/target/debug/deps/libcairo_lang_syntax-4018880bd7ceee80.rmeta --extern cairo_lang_utils=/opt/rustwide/target/debug/deps/libcairo_lang_utils-aeba3249ae6a9823.rmeta --extern id_arena=/opt/rustwide/target/debug/deps/libid_arena-f470f75209c1e2e4.rmeta --extern indoc=/opt/rustwide/target/debug/deps/libindoc-28ce5334c3ff16bf.so --extern itertools=/opt/rustwide/target/debug/deps/libitertools-b8e1a115d94f05b9.rmeta --extern num_bigint=/opt/rustwide/target/debug/deps/libnum_bigint-b6e4e824f5a8ca12.rmeta --extern num_traits=/opt/rustwide/target/debug/deps/libnum_traits-aa75f3964f70d2b4.rmeta --extern once_cell=/opt/rustwide/target/debug/deps/libonce_cell-63be820ac0ed0954.rmeta --extern salsa=/opt/rustwide/target/debug/deps/libsalsa-6fa450e342541c00.rmeta --extern smol_str=/opt/rustwide/target/debug/deps/libsmol_str-eed08da94715483e.rmeta --cap-lints allow --cap-lints=warn` (signal: 9, SIGKILL: kill)
[INFO] [stderr] warning: build failed, waiting for other jobs to finish...
[INFO] [stdout] error[E0599]: no method named `set_crate_root` found for struct `RootDatabase` in the current scope
[INFO] [stdout]    --> /opt/rustwide/cargo-home/registry/src/index.crates.io-6f17d22bba15001f/cairo-lang-compiler-2.3.1/src/db.rs:152:20
[INFO] [stdout]     |
[INFO] [stdout] 35  | pub struct RootDatabase {
[INFO] [stdout]     | ----------------------- method `set_crate_root` not found for this struct
[INFO] [stdout] ...
[INFO] [stdout] 152 |                 db.set_crate_root(core_crate, Some(corelib));
[INFO] [stdout]     |                    ^^^^^^^^^^^^^^ method not found in `RootDatabase`
[INFO] [stdout] 
[INFO] [stdout] 
[INFO] [stdout] error[E0599]: no method named `set_crate_root` found for mutable reference `&mut dyn SemanticGroup` in the current scope
[INFO] [stdout]   --> /opt/rustwide/cargo-home/registry/src/index.crates.io-6f17d22bba15001f/cairo-lang-compiler-2.3.1/src/project.rs:45:12
[INFO] [stdout]    |
[INFO] [stdout] 45 |         db.set_crate_root(crate_id, Some(Directory::Real(file_dir.to_path_buf())));
[INFO] [stdout]    |            ^^^^^^^^^^^^^^ method not found in `&mut dyn SemanticGroup`
[INFO] [stdout] 
[INFO] [stdout] 
[INFO] [stdout] error[E0599]: no method named `set_crate_root` found for mutable reference `&mut dyn SemanticGroup` in the current scope
[INFO] [stdout]   --> /opt/rustwide/cargo-home/registry/src/index.crates.io-6f17d22bba15001f/cairo-lang-compiler-2.3.1/src/project.rs:50:12
[INFO] [stdout]    |
[INFO] [stdout] 50 |         db.set_crate_root(crate_id, Some(Directory::Real(path.parent().unwrap().to_path_buf())));
[INFO] [stdout]    |            ^^^^^^^^^^^^^^ method not found in `&mut dyn SemanticGroup`
[INFO] [stdout] 
[INFO] [stdout] 
[INFO] [stdout] error[E0599]: no method named `set_crate_root` found for mutable reference `&mut dyn SemanticGroup` in the current scope
[INFO] [stdout]   --> /opt/rustwide/cargo-home/registry/src/index.crates.io-6f17d22bba15001f/cairo-lang-compiler-2.3.1/src/project.rs:69:12
[INFO] [stdout]    |
[INFO] [stdout] 69 |         db.set_crate_root(crate_id, Some(root));
[INFO] [stdout]    |            ^^^^^^^^^^^^^^ method not found in `&mut dyn SemanticGroup`
[INFO] [stdout] 
[INFO] [stdout] 
[INFO] [stdout] error: aborting due to 6 previous errors
[INFO] [stdout] 
[INFO] [stdout] 
[INFO] [stdout] Some errors have detailed explanations: E0432, E0599.
[INFO] [stdout] 
[INFO] [stdout] For more information about an error, try `rustc --explain E0432`.
[INFO] [stdout] 
[INFO] [stderr] error: could not compile `cairo-lang-compiler` (lib) due to 7 previous errors
[INFO] running `Command { std: "docker" "inspect" "8077c36175cf0b9c868510b6bf50d70385eb2bd39db89d776b0b675c82a15a0e", kill_on_drop: false }`
[INFO] running `Command { std: "docker" "rm" "-f" "8077c36175cf0b9c868510b6bf50d70385eb2bd39db89d776b0b675c82a15a0e", kill_on_drop: false }`
[INFO] [stdout] 8077c36175cf0b9c868510b6bf50d70385eb2bd39db89d776b0b675c82a15a0e
[INFO] testing lambda_starknet_api-0.1.0 against beta-2023-12-22 for beta-1.76-1
[INFO] extracting crate lambda_starknet_api 0.1.0 into /workspace/builds/worker-2-tc2/source
[INFO] validating manifest of crates.io crate lambda_starknet_api 0.1.0 on toolchain beta-2023-12-22
[INFO] running `Command { std: CARGO_HOME="/workspace/cargo-home" RUSTUP_HOME="/workspace/rustup-home" "/workspace/cargo-home/bin/cargo" "+beta-2023-12-22" "metadata" "--manifest-path" "Cargo.toml" "--no-deps", kill_on_drop: false }`
[INFO] removed /workspace/builds/worker-2-tc2/source/.cargo/config.toml
[INFO] removed /workspace/builds/worker-2-tc2/source/rust-toolchain.toml
[INFO] started tweaking crates.io crate lambda_starknet_api 0.1.0
[INFO] finished tweaking crates.io crate lambda_starknet_api 0.1.0
[INFO] tweaked toml for crates.io crate lambda_starknet_api 0.1.0 written to /workspace/builds/worker-2-tc2/source/Cargo.toml
[INFO] running `Command { std: CARGO_HOME="/workspace/cargo-home" RUSTUP_HOME="/workspace/rustup-home" "/workspace/cargo-home/bin/cargo" "+beta-2023-12-22" "generate-lockfile" "--manifest-path" "Cargo.toml", kill_on_drop: false }`
[INFO] [stderr]     Updating crates.io index
[INFO] running `Command { std: CARGO_HOME="/workspace/cargo-home" RUSTUP_HOME="/workspace/rustup-home" "/workspace/cargo-home/bin/cargo" "+beta-2023-12-22" "fetch" "--manifest-path" "Cargo.toml", kill_on_drop: false }`
[INFO] running `Command { std: "docker" "create" "-v" "/var/lib/crater-agent-workspace/builds/worker-2-tc2/target:/opt/rustwide/target:rw,Z" "-v" "/var/lib/crater-agent-workspace/builds/worker-2-tc2/source:/opt/rustwide/workdir:ro,Z" "-v" "/var/lib/crater-agent-workspace/cargo-home:/opt/rustwide/cargo-home:ro,Z" "-v" "/var/lib/crater-agent-workspace/rustup-home:/opt/rustwide/rustup-home:ro,Z" "-e" "SOURCE_DIR=/opt/rustwide/workdir" "-e" "CARGO_TARGET_DIR=/opt/rustwide/target" "-e" "CARGO_HOME=/opt/rustwide/cargo-home" "-e" "RUSTUP_HOME=/opt/rustwide/rustup-home" "-w" "/opt/rustwide/workdir" "-m" "1610612736" "--user" "0:0" "--network" "none" "ghcr.io/rust-lang/crates-build-env/linux@sha256:2788e3201cd34a07e3172128adcd8b3090168a8e3bcc40d7c032b9dda1df7d1c" "/opt/rustwide/cargo-home/bin/cargo" "+beta-2023-12-22" "metadata" "--no-deps" "--format-version=1", kill_on_drop: false }`
[INFO] [stdout] da2a4d81dc9b85a69b15284312ef7d4beff98744372b8660e93d0e71a1c517f6
[INFO] running `Command { std: "docker" "start" "-a" "da2a4d81dc9b85a69b15284312ef7d4beff98744372b8660e93d0e71a1c517f6", kill_on_drop: false }`
[INFO] running `Command { std: "docker" "inspect" "da2a4d81dc9b85a69b15284312ef7d4beff98744372b8660e93d0e71a1c517f6", kill_on_drop: false }`
[INFO] running `Command { std: "docker" "rm" "-f" "da2a4d81dc9b85a69b15284312ef7d4beff98744372b8660e93d0e71a1c517f6", kill_on_drop: false }`
[INFO] [stdout] da2a4d81dc9b85a69b15284312ef7d4beff98744372b8660e93d0e71a1c517f6
[INFO] running `Command { std: "docker" "create" "-v" "/var/lib/crater-agent-workspace/builds/worker-2-tc2/target:/opt/rustwide/target:rw,Z" "-v" "/var/lib/crater-agent-workspace/builds/worker-2-tc2/source:/opt/rustwide/workdir:ro,Z" "-v" "/var/lib/crater-agent-workspace/cargo-home:/opt/rustwide/cargo-home:ro,Z" "-v" "/var/lib/crater-agent-workspace/rustup-home:/opt/rustwide/rustup-home:ro,Z" "-e" "SOURCE_DIR=/opt/rustwide/workdir" "-e" "CARGO_TARGET_DIR=/opt/rustwide/target" "-e" "CARGO_INCREMENTAL=0" "-e" "RUST_BACKTRACE=full" "-e" "RUSTFLAGS=--cap-lints=warn" "-e" "RUSTDOCFLAGS=--cap-lints=warn" "-e" "CARGO_HOME=/opt/rustwide/cargo-home" "-e" "RUSTUP_HOME=/opt/rustwide/rustup-home" "-w" "/opt/rustwide/workdir" "-m" "1610612736" "--user" "0:0" "--network" "none" "ghcr.io/rust-lang/crates-build-env/linux@sha256:2788e3201cd34a07e3172128adcd8b3090168a8e3bcc40d7c032b9dda1df7d1c" "/opt/rustwide/cargo-home/bin/cargo" "+beta-2023-12-22" "build" "--frozen" "--message-format=json", kill_on_drop: false }`
[INFO] [stdout] dcd3c968c0bed113c26f856507e5ff01f91c77954405b6eeff31668c11c7228b
[INFO] running `Command { std: "docker" "start" "-a" "dcd3c968c0bed113c26f856507e5ff01f91c77954405b6eeff31668c11c7228b", kill_on_drop: false }`
[INFO] [stderr]    Compiling proc-macro2 v1.0.75
[INFO] [stderr]    Compiling unicode-ident v1.0.12
[INFO] [stderr]    Compiling autocfg v1.1.0
[INFO] [stderr]    Compiling syn v1.0.109
[INFO] [stderr]    Compiling libc v0.2.151
[INFO] [stderr]    Compiling cfg-if v1.0.0
[INFO] [stderr]    Compiling serde v1.0.194
[INFO] [stderr]    Compiling either v1.9.0
[INFO] [stderr]    Compiling equivalent v1.0.1
[INFO] [stderr]    Compiling hashbrown v0.14.3
[INFO] [stderr]    Compiling version_check v0.9.4
[INFO] [stderr]    Compiling typenum v1.17.0
[INFO] [stderr]    Compiling serde_json v1.0.111
[INFO] [stderr]    Compiling hashbrown v0.12.3
[INFO] [stderr]    Compiling itoa v1.0.10
[INFO] [stderr]    Compiling smallvec v1.11.2
[INFO] [stderr]    Compiling ryu v1.0.16
[INFO] [stderr]    Compiling schemars v0.8.16
[INFO] [stderr]    Compiling byte-slice-cast v1.2.2
[INFO] [stderr]    Compiling dyn-clone v1.0.16
[INFO] [stderr]    Compiling arrayvec v0.7.4
[INFO] [stderr]    Compiling scopeguard v1.2.0
[INFO] [stderr]    Compiling log v0.4.20
[INFO] [stderr]    Compiling itertools v0.11.0
[INFO] [stderr]    Compiling subtle v2.5.0
[INFO] [stderr]    Compiling parking_lot_core v0.8.6
[INFO] [stderr]    Compiling unicode-segmentation v1.10.1
[INFO] [stderr]    Compiling instant v0.1.12
[INFO] [stderr]    Compiling crossbeam-utils v0.8.18
[INFO] [stderr]    Compiling num-traits v0.2.17
[INFO] [stderr]    Compiling num-bigint v0.4.4
[INFO] [stderr]    Compiling num-integer v0.1.45
[INFO] [stderr]    Compiling generic-array v0.14.7
[INFO] [stderr]    Compiling indexmap v1.9.3
[INFO] [stderr]    Compiling lock_api v0.4.11
[INFO] [stderr]    Compiling thiserror v1.0.56
[INFO] [stderr]    Compiling oorandom v11.1.3
[INFO] [stderr]    Compiling rustc-hash v1.1.0
[INFO] [stderr]    Compiling heck v0.3.3
[INFO] [stderr]    Compiling itertools v0.10.5
[INFO] [stderr]    Compiling memchr v2.7.1
[INFO] [stderr]    Compiling parking_lot_core v0.9.9
[INFO] [stderr]    Compiling quote v1.0.35
[INFO] [stderr]    Compiling regex-syntax v0.8.2
[INFO] [stderr]    Compiling once_cell v1.19.0
[INFO] [stderr]    Compiling syn v2.0.48
[INFO] [stderr]    Compiling crunchy v0.2.2
[INFO] [stderr]    Compiling rustix v0.38.28
[INFO] [stderr]    Compiling siphasher v0.3.11
[INFO] [stderr]    Compiling linux-raw-sys v0.4.12
[INFO] [stderr]    Compiling bitflags v2.4.1
[INFO] [stderr]    Compiling tiny-keccak v2.0.2
[INFO] [stderr]    Compiling unicode-xid v0.2.4
[INFO] [stderr]    Compiling aho-corasick v1.1.2
[INFO] [stderr]    Compiling phf_shared v0.10.0
[INFO] [stderr]    Compiling genco-macros v0.17.8
[INFO] [stderr]    Compiling precomputed-hash v0.1.1
[INFO] [stderr]    Compiling dirs-sys-next v0.1.2
[INFO] [stderr]    Compiling new_debug_unreachable v1.0.4
[INFO] [stderr]    Compiling spin v0.5.2
[INFO] [stderr]    Compiling dirs-next v2.0.0
[INFO] [stderr]    Compiling parking_lot v0.11.2
[INFO] [stderr]    Compiling term v0.7.0
[INFO] [stderr]    Compiling parking_lot v0.12.1
[INFO] [stderr]    Compiling path-clean v1.0.1
[INFO] [stderr]    Compiling bit-vec v0.6.3
[INFO] [stderr]    Compiling fixedbitset v0.4.2
[INFO] [stderr]    Compiling lazy_static v1.4.0
[INFO] [stderr]    Compiling getrandom v0.2.11
[INFO] [stderr]    Compiling bit-set v0.5.3
[INFO] [stderr]    Compiling string_cache v0.8.7
[INFO] [stderr]    Compiling ascii-canvas v3.0.0
[INFO] [stderr]    Compiling ena v0.14.2
[INFO] [stderr]    Compiling num-complex v0.2.4
[INFO] [stderr]    Compiling pico-args v0.5.0
[INFO] [stderr]    Compiling regex-syntax v0.7.5
[INFO] [stderr]    Compiling block-buffer v0.10.4
[INFO] [stderr]    Compiling crypto-common v0.1.6
[INFO] [stderr]    Compiling diff v0.1.13
[INFO] [stderr]    Compiling rand_core v0.6.4
[INFO] [stderr]    Compiling winnow v0.5.32
[INFO] [stderr]    Compiling digest v0.10.7
[INFO] [stderr]    Compiling ndarray v0.13.1
[INFO] [stderr]    Compiling xshell-macros v0.2.5
[INFO] [stderr]    Compiling relative-path v1.9.2
[INFO] [stderr]    Compiling anyhow v1.0.79
[INFO] [stderr]    Compiling is-terminal v0.4.10
[INFO] [stderr]    Compiling rawpointer v0.2.1
[INFO] [stderr]    Compiling ppv-lite86 v0.2.17
[INFO] [stderr]    Compiling paste v1.0.14
[INFO] [stderr]    Compiling matrixmultiply v0.2.4
[INFO] [stderr]    Compiling keccak v0.1.4
[INFO] [stderr]    Compiling xshell v0.2.5
[INFO] [stderr]    Compiling rand_chacha v0.3.1
[INFO] [stderr]    Compiling sha3 v0.10.8
[INFO] [stderr]    Compiling regex-automata v0.4.3
[INFO] [stderr]    Compiling rand v0.8.5
[INFO] [stderr]    Compiling num-traits v0.1.43
[INFO] [stderr]    Compiling colored v2.1.0
[INFO] [stderr]    Compiling convert_case v0.6.0
[INFO] [stderr]    Compiling const-fnv1a-hash v1.1.0
[INFO] [stderr]    Compiling indoc v2.0.4
[INFO] [stderr]    Compiling fnv v1.0.7
[INFO] [stderr]    Compiling toml_datetime v0.6.3
[INFO] [stderr]    Compiling indent v0.1.1
[INFO] [stderr]    Compiling ark-std v0.4.0
[INFO] [stderr]    Compiling hex v0.4.3
[INFO] [stderr]    Compiling id-arena v2.2.1
[INFO] [stderr]    Compiling crypto-bigint v0.5.5
[INFO] [stderr]    Compiling static_assertions v1.1.0
[INFO] [stderr]    Compiling byteorder v1.5.0
[INFO] [stderr]    Compiling hmac v0.12.1
[INFO] [stderr]    Compiling const_format_proc_macros v0.2.32
[INFO] [stderr]    Compiling assert_matches v1.5.0
[INFO] [stderr]    Compiling rustc-hex v2.1.0
[INFO] [stderr]    Compiling cpufeatures v0.2.12
[INFO] [stderr]    Compiling rfc6979 v0.4.0
[INFO] [stderr]    Compiling convert_case v0.4.0
[INFO] [stderr]    Compiling sha2 v0.10.8
[INFO] [stderr]    Compiling fixed-hash v0.8.0
[INFO] [stderr]    Compiling uint v0.9.5
[INFO] [stderr]    Compiling regex v1.10.2
[INFO] [stderr]    Compiling serde_derive_internals v0.26.0
[INFO] [stderr]    Compiling sprs v0.7.1
[INFO] [stderr]    Compiling const_format v0.2.32
[INFO] [stderr]    Compiling lalrpop-util v0.20.0
[INFO] [stderr]    Compiling serde_derive v1.0.194
[INFO] [stderr]    Compiling thiserror-impl v1.0.56
[INFO] [stderr]    Compiling zeroize_derive v1.4.2
[INFO] [stderr]    Compiling minilp v0.2.2
[INFO] [stderr]    Compiling schemars_derive v0.8.16
[INFO] [stderr]    Compiling impl-trait-for-tuples v0.2.2
[INFO] [stderr]    Compiling salsa-macros v0.16.0
[INFO] [stderr]    Compiling derivative v2.2.0
[INFO] [stderr]    Compiling ark-ff-asm v0.4.2
[INFO] [stderr]    Compiling derive_more v0.99.17
[INFO] [stderr]    Compiling good_lp v1.7.0
[INFO] [stderr]    Compiling zeroize v1.7.0
[INFO] [stderr]    Compiling genco v0.17.8
[INFO] [stderr]    Compiling unescaper v0.1.3
[INFO] [stderr]    Compiling cairo-lang-syntax-codegen v2.4.3
[INFO] [stderr]    Compiling indexmap v2.1.0
[INFO] [stderr]    Compiling parity-scale-codec v3.6.9
[INFO] [stderr]    Compiling smol_str v0.2.0
[INFO] [stderr]    Compiling serde_spanned v0.6.5
[INFO] [stderr]    Compiling impl-serde v0.4.0
[INFO] [stderr]    Compiling primitive-types v0.12.2
[INFO] [stderr]    Compiling salsa v0.16.1
[INFO] [stderr]    Compiling toml_edit v0.19.15
[INFO] [stderr]    Compiling petgraph v0.6.4
[INFO] [stderr]    Compiling toml_edit v0.20.2
[INFO] [stderr]    Compiling ark-serialize v0.4.2
[INFO] [stderr]    Compiling cairo-felt v0.8.7
[INFO] [stderr]    Compiling ark-ff-macros v0.4.2
[INFO] [stderr]    Compiling lalrpop v0.20.0
[INFO] [stderr]    Compiling proc-macro-crate v2.0.1
[INFO] [stderr]    Compiling cairo-lang-utils v2.4.3
[INFO] [stderr]    Compiling cairo-lang-debug v2.4.3
[INFO] [stderr]    Compiling cairo-lang-eq-solver v2.4.3
[INFO] [stderr]    Compiling toml v0.7.8
[INFO] [stderr]    Compiling cairo-lang-filesystem v2.4.3
[INFO] [stderr]    Compiling ark-ff v0.4.2
[INFO] [stderr]    Compiling cairo-lang-proc-macros v2.4.3
[INFO] [stderr]    Compiling parity-scale-codec-derive v3.6.9
[INFO] [stderr]    Compiling cairo-lang-syntax v2.4.3
[INFO] [stderr]    Compiling cairo-lang-diagnostics v2.4.3
[INFO] [stderr]    Compiling cairo-lang-project v2.3.1
[INFO] [stderr]    Compiling cairo-lang-casm v2.4.3
[INFO] [stderr]    Compiling cairo-lang-parser v2.4.3
[INFO] [stderr]    Compiling cairo-lang-defs v2.4.3
[INFO] [stderr]    Compiling cairo-lang-sierra v2.4.3
[INFO] [stderr]    Compiling starknet-ff v0.3.6
[INFO] [stderr]    Compiling starknet-curve v0.4.0
[INFO] [stderr]    Compiling starknet-curve v0.3.0
[INFO] [stderr]    Compiling cairo-lang-plugins v2.4.3
[INFO] [stderr]    Compiling starknet-crypto-codegen v0.3.2
[INFO] [stderr]    Compiling cairo-lang-semantic v2.4.3
[INFO] [stderr]    Compiling starknet-crypto v0.5.2
[INFO] [stderr]    Compiling cairo-lang-sierra-type-size v2.4.3
[INFO] [stderr]    Compiling cairo-lang-sierra-gas v2.4.3
[INFO] [stderr]    Compiling cairo-lang-sierra-ap-change v2.4.3
[INFO] [stderr]    Compiling cairo-lang-sierra-to-casm v2.4.3
[INFO] [stderr]    Compiling cairo-lang-lowering v2.4.3
[INFO] [stderr]    Compiling cairo-lang-sierra-generator v2.4.3
[INFO] [stderr]    Compiling cairo-lang-compiler v2.3.1
[INFO] [stdout] error[E0432]: unresolved import `cairo_lang_plugins::get_default_plugins`
[INFO] [stdout]   --> /opt/rustwide/cargo-home/registry/src/index.crates.io-6f17d22bba15001f/cairo-lang-compiler-2.3.1/src/db.rs:15:5
[INFO] [stdout]    |
[INFO] [stdout] 15 | use cairo_lang_plugins::get_default_plugins;
[INFO] [stdout]    |     ^^^^^^^^^^^^^^^^^^^^-------------------
[INFO] [stdout]    |     |                   |
[INFO] [stdout]    |     |                   help: a similar name exists in the module: `get_base_plugins`
[INFO] [stdout]    |     no `get_default_plugins` in the root
[INFO] [stdout] 
[INFO] [stdout] 
[INFO] [stdout] error[E0432]: unresolved import `cairo_lang_semantic::inline_macros::get_default_inline_macro_plugins`
[INFO] [stdout]   --> /opt/rustwide/cargo-home/registry/src/index.crates.io-6f17d22bba15001f/cairo-lang-compiler-2.3.1/src/db.rs:18:5
[INFO] [stdout]    |
[INFO] [stdout] 18 | use cairo_lang_semantic::inline_macros::get_default_inline_macro_plugins;
[INFO] [stdout]    |     ^^^^^^^^^^^^^^^^^^^^^^^^^^^^^^^^^^^^^^^^^^^^^^^^^^^^^^^^^^^^^^^^^^^^ no `get_default_inline_macro_plugins` in `inline_macros`
[INFO] [stdout] 
[INFO] [stdout] 
[INFO] [stderr] error: could not compile `cairo-lang-lowering` (lib)
[INFO] [stderr] 
[INFO] [stderr] Caused by:
[INFO] [stderr]   process didn't exit successfully: `/opt/rustwide/rustup-home/toolchains/beta-2023-12-22-x86_64-unknown-linux-gnu/bin/rustc --crate-name cairo_lang_lowering --edition=2021 /opt/rustwide/cargo-home/registry/src/index.crates.io-6f17d22bba15001f/cairo-lang-lowering-2.4.3/src/lib.rs --error-format=json --json=diagnostic-rendered-ansi,artifacts,future-incompat --crate-type lib --emit=dep-info,metadata,link -C embed-bitcode=no -C debuginfo=2 -C metadata=80659c9228c2adba -C extra-filename=-80659c9228c2adba --out-dir /opt/rustwide/target/debug/deps -L dependency=/opt/rustwide/target/debug/deps --extern cairo_lang_debug=/opt/rustwide/target/debug/deps/libcairo_lang_debug-f950b34171132e5b.rmeta --extern cairo_lang_defs=/opt/rustwide/target/debug/deps/libcairo_lang_defs-655948858e3b6eba.rmeta --extern cairo_lang_diagnostics=/opt/rustwide/target/debug/deps/libcairo_lang_diagnostics-79b26ac8e446393d.rmeta --extern cairo_lang_filesystem=/opt/rustwide/target/debug/deps/libcairo_lang_filesystem-fdf6a86df05641b0.rmeta --extern cairo_lang_parser=/opt/rustwide/target/debug/deps/libcairo_lang_parser-8ea92a6ce54bd3e4.rmeta --extern cairo_lang_proc_macros=/opt/rustwide/target/debug/deps/libcairo_lang_proc_macros-b2319b676626ed74.so --extern cairo_lang_semantic=/opt/rustwide/target/debug/deps/libcairo_lang_semantic-8db37a185c0c149b.rmeta --extern cairo_lang_syntax=/opt/rustwide/target/debug/deps/libcairo_lang_syntax-a262958caaef3cfb.rmeta --extern cairo_lang_utils=/opt/rustwide/target/debug/deps/libcairo_lang_utils-f3137c64528dd64d.rmeta --extern id_arena=/opt/rustwide/target/debug/deps/libid_arena-6e77f7d612f79683.rmeta --extern indexmap=/opt/rustwide/target/debug/deps/libindexmap-dddc93c1d9fec86d.rmeta --extern itertools=/opt/rustwide/target/debug/deps/libitertools-3e36947ab397505c.rmeta --extern log=/opt/rustwide/target/debug/deps/liblog-8188d82fb061445d.rmeta --extern num_bigint=/opt/rustwide/target/debug/deps/libnum_bigint-b62fe403cd07732f.rmeta --extern num_traits=/opt/rustwide/target/debug/deps/libnum_traits-cc64df6c73429046.rmeta --extern once_cell=/opt/rustwide/target/debug/deps/libonce_cell-334d739f4e3a4961.rmeta --extern salsa=/opt/rustwide/target/debug/deps/libsalsa-c79ce9ed3a11933f.rmeta --extern smol_str=/opt/rustwide/target/debug/deps/libsmol_str-23cc44815155dba4.rmeta --cap-lints allow --cap-lints=warn` (signal: 9, SIGKILL: kill)
[INFO] [stderr] warning: build failed, waiting for other jobs to finish...
[INFO] [stderr] error: could not compile `cairo-lang-semantic` (lib)
[INFO] [stderr] 
[INFO] [stderr] Caused by:
[INFO] [stderr]   process didn't exit successfully: `/opt/rustwide/rustup-home/toolchains/beta-2023-12-22-x86_64-unknown-linux-gnu/bin/rustc --crate-name cairo_lang_semantic --edition=2021 /opt/rustwide/cargo-home/registry/src/index.crates.io-6f17d22bba15001f/cairo-lang-semantic-2.4.3/src/lib.rs --error-format=json --json=diagnostic-rendered-ansi,artifacts,future-incompat --crate-type lib --emit=dep-info,metadata,link -C embed-bitcode=no -C debuginfo=2 -C metadata=8db37a185c0c149b -C extra-filename=-8db37a185c0c149b --out-dir /opt/rustwide/target/debug/deps -L dependency=/opt/rustwide/target/debug/deps --extern cairo_lang_debug=/opt/rustwide/target/debug/deps/libcairo_lang_debug-f950b34171132e5b.rmeta --extern cairo_lang_defs=/opt/rustwide/target/debug/deps/libcairo_lang_defs-655948858e3b6eba.rmeta --extern cairo_lang_diagnostics=/opt/rustwide/target/debug/deps/libcairo_lang_diagnostics-79b26ac8e446393d.rmeta --extern cairo_lang_filesystem=/opt/rustwide/target/debug/deps/libcairo_lang_filesystem-fdf6a86df05641b0.rmeta --extern cairo_lang_parser=/opt/rustwide/target/debug/deps/libcairo_lang_parser-8ea92a6ce54bd3e4.rmeta --extern cairo_lang_plugins=/opt/rustwide/target/debug/deps/libcairo_lang_plugins-188f68b59a556600.rmeta --extern cairo_lang_proc_macros=/opt/rustwide/target/debug/deps/libcairo_lang_proc_macros-b2319b676626ed74.so --extern cairo_lang_syntax=/opt/rustwide/target/debug/deps/libcairo_lang_syntax-a262958caaef3cfb.rmeta --extern cairo_lang_utils=/opt/rustwide/target/debug/deps/libcairo_lang_utils-f3137c64528dd64d.rmeta --extern id_arena=/opt/rustwide/target/debug/deps/libid_arena-6e77f7d612f79683.rmeta --extern indoc=/opt/rustwide/target/debug/deps/libindoc-fdc90974567b6012.so --extern itertools=/opt/rustwide/target/debug/deps/libitertools-3e36947ab397505c.rmeta --extern num_bigint=/opt/rustwide/target/debug/deps/libnum_bigint-b62fe403cd07732f.rmeta --extern num_traits=/opt/rustwide/target/debug/deps/libnum_traits-cc64df6c73429046.rmeta --extern once_cell=/opt/rustwide/target/debug/deps/libonce_cell-334d739f4e3a4961.rmeta --extern salsa=/opt/rustwide/target/debug/deps/libsalsa-c79ce9ed3a11933f.rmeta --extern smol_str=/opt/rustwide/target/debug/deps/libsmol_str-23cc44815155dba4.rmeta --cap-lints allow --cap-lints=warn` (signal: 9, SIGKILL: kill)
[INFO] [stdout] error[E0599]: no method named `set_crate_root` found for struct `RootDatabase` in the current scope
[INFO] [stdout]    --> /opt/rustwide/cargo-home/registry/src/index.crates.io-6f17d22bba15001f/cairo-lang-compiler-2.3.1/src/db.rs:152:20
[INFO] [stdout]     |
[INFO] [stdout] 35  | pub struct RootDatabase {
[INFO] [stdout]     | ----------------------- method `set_crate_root` not found for this struct
[INFO] [stdout] ...
[INFO] [stdout] 152 |                 db.set_crate_root(core_crate, Some(corelib));
[INFO] [stdout]     |                    ^^^^^^^^^^^^^^ method not found in `RootDatabase`
[INFO] [stdout] 
[INFO] [stdout] 
[INFO] [stdout] error[E0599]: no method named `set_crate_root` found for mutable reference `&mut dyn SemanticGroup` in the current scope
[INFO] [stdout]   --> /opt/rustwide/cargo-home/registry/src/index.crates.io-6f17d22bba15001f/cairo-lang-compiler-2.3.1/src/project.rs:45:12
[INFO] [stdout]    |
[INFO] [stdout] 45 |         db.set_crate_root(crate_id, Some(Directory::Real(file_dir.to_path_buf())));
[INFO] [stdout]    |            ^^^^^^^^^^^^^^ method not found in `&mut dyn SemanticGroup`
[INFO] [stdout] 
[INFO] [stdout] 
[INFO] [stdout] error[E0599]: no method named `set_crate_root` found for mutable reference `&mut dyn SemanticGroup` in the current scope
[INFO] [stdout]   --> /opt/rustwide/cargo-home/registry/src/index.crates.io-6f17d22bba15001f/cairo-lang-compiler-2.3.1/src/project.rs:50:12
[INFO] [stdout]    |
[INFO] [stdout] 50 |         db.set_crate_root(crate_id, Some(Directory::Real(path.parent().unwrap().to_path_buf())));
[INFO] [stdout]    |            ^^^^^^^^^^^^^^ method not found in `&mut dyn SemanticGroup`
[INFO] [stdout] 
[INFO] [stdout] 
[INFO] [stdout] error[E0599]: no method named `set_crate_root` found for mutable reference `&mut dyn SemanticGroup` in the current scope
[INFO] [stdout]   --> /opt/rustwide/cargo-home/registry/src/index.crates.io-6f17d22bba15001f/cairo-lang-compiler-2.3.1/src/project.rs:69:12
[INFO] [stdout]    |
[INFO] [stdout] 69 |         db.set_crate_root(crate_id, Some(root));
[INFO] [stdout]    |            ^^^^^^^^^^^^^^ method not found in `&mut dyn SemanticGroup`
[INFO] [stdout] 
[INFO] [stdout] 
[INFO] [stdout] error: aborting due to 6 previous errors
[INFO] [stdout] 
[INFO] [stdout] 
[INFO] [stdout] Some errors have detailed explanations: E0432, E0599.
[INFO] [stdout] 
[INFO] [stdout] For more information about an error, try `rustc --explain E0432`.
[INFO] [stdout] 
[INFO] [stderr] error: could not compile `cairo-lang-compiler` (lib) due to 7 previous errors
[INFO] running `Command { std: "docker" "inspect" "dcd3c968c0bed113c26f856507e5ff01f91c77954405b6eeff31668c11c7228b", kill_on_drop: false }`
[INFO] running `Command { std: "docker" "rm" "-f" "dcd3c968c0bed113c26f856507e5ff01f91c77954405b6eeff31668c11c7228b", kill_on_drop: false }`
[INFO] [stdout] dcd3c968c0bed113c26f856507e5ff01f91c77954405b6eeff31668c11c7228b
