[INFO] fetching crate kvarn 0.5.0...
[INFO] testing kvarn-0.5.0 against 1.75.0 for beta-1.76-1
[INFO] extracting crate kvarn 0.5.0 into /workspace/builds/worker-6-tc1/source
[INFO] validating manifest of crates.io crate kvarn 0.5.0 on toolchain 1.75.0
[INFO] running `Command { std: CARGO_HOME="/workspace/cargo-home" RUSTUP_HOME="/workspace/rustup-home" "/workspace/cargo-home/bin/cargo" "+1.75.0" "metadata" "--manifest-path" "Cargo.toml" "--no-deps", kill_on_drop: false }`
[INFO] started tweaking crates.io crate kvarn 0.5.0
[INFO] finished tweaking crates.io crate kvarn 0.5.0
[INFO] tweaked toml for crates.io crate kvarn 0.5.0 written to /workspace/builds/worker-6-tc1/source/Cargo.toml
[INFO] running `Command { std: CARGO_HOME="/workspace/cargo-home" RUSTUP_HOME="/workspace/rustup-home" "/workspace/cargo-home/bin/cargo" "+1.75.0" "generate-lockfile" "--manifest-path" "Cargo.toml", kill_on_drop: false }`
[INFO] [stderr]     Updating crates.io index
[INFO] running `Command { std: CARGO_HOME="/workspace/cargo-home" RUSTUP_HOME="/workspace/rustup-home" "/workspace/cargo-home/bin/cargo" "+1.75.0" "fetch" "--manifest-path" "Cargo.toml", kill_on_drop: false }`
[INFO] [stderr]  Downloading crates ...
[INFO] [stderr]   Downloaded oid-registry v0.6.1
[INFO] [stderr]   Downloaded kvarn_signal v0.1.0
[INFO] [stderr]   Downloaded kvarn_async v0.5.0
[INFO] [stderr]   Downloaded asn1-rs v0.5.2
[INFO] [stderr]   Downloaded kvarn v0.5.0
[INFO] [stderr]   Downloaded kvarn_utils v0.5.0
[INFO] [stderr]   Downloaded der-parser v8.2.0
[INFO] [stderr]   Downloaded kvarn_testing v0.5.0
[INFO] running `Command { std: "docker" "create" "-v" "/var/lib/crater-agent-workspace/builds/worker-6-tc1/target:/opt/rustwide/target:rw,Z" "-v" "/var/lib/crater-agent-workspace/builds/worker-6-tc1/source:/opt/rustwide/workdir:ro,Z" "-v" "/var/lib/crater-agent-workspace/cargo-home:/opt/rustwide/cargo-home:ro,Z" "-v" "/var/lib/crater-agent-workspace/rustup-home:/opt/rustwide/rustup-home:ro,Z" "-e" "SOURCE_DIR=/opt/rustwide/workdir" "-e" "CARGO_TARGET_DIR=/opt/rustwide/target" "-e" "CARGO_HOME=/opt/rustwide/cargo-home" "-e" "RUSTUP_HOME=/opt/rustwide/rustup-home" "-w" "/opt/rustwide/workdir" "-m" "1610612736" "--user" "0:0" "--network" "none" "ghcr.io/rust-lang/crates-build-env/linux@sha256:2788e3201cd34a07e3172128adcd8b3090168a8e3bcc40d7c032b9dda1df7d1c" "/opt/rustwide/cargo-home/bin/cargo" "+1.75.0" "metadata" "--no-deps" "--format-version=1", kill_on_drop: false }`
[INFO] [stdout] cd65ac08b7151674527e2abd53fd70cabf96de0cf9fabc717e996a799078c092
[INFO] running `Command { std: "docker" "start" "-a" "cd65ac08b7151674527e2abd53fd70cabf96de0cf9fabc717e996a799078c092", kill_on_drop: false }`
[INFO] running `Command { std: "docker" "inspect" "cd65ac08b7151674527e2abd53fd70cabf96de0cf9fabc717e996a799078c092", kill_on_drop: false }`
[INFO] running `Command { std: "docker" "rm" "-f" "cd65ac08b7151674527e2abd53fd70cabf96de0cf9fabc717e996a799078c092", kill_on_drop: false }`
[INFO] [stdout] cd65ac08b7151674527e2abd53fd70cabf96de0cf9fabc717e996a799078c092
[INFO] running `Command { std: "docker" "create" "-v" "/var/lib/crater-agent-workspace/builds/worker-6-tc1/target:/opt/rustwide/target:rw,Z" "-v" "/var/lib/crater-agent-workspace/builds/worker-6-tc1/source:/opt/rustwide/workdir:ro,Z" "-v" "/var/lib/crater-agent-workspace/cargo-home:/opt/rustwide/cargo-home:ro,Z" "-v" "/var/lib/crater-agent-workspace/rustup-home:/opt/rustwide/rustup-home:ro,Z" "-e" "SOURCE_DIR=/opt/rustwide/workdir" "-e" "CARGO_TARGET_DIR=/opt/rustwide/target" "-e" "CARGO_INCREMENTAL=0" "-e" "RUST_BACKTRACE=full" "-e" "RUSTFLAGS=--cap-lints=warn" "-e" "RUSTDOCFLAGS=--cap-lints=warn" "-e" "CARGO_HOME=/opt/rustwide/cargo-home" "-e" "RUSTUP_HOME=/opt/rustwide/rustup-home" "-w" "/opt/rustwide/workdir" "-m" "1610612736" "--user" "0:0" "--network" "none" "ghcr.io/rust-lang/crates-build-env/linux@sha256:2788e3201cd34a07e3172128adcd8b3090168a8e3bcc40d7c032b9dda1df7d1c" "/opt/rustwide/cargo-home/bin/cargo" "+1.75.0" "build" "--frozen" "--message-format=json", kill_on_drop: false }`
[INFO] [stdout] cc1456316d3e82144f7fb71fbade13486f7e5e476f5ec10b71a88b271a0c5d00
[INFO] running `Command { std: "docker" "start" "-a" "cc1456316d3e82144f7fb71fbade13486f7e5e476f5ec10b71a88b271a0c5d00", kill_on_drop: false }`
[INFO] [stderr]    Compiling lock_api v0.4.11
[INFO] [stderr]    Compiling libc v0.2.151
[INFO] [stderr]    Compiling typenum v1.17.0
[INFO] [stderr]    Compiling bytes v1.5.0
[INFO] [stderr]    Compiling syn v1.0.109
[INFO] [stderr]    Compiling parking_lot_core v0.9.9
[INFO] [stderr]    Compiling getrandom v0.2.11
[INFO] [stderr]    Compiling syn v2.0.48
[INFO] [stderr]    Compiling generic-array v0.14.7
[INFO] [stderr]    Compiling num-traits v0.2.17
[INFO] [stderr]    Compiling thiserror v1.0.56
[INFO] [stderr]    Compiling smallvec v1.11.2
[INFO] [stderr]    Compiling scopeguard v1.2.0
[INFO] [stderr]    Compiling pin-project-lite v0.2.13
[INFO] [stderr]    Compiling mio v0.8.10
[INFO] [stderr]    Compiling cc v1.0.83
[INFO] [stderr]    Compiling parking_lot v0.12.1
[INFO] [stderr]    Compiling socket2 v0.5.5
[INFO] [stderr]    Compiling slab v0.4.9
[INFO] [stderr]    Compiling log v0.4.20
[INFO] [stderr]    Compiling unicode-xid v0.2.4
[INFO] [stderr]    Compiling tinyvec_macros v0.1.1
[INFO] [stderr]    Compiling minimal-lexical v0.2.1
[INFO] [stderr]    Compiling percent-encoding v2.3.1
[INFO] [stderr]    Compiling time-core v0.1.2
[INFO] [stderr]    Compiling once_cell v1.19.0
[INFO] [stderr]    Compiling powerfmt v0.2.0
[INFO] [stderr]    Compiling nom v7.1.3
[INFO] [stderr]    Compiling deranged v0.3.11
[INFO] [stderr]    Compiling time-macros v0.2.16
[INFO] [stderr]    Compiling http v0.2.11
[INFO] [stderr]    Compiling tinyvec v1.6.0
[INFO] [stderr]    Compiling ring v0.17.7
[INFO] [stderr]    Compiling tokio v1.35.1
[INFO] [stderr]    Compiling unicase v2.7.0
[INFO] [stderr]    Compiling num-integer v0.1.45
[INFO] [stderr]    Compiling futures-sink v0.3.30
[INFO] [stderr]    Compiling futures-core v0.3.30
[INFO] [stderr]    Compiling unicode-normalization v0.1.22
[INFO] [stderr]    Compiling ring v0.16.20
[INFO] [stderr]    Compiling rusticata-macros v4.1.0
[INFO] [stderr]    Compiling crypto-common v0.1.6
[INFO] [stderr]    Compiling synstructure v0.12.6
[INFO] [stderr]    Compiling time v0.3.31
[INFO] [stderr]    Compiling block-buffer v0.10.4
[INFO] [stderr]    Compiling rand_core v0.6.4
[INFO] [stderr]    Compiling num-bigint v0.4.4
[INFO] [stderr]    Compiling httparse v1.8.0
[INFO] [stderr]    Compiling unicode-bidi v0.3.14
[INFO] [stderr]    Compiling thiserror-impl v1.0.56
[INFO] [stderr]    Compiling displaydoc v0.2.4
[INFO] [stderr]    Compiling futures-macro v0.3.30
[INFO] [stderr]    Compiling pin-utils v0.1.0
[INFO] [stderr]    Compiling untrusted v0.9.0
[INFO] [stderr]    Compiling ppv-lite86 v0.2.17
[INFO] [stderr]    Compiling spin v0.9.8
[INFO] [stderr]    Compiling futures-task v0.3.30
[INFO] [stderr]    Compiling rand_chacha v0.3.1
[INFO] [stderr]    Compiling idna v0.5.0
[INFO] [stderr]    Compiling futures-util v0.3.30
[INFO] [stderr]    Compiling digest v0.10.7
[INFO] [stderr]    Compiling asn1-rs-derive v0.4.0
[INFO] [stderr]    Compiling asn1-rs-impl v0.1.0
[INFO] [stderr]    Compiling tracing-core v0.1.32
[INFO] [stderr]    Compiling form_urlencoded v1.2.1
[INFO] [stderr]    Compiling cpufeatures v0.2.12
[INFO] [stderr]    Compiling crc32fast v1.3.2
[INFO] [stderr]    Compiling oid-registry v0.6.1
[INFO] [stderr]    Compiling base64 v0.13.1
[INFO] [stderr]    Compiling alloc-no-stdlib v2.0.4
[INFO] [stderr]    Compiling asn1-rs v0.5.2
[INFO] [stderr]    Compiling alloc-stdlib v0.2.2
[INFO] [stderr]    Compiling tracing v0.1.40
[INFO] [stderr]    Compiling sha-1 v0.10.1
[INFO] [stderr]    Compiling url v2.5.0
[INFO] [stderr]    Compiling mime_guess v2.0.4
[INFO] [stderr]    Compiling rand v0.8.5
[INFO] [stderr]    Compiling hashbrown v0.14.3
[INFO] [stderr]    Compiling spin v0.5.2
[INFO] [stderr]    Compiling adler v1.0.2
[INFO] [stderr]    Compiling untrusted v0.7.1
[INFO] [stderr]    Compiling equivalent v1.0.1
[INFO] [stderr]    Compiling rustls v0.20.9
[INFO] [stderr]    Compiling utf-8 v0.7.6
[INFO] [stderr]    Compiling tungstenite v0.17.3
[INFO] [stderr]    Compiling indexmap v2.1.0
[INFO] [stderr]    Compiling miniz_oxide v0.7.1
[INFO] [stderr]    Compiling der-parser v8.2.0
[INFO] [stderr]    Compiling tokio-util v0.7.10
[INFO] [stderr]    Compiling brotli-decompressor v2.5.1
[INFO] [stderr]    Compiling webpki v0.22.4
[INFO] [stderr]    Compiling sct v0.7.1
[INFO] [stderr]    Compiling kvarn_utils v0.5.0
[INFO] [stderr]    Compiling data-encoding v2.5.0
[INFO] [stderr]    Compiling base64 v0.21.5
[INFO] [stderr]    Compiling mime v0.3.17
[INFO] [stderr]    Compiling x509-parser v0.14.0
[INFO] [stderr]    Compiling rustls-pemfile v1.0.4
[INFO] [stderr]    Compiling kvarn_async v0.5.0
[INFO] [stderr]    Compiling h2 v0.3.22
[INFO] [stderr]    Compiling brotli v3.4.0
[INFO] [stderr]    Compiling flate2 v1.0.28
[INFO] [stderr]    Compiling tokio-tungstenite v0.17.2
[INFO] [stderr]    Compiling kvarn_signal v0.1.0
[INFO] [stderr]    Compiling kvarn v0.5.0 (/opt/rustwide/workdir)
[INFO] [stdout] warning: unused import: `kvarn_utils::prelude::*`
[INFO] [stdout]   --> src/prelude.rs:13:9
[INFO] [stdout]    |
[INFO] [stdout] 13 | pub use kvarn_utils::prelude::*;
[INFO] [stdout]    |         ^^^^^^^^^^^^^^^^^^^^^^^
[INFO] [stdout]    |
[INFO] [stdout]    = note: `#[warn(unused_imports)]` on by default
[INFO] [stdout] 
[INFO] [stdout] 
[INFO] [stdout] warning: unreachable `pub` item
[INFO] [stdout]   --> src/prelude.rs:13:9
[INFO] [stdout]    |
[INFO] [stdout] 13 | pub use kvarn_utils::prelude::*;
[INFO] [stdout]    | ---     ^^^^^^^^^^^^^^^^^^^^
[INFO] [stdout]    | |
[INFO] [stdout]    | help: consider restricting its visibility: `pub(crate)`
[INFO] [stdout]    |
[INFO] [stdout]    = help: or consider exporting it for use by other crates
[INFO] [stdout] note: the lint level is defined here
[INFO] [stdout]   --> src/lib.rs:31:5
[INFO] [stdout]    |
[INFO] [stdout] 31 |     unreachable_pub,
[INFO] [stdout]    |     ^^^^^^^^^^^^^^^
[INFO] [stdout] 
[INFO] [stdout] 
[INFO] [stdout] warning: calls to `std::mem::drop` with a value that implements `Copy` does nothing
[INFO] [stdout]    --> src/shutdown.rs:276:13
[INFO] [stdout]     |
[INFO] [stdout] 276 |             drop(channel.send(()));
[INFO] [stdout]     |             ^^^^^----------------^
[INFO] [stdout]     |                  |
[INFO] [stdout]     |                  argument has type `Result<(), tokio::sync::watch::error::SendError<()>>`
[INFO] [stdout]     |
[INFO] [stdout]     = note: use `let _ = ...` to ignore the expression or result
[INFO] [stdout]     = note: `#[warn(dropping_copy_types)]` on by default
[INFO] [stdout] 
[INFO] [stdout] 
[INFO] [stdout] warning: 3 warnings emitted
[INFO] [stdout] 
[INFO] [stdout] 
[INFO] [stderr]     Finished dev [unoptimized + debuginfo] target(s) in 16.68s
[INFO] running `Command { std: "docker" "inspect" "cc1456316d3e82144f7fb71fbade13486f7e5e476f5ec10b71a88b271a0c5d00", kill_on_drop: false }`
[INFO] running `Command { std: "docker" "rm" "-f" "cc1456316d3e82144f7fb71fbade13486f7e5e476f5ec10b71a88b271a0c5d00", kill_on_drop: false }`
[INFO] [stdout] cc1456316d3e82144f7fb71fbade13486f7e5e476f5ec10b71a88b271a0c5d00
[INFO] running `Command { std: "docker" "create" "-v" "/var/lib/crater-agent-workspace/builds/worker-6-tc1/target:/opt/rustwide/target:rw,Z" "-v" "/var/lib/crater-agent-workspace/builds/worker-6-tc1/source:/opt/rustwide/workdir:ro,Z" "-v" "/var/lib/crater-agent-workspace/cargo-home:/opt/rustwide/cargo-home:ro,Z" "-v" "/var/lib/crater-agent-workspace/rustup-home:/opt/rustwide/rustup-home:ro,Z" "-e" "SOURCE_DIR=/opt/rustwide/workdir" "-e" "CARGO_TARGET_DIR=/opt/rustwide/target" "-e" "CARGO_INCREMENTAL=0" "-e" "RUST_BACKTRACE=full" "-e" "RUSTFLAGS=--cap-lints=warn" "-e" "RUSTDOCFLAGS=--cap-lints=warn" "-e" "CARGO_HOME=/opt/rustwide/cargo-home" "-e" "RUSTUP_HOME=/opt/rustwide/rustup-home" "-w" "/opt/rustwide/workdir" "-m" "1610612736" "--user" "0:0" "--network" "none" "ghcr.io/rust-lang/crates-build-env/linux@sha256:2788e3201cd34a07e3172128adcd8b3090168a8e3bcc40d7c032b9dda1df7d1c" "/opt/rustwide/cargo-home/bin/cargo" "+1.75.0" "test" "--frozen" "--no-run" "--message-format=json", kill_on_drop: false }`
[INFO] [stdout] c645dd143f0a54b207d8ac1fcdc00eddc754b7fd8adf90fd5ad43c1c907eb995
[INFO] running `Command { std: "docker" "start" "-a" "c645dd143f0a54b207d8ac1fcdc00eddc754b7fd8adf90fd5ad43c1c907eb995", kill_on_drop: false }`
[INFO] [stderr]    Compiling tokio-macros v2.2.0
[INFO] [stderr]    Compiling vcpkg v0.2.15
[INFO] [stderr]    Compiling pkg-config v0.3.28
[INFO] [stderr]    Compiling openssl v0.10.62
[INFO] [stderr]    Compiling foreign-types-shared v0.1.1
[INFO] [stderr]    Compiling openssl-macros v0.1.1
[INFO] [stderr]    Compiling native-tls v0.2.11
[INFO] [stderr]    Compiling bitflags v2.4.1
[INFO] [stderr]    Compiling foreign-types v0.3.2
[INFO] [stderr]    Compiling try-lock v0.2.5
[INFO] [stderr]    Compiling openssl-probe v0.1.5
[INFO] [stderr]    Compiling want v0.3.1
[INFO] [stderr]    Compiling http-body v0.4.6
[INFO] [stderr]    Compiling futures-channel v0.3.30
[INFO] [stderr]    Compiling httpdate v1.0.3
[INFO] [stderr]    Compiling tower-service v0.3.2
[INFO] [stderr]    Compiling serde_urlencoded v0.7.1
[INFO] [stderr]    Compiling pem v1.1.1
[INFO] [stderr]    Compiling yasna v0.5.2
[INFO] [stderr]    Compiling encoding_rs v0.8.33
[INFO] [stderr]    Compiling ipnet v2.9.0
[INFO] [stderr]    Compiling openssl-sys v0.9.98
[INFO] [stderr]    Compiling tokio v1.35.1
[INFO] [stderr]    Compiling rcgen v0.9.3
[INFO] [stderr]    Compiling tokio-util v0.7.10
[INFO] [stderr]    Compiling tokio-tungstenite v0.17.2
[INFO] [stderr]    Compiling kvarn_signal v0.1.0
[INFO] [stderr]    Compiling kvarn_async v0.5.0
[INFO] [stderr]    Compiling h2 v0.3.22
[INFO] [stderr]    Compiling tokio-native-tls v0.3.1
[INFO] [stderr]    Compiling hyper v0.14.28
[INFO] [stderr]    Compiling kvarn v0.5.0
[INFO] [stderr]    Compiling kvarn v0.5.0 (/opt/rustwide/workdir)
[INFO] [stdout] warning: unused import: `kvarn_utils::prelude::*`
[INFO] [stdout]   --> src/prelude.rs:13:9
[INFO] [stdout]    |
[INFO] [stdout] 13 | pub use kvarn_utils::prelude::*;
[INFO] [stdout]    |         ^^^^^^^^^^^^^^^^^^^^^^^
[INFO] [stdout]    |
[INFO] [stdout]    = note: `#[warn(unused_imports)]` on by default
[INFO] [stdout] 
[INFO] [stdout] 
[INFO] [stdout] warning: unreachable `pub` item
[INFO] [stdout]   --> src/prelude.rs:13:9
[INFO] [stdout]    |
[INFO] [stdout] 13 | pub use kvarn_utils::prelude::*;
[INFO] [stdout]    | ---     ^^^^^^^^^^^^^^^^^^^^
[INFO] [stdout]    | |
[INFO] [stdout]    | help: consider restricting its visibility: `pub(crate)`
[INFO] [stdout]    |
[INFO] [stdout]    = help: or consider exporting it for use by other crates
[INFO] [stdout] note: the lint level is defined here
[INFO] [stdout]   --> src/lib.rs:31:5
[INFO] [stdout]    |
[INFO] [stdout] 31 |     unreachable_pub,
[INFO] [stdout]    |     ^^^^^^^^^^^^^^^
[INFO] [stdout] 
[INFO] [stdout] 
[INFO] [stdout] warning: calls to `std::mem::drop` with a value that implements `Copy` does nothing
[INFO] [stdout]    --> src/shutdown.rs:276:13
[INFO] [stdout]     |
[INFO] [stdout] 276 |             drop(channel.send(()));
[INFO] [stdout]     |             ^^^^^----------------^
[INFO] [stdout]     |                  |
[INFO] [stdout]     |                  argument has type `Result<(), tokio::sync::watch::error::SendError<()>>`
[INFO] [stdout]     |
[INFO] [stdout]     = note: use `let _ = ...` to ignore the expression or result
[INFO] [stdout]     = note: `#[warn(dropping_copy_types)]` on by default
[INFO] [stdout] 
[INFO] [stdout] 
[INFO] [stderr]    Compiling hyper-tls v0.5.0
[INFO] [stderr]    Compiling reqwest v0.11.23
[INFO] [stdout] warning: 3 warnings emitted
[INFO] [stdout] 
[INFO] [stdout] 
[INFO] [stderr]    Compiling kvarn_testing v0.5.0
[INFO] [stdout] error[E0659]: `prepare` is ambiguous
[INFO] [stdout]   --> tests/nonce.rs:22:13
[INFO] [stdout]    |
[INFO] [stdout] 22 |             prepare!(_, _, _, _, {
[INFO] [stdout]    |             ^^^^^^^ ambiguous name
[INFO] [stdout]    |
[INFO] [stdout]    = note: ambiguous because of multiple glob imports of a name in the same module
[INFO] [stdout] note: `prepare` could refer to the macro imported here
[INFO] [stdout]   --> tests/nonce.rs:1:5
[INFO] [stdout]    |
[INFO] [stdout] 1  | use kvarn::prelude::*;
[INFO] [stdout]    |     ^^^^^^^^^^^^^^^^^
[INFO] [stdout]    = help: consider adding an explicit import of `prepare` to disambiguate
[INFO] [stdout] note: `prepare` could also refer to the macro imported here
[INFO] [stdout]   --> tests/nonce.rs:2:5
[INFO] [stdout]    |
[INFO] [stdout] 2  | use kvarn_testing::prelude::*;
[INFO] [stdout]    |     ^^^^^^^^^^^^^^^^^^^^^^^^^
[INFO] [stdout]    = help: consider adding an explicit import of `prepare` to disambiguate
[INFO] [stdout] 
[INFO] [stdout] 
[INFO] [stdout] error[E0659]: `FatResponse` is ambiguous
[INFO] [stdout]   --> tests/nonce.rs:24:17
[INFO] [stdout]    |
[INFO] [stdout] 24 |                 FatResponse::cache(Response::new(bytes))
[INFO] [stdout]    |                 ^^^^^^^^^^^ ambiguous name
[INFO] [stdout]    |
[INFO] [stdout]    = note: ambiguous because of multiple glob imports of a name in the same module
[INFO] [stdout] note: `FatResponse` could refer to the struct imported here
[INFO] [stdout]   --> tests/nonce.rs:1:5
[INFO] [stdout]    |
[INFO] [stdout] 1  | use kvarn::prelude::*;
[INFO] [stdout]    |     ^^^^^^^^^^^^^^^^^
[INFO] [stdout]    = help: consider adding an explicit import of `FatResponse` to disambiguate
[INFO] [stdout] note: `FatResponse` could also refer to the struct imported here
[INFO] [stdout]   --> tests/nonce.rs:2:5
[INFO] [stdout]    |
[INFO] [stdout] 2  | use kvarn_testing::prelude::*;
[INFO] [stdout]    |     ^^^^^^^^^^^^^^^^^^^^^^^^^
[INFO] [stdout]    = help: consider adding an explicit import of `FatResponse` to disambiguate
[INFO] [stdout] 
[INFO] [stdout] 
[INFO] [stdout] error[E0659]: `Extensions` is ambiguous
[INFO] [stdout]   --> tests/cors.rs:32:24
[INFO] [stdout]    |
[INFO] [stdout] 32 | fn get_extensions() -> Extensions {
[INFO] [stdout]    |                        ^^^^^^^^^^ ambiguous name
[INFO] [stdout]    |
[INFO] [stdout]    = note: ambiguous because of multiple glob imports of a name in the same module
[INFO] [stdout] note: `Extensions` could refer to the struct imported here
[INFO] [stdout]   --> tests/cors.rs:1:5
[INFO] [stdout]    |
[INFO] [stdout] 1  | use kvarn::prelude::*;
[INFO] [stdout]    |     ^^^^^^^^^^^^^^^^^
[INFO] [stdout]    = help: consider adding an explicit import of `Extensions` to disambiguate
[INFO] [stdout] note: `Extensions` could also refer to the struct imported here
[INFO] [stdout]   --> tests/cors.rs:2:5
[INFO] [stdout]    |
[INFO] [stdout] 2  | use kvarn_testing::prelude::*;
[INFO] [stdout]    |     ^^^^^^^^^^^^^^^^^^^^^^^^^
[INFO] [stdout]    = help: consider adding an explicit import of `Extensions` to disambiguate
[INFO] [stdout] 
[INFO] [stdout] 
[INFO] [stdout] error[E0659]: `Extensions` is ambiguous
[INFO] [stdout]   --> tests/cors.rs:33:26
[INFO] [stdout]    |
[INFO] [stdout] 33 |     let mut extensions = Extensions::new();
[INFO] [stdout]    |                          ^^^^^^^^^^ ambiguous name
[INFO] [stdout]    |
[INFO] [stdout]    = note: ambiguous because of multiple glob imports of a name in the same module
[INFO] [stdout] note: `Extensions` could refer to the struct imported here
[INFO] [stdout]   --> tests/cors.rs:1:5
[INFO] [stdout]    |
[INFO] [stdout] 1  | use kvarn::prelude::*;
[INFO] [stdout]    |     ^^^^^^^^^^^^^^^^^
[INFO] [stdout]    = help: consider adding an explicit import of `Extensions` to disambiguate
[INFO] [stdout] note: `Extensions` could also refer to the struct imported here
[INFO] [stdout]   --> tests/cors.rs:2:5
[INFO] [stdout]    |
[INFO] [stdout] 2  | use kvarn_testing::prelude::*;
[INFO] [stdout]    |     ^^^^^^^^^^^^^^^^^^^^^^^^^
[INFO] [stdout]    = help: consider adding an explicit import of `Extensions` to disambiguate
[INFO] [stdout] 
[INFO] [stdout] 
[INFO] [stdout] error[E0659]: `Cors` is ambiguous
[INFO] [stdout]   --> tests/cors.rs:34:16
[INFO] [stdout]    |
[INFO] [stdout] 34 |     let cors = Cors::empty()
[INFO] [stdout]    |                ^^^^ ambiguous name
[INFO] [stdout]    |
[INFO] [stdout]    = note: ambiguous because of multiple glob imports of a name in the same module
[INFO] [stdout] note: `Cors` could refer to the type alias imported here
[INFO] [stdout]   --> tests/cors.rs:1:5
[INFO] [stdout]    |
[INFO] [stdout] 1  | use kvarn::prelude::*;
[INFO] [stdout]    |     ^^^^^^^^^^^^^^^^^
[INFO] [stdout]    = help: consider adding an explicit import of `Cors` to disambiguate
[INFO] [stdout] note: `Cors` could also refer to the type alias imported here
[INFO] [stdout]   --> tests/cors.rs:2:5
[INFO] [stdout]    |
[INFO] [stdout] 2  | use kvarn_testing::prelude::*;
[INFO] [stdout]    |     ^^^^^^^^^^^^^^^^^^^^^^^^^
[INFO] [stdout]    = help: consider adding an explicit import of `Cors` to disambiguate
[INFO] [stdout] 
[INFO] [stdout] 
[INFO] [stdout] error[E0659]: `prepare` is ambiguous
[INFO] [stdout]   --> tests/byte-ranges.rs:11:13
[INFO] [stdout]    |
[INFO] [stdout] 11 |             prepare!(_, _, _, _, {
[INFO] [stdout]    |             ^^^^^^^ ambiguous name
[INFO] [stdout]    |
[INFO] [stdout]    = note: ambiguous because of multiple glob imports of a name in the same module
[INFO] [stdout] note: `prepare` could refer to the macro imported here
[INFO] [stdout]   --> tests/byte-ranges.rs:2:5
[INFO] [stdout]    |
[INFO] [stdout] 2  | use kvarn::prelude::*;
[INFO] [stdout]    |     ^^^^^^^^^^^^^^^^^
[INFO] [stdout]    = help: consider adding an explicit import of `prepare` to disambiguate
[INFO] [stdout] note: `prepare` could also refer to the macro imported here
[INFO] [stdout]   --> tests/byte-ranges.rs:3:5
[INFO] [stdout]    |
[INFO] [stdout] 3  | use kvarn_testing::prelude::*;
[INFO] [stdout]    |     ^^^^^^^^^^^^^^^^^^^^^^^^^
[INFO] [stdout]    = help: consider adding an explicit import of `prepare` to disambiguate
[INFO] [stdout] 
[INFO] [stdout] 
[INFO] [stdout] error[E0659]: `CorsAllowList` is ambiguous
[INFO] [stdout]   --> tests/cors.rs:35:27
[INFO] [stdout]    |
[INFO] [stdout] 35 |         .add("/logo.svg", CorsAllowList::default().allow_all_origins())
[INFO] [stdout]    |                           ^^^^^^^^^^^^^ ambiguous name
[INFO] [stdout]    |
[INFO] [stdout]    = note: ambiguous because of multiple glob imports of a name in the same module
[INFO] [stdout] note: `CorsAllowList` could refer to the struct imported here
[INFO] [stdout]   --> tests/cors.rs:1:5
[INFO] [stdout]    |
[INFO] [stdout] 1  | use kvarn::prelude::*;
[INFO] [stdout]    |     ^^^^^^^^^^^^^^^^^
[INFO] [stdout]    = help: consider adding an explicit import of `CorsAllowList` to disambiguate
[INFO] [stdout] note: `CorsAllowList` could also refer to the struct imported here
[INFO] [stdout]   --> tests/cors.rs:2:5
[INFO] [stdout]    |
[INFO] [stdout] 2  | use kvarn_testing::prelude::*;
[INFO] [stdout]    |     ^^^^^^^^^^^^^^^^^^^^^^^^^
[INFO] [stdout]    = help: consider adding an explicit import of `CorsAllowList` to disambiguate
[INFO] [stdout] 
[INFO] [stdout] 
[INFO] [stdout] error[E0659]: `FatResponse` is ambiguous
[INFO] [stdout]   --> tests/byte-ranges.rs:13:17
[INFO] [stdout]    |
[INFO] [stdout] 13 |                 FatResponse::cache(Response::new(bytes))
[INFO] [stdout]    |                 ^^^^^^^^^^^ ambiguous name
[INFO] [stdout]    |
[INFO] [stdout]    = note: ambiguous because of multiple glob imports of a name in the same module
[INFO] [stdout] note: `FatResponse` could refer to the struct imported here
[INFO] [stdout]   --> tests/byte-ranges.rs:2:5
[INFO] [stdout]    |
[INFO] [stdout] 2  | use kvarn::prelude::*;
[INFO] [stdout]    |     ^^^^^^^^^^^^^^^^^
[INFO] [stdout]    = help: consider adding an explicit import of `FatResponse` to disambiguate
[INFO] [stdout] note: `FatResponse` could also refer to the struct imported here
[INFO] [stdout]   --> tests/byte-ranges.rs:3:5
[INFO] [stdout]    |
[INFO] [stdout] 3  | use kvarn_testing::prelude::*;
[INFO] [stdout]    |     ^^^^^^^^^^^^^^^^^^^^^^^^^
[INFO] [stdout]    = help: consider adding an explicit import of `FatResponse` to disambiguate
[INFO] [stdout] 
[INFO] [stdout] 
[INFO] [stdout] error[E0659]: `prepare` is ambiguous
[INFO] [stdout]   --> tests/shutdown.rs:10:17
[INFO] [stdout]    |
[INFO] [stdout] 10 |                 prepare!(_, _, _, _, {
[INFO] [stdout]    |                 ^^^^^^^ ambiguous name
[INFO] [stdout]    |
[INFO] [stdout]    = note: ambiguous because of multiple glob imports of a name in the same module
[INFO] [stdout] note: `prepare` could refer to the macro imported here
[INFO] [stdout]   --> tests/shutdown.rs:1:5
[INFO] [stdout]    |
[INFO] [stdout] 1  | use kvarn::prelude::*;
[INFO] [stdout]    |     ^^^^^^^^^^^^^^^^^
[INFO] [stdout]    = help: consider adding an explicit import of `prepare` to disambiguate
[INFO] [stdout] note: `prepare` could also refer to the macro imported here
[INFO] [stdout]   --> tests/shutdown.rs:2:5
[INFO] [stdout]    |
[INFO] [stdout] 2  | use kvarn_testing::prelude::*;
[INFO] [stdout]    |     ^^^^^^^^^^^^^^^^^^^^^^^^^
[INFO] [stdout]    = help: consider adding an explicit import of `prepare` to disambiguate
[INFO] [stdout] 
[INFO] [stdout] 
[INFO] [stdout] error[E0659]: `FatResponse` is ambiguous
[INFO] [stdout]   --> tests/shutdown.rs:12:21
[INFO] [stdout]    |
[INFO] [stdout] 12 |                     FatResponse::no_cache(Response::new(Bytes::from_static(b"Finally here!")))
[INFO] [stdout]    |                     ^^^^^^^^^^^ ambiguous name
[INFO] [stdout]    |
[INFO] [stdout]    = note: ambiguous because of multiple glob imports of a name in the same module
[INFO] [stdout] note: `FatResponse` could refer to the struct imported here
[INFO] [stdout]   --> tests/shutdown.rs:1:5
[INFO] [stdout]    |
[INFO] [stdout] 1  | use kvarn::prelude::*;
[INFO] [stdout]    |     ^^^^^^^^^^^^^^^^^
[INFO] [stdout]    = help: consider adding an explicit import of `FatResponse` to disambiguate
[INFO] [stdout] note: `FatResponse` could also refer to the struct imported here
[INFO] [stdout]   --> tests/shutdown.rs:2:5
[INFO] [stdout]    |
[INFO] [stdout] 2  | use kvarn_testing::prelude::*;
[INFO] [stdout]    |     ^^^^^^^^^^^^^^^^^^^^^^^^^
[INFO] [stdout]    = help: consider adding an explicit import of `FatResponse` to disambiguate
[INFO] [stdout] 
[INFO] [stdout] 
[INFO] [stdout] error[E0659]: `internals` is ambiguous
[INFO] [stdout]   --> tests/shutdown.rs:19:5
[INFO] [stdout]    |
[INFO] [stdout] 19 |     internals::timeout(Duration::from_millis(200), async move {
[INFO] [stdout]    |     ^^^^^^^^^ ambiguous name
[INFO] [stdout]    |
[INFO] [stdout]    = note: ambiguous because of multiple glob imports of a name in the same module
[INFO] [stdout] note: `internals` could refer to the module imported here
[INFO] [stdout]   --> tests/shutdown.rs:1:5
[INFO] [stdout]    |
[INFO] [stdout] 1  | use kvarn::prelude::*;
[INFO] [stdout]    |     ^^^^^^^^^^^^^^^^^
[INFO] [stdout]    = help: consider adding an explicit import of `internals` to disambiguate
[INFO] [stdout] note: `internals` could also refer to the module imported here
[INFO] [stdout]   --> tests/shutdown.rs:2:5
[INFO] [stdout]    |
[INFO] [stdout] 2  | use kvarn_testing::prelude::*;
[INFO] [stdout]    |     ^^^^^^^^^^^^^^^^^^^^^^^^^
[INFO] [stdout]    = help: consider adding an explicit import of `internals` to disambiguate
[INFO] [stdout] 
[INFO] [stdout] 
[INFO] [stdout] error[E0659]: `threading` is ambiguous
[INFO] [stdout]   --> tests/shutdown.rs:45:28
[INFO] [stdout]    |
[INFO] [stdout] 45 |     let running = Arc::new(threading::atomic::AtomicBool::new(true));
[INFO] [stdout]    |                            ^^^^^^^^^ ambiguous name
[INFO] [stdout]    |
[INFO] [stdout]    = note: ambiguous because of multiple glob imports of a name in the same module
[INFO] [stdout] note: `threading` could refer to the module imported here
[INFO] [stdout]   --> tests/shutdown.rs:1:5
[INFO] [stdout]    |
[INFO] [stdout] 1  | use kvarn::prelude::*;
[INFO] [stdout]    |     ^^^^^^^^^^^^^^^^^
[INFO] [stdout]    = help: consider adding an explicit import of `threading` to disambiguate
[INFO] [stdout] note: `threading` could also refer to the module imported here
[INFO] [stdout]   --> tests/shutdown.rs:2:5
[INFO] [stdout]    |
[INFO] [stdout] 2  | use kvarn_testing::prelude::*;
[INFO] [stdout]    |     ^^^^^^^^^^^^^^^^^^^^^^^^^
[INFO] [stdout]    = help: consider adding an explicit import of `threading` to disambiguate
[INFO] [stdout] 
[INFO] [stdout] 
[INFO] [stdout] error[E0659]: `threading` is ambiguous
[INFO] [stdout]   --> tests/shutdown.rs:61:35
[INFO] [stdout]    |
[INFO] [stdout] 61 |             if !running_send.load(threading::Ordering::Relaxed) {
[INFO] [stdout]    |                                   ^^^^^^^^^ ambiguous name
[INFO] [stdout]    |
[INFO] [stdout]    = note: ambiguous because of multiple glob imports of a name in the same module
[INFO] [stdout] note: `threading` could refer to the module imported here
[INFO] [stdout]   --> tests/shutdown.rs:1:5
[INFO] [stdout]    |
[INFO] [stdout] 1  | use kvarn::prelude::*;
[INFO] [stdout]    |     ^^^^^^^^^^^^^^^^^
[INFO] [stdout]    = help: consider adding an explicit import of `threading` to disambiguate
[INFO] [stdout] note: `threading` could also refer to the module imported here
[INFO] [stdout]   --> tests/shutdown.rs:2:5
[INFO] [stdout]    |
[INFO] [stdout] 2  | use kvarn_testing::prelude::*;
[INFO] [stdout]    |     ^^^^^^^^^^^^^^^^^^^^^^^^^
[INFO] [stdout]    = help: consider adding an explicit import of `threading` to disambiguate
[INFO] [stdout] 
[INFO] [stdout] 
[INFO] [stdout] error[E0659]: `threading` is ambiguous
[INFO] [stdout]   --> tests/shutdown.rs:78:26
[INFO] [stdout]    |
[INFO] [stdout] 78 |     running.store(false, threading::Ordering::Relaxed);
[INFO] [stdout]    |                          ^^^^^^^^^ ambiguous name
[INFO] [stdout]    |
[INFO] [stdout]    = note: ambiguous because of multiple glob imports of a name in the same module
[INFO] [stdout] note: `threading` could refer to the module imported here
[INFO] [stdout]   --> tests/shutdown.rs:1:5
[INFO] [stdout]    |
[INFO] [stdout] 1  | use kvarn::prelude::*;
[INFO] [stdout]    |     ^^^^^^^^^^^^^^^^^
[INFO] [stdout]    = help: consider adding an explicit import of `threading` to disambiguate
[INFO] [stdout] note: `threading` could also refer to the module imported here
[INFO] [stdout]   --> tests/shutdown.rs:2:5
[INFO] [stdout]    |
[INFO] [stdout] 2  | use kvarn_testing::prelude::*;
[INFO] [stdout]    |     ^^^^^^^^^^^^^^^^^^^^^^^^^
[INFO] [stdout]    = help: consider adding an explicit import of `threading` to disambiguate
[INFO] [stdout] 
[INFO] [stdout] 
[INFO] [stdout] error[E0659]: `CorsAllowList` is ambiguous
[INFO] [stdout]   --> tests/cors.rs:38:13
[INFO] [stdout]    |
[INFO] [stdout] 38 |             CorsAllowList::default()
[INFO] [stdout]    |             ^^^^^^^^^^^^^ ambiguous name
[INFO] [stdout]    |
[INFO] [stdout]    = note: ambiguous because of multiple glob imports of a name in the same module
[INFO] [stdout] note: `CorsAllowList` could refer to the struct imported here
[INFO] [stdout]   --> tests/cors.rs:1:5
[INFO] [stdout]    |
[INFO] [stdout] 1  | use kvarn::prelude::*;
[INFO] [stdout]    |     ^^^^^^^^^^^^^^^^^
[INFO] [stdout]    = help: consider adding an explicit import of `CorsAllowList` to disambiguate
[INFO] [stdout] note: `CorsAllowList` could also refer to the struct imported here
[INFO] [stdout]   --> tests/cors.rs:2:5
[INFO] [stdout]    |
[INFO] [stdout] 2  | use kvarn_testing::prelude::*;
[INFO] [stdout]    |     ^^^^^^^^^^^^^^^^^^^^^^^^^
[INFO] [stdout]    = help: consider adding an explicit import of `CorsAllowList` to disambiguate
[INFO] [stdout] 
[INFO] [stdout] 
[INFO] [stdout] error[E0659]: `CorsAllowList` is ambiguous
[INFO] [stdout]   --> tests/cors.rs:47:13
[INFO] [stdout]    |
[INFO] [stdout] 47 |             CorsAllowList::new(Duration::from_secs(60 * 60 * 24 * 365))
[INFO] [stdout]    |             ^^^^^^^^^^^^^ ambiguous name
[INFO] [stdout]    |
[INFO] [stdout]    = note: ambiguous because of multiple glob imports of a name in the same module
[INFO] [stdout] note: `CorsAllowList` could refer to the struct imported here
[INFO] [stdout]   --> tests/cors.rs:1:5
[INFO] [stdout]    |
[INFO] [stdout] 1  | use kvarn::prelude::*;
[INFO] [stdout]    |     ^^^^^^^^^^^^^^^^^
[INFO] [stdout]    = help: consider adding an explicit import of `CorsAllowList` to disambiguate
[INFO] [stdout] note: `CorsAllowList` could also refer to the struct imported here
[INFO] [stdout]   --> tests/cors.rs:2:5
[INFO] [stdout]    |
[INFO] [stdout] 2  | use kvarn_testing::prelude::*;
[INFO] [stdout]    |     ^^^^^^^^^^^^^^^^^^^^^^^^^
[INFO] [stdout]    = help: consider adding an explicit import of `CorsAllowList` to disambiguate
[INFO] [stdout] 
[INFO] [stdout] 
[INFO] [stdout] warning: unused import: `kvarn_utils::prelude::*`
[INFO] [stdout]   --> src/prelude.rs:13:9
[INFO] [stdout]    |
[INFO] [stdout] 13 | pub use kvarn_utils::prelude::*;
[INFO] [stdout]    |         ^^^^^^^^^^^^^^^^^^^^^^^
[INFO] [stdout]    |
[INFO] [stdout]    = note: `#[warn(unused_imports)]` on by default
[INFO] [stdout] 
[INFO] [stdout] 
[INFO] [stdout] error[E0277]: the trait bound `kvarn_testing::ServerBuilder: From<kvarn::Extensions>` is not satisfied
[INFO] [stdout]    --> tests/cors.rs:166:18
[INFO] [stdout]     |
[INFO] [stdout] 166 |     let server = ServerBuilder::from(get_extensions()).run().await;
[INFO] [stdout]     |                  ^^^^^^^^^^^^^ the trait `From<kvarn::Extensions>` is not implemented for `kvarn_testing::ServerBuilder`
[INFO] [stdout]     |
[INFO] [stdout]     = help: the following other types implement trait `From<T>`:
[INFO] [stdout]               <kvarn_testing::ServerBuilder as From<kvarn_testing::prelude::Extensions>>
[INFO] [stdout]               <kvarn_testing::ServerBuilder as From<kvarn_testing::prelude::host::Options>>
[INFO] [stdout]               <kvarn_testing::ServerBuilder as From<(kvarn_testing::prelude::Extensions, kvarn_testing::prelude::host::Options)>>
[INFO] [stdout] 
[INFO] [stdout] 
[INFO] [stdout] error: aborting due to 7 previous errors
[INFO] [stdout] 
[INFO] [stdout] 
[INFO] [stdout] Some errors have detailed explanations: E0277, E0659.
[INFO] [stdout] 
[INFO] [stdout] For more information about an error, try `rustc --explain E0277`.
[INFO] [stdout] 
[INFO] [stderr] error: could not compile `kvarn` (test "cors") due to 8 previous errors
[INFO] [stderr] warning: build failed, waiting for other jobs to finish...
[INFO] [stdout] error[E0308]: mismatched types
[INFO] [stdout]    --> tests/byte-ranges.rs:11:13
[INFO] [stdout]     |
[INFO] [stdout] 9   |           ext.add_prepare_single(
[INFO] [stdout]     |               ------------------ arguments to this method are incorrect
[INFO] [stdout] 10  |               "/index.html",
[INFO] [stdout] 11  | /             prepare!(_, _, _, _, {
[INFO] [stdout] 12  | |                 let bytes = Bytes::from_static(DATA.as_bytes());
[INFO] [stdout] 13  | |                 FatResponse::cache(Response::new(bytes))
[INFO] [stdout] 14  | |             }),
[INFO] [stdout]     | |______________^ expected trait `kvarn_testing::prelude::extensions::PrepareCall`, found trait `kvarn::extensions::PrepareCall`
[INFO] [stdout]     |
[INFO] [stdout]     = note: expected struct `Box<(dyn kvarn_testing::prelude::extensions::PrepareCall + 'static)>`
[INFO] [stdout]                found struct `Box<(dyn kvarn::extensions::PrepareCall + 'static)>`
[INFO] [stdout]     = note: perhaps two different versions of crate `kvarn` are being used?
[INFO] [stdout] note: method defined here
[INFO] [stdout]    --> /opt/rustwide/cargo-home/registry/src/index.crates.io-6f17d22bba15001f/kvarn-0.5.0/src/extensions.rs:646:12
[INFO] [stdout]     |
[INFO] [stdout] 646 |     pub fn add_prepare_single(&mut self, path: impl AsRef<str>, extension: Prepare) {
[INFO] [stdout]     |            ^^^^^^^^^^^^^^^^^^
[INFO] [stdout] 
[INFO] [stdout] 
[INFO] [stdout] error[E0308]: mismatched types
[INFO] [stdout]    --> tests/nonce.rs:22:13
[INFO] [stdout]     |
[INFO] [stdout] 20  |           ext.add_prepare_single(
[INFO] [stdout]     |               ------------------ arguments to this method are incorrect
[INFO] [stdout] 21  |               "/index.html",
[INFO] [stdout] 22  | /             prepare!(_, _, _, _, {
[INFO] [stdout] 23  | |                 let bytes = Bytes::from_static(DATA.as_bytes());
[INFO] [stdout] 24  | |                 FatResponse::cache(Response::new(bytes))
[INFO] [stdout] 25  | |             }),
[INFO] [stdout]     | |______________^ expected trait `kvarn_testing::prelude::extensions::PrepareCall`, found trait `kvarn::extensions::PrepareCall`
[INFO] [stdout]     |
[INFO] [stdout]     = note: expected struct `Box<(dyn kvarn_testing::prelude::extensions::PrepareCall + 'static)>`
[INFO] [stdout]                found struct `Box<(dyn kvarn::extensions::PrepareCall + 'static)>`
[INFO] [stdout]     = note: perhaps two different versions of crate `kvarn` are being used?
[INFO] [stdout] note: method defined here
[INFO] [stdout]    --> /opt/rustwide/cargo-home/registry/src/index.crates.io-6f17d22bba15001f/kvarn-0.5.0/src/extensions.rs:646:12
[INFO] [stdout]     |
[INFO] [stdout] 646 |     pub fn add_prepare_single(&mut self, path: impl AsRef<str>, extension: Prepare) {
[INFO] [stdout]     |            ^^^^^^^^^^^^^^^^^^
[INFO] [stdout] 
[INFO] [stdout] 
[INFO] [stdout] error[E0308]: mismatched types
[INFO] [stdout]    --> tests/shutdown.rs:10:17
[INFO] [stdout]     |
[INFO] [stdout] 8   |               ext.add_prepare_single(
[INFO] [stdout]     |                   ------------------ arguments to this method are incorrect
[INFO] [stdout] 9   |                   "/slow-response",
[INFO] [stdout] 10  | /                 prepare!(_, _, _, _, {
[INFO] [stdout] 11  | |                     tokio::time::sleep(Duration::from_millis(100)).await;
[INFO] [stdout] 12  | |                     FatResponse::no_cache(Response::new(Bytes::from_static(b"Finally here!")))
[INFO] [stdout] 13  | |                 }),
[INFO] [stdout]     | |__________________^ expected trait `kvarn_testing::prelude::extensions::PrepareCall`, found trait `kvarn::extensions::PrepareCall`
[INFO] [stdout]     |
[INFO] [stdout]     = note: expected struct `Box<(dyn kvarn_testing::prelude::extensions::PrepareCall + 'static)>`
[INFO] [stdout]                found struct `Box<(dyn kvarn::extensions::PrepareCall + 'static)>`
[INFO] [stdout]     = note: perhaps two different versions of crate `kvarn` are being used?
[INFO] [stdout] note: method defined here
[INFO] [stdout]    --> /opt/rustwide/cargo-home/registry/src/index.crates.io-6f17d22bba15001f/kvarn-0.5.0/src/extensions.rs:646:12
[INFO] [stdout]     |
[INFO] [stdout] 646 |     pub fn add_prepare_single(&mut self, path: impl AsRef<str>, extension: Prepare) {
[INFO] [stdout]     |            ^^^^^^^^^^^^^^^^^^
[INFO] [stdout] 
[INFO] [stdout] 
[INFO] [stdout] error[E0308]: arguments to this function are incorrect
[INFO] [stdout]    --> tests/extensions.rs:8:18
[INFO] [stdout]     |
[INFO] [stdout] 8   |     let server = ServerBuilder::new(extensions, host::Options::default())
[INFO] [stdout]     |                  ^^^^^^^^^^^^^^^^^^ ----------  ------------------------ expected `Options`, found `kvarn::host::Options`
[INFO] [stdout]     |                                     |
[INFO] [stdout]     |                                     expected `kvarn_testing::prelude::Extensions`, found `kvarn::Extensions`
[INFO] [stdout]     |
[INFO] [stdout]     = note: `kvarn::Extensions` and `kvarn_testing::prelude::Extensions` have similar names, but are actually distinct types
[INFO] [stdout] note: `kvarn::Extensions` is defined in crate `kvarn`
[INFO] [stdout]    --> /opt/rustwide/workdir/src/extensions.rs:363:1
[INFO] [stdout]     |
[INFO] [stdout] 363 | pub struct Extensions {
[INFO] [stdout]     | ^^^^^^^^^^^^^^^^^^^^^
[INFO] [stdout] note: `kvarn_testing::prelude::Extensions` is defined in crate `kvarn`
[INFO] [stdout]    --> /opt/rustwide/cargo-home/registry/src/index.crates.io-6f17d22bba15001f/kvarn-0.5.0/src/extensions.rs:363:1
[INFO] [stdout]     |
[INFO] [stdout] 363 | pub struct Extensions {
[INFO] [stdout]     | ^^^^^^^^^^^^^^^^^^^^^
[INFO] [stdout]     = note: perhaps two different versions of crate `kvarn` are being used?
[INFO] [stdout]     = note: `kvarn::host::Options` and `Options` have similar names, but are actually distinct types
[INFO] [stdout] note: `kvarn::host::Options` is defined in crate `kvarn`
[INFO] [stdout]    --> /opt/rustwide/workdir/src/host.rs:441:1
[INFO] [stdout]     |
[INFO] [stdout] 441 | pub struct Options {
[INFO] [stdout]     | ^^^^^^^^^^^^^^^^^^
[INFO] [stdout] note: `Options` is defined in crate `kvarn`
[INFO] [stdout]    --> /opt/rustwide/cargo-home/registry/src/index.crates.io-6f17d22bba15001f/kvarn-0.5.0/src/host.rs:441:1
[INFO] [stdout]     |
[INFO] [stdout] 441 | pub struct Options {
[INFO] [stdout]     | ^^^^^^^^^^^^^^^^^^
[INFO] [stdout]     = note: perhaps two different versions of crate `kvarn` are being used?
[INFO] [stdout] note: associated function defined here
[INFO] [stdout]    --> /opt/rustwide/cargo-home/registry/src/index.crates.io-6f17d22bba15001f/kvarn_testing-0.5.0/src/lib.rs:119:12
[INFO] [stdout]     |
[INFO] [stdout] 119 |     pub fn new(extensions: Extensions, options: host::Options) -> Self {
[INFO] [stdout]     |            ^^^
[INFO] [stdout] 
[INFO] [stdout] 
[INFO] [stdout] error[E0308]: arguments to this function are incorrect
[INFO] [stdout]    --> tests/extensions.rs:58:18
[INFO] [stdout]     |
[INFO] [stdout] 58  |     let server = ServerBuilder::new(extensions, host::Options::default())
[INFO] [stdout]     |                  ^^^^^^^^^^^^^^^^^^ ----------  ------------------------ expected `Options`, found `kvarn::host::Options`
[INFO] [stdout]     |                                     |
[INFO] [stdout]     |                                     expected `kvarn_testing::prelude::Extensions`, found `kvarn::Extensions`
[INFO] [stdout]     |
[INFO] [stdout]     = note: `kvarn::Extensions` and `kvarn_testing::prelude::Extensions` have similar names, but are actually distinct types
[INFO] [stdout] note: `kvarn::Extensions` is defined in crate `kvarn`
[INFO] [stdout]    --> /opt/rustwide/workdir/src/extensions.rs:363:1
[INFO] [stdout]     |
[INFO] [stdout] 363 | pub struct Extensions {
[INFO] [stdout]     | ^^^^^^^^^^^^^^^^^^^^^
[INFO] [stdout] note: `kvarn_testing::prelude::Extensions` is defined in crate `kvarn`
[INFO] [stdout]    --> /opt/rustwide/cargo-home/registry/src/index.crates.io-6f17d22bba15001f/kvarn-0.5.0/src/extensions.rs:363:1
[INFO] [stdout]     |
[INFO] [stdout] 363 | pub struct Extensions {
[INFO] [stdout]     | ^^^^^^^^^^^^^^^^^^^^^
[INFO] [stdout]     = note: perhaps two different versions of crate `kvarn` are being used?
[INFO] [stdout]     = note: `kvarn::host::Options` and `Options` have similar names, but are actually distinct types
[INFO] [stdout] note: `kvarn::host::Options` is defined in crate `kvarn`
[INFO] [stdout]    --> /opt/rustwide/workdir/src/host.rs:441:1
[INFO] [stdout]     |
[INFO] [stdout] 441 | pub struct Options {
[INFO] [stdout]     | ^^^^^^^^^^^^^^^^^^
[INFO] [stdout] note: `Options` is defined in crate `kvarn`
[INFO] [stdout]    --> /opt/rustwide/cargo-home/registry/src/index.crates.io-6f17d22bba15001f/kvarn-0.5.0/src/host.rs:441:1
[INFO] [stdout]     |
[INFO] [stdout] 441 | pub struct Options {
[INFO] [stdout]     | ^^^^^^^^^^^^^^^^^^
[INFO] [stdout]     = note: perhaps two different versions of crate `kvarn` are being used?
[INFO] [stdout] note: associated function defined here
[INFO] [stdout]    --> /opt/rustwide/cargo-home/registry/src/index.crates.io-6f17d22bba15001f/kvarn_testing-0.5.0/src/lib.rs:119:12
[INFO] [stdout]     |
[INFO] [stdout] 119 |     pub fn new(extensions: Extensions, options: host::Options) -> Self {
[INFO] [stdout]     |            ^^^
[INFO] [stdout] 
[INFO] [stdout] 
[INFO] [stdout] error: aborting due to 3 previous errors
[INFO] [stdout] 
[INFO] [stdout] 
[INFO] [stdout] Some errors have detailed explanations: E0308, E0659.
[INFO] [stdout] 
[INFO] [stdout] For more information about an error, try `rustc --explain E0308`.
[INFO] [stdout] 
[INFO] [stdout] error: aborting due to 3 previous errors
[INFO] [stdout] 
[INFO] [stdout] 
[INFO] [stdout] Some errors have detailed explanations: E0308, E0659.
[INFO] [stdout] 
[INFO] [stdout] For more information about an error, try `rustc --explain E0308`.
[INFO] [stdout] 
[INFO] [stdout] error: aborting due to 7 previous errors
[INFO] [stdout] 
[INFO] [stdout] 
[INFO] [stdout] Some errors have detailed explanations: E0308, E0659.
[INFO] [stdout] 
[INFO] [stdout] For more information about an error, try `rustc --explain E0308`.
[INFO] [stdout] 
[INFO] [stderr] error: could not compile `kvarn` (test "nonce") due to 4 previous errors
[INFO] [stderr] error: could not compile `kvarn` (test "byte-ranges") due to 4 previous errors
[INFO] [stderr] error: could not compile `kvarn` (test "shutdown") due to 8 previous errors
[INFO] [stdout] error[E0308]: mismatched types
[INFO] [stdout]    --> tests/extensions.rs:82:17
[INFO] [stdout]     |
[INFO] [stdout] 80  |               extensions.add_prepare_single(
[INFO] [stdout]     |                          ------------------ arguments to this method are incorrect
[INFO] [stdout] 81  |                   "/api-1",
[INFO] [stdout] 82  | /                 prepare!(req, _, path, _, {
[INFO] [stdout] 83  | |                     let body = req.body_mut().read_to_bytes().await.unwrap();
[INFO] [stdout] 84  | |                     let body = str::from_utf8(&body).unwrap();
[INFO] [stdout] 85  | |
[INFO] [stdout] ...   |
[INFO] [stdout] 89  | |                     FatResponse::no_cache(Response::new(Bytes::from_static(b"OK")))
[INFO] [stdout] 90  | |                 }),
[INFO] [stdout]     | |__________________^ expected trait `kvarn_testing::prelude::extensions::PrepareCall`, found trait `kvarn::extensions::PrepareCall`
[INFO] [stdout]     |
[INFO] [stdout]     = note: expected struct `Box<(dyn kvarn_testing::prelude::extensions::PrepareCall + 'static)>`
[INFO] [stdout]                found struct `Box<(dyn kvarn::extensions::PrepareCall + 'static)>`
[INFO] [stdout]     = note: perhaps two different versions of crate `kvarn` are being used?
[INFO] [stdout] note: method defined here
[INFO] [stdout]    --> /opt/rustwide/cargo-home/registry/src/index.crates.io-6f17d22bba15001f/kvarn-0.5.0/src/extensions.rs:646:12
[INFO] [stdout]     |
[INFO] [stdout] 646 |     pub fn add_prepare_single(&mut self, path: impl AsRef<str>, extension: Prepare) {
[INFO] [stdout]     |            ^^^^^^^^^^^^^^^^^^
[INFO] [stdout] 
[INFO] [stdout] 
[INFO] [stdout] error[E0308]: mismatched types
[INFO] [stdout]    --> tests/extensions.rs:94:17
[INFO] [stdout]     |
[INFO] [stdout] 92  |               extensions.add_prepare_single(
[INFO] [stdout]     |                          ------------------ arguments to this method are incorrect
[INFO] [stdout] 93  |                   "/api-2",
[INFO] [stdout] 94  | /                 prepare!(req, _, _, _, move |length: usize| {
[INFO] [stdout] 95  | |                     let body = req.body_mut().read_to_bytes().await.unwrap();
[INFO] [stdout] 96  | |
[INFO] [stdout] 97  | |                     println!("Body len: {}", body.len());
[INFO] [stdout] ...   |
[INFO] [stdout] 102 | |                     FatResponse::no_cache(Response::new(Bytes::from_static(b"OK")))
[INFO] [stdout] 103 | |                 }),
[INFO] [stdout]     | |__________________^ expected trait `kvarn_testing::prelude::extensions::PrepareCall`, found trait `kvarn::extensions::PrepareCall`
[INFO] [stdout]     |
[INFO] [stdout]     = note: expected struct `Box<(dyn kvarn_testing::prelude::extensions::PrepareCall + 'static)>`
[INFO] [stdout]                found struct `Box<(dyn kvarn::extensions::PrepareCall + 'static)>`
[INFO] [stdout]     = note: perhaps two different versions of crate `kvarn` are being used?
[INFO] [stdout] note: method defined here
[INFO] [stdout]    --> /opt/rustwide/cargo-home/registry/src/index.crates.io-6f17d22bba15001f/kvarn-0.5.0/src/extensions.rs:646:12
[INFO] [stdout]     |
[INFO] [stdout] 646 |     pub fn add_prepare_single(&mut self, path: impl AsRef<str>, extension: Prepare) {
[INFO] [stdout]     |            ^^^^^^^^^^^^^^^^^^
[INFO] [stdout] 
[INFO] [stdout] 
[INFO] [stdout] error[E0308]: mismatched types
[INFO] [stdout]    --> tests/extensions.rs:107:17
[INFO] [stdout]     |
[INFO] [stdout] 105 |               extensions.add_prepare_single(
[INFO] [stdout]     |                          ------------------ arguments to this method are incorrect
[INFO] [stdout] 106 |                   "/api-3",
[INFO] [stdout] 107 | /                 prepare!(req, _host, _path, _addr, {
[INFO] [stdout] 108 | |                     let body = req.body_mut().read_to_bytes().await.unwrap();
[INFO] [stdout] 109 | |                     let body = str::from_utf8(&body).unwrap();
[INFO] [stdout] 110 | |
[INFO] [stdout] ...   |
[INFO] [stdout] 113 | |                     FatResponse::no_cache(Response::new(Bytes::from_static(b"OK")))
[INFO] [stdout] 114 | |                 }),
[INFO] [stdout]     | |__________________^ expected trait `kvarn_testing::prelude::extensions::PrepareCall`, found trait `kvarn::extensions::PrepareCall`
[INFO] [stdout]     |
[INFO] [stdout]     = note: expected struct `Box<(dyn kvarn_testing::prelude::extensions::PrepareCall + 'static)>`
[INFO] [stdout]                found struct `Box<(dyn kvarn::extensions::PrepareCall + 'static)>`
[INFO] [stdout]     = note: perhaps two different versions of crate `kvarn` are being used?
[INFO] [stdout] note: method defined here
[INFO] [stdout]    --> /opt/rustwide/cargo-home/registry/src/index.crates.io-6f17d22bba15001f/kvarn-0.5.0/src/extensions.rs:646:12
[INFO] [stdout]     |
[INFO] [stdout] 646 |     pub fn add_prepare_single(&mut self, path: impl AsRef<str>, extension: Prepare) {
[INFO] [stdout]     |            ^^^^^^^^^^^^^^^^^^
[INFO] [stdout] 
[INFO] [stdout] 
[INFO] [stdout] error: aborting due to 5 previous errors
[INFO] [stdout] 
[INFO] [stdout] 
[INFO] [stdout] For more information about this error, try `rustc --explain E0308`.
[INFO] [stdout] 
[INFO] [stderr] error: could not compile `kvarn` (test "extensions") due to 6 previous errors
[INFO] [stdout] warning: unreachable `pub` item
[INFO] [stdout]   --> src/prelude.rs:13:9
[INFO] [stdout]    |
[INFO] [stdout] 13 | pub use kvarn_utils::prelude::*;
[INFO] [stdout]    | ---     ^^^^^^^^^^^^^^^^^^^^
[INFO] [stdout]    | |
[INFO] [stdout]    | help: consider restricting its visibility: `pub(crate)`
[INFO] [stdout]    |
[INFO] [stdout]    = help: or consider exporting it for use by other crates
[INFO] [stdout] note: the lint level is defined here
[INFO] [stdout]   --> src/lib.rs:31:5
[INFO] [stdout]    |
[INFO] [stdout] 31 |     unreachable_pub,
[INFO] [stdout]    |     ^^^^^^^^^^^^^^^
[INFO] [stdout] 
[INFO] [stdout] 
[INFO] [stdout] warning: calls to `std::mem::drop` with a value that implements `Copy` does nothing
[INFO] [stdout]    --> src/shutdown.rs:276:13
[INFO] [stdout]     |
[INFO] [stdout] 276 |             drop(channel.send(()));
[INFO] [stdout]     |             ^^^^^----------------^
[INFO] [stdout]     |                  |
[INFO] [stdout]     |                  argument has type `Result<(), tokio::sync::watch::error::SendError<()>>`
[INFO] [stdout]     |
[INFO] [stdout]     = note: use `let _ = ...` to ignore the expression or result
[INFO] [stdout]     = note: `#[warn(dropping_copy_types)]` on by default
[INFO] [stdout] 
[INFO] [stdout] 
[INFO] [stdout] warning: 3 warnings emitted
[INFO] [stdout] 
[INFO] [stdout] 
[INFO] running `Command { std: "docker" "inspect" "c645dd143f0a54b207d8ac1fcdc00eddc754b7fd8adf90fd5ad43c1c907eb995", kill_on_drop: false }`
[INFO] running `Command { std: "docker" "rm" "-f" "c645dd143f0a54b207d8ac1fcdc00eddc754b7fd8adf90fd5ad43c1c907eb995", kill_on_drop: false }`
[INFO] [stdout] c645dd143f0a54b207d8ac1fcdc00eddc754b7fd8adf90fd5ad43c1c907eb995
[INFO] testing kvarn-0.5.0 against beta-2023-12-22 for beta-1.76-1
[INFO] extracting crate kvarn 0.5.0 into /workspace/builds/worker-6-tc2/source
[INFO] validating manifest of crates.io crate kvarn 0.5.0 on toolchain beta-2023-12-22
[INFO] running `Command { std: CARGO_HOME="/workspace/cargo-home" RUSTUP_HOME="/workspace/rustup-home" "/workspace/cargo-home/bin/cargo" "+beta-2023-12-22" "metadata" "--manifest-path" "Cargo.toml" "--no-deps", kill_on_drop: false }`
[INFO] started tweaking crates.io crate kvarn 0.5.0
[INFO] finished tweaking crates.io crate kvarn 0.5.0
[INFO] tweaked toml for crates.io crate kvarn 0.5.0 written to /workspace/builds/worker-6-tc2/source/Cargo.toml
[INFO] running `Command { std: CARGO_HOME="/workspace/cargo-home" RUSTUP_HOME="/workspace/rustup-home" "/workspace/cargo-home/bin/cargo" "+beta-2023-12-22" "generate-lockfile" "--manifest-path" "Cargo.toml", kill_on_drop: false }`
[INFO] [stderr]     Updating crates.io index
[INFO] running `Command { std: CARGO_HOME="/workspace/cargo-home" RUSTUP_HOME="/workspace/rustup-home" "/workspace/cargo-home/bin/cargo" "+beta-2023-12-22" "fetch" "--manifest-path" "Cargo.toml", kill_on_drop: false }`
[INFO] running `Command { std: "docker" "create" "-v" "/var/lib/crater-agent-workspace/builds/worker-6-tc2/target:/opt/rustwide/target:rw,Z" "-v" "/var/lib/crater-agent-workspace/builds/worker-6-tc2/source:/opt/rustwide/workdir:ro,Z" "-v" "/var/lib/crater-agent-workspace/cargo-home:/opt/rustwide/cargo-home:ro,Z" "-v" "/var/lib/crater-agent-workspace/rustup-home:/opt/rustwide/rustup-home:ro,Z" "-e" "SOURCE_DIR=/opt/rustwide/workdir" "-e" "CARGO_TARGET_DIR=/opt/rustwide/target" "-e" "CARGO_HOME=/opt/rustwide/cargo-home" "-e" "RUSTUP_HOME=/opt/rustwide/rustup-home" "-w" "/opt/rustwide/workdir" "-m" "1610612736" "--user" "0:0" "--network" "none" "ghcr.io/rust-lang/crates-build-env/linux@sha256:2788e3201cd34a07e3172128adcd8b3090168a8e3bcc40d7c032b9dda1df7d1c" "/opt/rustwide/cargo-home/bin/cargo" "+beta-2023-12-22" "metadata" "--no-deps" "--format-version=1", kill_on_drop: false }`
[INFO] [stdout] 87411988f15a7e2bfccfdfd1a97d90f77849bb54abc5650731805ae2b9ad2bc4
[INFO] running `Command { std: "docker" "start" "-a" "87411988f15a7e2bfccfdfd1a97d90f77849bb54abc5650731805ae2b9ad2bc4", kill_on_drop: false }`
[INFO] running `Command { std: "docker" "inspect" "87411988f15a7e2bfccfdfd1a97d90f77849bb54abc5650731805ae2b9ad2bc4", kill_on_drop: false }`
[INFO] running `Command { std: "docker" "rm" "-f" "87411988f15a7e2bfccfdfd1a97d90f77849bb54abc5650731805ae2b9ad2bc4", kill_on_drop: false }`
[INFO] [stdout] 87411988f15a7e2bfccfdfd1a97d90f77849bb54abc5650731805ae2b9ad2bc4
[INFO] running `Command { std: "docker" "create" "-v" "/var/lib/crater-agent-workspace/builds/worker-6-tc2/target:/opt/rustwide/target:rw,Z" "-v" "/var/lib/crater-agent-workspace/builds/worker-6-tc2/source:/opt/rustwide/workdir:ro,Z" "-v" "/var/lib/crater-agent-workspace/cargo-home:/opt/rustwide/cargo-home:ro,Z" "-v" "/var/lib/crater-agent-workspace/rustup-home:/opt/rustwide/rustup-home:ro,Z" "-e" "SOURCE_DIR=/opt/rustwide/workdir" "-e" "CARGO_TARGET_DIR=/opt/rustwide/target" "-e" "CARGO_INCREMENTAL=0" "-e" "RUST_BACKTRACE=full" "-e" "RUSTFLAGS=--cap-lints=warn" "-e" "RUSTDOCFLAGS=--cap-lints=warn" "-e" "CARGO_HOME=/opt/rustwide/cargo-home" "-e" "RUSTUP_HOME=/opt/rustwide/rustup-home" "-w" "/opt/rustwide/workdir" "-m" "1610612736" "--user" "0:0" "--network" "none" "ghcr.io/rust-lang/crates-build-env/linux@sha256:2788e3201cd34a07e3172128adcd8b3090168a8e3bcc40d7c032b9dda1df7d1c" "/opt/rustwide/cargo-home/bin/cargo" "+beta-2023-12-22" "build" "--frozen" "--message-format=json", kill_on_drop: false }`
[INFO] [stdout] a41b828d488be248c22320caf010784c33fec6dece5fc5577ebd47921a6f5385
[INFO] running `Command { std: "docker" "start" "-a" "a41b828d488be248c22320caf010784c33fec6dece5fc5577ebd47921a6f5385", kill_on_drop: false }`
[INFO] [stderr]    Compiling lock_api v0.4.11
[INFO] [stderr]    Compiling libc v0.2.151
[INFO] [stderr]    Compiling bytes v1.5.0
[INFO] [stderr]    Compiling parking_lot_core v0.9.9
[INFO] [stderr]    Compiling typenum v1.17.0
[INFO] [stderr]    Compiling syn v1.0.109
[INFO] [stderr]    Compiling getrandom v0.2.11
[INFO] [stderr]    Compiling syn v2.0.48
[INFO] [stderr]    Compiling generic-array v0.14.7
[INFO] [stderr]    Compiling num-traits v0.2.17
[INFO] [stderr]    Compiling smallvec v1.11.2
[INFO] [stderr]    Compiling thiserror v1.0.56
[INFO] [stderr]    Compiling scopeguard v1.2.0
[INFO] [stderr]    Compiling pin-project-lite v0.2.13
[INFO] [stderr]    Compiling cc v1.0.83
[INFO] [stderr]    Compiling parking_lot v0.12.1
[INFO] [stderr]    Compiling socket2 v0.5.5
[INFO] [stderr]    Compiling mio v0.8.10
[INFO] [stderr]    Compiling slab v0.4.9
[INFO] [stderr]    Compiling log v0.4.20
[INFO] [stderr]    Compiling unicode-xid v0.2.4
[INFO] [stderr]    Compiling time-core v0.1.2
[INFO] [stderr]    Compiling percent-encoding v2.3.1
[INFO] [stderr]    Compiling tinyvec_macros v0.1.1
[INFO] [stderr]    Compiling powerfmt v0.2.0
[INFO] [stderr]    Compiling once_cell v1.19.0
[INFO] [stderr]    Compiling minimal-lexical v0.2.1
[INFO] [stderr]    Compiling deranged v0.3.11
[INFO] [stderr]    Compiling tinyvec v1.6.0
[INFO] [stderr]    Compiling time-macros v0.2.16
[INFO] [stderr]    Compiling nom v7.1.3
[INFO] [stderr]    Compiling http v0.2.11
[INFO] [stderr]    Compiling ring v0.17.7
[INFO] [stderr]    Compiling tokio v1.35.1
[INFO] [stderr]    Compiling unicase v2.7.0
[INFO] [stderr]    Compiling num-integer v0.1.45
[INFO] [stderr]    Compiling futures-sink v0.3.30
[INFO] [stderr]    Compiling futures-core v0.3.30
[INFO] [stderr]    Compiling unicode-normalization v0.1.22
[INFO] [stderr]    Compiling rusticata-macros v4.1.0
[INFO] [stderr]    Compiling ring v0.16.20
[INFO] [stderr]    Compiling synstructure v0.12.6
[INFO] [stderr]    Compiling time v0.3.31
[INFO] [stderr]    Compiling block-buffer v0.10.4
[INFO] [stderr]    Compiling crypto-common v0.1.6
[INFO] [stderr]    Compiling rand_core v0.6.4
[INFO] [stderr]    Compiling num-bigint v0.4.4
[INFO] [stderr]    Compiling unicode-bidi v0.3.14
[INFO] [stderr]    Compiling httparse v1.8.0
[INFO] [stderr]    Compiling thiserror-impl v1.0.56
[INFO] [stderr]    Compiling displaydoc v0.2.4
[INFO] [stderr]    Compiling futures-macro v0.3.30
[INFO] [stderr]    Compiling pin-utils v0.1.0
[INFO] [stderr]    Compiling futures-task v0.3.30
[INFO] [stderr]    Compiling untrusted v0.9.0
[INFO] [stderr]    Compiling spin v0.9.8
[INFO] [stderr]    Compiling ppv-lite86 v0.2.17
[INFO] [stderr]    Compiling idna v0.5.0
[INFO] [stderr]    Compiling rand_chacha v0.3.1
[INFO] [stderr]    Compiling futures-util v0.3.30
[INFO] [stderr]    Compiling asn1-rs-derive v0.4.0
[INFO] [stderr]    Compiling asn1-rs-impl v0.1.0
[INFO] [stderr]    Compiling digest v0.10.7
[INFO] [stderr]    Compiling tracing-core v0.1.32
[INFO] [stderr]    Compiling form_urlencoded v1.2.1
[INFO] [stderr]    Compiling base64 v0.13.1
[INFO] [stderr]    Compiling crc32fast v1.3.2
[INFO] [stderr]    Compiling asn1-rs v0.5.2
[INFO] [stderr]    Compiling oid-registry v0.6.1
[INFO] [stderr]    Compiling cpufeatures v0.2.12
[INFO] [stderr]    Compiling alloc-no-stdlib v2.0.4
[INFO] [stderr]    Compiling sha-1 v0.10.1
[INFO] [stderr]    Compiling alloc-stdlib v0.2.2
[INFO] [stderr]    Compiling tracing v0.1.40
[INFO] [stderr]    Compiling url v2.5.0
[INFO] [stderr]    Compiling mime_guess v2.0.4
[INFO] [stderr]    Compiling rand v0.8.5
[INFO] [stderr]    Compiling equivalent v1.0.1
[INFO] [stderr]    Compiling untrusted v0.7.1
[INFO] [stderr]    Compiling rustls v0.20.9
[INFO] [stderr]    Compiling hashbrown v0.14.3
[INFO] [stderr]    Compiling spin v0.5.2
[INFO] [stderr]    Compiling adler v1.0.2
[INFO] [stderr]    Compiling utf-8 v0.7.6
[INFO] [stderr]    Compiling miniz_oxide v0.7.1
[INFO] [stderr]    Compiling tungstenite v0.17.3
[INFO] [stderr]    Compiling tokio-util v0.7.10
[INFO] [stderr]    Compiling der-parser v8.2.0
[INFO] [stderr]    Compiling indexmap v2.1.0
[INFO] [stderr]    Compiling brotli-decompressor v2.5.1
[INFO] [stderr]    Compiling webpki v0.22.4
[INFO] [stderr]    Compiling sct v0.7.1
[INFO] [stderr]    Compiling kvarn_utils v0.5.0
[INFO] [stderr]    Compiling data-encoding v2.5.0
[INFO] [stderr]    Compiling base64 v0.21.5
[INFO] [stderr]    Compiling mime v0.3.17
[INFO] [stderr]    Compiling kvarn_async v0.5.0
[INFO] [stderr]    Compiling x509-parser v0.14.0
[INFO] [stderr]    Compiling rustls-pemfile v1.0.4
[INFO] [stderr]    Compiling h2 v0.3.22
[INFO] [stderr]    Compiling tokio-tungstenite v0.17.2
[INFO] [stderr]    Compiling brotli v3.4.0
[INFO] [stderr]    Compiling flate2 v1.0.28
[INFO] [stderr]    Compiling kvarn_signal v0.1.0
[INFO] [stderr]    Compiling kvarn v0.5.0 (/opt/rustwide/workdir)
[INFO] [stdout] warning: unused import: `kvarn_utils::prelude::*`
[INFO] [stdout]   --> src/prelude.rs:13:9
[INFO] [stdout]    |
[INFO] [stdout] 13 | pub use kvarn_utils::prelude::*;
[INFO] [stdout]    |         ^^^^^^^^^^^^^^^^^^^^^^^
[INFO] [stdout]    |
[INFO] [stdout]    = note: `#[warn(unused_imports)]` on by default
[INFO] [stdout] 
[INFO] [stdout] 
[INFO] [stdout] warning: unreachable `pub` item
[INFO] [stdout]   --> src/prelude.rs:13:9
[INFO] [stdout]    |
[INFO] [stdout] 13 | pub use kvarn_utils::prelude::*;
[INFO] [stdout]    | ---     ^^^^^^^^^^^^^^^^^^^^
[INFO] [stdout]    | |
[INFO] [stdout]    | help: consider restricting its visibility: `pub(crate)`
[INFO] [stdout]    |
[INFO] [stdout]    = help: or consider exporting it for use by other crates
[INFO] [stdout] note: the lint level is defined here
[INFO] [stdout]   --> src/lib.rs:31:5
[INFO] [stdout]    |
[INFO] [stdout] 31 |     unreachable_pub,
[INFO] [stdout]    |     ^^^^^^^^^^^^^^^
[INFO] [stdout] 
[INFO] [stdout] 
[INFO] [stdout] warning: calls to `std::mem::drop` with a value that implements `Copy` does nothing
[INFO] [stdout]    --> src/shutdown.rs:276:13
[INFO] [stdout]     |
[INFO] [stdout] 276 |             drop(channel.send(()));
[INFO] [stdout]     |             ^^^^^----------------^
[INFO] [stdout]     |                  |
[INFO] [stdout]     |                  argument has type `Result<(), tokio::sync::watch::error::SendError<()>>`
[INFO] [stdout]     |
[INFO] [stdout]     = note: use `let _ = ...` to ignore the expression or result
[INFO] [stdout]     = note: `#[warn(dropping_copy_types)]` on by default
[INFO] [stdout] 
[INFO] [stdout] 
[INFO] [stdout] warning: 3 warnings emitted
[INFO] [stdout] 
[INFO] [stdout] 
[INFO] [stderr]     Finished dev [unoptimized + debuginfo] target(s) in 33.23s
[INFO] running `Command { std: "docker" "inspect" "a41b828d488be248c22320caf010784c33fec6dece5fc5577ebd47921a6f5385", kill_on_drop: false }`
[INFO] running `Command { std: "docker" "rm" "-f" "a41b828d488be248c22320caf010784c33fec6dece5fc5577ebd47921a6f5385", kill_on_drop: false }`
[INFO] [stdout] a41b828d488be248c22320caf010784c33fec6dece5fc5577ebd47921a6f5385
[INFO] running `Command { std: "docker" "create" "-v" "/var/lib/crater-agent-workspace/builds/worker-6-tc2/target:/opt/rustwide/target:rw,Z" "-v" "/var/lib/crater-agent-workspace/builds/worker-6-tc2/source:/opt/rustwide/workdir:ro,Z" "-v" "/var/lib/crater-agent-workspace/cargo-home:/opt/rustwide/cargo-home:ro,Z" "-v" "/var/lib/crater-agent-workspace/rustup-home:/opt/rustwide/rustup-home:ro,Z" "-e" "SOURCE_DIR=/opt/rustwide/workdir" "-e" "CARGO_TARGET_DIR=/opt/rustwide/target" "-e" "CARGO_INCREMENTAL=0" "-e" "RUST_BACKTRACE=full" "-e" "RUSTFLAGS=--cap-lints=warn" "-e" "RUSTDOCFLAGS=--cap-lints=warn" "-e" "CARGO_HOME=/opt/rustwide/cargo-home" "-e" "RUSTUP_HOME=/opt/rustwide/rustup-home" "-w" "/opt/rustwide/workdir" "-m" "1610612736" "--user" "0:0" "--network" "none" "ghcr.io/rust-lang/crates-build-env/linux@sha256:2788e3201cd34a07e3172128adcd8b3090168a8e3bcc40d7c032b9dda1df7d1c" "/opt/rustwide/cargo-home/bin/cargo" "+beta-2023-12-22" "test" "--frozen" "--no-run" "--message-format=json", kill_on_drop: false }`
[INFO] [stdout] 580864c6740d6f486ce77653dc25d877a7a371a6b512a40565b4789e08e383e8
[INFO] running `Command { std: "docker" "start" "-a" "580864c6740d6f486ce77653dc25d877a7a371a6b512a40565b4789e08e383e8", kill_on_drop: false }`
[INFO] [stderr]    Compiling tokio-macros v2.2.0
[INFO] [stderr]    Compiling vcpkg v0.2.15
[INFO] [stderr]    Compiling pkg-config v0.3.28
[INFO] [stderr]    Compiling openssl v0.10.62
[INFO] [stderr]    Compiling foreign-types-shared v0.1.1
[INFO] [stderr]    Compiling openssl-macros v0.1.1
[INFO] [stderr]    Compiling native-tls v0.2.11
[INFO] [stderr]    Compiling bitflags v2.4.1
[INFO] [stderr]    Compiling foreign-types v0.3.2
[INFO] [stderr]    Compiling try-lock v0.2.5
[INFO] [stderr]    Compiling openssl-probe v0.1.5
[INFO] [stderr]    Compiling want v0.3.1
[INFO] [stderr]    Compiling futures-channel v0.3.30
[INFO] [stderr]    Compiling http-body v0.4.6
[INFO] [stderr]    Compiling httpdate v1.0.3
[INFO] [stderr]    Compiling tower-service v0.3.2
[INFO] [stderr]    Compiling serde_urlencoded v0.7.1
[INFO] [stderr]    Compiling pem v1.1.1
[INFO] [stderr]    Compiling yasna v0.5.2
[INFO] [stderr]    Compiling encoding_rs v0.8.33
[INFO] [stderr]    Compiling ipnet v2.9.0
[INFO] [stderr]    Compiling openssl-sys v0.9.98
[INFO] [stderr]    Compiling rcgen v0.9.3
[INFO] [stderr]    Compiling tokio v1.35.1
[INFO] [stderr]    Compiling tokio-util v0.7.10
[INFO] [stderr]    Compiling kvarn_signal v0.1.0
[INFO] [stderr]    Compiling kvarn_async v0.5.0
[INFO] [stderr]    Compiling tokio-tungstenite v0.17.2
[INFO] [stderr]    Compiling tokio-native-tls v0.3.1
[INFO] [stderr]    Compiling h2 v0.3.22
[INFO] [stderr]    Compiling hyper v0.14.28
[INFO] [stderr]    Compiling kvarn v0.5.0
[INFO] [stderr]    Compiling kvarn v0.5.0 (/opt/rustwide/workdir)
[INFO] [stdout] warning: unused import: `kvarn_utils::prelude::*`
[INFO] [stdout]   --> src/prelude.rs:13:9
[INFO] [stdout]    |
[INFO] [stdout] 13 | pub use kvarn_utils::prelude::*;
[INFO] [stdout]    |         ^^^^^^^^^^^^^^^^^^^^^^^
[INFO] [stdout]    |
[INFO] [stdout]    = note: `#[warn(unused_imports)]` on by default
[INFO] [stdout] 
[INFO] [stdout] 
[INFO] [stdout] warning: unreachable `pub` item
[INFO] [stdout]   --> src/prelude.rs:13:9
[INFO] [stdout]    |
[INFO] [stdout] 13 | pub use kvarn_utils::prelude::*;
[INFO] [stdout]    | ---     ^^^^^^^^^^^^^^^^^^^^
[INFO] [stdout]    | |
[INFO] [stdout]    | help: consider restricting its visibility: `pub(crate)`
[INFO] [stdout]    |
[INFO] [stdout]    = help: or consider exporting it for use by other crates
[INFO] [stdout] note: the lint level is defined here
[INFO] [stdout]   --> src/lib.rs:31:5
[INFO] [stdout]    |
[INFO] [stdout] 31 |     unreachable_pub,
[INFO] [stdout]    |     ^^^^^^^^^^^^^^^
[INFO] [stdout] 
[INFO] [stdout] 
[INFO] [stdout] warning: calls to `std::mem::drop` with a value that implements `Copy` does nothing
[INFO] [stdout]    --> src/shutdown.rs:276:13
[INFO] [stdout]     |
[INFO] [stdout] 276 |             drop(channel.send(()));
[INFO] [stdout]     |             ^^^^^----------------^
[INFO] [stdout]     |                  |
[INFO] [stdout]     |                  argument has type `Result<(), tokio::sync::watch::error::SendError<()>>`
[INFO] [stdout]     |
[INFO] [stdout]     = note: use `let _ = ...` to ignore the expression or result
[INFO] [stdout]     = note: `#[warn(dropping_copy_types)]` on by default
[INFO] [stdout] 
[INFO] [stdout] 
[INFO] [stderr]    Compiling hyper-tls v0.5.0
[INFO] [stderr]    Compiling reqwest v0.11.23
[INFO] [stderr]    Compiling kvarn_testing v0.5.0
[INFO] [stdout] warning: 3 warnings emitted
[INFO] [stdout] 
[INFO] [stdout] 
[INFO] [stdout] error[E0659]: `prepare` is ambiguous
[INFO] [stdout]   --> tests/byte-ranges.rs:11:13
[INFO] [stdout]    |
[INFO] [stdout] 11 |             prepare!(_, _, _, _, {
[INFO] [stdout]    |             ^^^^^^^ ambiguous name
[INFO] [stdout]    |
[INFO] [stdout]    = note: ambiguous because of multiple glob imports of a name in the same module
[INFO] [stdout] note: `prepare` could refer to the macro imported here
[INFO] [stdout]   --> tests/byte-ranges.rs:2:5
[INFO] [stdout]    |
[INFO] [stdout] 2  | use kvarn::prelude::*;
[INFO] [stdout]    |     ^^^^^^^^^^^^^^^^^
[INFO] [stdout]    = help: consider adding an explicit import of `prepare` to disambiguate
[INFO] [stdout] note: `prepare` could also refer to the macro imported here
[INFO] [stdout]   --> tests/byte-ranges.rs:3:5
[INFO] [stdout]    |
[INFO] [stdout] 3  | use kvarn_testing::prelude::*;
[INFO] [stdout]    |     ^^^^^^^^^^^^^^^^^^^^^^^^^
[INFO] [stdout]    = help: consider adding an explicit import of `prepare` to disambiguate
[INFO] [stdout] 
[INFO] [stdout] 
[INFO] [stdout] error[E0659]: `FatResponse` is ambiguous
[INFO] [stdout]   --> tests/byte-ranges.rs:13:17
[INFO] [stdout]    |
[INFO] [stdout] 13 |                 FatResponse::cache(Response::new(bytes))
[INFO] [stdout]    |                 ^^^^^^^^^^^ ambiguous name
[INFO] [stdout]    |
[INFO] [stdout]    = note: ambiguous because of multiple glob imports of a name in the same module
[INFO] [stdout] note: `FatResponse` could refer to the struct imported here
[INFO] [stdout]   --> tests/byte-ranges.rs:2:5
[INFO] [stdout]    |
[INFO] [stdout] 2  | use kvarn::prelude::*;
[INFO] [stdout]    |     ^^^^^^^^^^^^^^^^^
[INFO] [stdout]    = help: consider adding an explicit import of `FatResponse` to disambiguate
[INFO] [stdout] note: `FatResponse` could also refer to the struct imported here
[INFO] [stdout]   --> tests/byte-ranges.rs:3:5
[INFO] [stdout]    |
[INFO] [stdout] 3  | use kvarn_testing::prelude::*;
[INFO] [stdout]    |     ^^^^^^^^^^^^^^^^^^^^^^^^^
[INFO] [stdout]    = help: consider adding an explicit import of `FatResponse` to disambiguate
[INFO] [stdout] 
[INFO] [stdout] 
[INFO] [stdout] error[E0659]: `prepare` is ambiguous
[INFO] [stdout]   --> tests/nonce.rs:22:13
[INFO] [stdout]    |
[INFO] [stdout] 22 |             prepare!(_, _, _, _, {
[INFO] [stdout]    |             ^^^^^^^ ambiguous name
[INFO] [stdout]    |
[INFO] [stdout]    = note: ambiguous because of multiple glob imports of a name in the same module
[INFO] [stdout] note: `prepare` could refer to the macro imported here
[INFO] [stdout]   --> tests/nonce.rs:1:5
[INFO] [stdout]    |
[INFO] [stdout] 1  | use kvarn::prelude::*;
[INFO] [stdout]    |     ^^^^^^^^^^^^^^^^^
[INFO] [stdout]    = help: consider adding an explicit import of `prepare` to disambiguate
[INFO] [stdout] note: `prepare` could also refer to the macro imported here
[INFO] [stdout]   --> tests/nonce.rs:2:5
[INFO] [stdout]    |
[INFO] [stdout] 2  | use kvarn_testing::prelude::*;
[INFO] [stdout]    |     ^^^^^^^^^^^^^^^^^^^^^^^^^
[INFO] [stdout]    = help: consider adding an explicit import of `prepare` to disambiguate
[INFO] [stdout] 
[INFO] [stdout] 
[INFO] [stdout] error[E0659]: `FatResponse` is ambiguous
[INFO] [stdout]   --> tests/nonce.rs:24:17
[INFO] [stdout]    |
[INFO] [stdout] 24 |                 FatResponse::cache(Response::new(bytes))
[INFO] [stdout]    |                 ^^^^^^^^^^^ ambiguous name
[INFO] [stdout]    |
[INFO] [stdout]    = note: ambiguous because of multiple glob imports of a name in the same module
[INFO] [stdout] note: `FatResponse` could refer to the struct imported here
[INFO] [stdout]   --> tests/nonce.rs:1:5
[INFO] [stdout]    |
[INFO] [stdout] 1  | use kvarn::prelude::*;
[INFO] [stdout]    |     ^^^^^^^^^^^^^^^^^
[INFO] [stdout]    = help: consider adding an explicit import of `FatResponse` to disambiguate
[INFO] [stdout] note: `FatResponse` could also refer to the struct imported here
[INFO] [stdout]   --> tests/nonce.rs:2:5
[INFO] [stdout]    |
[INFO] [stdout] 2  | use kvarn_testing::prelude::*;
[INFO] [stdout]    |     ^^^^^^^^^^^^^^^^^^^^^^^^^
[INFO] [stdout]    = help: consider adding an explicit import of `FatResponse` to disambiguate
[INFO] [stdout] 
[INFO] [stdout] 
[INFO] [stdout] error[E0659]: `prepare` is ambiguous
[INFO] [stdout]   --> tests/shutdown.rs:10:17
[INFO] [stdout]    |
[INFO] [stdout] 10 |                 prepare!(_, _, _, _, {
[INFO] [stdout]    |                 ^^^^^^^ ambiguous name
[INFO] [stdout]    |
[INFO] [stdout]    = note: ambiguous because of multiple glob imports of a name in the same module
[INFO] [stdout] note: `prepare` could refer to the macro imported here
[INFO] [stdout]   --> tests/shutdown.rs:1:5
[INFO] [stdout]    |
[INFO] [stdout] 1  | use kvarn::prelude::*;
[INFO] [stdout]    |     ^^^^^^^^^^^^^^^^^
[INFO] [stdout]    = help: consider adding an explicit import of `prepare` to disambiguate
[INFO] [stdout] note: `prepare` could also refer to the macro imported here
[INFO] [stdout]   --> tests/shutdown.rs:2:5
[INFO] [stdout]    |
[INFO] [stdout] 2  | use kvarn_testing::prelude::*;
[INFO] [stdout]    |     ^^^^^^^^^^^^^^^^^^^^^^^^^
[INFO] [stdout]    = help: consider adding an explicit import of `prepare` to disambiguate
[INFO] [stdout] 
[INFO] [stdout] 
[INFO] [stdout] error[E0659]: `FatResponse` is ambiguous
[INFO] [stdout]   --> tests/shutdown.rs:12:21
[INFO] [stdout]    |
[INFO] [stdout] 12 |                     FatResponse::no_cache(Response::new(Bytes::from_static(b"Finally here!")))
[INFO] [stdout]    |                     ^^^^^^^^^^^ ambiguous name
[INFO] [stdout]    |
[INFO] [stdout]    = note: ambiguous because of multiple glob imports of a name in the same module
[INFO] [stdout] note: `FatResponse` could refer to the struct imported here
[INFO] [stdout]   --> tests/shutdown.rs:1:5
[INFO] [stdout]    |
[INFO] [stdout] 1  | use kvarn::prelude::*;
[INFO] [stdout]    |     ^^^^^^^^^^^^^^^^^
[INFO] [stdout]    = help: consider adding an explicit import of `FatResponse` to disambiguate
[INFO] [stdout] note: `FatResponse` could also refer to the struct imported here
[INFO] [stdout]   --> tests/shutdown.rs:2:5
[INFO] [stdout]    |
[INFO] [stdout] 2  | use kvarn_testing::prelude::*;
[INFO] [stdout]    |     ^^^^^^^^^^^^^^^^^^^^^^^^^
[INFO] [stdout]    = help: consider adding an explicit import of `FatResponse` to disambiguate
[INFO] [stdout] 
[INFO] [stdout] 
[INFO] [stdout] error[E0659]: `internals` is ambiguous
[INFO] [stdout]   --> tests/shutdown.rs:19:5
[INFO] [stdout]    |
[INFO] [stdout] 19 |     internals::timeout(Duration::from_millis(200), async move {
[INFO] [stdout]    |     ^^^^^^^^^ ambiguous name
[INFO] [stdout]    |
[INFO] [stdout]    = note: ambiguous because of multiple glob imports of a name in the same module
[INFO] [stdout] note: `internals` could refer to the module imported here
[INFO] [stdout]   --> tests/shutdown.rs:1:5
[INFO] [stdout]    |
[INFO] [stdout] 1  | use kvarn::prelude::*;
[INFO] [stdout]    |     ^^^^^^^^^^^^^^^^^
[INFO] [stdout]    = help: consider adding an explicit import of `internals` to disambiguate
[INFO] [stdout] note: `internals` could also refer to the module imported here
[INFO] [stdout]   --> tests/shutdown.rs:2:5
[INFO] [stdout]    |
[INFO] [stdout] 2  | use kvarn_testing::prelude::*;
[INFO] [stdout]    |     ^^^^^^^^^^^^^^^^^^^^^^^^^
[INFO] [stdout]    = help: consider adding an explicit import of `internals` to disambiguate
[INFO] [stdout] 
[INFO] [stdout] 
[INFO] [stdout] error[E0659]: `threading` is ambiguous
[INFO] [stdout]   --> tests/shutdown.rs:45:28
[INFO] [stdout]    |
[INFO] [stdout] 45 |     let running = Arc::new(threading::atomic::AtomicBool::new(true));
[INFO] [stdout]    |                            ^^^^^^^^^ ambiguous name
[INFO] [stdout]    |
[INFO] [stdout]    = note: ambiguous because of multiple glob imports of a name in the same module
[INFO] [stdout] note: `threading` could refer to the module imported here
[INFO] [stdout]   --> tests/shutdown.rs:1:5
[INFO] [stdout]    |
[INFO] [stdout] 1  | use kvarn::prelude::*;
[INFO] [stdout]    |     ^^^^^^^^^^^^^^^^^
[INFO] [stdout]    = help: consider adding an explicit import of `threading` to disambiguate
[INFO] [stdout] note: `threading` could also refer to the module imported here
[INFO] [stdout]   --> tests/shutdown.rs:2:5
[INFO] [stdout]    |
[INFO] [stdout] 2  | use kvarn_testing::prelude::*;
[INFO] [stdout]    |     ^^^^^^^^^^^^^^^^^^^^^^^^^
[INFO] [stdout]    = help: consider adding an explicit import of `threading` to disambiguate
[INFO] [stdout] 
[INFO] [stdout] 
[INFO] [stdout] error[E0659]: `threading` is ambiguous
[INFO] [stdout]   --> tests/shutdown.rs:61:35
[INFO] [stdout]    |
[INFO] [stdout] 61 |             if !running_send.load(threading::Ordering::Relaxed) {
[INFO] [stdout]    |                                   ^^^^^^^^^ ambiguous name
[INFO] [stdout]    |
[INFO] [stdout]    = note: ambiguous because of multiple glob imports of a name in the same module
[INFO] [stdout] note: `threading` could refer to the module imported here
[INFO] [stdout]   --> tests/shutdown.rs:1:5
[INFO] [stdout]    |
[INFO] [stdout] 1  | use kvarn::prelude::*;
[INFO] [stdout]    |     ^^^^^^^^^^^^^^^^^
[INFO] [stdout]    = help: consider adding an explicit import of `threading` to disambiguate
[INFO] [stdout] note: `threading` could also refer to the module imported here
[INFO] [stdout]   --> tests/shutdown.rs:2:5
[INFO] [stdout]    |
[INFO] [stdout] 2  | use kvarn_testing::prelude::*;
[INFO] [stdout]    |     ^^^^^^^^^^^^^^^^^^^^^^^^^
[INFO] [stdout]    = help: consider adding an explicit import of `threading` to disambiguate
[INFO] [stdout] 
[INFO] [stdout] 
[INFO] [stdout] error[E0659]: `threading` is ambiguous
[INFO] [stdout]   --> tests/shutdown.rs:78:26
[INFO] [stdout]    |
[INFO] [stdout] 78 |     running.store(false, threading::Ordering::Relaxed);
[INFO] [stdout]    |                          ^^^^^^^^^ ambiguous name
[INFO] [stdout]    |
[INFO] [stdout]    = note: ambiguous because of multiple glob imports of a name in the same module
[INFO] [stdout] note: `threading` could refer to the module imported here
[INFO] [stdout]   --> tests/shutdown.rs:1:5
[INFO] [stdout]    |
[INFO] [stdout] 1  | use kvarn::prelude::*;
[INFO] [stdout]    |     ^^^^^^^^^^^^^^^^^
[INFO] [stdout]    = help: consider adding an explicit import of `threading` to disambiguate
[INFO] [stdout] note: `threading` could also refer to the module imported here
[INFO] [stdout]   --> tests/shutdown.rs:2:5
[INFO] [stdout]    |
[INFO] [stdout] 2  | use kvarn_testing::prelude::*;
[INFO] [stdout]    |     ^^^^^^^^^^^^^^^^^^^^^^^^^
[INFO] [stdout]    = help: consider adding an explicit import of `threading` to disambiguate
[INFO] [stdout] 
[INFO] [stdout] 
[INFO] [stdout] error[E0659]: `Extensions` is ambiguous
[INFO] [stdout]   --> tests/cors.rs:32:24
[INFO] [stdout]    |
[INFO] [stdout] 32 | fn get_extensions() -> Extensions {
[INFO] [stdout]    |                        ^^^^^^^^^^ ambiguous name
[INFO] [stdout]    |
[INFO] [stdout]    = note: ambiguous because of multiple glob imports of a name in the same module
[INFO] [stdout] note: `Extensions` could refer to the struct imported here
[INFO] [stdout]   --> tests/cors.rs:1:5
[INFO] [stdout]    |
[INFO] [stdout] 1  | use kvarn::prelude::*;
[INFO] [stdout]    |     ^^^^^^^^^^^^^^^^^
[INFO] [stdout]    = help: consider adding an explicit import of `Extensions` to disambiguate
[INFO] [stdout] note: `Extensions` could also refer to the struct imported here
[INFO] [stdout]   --> tests/cors.rs:2:5
[INFO] [stdout]    |
[INFO] [stdout] 2  | use kvarn_testing::prelude::*;
[INFO] [stdout]    |     ^^^^^^^^^^^^^^^^^^^^^^^^^
[INFO] [stdout]    = help: consider adding an explicit import of `Extensions` to disambiguate
[INFO] [stdout] 
[INFO] [stdout] 
[INFO] [stdout] error[E0659]: `Extensions` is ambiguous
[INFO] [stdout]   --> tests/cors.rs:33:26
[INFO] [stdout]    |
[INFO] [stdout] 33 |     let mut extensions = Extensions::new();
[INFO] [stdout]    |                          ^^^^^^^^^^ ambiguous name
[INFO] [stdout]    |
[INFO] [stdout]    = note: ambiguous because of multiple glob imports of a name in the same module
[INFO] [stdout] note: `Extensions` could refer to the struct imported here
[INFO] [stdout]   --> tests/cors.rs:1:5
[INFO] [stdout]    |
[INFO] [stdout] 1  | use kvarn::prelude::*;
[INFO] [stdout]    |     ^^^^^^^^^^^^^^^^^
[INFO] [stdout]    = help: consider adding an explicit import of `Extensions` to disambiguate
[INFO] [stdout] note: `Extensions` could also refer to the struct imported here
[INFO] [stdout]   --> tests/cors.rs:2:5
[INFO] [stdout]    |
[INFO] [stdout] 2  | use kvarn_testing::prelude::*;
[INFO] [stdout]    |     ^^^^^^^^^^^^^^^^^^^^^^^^^
[INFO] [stdout]    = help: consider adding an explicit import of `Extensions` to disambiguate
[INFO] [stdout] 
[INFO] [stdout] 
[INFO] [stdout] error[E0659]: `Cors` is ambiguous
[INFO] [stdout]   --> tests/cors.rs:34:16
[INFO] [stdout]    |
[INFO] [stdout] 34 |     let cors = Cors::empty()
[INFO] [stdout]    |                ^^^^ ambiguous name
[INFO] [stdout]    |
[INFO] [stdout]    = note: ambiguous because of multiple glob imports of a name in the same module
[INFO] [stdout] note: `Cors` could refer to the type alias imported here
[INFO] [stdout]   --> tests/cors.rs:1:5
[INFO] [stdout]    |
[INFO] [stdout] 1  | use kvarn::prelude::*;
[INFO] [stdout]    |     ^^^^^^^^^^^^^^^^^
[INFO] [stdout]    = help: consider adding an explicit import of `Cors` to disambiguate
[INFO] [stdout] note: `Cors` could also refer to the type alias imported here
[INFO] [stdout]   --> tests/cors.rs:2:5
[INFO] [stdout]    |
[INFO] [stdout] 2  | use kvarn_testing::prelude::*;
[INFO] [stdout]    |     ^^^^^^^^^^^^^^^^^^^^^^^^^
[INFO] [stdout]    = help: consider adding an explicit import of `Cors` to disambiguate
[INFO] [stdout] 
[INFO] [stdout] 
[INFO] [stdout] error[E0659]: `CorsAllowList` is ambiguous
[INFO] [stdout]   --> tests/cors.rs:35:27
[INFO] [stdout]    |
[INFO] [stdout] 35 |         .add("/logo.svg", CorsAllowList::default().allow_all_origins())
[INFO] [stdout]    |                           ^^^^^^^^^^^^^ ambiguous name
[INFO] [stdout]    |
[INFO] [stdout]    = note: ambiguous because of multiple glob imports of a name in the same module
[INFO] [stdout] note: `CorsAllowList` could refer to the struct imported here
[INFO] [stdout]   --> tests/cors.rs:1:5
[INFO] [stdout]    |
[INFO] [stdout] 1  | use kvarn::prelude::*;
[INFO] [stdout]    |     ^^^^^^^^^^^^^^^^^
[INFO] [stdout]    = help: consider adding an explicit import of `CorsAllowList` to disambiguate
[INFO] [stdout] note: `CorsAllowList` could also refer to the struct imported here
[INFO] [stdout]   --> tests/cors.rs:2:5
[INFO] [stdout]    |
[INFO] [stdout] 2  | use kvarn_testing::prelude::*;
[INFO] [stdout]    |     ^^^^^^^^^^^^^^^^^^^^^^^^^
[INFO] [stdout]    = help: consider adding an explicit import of `CorsAllowList` to disambiguate
[INFO] [stdout] 
[INFO] [stdout] 
[INFO] [stdout] error[E0659]: `CorsAllowList` is ambiguous
[INFO] [stdout]   --> tests/cors.rs:38:13
[INFO] [stdout]    |
[INFO] [stdout] 38 |             CorsAllowList::default()
[INFO] [stdout]    |             ^^^^^^^^^^^^^ ambiguous name
[INFO] [stdout]    |
[INFO] [stdout]    = note: ambiguous because of multiple glob imports of a name in the same module
[INFO] [stdout] note: `CorsAllowList` could refer to the struct imported here
[INFO] [stdout]   --> tests/cors.rs:1:5
[INFO] [stdout]    |
[INFO] [stdout] 1  | use kvarn::prelude::*;
[INFO] [stdout]    |     ^^^^^^^^^^^^^^^^^
[INFO] [stdout]    = help: consider adding an explicit import of `CorsAllowList` to disambiguate
[INFO] [stdout] note: `CorsAllowList` could also refer to the struct imported here
[INFO] [stdout]   --> tests/cors.rs:2:5
[INFO] [stdout]    |
[INFO] [stdout] 2  | use kvarn_testing::prelude::*;
[INFO] [stdout]    |     ^^^^^^^^^^^^^^^^^^^^^^^^^
[INFO] [stdout]    = help: consider adding an explicit import of `CorsAllowList` to disambiguate
[INFO] [stdout] 
[INFO] [stdout] 
[INFO] [stdout] error[E0659]: `CorsAllowList` is ambiguous
[INFO] [stdout]   --> tests/cors.rs:47:13
[INFO] [stdout]    |
[INFO] [stdout] 47 |             CorsAllowList::new(Duration::from_secs(60 * 60 * 24 * 365))
[INFO] [stdout]    |             ^^^^^^^^^^^^^ ambiguous name
[INFO] [stdout]    |
[INFO] [stdout]    = note: ambiguous because of multiple glob imports of a name in the same module
[INFO] [stdout] note: `CorsAllowList` could refer to the struct imported here
[INFO] [stdout]   --> tests/cors.rs:1:5
[INFO] [stdout]    |
[INFO] [stdout] 1  | use kvarn::prelude::*;
[INFO] [stdout]    |     ^^^^^^^^^^^^^^^^^
[INFO] [stdout]    = help: consider adding an explicit import of `CorsAllowList` to disambiguate
[INFO] [stdout] note: `CorsAllowList` could also refer to the struct imported here
[INFO] [stdout]   --> tests/cors.rs:2:5
[INFO] [stdout]    |
[INFO] [stdout] 2  | use kvarn_testing::prelude::*;
[INFO] [stdout]    |     ^^^^^^^^^^^^^^^^^^^^^^^^^
[INFO] [stdout]    = help: consider adding an explicit import of `CorsAllowList` to disambiguate
[INFO] [stdout] 
[INFO] [stdout] 
[INFO] [stdout] warning: unused import: `kvarn_utils::prelude::*`
[INFO] [stdout]   --> src/prelude.rs:13:9
[INFO] [stdout]    |
[INFO] [stdout] 13 | pub use kvarn_utils::prelude::*;
[INFO] [stdout]    |         ^^^^^^^^^^^^^^^^^^^^^^^
[INFO] [stdout]    |
[INFO] [stdout]    = note: `#[warn(unused_imports)]` on by default
[INFO] [stdout] 
[INFO] [stdout] 
[INFO] [stdout] error[E0277]: the trait bound `kvarn_testing::ServerBuilder: From<kvarn::Extensions>` is not satisfied
[INFO] [stdout]    --> tests/cors.rs:166:18
[INFO] [stdout]     |
[INFO] [stdout] 166 |     let server = ServerBuilder::from(get_extensions()).run().await;
[INFO] [stdout]     |                  ^^^^^^^^^^^^^ the trait `From<kvarn::Extensions>` is not implemented for `kvarn_testing::ServerBuilder`
[INFO] [stdout]     |
[INFO] [stdout]     = help: the following other types implement trait `From<T>`:
[INFO] [stdout]               <kvarn_testing::ServerBuilder as From<kvarn_testing::prelude::Extensions>>
[INFO] [stdout]               <kvarn_testing::ServerBuilder as From<kvarn_testing::prelude::host::Options>>
[INFO] [stdout]               <kvarn_testing::ServerBuilder as From<(kvarn_testing::prelude::Extensions, kvarn_testing::prelude::host::Options)>>
[INFO] [stdout] 
[INFO] [stdout] 
[INFO] [stdout] error: aborting due to 7 previous errors
[INFO] [stdout] 
[INFO] [stdout] 
[INFO] [stdout] Some errors have detailed explanations: E0277, E0659.
[INFO] [stdout] 
[INFO] [stdout] For more information about an error, try `rustc --explain E0277`.
[INFO] [stdout] 
[INFO] [stderr] error: could not compile `kvarn` (test "cors") due to 8 previous errors
[INFO] [stderr] warning: build failed, waiting for other jobs to finish...
[INFO] [stdout] error[E0308]: mismatched types
[INFO] [stdout]    --> tests/nonce.rs:22:13
[INFO] [stdout]     |
[INFO] [stdout] 20  |           ext.add_prepare_single(
[INFO] [stdout]     |               ------------------ arguments to this method are incorrect
[INFO] [stdout] 21  |               "/index.html",
[INFO] [stdout] 22  | /             prepare!(_, _, _, _, {
[INFO] [stdout] 23  | |                 let bytes = Bytes::from_static(DATA.as_bytes());
[INFO] [stdout] 24  | |                 FatResponse::cache(Response::new(bytes))
[INFO] [stdout] 25  | |             }),
[INFO] [stdout]     | |______________^ expected trait `kvarn_testing::prelude::extensions::PrepareCall`, found trait `kvarn::extensions::PrepareCall`
[INFO] [stdout]     |
[INFO] [stdout]     = note: expected struct `Box<(dyn kvarn_testing::prelude::extensions::PrepareCall + 'static)>`
[INFO] [stdout]                found struct `Box<(dyn kvarn::extensions::PrepareCall + 'static)>`
[INFO] [stdout]     = note: perhaps two different versions of crate `kvarn` are being used?
[INFO] [stdout] note: method defined here
[INFO] [stdout]    --> /opt/rustwide/cargo-home/registry/src/index.crates.io-6f17d22bba15001f/kvarn-0.5.0/src/extensions.rs:646:12
[INFO] [stdout]     |
[INFO] [stdout] 646 |     pub fn add_prepare_single(&mut self, path: impl AsRef<str>, extension: Prepare) {
[INFO] [stdout]     |            ^^^^^^^^^^^^^^^^^^
[INFO] [stdout] 
[INFO] [stdout] 
[INFO] [stdout] error[E0308]: mismatched types
[INFO] [stdout]    --> tests/byte-ranges.rs:11:13
[INFO] [stdout]     |
[INFO] [stdout] 9   |           ext.add_prepare_single(
[INFO] [stdout]     |               ------------------ arguments to this method are incorrect
[INFO] [stdout] 10  |               "/index.html",
[INFO] [stdout] 11  | /             prepare!(_, _, _, _, {
[INFO] [stdout] 12  | |                 let bytes = Bytes::from_static(DATA.as_bytes());
[INFO] [stdout] 13  | |                 FatResponse::cache(Response::new(bytes))
[INFO] [stdout] 14  | |             }),
[INFO] [stdout]     | |______________^ expected trait `kvarn_testing::prelude::extensions::PrepareCall`, found trait `kvarn::extensions::PrepareCall`
[INFO] [stdout]     |
[INFO] [stdout]     = note: expected struct `Box<(dyn kvarn_testing::prelude::extensions::PrepareCall + 'static)>`
[INFO] [stdout]                found struct `Box<(dyn kvarn::extensions::PrepareCall + 'static)>`
[INFO] [stdout]     = note: perhaps two different versions of crate `kvarn` are being used?
[INFO] [stdout] note: method defined here
[INFO] [stdout]    --> /opt/rustwide/cargo-home/registry/src/index.crates.io-6f17d22bba15001f/kvarn-0.5.0/src/extensions.rs:646:12
[INFO] [stdout]     |
[INFO] [stdout] 646 |     pub fn add_prepare_single(&mut self, path: impl AsRef<str>, extension: Prepare) {
[INFO] [stdout]     |            ^^^^^^^^^^^^^^^^^^
[INFO] [stdout] 
[INFO] [stdout] 
[INFO] [stdout] error[E0308]: mismatched types
[INFO] [stdout]    --> tests/shutdown.rs:10:17
[INFO] [stdout]     |
[INFO] [stdout] 8   |               ext.add_prepare_single(
[INFO] [stdout]     |                   ------------------ arguments to this method are incorrect
[INFO] [stdout] 9   |                   "/slow-response",
[INFO] [stdout] 10  | /                 prepare!(_, _, _, _, {
[INFO] [stdout] 11  | |                     tokio::time::sleep(Duration::from_millis(100)).await;
[INFO] [stdout] 12  | |                     FatResponse::no_cache(Response::new(Bytes::from_static(b"Finally here!")))
[INFO] [stdout] 13  | |                 }),
[INFO] [stdout]     | |__________________^ expected trait `kvarn_testing::prelude::extensions::PrepareCall`, found trait `kvarn::extensions::PrepareCall`
[INFO] [stdout]     |
[INFO] [stdout]     = note: expected struct `Box<(dyn kvarn_testing::prelude::extensions::PrepareCall + 'static)>`
[INFO] [stdout]                found struct `Box<(dyn kvarn::extensions::PrepareCall + 'static)>`
[INFO] [stdout]     = note: perhaps two different versions of crate `kvarn` are being used?
[INFO] [stdout] note: method defined here
[INFO] [stdout]    --> /opt/rustwide/cargo-home/registry/src/index.crates.io-6f17d22bba15001f/kvarn-0.5.0/src/extensions.rs:646:12
[INFO] [stdout]     |
[INFO] [stdout] 646 |     pub fn add_prepare_single(&mut self, path: impl AsRef<str>, extension: Prepare) {
[INFO] [stdout]     |            ^^^^^^^^^^^^^^^^^^
[INFO] [stdout] 
[INFO] [stdout] 
[INFO] [stdout] error[E0308]: arguments to this function are incorrect
[INFO] [stdout]    --> tests/extensions.rs:8:18
[INFO] [stdout]     |
[INFO] [stdout] 8   |     let server = ServerBuilder::new(extensions, host::Options::default())
[INFO] [stdout]     |                  ^^^^^^^^^^^^^^^^^^ ----------  ------------------------ expected `Options`, found `kvarn::host::Options`
[INFO] [stdout]     |                                     |
[INFO] [stdout]     |                                     expected `kvarn_testing::prelude::Extensions`, found `kvarn::Extensions`
[INFO] [stdout]     |
[INFO] [stdout]     = note: `kvarn::Extensions` and `kvarn_testing::prelude::Extensions` have similar names, but are actually distinct types
[INFO] [stdout] note: `kvarn::Extensions` is defined in crate `kvarn`
[INFO] [stdout]    --> /opt/rustwide/workdir/src/extensions.rs:363:1
[INFO] [stdout]     |
[INFO] [stdout] 363 | pub struct Extensions {
[INFO] [stdout]     | ^^^^^^^^^^^^^^^^^^^^^
[INFO] [stdout] note: `kvarn_testing::prelude::Extensions` is defined in crate `kvarn`
[INFO] [stdout]    --> /opt/rustwide/cargo-home/registry/src/index.crates.io-6f17d22bba15001f/kvarn-0.5.0/src/extensions.rs:363:1
[INFO] [stdout]     |
[INFO] [stdout] 363 | pub struct Extensions {
[INFO] [stdout]     | ^^^^^^^^^^^^^^^^^^^^^
[INFO] [stdout]     = note: perhaps two different versions of crate `kvarn` are being used?
[INFO] [stdout]     = note: `kvarn::host::Options` and `Options` have similar names, but are actually distinct types
[INFO] [stdout] note: `kvarn::host::Options` is defined in crate `kvarn`
[INFO] [stdout]    --> /opt/rustwide/workdir/src/host.rs:441:1
[INFO] [stdout]     |
[INFO] [stdout] 441 | pub struct Options {
[INFO] [stdout]     | ^^^^^^^^^^^^^^^^^^
[INFO] [stdout] note: `Options` is defined in crate `kvarn`
[INFO] [stdout]    --> /opt/rustwide/cargo-home/registry/src/index.crates.io-6f17d22bba15001f/kvarn-0.5.0/src/host.rs:441:1
[INFO] [stdout]     |
[INFO] [stdout] 441 | pub struct Options {
[INFO] [stdout]     | ^^^^^^^^^^^^^^^^^^
[INFO] [stdout]     = note: perhaps two different versions of crate `kvarn` are being used?
[INFO] [stdout] note: associated function defined here
[INFO] [stdout]    --> /opt/rustwide/cargo-home/registry/src/index.crates.io-6f17d22bba15001f/kvarn_testing-0.5.0/src/lib.rs:119:12
[INFO] [stdout]     |
[INFO] [stdout] 119 |     pub fn new(extensions: Extensions, options: host::Options) -> Self {
[INFO] [stdout]     |            ^^^
[INFO] [stdout] 
[INFO] [stdout] 
[INFO] [stdout] error: aborting due to 3 previous errors
[INFO] [stdout] 
[INFO] [stdout] 
[INFO] [stdout] Some errors have detailed explanations: E0308, E0659.
[INFO] [stdout] 
[INFO] [stdout] For more information about an error, try `rustc --explain E0308`.
[INFO] [stdout] 
[INFO] [stdout] error: aborting due to 3 previous errors
[INFO] [stdout] 
[INFO] [stdout] 
[INFO] [stdout] Some errors have detailed explanations: E0308, E0659.
[INFO] [stdout] 
[INFO] [stdout] For more information about an error, try `rustc --explain E0308`.
[INFO] [stdout] 
[INFO] [stderr] error: could not compile `kvarn` (test "nonce") due to 4 previous errors
[INFO] [stderr] error: could not compile `kvarn` (test "byte-ranges") due to 4 previous errors
[INFO] [stdout] error[E0308]: arguments to this function are incorrect
[INFO] [stdout]    --> tests/extensions.rs:58:18
[INFO] [stdout]     |
[INFO] [stdout] 58  |     let server = ServerBuilder::new(extensions, host::Options::default())
[INFO] [stdout]     |                  ^^^^^^^^^^^^^^^^^^ ----------  ------------------------ expected `Options`, found `kvarn::host::Options`
[INFO] [stdout]     |                                     |
[INFO] [stdout]     |                                     expected `kvarn_testing::prelude::Extensions`, found `kvarn::Extensions`
[INFO] [stdout]     |
[INFO] [stdout]     = note: `kvarn::Extensions` and `kvarn_testing::prelude::Extensions` have similar names, but are actually distinct types
[INFO] [stdout] note: `kvarn::Extensions` is defined in crate `kvarn`
[INFO] [stdout]    --> /opt/rustwide/workdir/src/extensions.rs:363:1
[INFO] [stdout]     |
[INFO] [stdout] 363 | pub struct Extensions {
[INFO] [stdout]     | ^^^^^^^^^^^^^^^^^^^^^
[INFO] [stdout] note: `kvarn_testing::prelude::Extensions` is defined in crate `kvarn`
[INFO] [stdout]    --> /opt/rustwide/cargo-home/registry/src/index.crates.io-6f17d22bba15001f/kvarn-0.5.0/src/extensions.rs:363:1
[INFO] [stdout]     |
[INFO] [stdout] 363 | pub struct Extensions {
[INFO] [stdout]     | ^^^^^^^^^^^^^^^^^^^^^
[INFO] [stdout]     = note: perhaps two different versions of crate `kvarn` are being used?
[INFO] [stdout]     = note: `kvarn::host::Options` and `Options` have similar names, but are actually distinct types
[INFO] [stdout] note: `kvarn::host::Options` is defined in crate `kvarn`
[INFO] [stdout]    --> /opt/rustwide/workdir/src/host.rs:441:1
[INFO] [stdout]     |
[INFO] [stdout] 441 | pub struct Options {
[INFO] [stdout]     | ^^^^^^^^^^^^^^^^^^
[INFO] [stdout] note: `Options` is defined in crate `kvarn`
[INFO] [stdout]    --> /opt/rustwide/cargo-home/registry/src/index.crates.io-6f17d22bba15001f/kvarn-0.5.0/src/host.rs:441:1
[INFO] [stdout]     |
[INFO] [stdout] 441 | pub struct Options {
[INFO] [stdout]     | ^^^^^^^^^^^^^^^^^^
[INFO] [stdout]     = note: perhaps two different versions of crate `kvarn` are being used?
[INFO] [stdout] note: associated function defined here
[INFO] [stdout]    --> /opt/rustwide/cargo-home/registry/src/index.crates.io-6f17d22bba15001f/kvarn_testing-0.5.0/src/lib.rs:119:12
[INFO] [stdout]     |
[INFO] [stdout] 119 |     pub fn new(extensions: Extensions, options: host::Options) -> Self {
[INFO] [stdout]     |            ^^^
[INFO] [stdout] 
[INFO] [stdout] 
[INFO] [stdout] error: aborting due to 7 previous errors
[INFO] [stdout] 
[INFO] [stdout] 
[INFO] [stdout] Some errors have detailed explanations: E0308, E0659.
[INFO] [stdout] 
[INFO] [stdout] For more information about an error, try `rustc --explain E0308`.
[INFO] [stdout] 
[INFO] [stderr] error: could not compile `kvarn` (test "shutdown") due to 8 previous errors
[INFO] [stdout] error[E0308]: mismatched types
[INFO] [stdout]    --> tests/extensions.rs:82:17
[INFO] [stdout]     |
[INFO] [stdout] 80  |               extensions.add_prepare_single(
[INFO] [stdout]     |                          ------------------ arguments to this method are incorrect
[INFO] [stdout] 81  |                   "/api-1",
[INFO] [stdout] 82  | /                 prepare!(req, _, path, _, {
[INFO] [stdout] 83  | |                     let body = req.body_mut().read_to_bytes().await.unwrap();
[INFO] [stdout] 84  | |                     let body = str::from_utf8(&body).unwrap();
[INFO] [stdout] 85  | |
[INFO] [stdout] ...   |
[INFO] [stdout] 89  | |                     FatResponse::no_cache(Response::new(Bytes::from_static(b"OK")))
[INFO] [stdout] 90  | |                 }),
[INFO] [stdout]     | |__________________^ expected trait `kvarn_testing::prelude::extensions::PrepareCall`, found trait `kvarn::extensions::PrepareCall`
[INFO] [stdout]     |
[INFO] [stdout]     = note: expected struct `Box<(dyn kvarn_testing::prelude::extensions::PrepareCall + 'static)>`
[INFO] [stdout]                found struct `Box<(dyn kvarn::extensions::PrepareCall + 'static)>`
[INFO] [stdout]     = note: perhaps two different versions of crate `kvarn` are being used?
[INFO] [stdout] note: method defined here
[INFO] [stdout]    --> /opt/rustwide/cargo-home/registry/src/index.crates.io-6f17d22bba15001f/kvarn-0.5.0/src/extensions.rs:646:12
[INFO] [stdout]     |
[INFO] [stdout] 646 |     pub fn add_prepare_single(&mut self, path: impl AsRef<str>, extension: Prepare) {
[INFO] [stdout]     |            ^^^^^^^^^^^^^^^^^^
[INFO] [stdout] 
[INFO] [stdout] 
[INFO] [stdout] error[E0308]: mismatched types
[INFO] [stdout]    --> tests/extensions.rs:94:17
[INFO] [stdout]     |
[INFO] [stdout] 92  |               extensions.add_prepare_single(
[INFO] [stdout]     |                          ------------------ arguments to this method are incorrect
[INFO] [stdout] 93  |                   "/api-2",
[INFO] [stdout] 94  | /                 prepare!(req, _, _, _, move |length: usize| {
[INFO] [stdout] 95  | |                     let body = req.body_mut().read_to_bytes().await.unwrap();
[INFO] [stdout] 96  | |
[INFO] [stdout] 97  | |                     println!("Body len: {}", body.len());
[INFO] [stdout] ...   |
[INFO] [stdout] 102 | |                     FatResponse::no_cache(Response::new(Bytes::from_static(b"OK")))
[INFO] [stdout] 103 | |                 }),
[INFO] [stdout]     | |__________________^ expected trait `kvarn_testing::prelude::extensions::PrepareCall`, found trait `kvarn::extensions::PrepareCall`
[INFO] [stdout]     |
[INFO] [stdout]     = note: expected struct `Box<(dyn kvarn_testing::prelude::extensions::PrepareCall + 'static)>`
[INFO] [stdout]                found struct `Box<(dyn kvarn::extensions::PrepareCall + 'static)>`
[INFO] [stdout]     = note: perhaps two different versions of crate `kvarn` are being used?
[INFO] [stdout] note: method defined here
[INFO] [stdout]    --> /opt/rustwide/cargo-home/registry/src/index.crates.io-6f17d22bba15001f/kvarn-0.5.0/src/extensions.rs:646:12
[INFO] [stdout]     |
[INFO] [stdout] 646 |     pub fn add_prepare_single(&mut self, path: impl AsRef<str>, extension: Prepare) {
[INFO] [stdout]     |            ^^^^^^^^^^^^^^^^^^
[INFO] [stdout] 
[INFO] [stdout] 
[INFO] [stdout] error[E0308]: mismatched types
[INFO] [stdout]    --> tests/extensions.rs:107:17
[INFO] [stdout]     |
[INFO] [stdout] 105 |               extensions.add_prepare_single(
[INFO] [stdout]     |                          ------------------ arguments to this method are incorrect
[INFO] [stdout] 106 |                   "/api-3",
[INFO] [stdout] 107 | /                 prepare!(req, _host, _path, _addr, {
[INFO] [stdout] 108 | |                     let body = req.body_mut().read_to_bytes().await.unwrap();
[INFO] [stdout] 109 | |                     let body = str::from_utf8(&body).unwrap();
[INFO] [stdout] 110 | |
[INFO] [stdout] ...   |
[INFO] [stdout] 113 | |                     FatResponse::no_cache(Response::new(Bytes::from_static(b"OK")))
[INFO] [stdout] 114 | |                 }),
[INFO] [stdout]     | |__________________^ expected trait `kvarn_testing::prelude::extensions::PrepareCall`, found trait `kvarn::extensions::PrepareCall`
[INFO] [stdout]     |
[INFO] [stdout]     = note: expected struct `Box<(dyn kvarn_testing::prelude::extensions::PrepareCall + 'static)>`
[INFO] [stdout]                found struct `Box<(dyn kvarn::extensions::PrepareCall + 'static)>`
[INFO] [stdout]     = note: perhaps two different versions of crate `kvarn` are being used?
[INFO] [stdout] note: method defined here
[INFO] [stdout]    --> /opt/rustwide/cargo-home/registry/src/index.crates.io-6f17d22bba15001f/kvarn-0.5.0/src/extensions.rs:646:12
[INFO] [stdout]     |
[INFO] [stdout] 646 |     pub fn add_prepare_single(&mut self, path: impl AsRef<str>, extension: Prepare) {
[INFO] [stdout]     |            ^^^^^^^^^^^^^^^^^^
[INFO] [stdout] 
[INFO] [stdout] 
[INFO] [stdout] error: aborting due to 5 previous errors
[INFO] [stdout] 
[INFO] [stdout] 
[INFO] [stdout] For more information about this error, try `rustc --explain E0308`.
[INFO] [stdout] 
[INFO] [stderr] error: could not compile `kvarn` (test "extensions") due to 6 previous errors
[INFO] [stdout] warning: unreachable `pub` item
[INFO] [stdout]   --> src/prelude.rs:13:9
[INFO] [stdout]    |
[INFO] [stdout] 13 | pub use kvarn_utils::prelude::*;
[INFO] [stdout]    | ---     ^^^^^^^^^^^^^^^^^^^^
[INFO] [stdout]    | |
[INFO] [stdout]    | help: consider restricting its visibility: `pub(crate)`
[INFO] [stdout]    |
[INFO] [stdout]    = help: or consider exporting it for use by other crates
[INFO] [stdout] note: the lint level is defined here
[INFO] [stdout]   --> src/lib.rs:31:5
[INFO] [stdout]    |
[INFO] [stdout] 31 |     unreachable_pub,
[INFO] [stdout]    |     ^^^^^^^^^^^^^^^
[INFO] [stdout] 
[INFO] [stdout] 
[INFO] [stdout] warning: calls to `std::mem::drop` with a value that implements `Copy` does nothing
[INFO] [stdout]    --> src/shutdown.rs:276:13
[INFO] [stdout]     |
[INFO] [stdout] 276 |             drop(channel.send(()));
[INFO] [stdout]     |             ^^^^^----------------^
[INFO] [stdout]     |                  |
[INFO] [stdout]     |                  argument has type `Result<(), tokio::sync::watch::error::SendError<()>>`
[INFO] [stdout]     |
[INFO] [stdout]     = note: use `let _ = ...` to ignore the expression or result
[INFO] [stdout]     = note: `#[warn(dropping_copy_types)]` on by default
[INFO] [stdout] 
[INFO] [stdout] 
[INFO] [stdout] warning: 3 warnings emitted
[INFO] [stdout] 
[INFO] [stdout] 
[INFO] running `Command { std: "docker" "inspect" "580864c6740d6f486ce77653dc25d877a7a371a6b512a40565b4789e08e383e8", kill_on_drop: false }`
[INFO] running `Command { std: "docker" "rm" "-f" "580864c6740d6f486ce77653dc25d877a7a371a6b512a40565b4789e08e383e8", kill_on_drop: false }`
[INFO] [stdout] 580864c6740d6f486ce77653dc25d877a7a371a6b512a40565b4789e08e383e8
