[INFO] fetching crate kuzu 0.1.1-pre.11...
[INFO] testing kuzu-0.1.1-pre.11 against 1.75.0 for beta-1.76-1
[INFO] extracting crate kuzu 0.1.1-pre.11 into /workspace/builds/worker-5-tc1/source
[INFO] validating manifest of crates.io crate kuzu 0.1.1-pre.11 on toolchain 1.75.0
[INFO] running `Command { std: CARGO_HOME="/workspace/cargo-home" RUSTUP_HOME="/workspace/rustup-home" "/workspace/cargo-home/bin/cargo" "+1.75.0" "metadata" "--manifest-path" "Cargo.toml" "--no-deps", kill_on_drop: false }`
[INFO] started tweaking crates.io crate kuzu 0.1.1-pre.11
[INFO] finished tweaking crates.io crate kuzu 0.1.1-pre.11
[INFO] tweaked toml for crates.io crate kuzu 0.1.1-pre.11 written to /workspace/builds/worker-5-tc1/source/Cargo.toml
[INFO] running `Command { std: CARGO_HOME="/workspace/cargo-home" RUSTUP_HOME="/workspace/rustup-home" "/workspace/cargo-home/bin/cargo" "+1.75.0" "generate-lockfile" "--manifest-path" "Cargo.toml", kill_on_drop: false }`
[INFO] [stderr]     Updating crates.io index
[INFO] running `Command { std: CARGO_HOME="/workspace/cargo-home" RUSTUP_HOME="/workspace/rustup-home" "/workspace/cargo-home/bin/cargo" "+1.75.0" "fetch" "--manifest-path" "Cargo.toml", kill_on_drop: false }`
[INFO] [stderr]  Downloading crates ...
[INFO] [stderr]   Downloaded arrow-schema v43.0.0
[INFO] [stderr]   Downloaded arrow-string v43.0.0
[INFO] [stderr]   Downloaded arrow-select v43.0.0
[INFO] [stderr]   Downloaded arrow-ord v43.0.0
[INFO] [stderr]   Downloaded arrow-data v43.0.0
[INFO] [stderr]   Downloaded arrow-arith v43.0.0
[INFO] [stderr]   Downloaded arrow-buffer v43.0.0
[INFO] [stderr]   Downloaded arrow-array v43.0.0
[INFO] [stderr]   Downloaded arrow-cast v43.0.0
[INFO] [stderr]   Downloaded arrow v43.0.0
[INFO] [stderr]   Downloaded arrow-row v43.0.0
[INFO] running `Command { std: "docker" "create" "-v" "/var/lib/crater-agent-workspace/builds/worker-5-tc1/target:/opt/rustwide/target:rw,Z" "-v" "/var/lib/crater-agent-workspace/builds/worker-5-tc1/source:/opt/rustwide/workdir:ro,Z" "-v" "/var/lib/crater-agent-workspace/cargo-home:/opt/rustwide/cargo-home:ro,Z" "-v" "/var/lib/crater-agent-workspace/rustup-home:/opt/rustwide/rustup-home:ro,Z" "-e" "SOURCE_DIR=/opt/rustwide/workdir" "-e" "CARGO_TARGET_DIR=/opt/rustwide/target" "-e" "CARGO_HOME=/opt/rustwide/cargo-home" "-e" "RUSTUP_HOME=/opt/rustwide/rustup-home" "-w" "/opt/rustwide/workdir" "-m" "1610612736" "--user" "0:0" "--network" "none" "ghcr.io/rust-lang/crates-build-env/linux@sha256:2788e3201cd34a07e3172128adcd8b3090168a8e3bcc40d7c032b9dda1df7d1c" "/opt/rustwide/cargo-home/bin/cargo" "+1.75.0" "metadata" "--no-deps" "--format-version=1", kill_on_drop: false }`
[INFO] [stdout] 8897641df21a9387ae1d9aea85c845e2a9ea2450aaa8e7fe250eecc3e9ee6477
[INFO] running `Command { std: "docker" "start" "-a" "8897641df21a9387ae1d9aea85c845e2a9ea2450aaa8e7fe250eecc3e9ee6477", kill_on_drop: false }`
[INFO] running `Command { std: "docker" "inspect" "8897641df21a9387ae1d9aea85c845e2a9ea2450aaa8e7fe250eecc3e9ee6477", kill_on_drop: false }`
[INFO] running `Command { std: "docker" "rm" "-f" "8897641df21a9387ae1d9aea85c845e2a9ea2450aaa8e7fe250eecc3e9ee6477", kill_on_drop: false }`
[INFO] [stdout] 8897641df21a9387ae1d9aea85c845e2a9ea2450aaa8e7fe250eecc3e9ee6477
[INFO] running `Command { std: "docker" "create" "-v" "/var/lib/crater-agent-workspace/builds/worker-5-tc1/target:/opt/rustwide/target:rw,Z" "-v" "/var/lib/crater-agent-workspace/builds/worker-5-tc1/source:/opt/rustwide/workdir:ro,Z" "-v" "/var/lib/crater-agent-workspace/cargo-home:/opt/rustwide/cargo-home:ro,Z" "-v" "/var/lib/crater-agent-workspace/rustup-home:/opt/rustwide/rustup-home:ro,Z" "-e" "SOURCE_DIR=/opt/rustwide/workdir" "-e" "CARGO_TARGET_DIR=/opt/rustwide/target" "-e" "CARGO_INCREMENTAL=0" "-e" "RUST_BACKTRACE=full" "-e" "RUSTFLAGS=--cap-lints=warn" "-e" "RUSTDOCFLAGS=--cap-lints=warn" "-e" "CARGO_HOME=/opt/rustwide/cargo-home" "-e" "RUSTUP_HOME=/opt/rustwide/rustup-home" "-w" "/opt/rustwide/workdir" "-m" "1610612736" "--user" "0:0" "--network" "none" "ghcr.io/rust-lang/crates-build-env/linux@sha256:2788e3201cd34a07e3172128adcd8b3090168a8e3bcc40d7c032b9dda1df7d1c" "/opt/rustwide/cargo-home/bin/cargo" "+1.75.0" "build" "--frozen" "--message-format=json", kill_on_drop: false }`
[INFO] [stdout] d44f89f533bdc435c85112be3fb53daab69a40ecf98ec8f7751e3203f6a88922
[INFO] running `Command { std: "docker" "start" "-a" "d44f89f533bdc435c85112be3fb53daab69a40ecf98ec8f7751e3203f6a88922", kill_on_drop: false }`
[INFO] [stderr]    Compiling libc v0.2.151
[INFO] [stderr]    Compiling proc-macro2 v1.0.75
[INFO] [stderr]    Compiling scratch v1.0.7
[INFO] [stderr]    Compiling termcolor v1.4.0
[INFO] [stderr]    Compiling cxxbridge-flags v1.0.114
[INFO] [stderr]    Compiling unicode-width v0.1.11
[INFO] [stderr]    Compiling once_cell v1.19.0
[INFO] [stderr]    Compiling syn v1.0.109
[INFO] [stderr]    Compiling time-core v0.1.2
[INFO] [stderr]    Compiling powerfmt v0.2.0
[INFO] [stderr]    Compiling num-traits v0.2.17
[INFO] [stderr]    Compiling time-macros v0.2.16
[INFO] [stderr]    Compiling deranged v0.3.11
[INFO] [stderr]    Compiling codespan-reporting v0.11.1
[INFO] [stderr]    Compiling quote v1.0.35
[INFO] [stderr]    Compiling syn v2.0.48
[INFO] [stderr]    Compiling time v0.3.31
[INFO] [stderr]    Compiling cc v1.0.83
[INFO] [stderr]    Compiling num_cpus v1.16.0
[INFO] [stderr]    Compiling cmake v0.1.50
[INFO] [stderr]    Compiling link-cplusplus v1.0.9
[INFO] [stderr]    Compiling cxx v1.0.114
[INFO] [stderr]    Compiling num-derive v0.3.3
[INFO] [stderr]    Compiling cxx-build v1.0.114
[INFO] [stderr]    Compiling cxxbridge-macro v1.0.114
[INFO] [stderr]    Compiling kuzu v0.1.1-pre.11 (/opt/rustwide/workdir)
[INFO] [stderr] error: failed to run custom build command for `kuzu v0.1.1-pre.11 (/opt/rustwide/workdir)`
[INFO] [stderr] note: To improve backtraces for build dependencies, set the CARGO_PROFILE_DEV_BUILD_OVERRIDE_DEBUG=true environment variable to enable debug information generation.
[INFO] [stderr] 
[INFO] [stderr] Caused by:
[INFO] [stderr]   process didn't exit successfully: `/opt/rustwide/target/debug/build/kuzu-cd9f2eaecbd6e159/build-script-build` (exit status: 101)
[INFO] [stderr]   --- stdout
[INFO] [stderr]   CMAKE_TOOLCHAIN_FILE_x86_64-unknown-linux-gnu = None
[INFO] [stderr]   CMAKE_TOOLCHAIN_FILE_x86_64_unknown_linux_gnu = None
[INFO] [stderr]   HOST_CMAKE_TOOLCHAIN_FILE = None
[INFO] [stderr]   CMAKE_TOOLCHAIN_FILE = None
[INFO] [stderr]   CMAKE_GENERATOR_x86_64-unknown-linux-gnu = None
[INFO] [stderr]   CMAKE_GENERATOR_x86_64_unknown_linux_gnu = None
[INFO] [stderr]   HOST_CMAKE_GENERATOR = None
[INFO] [stderr]   CMAKE_GENERATOR = None
[INFO] [stderr]   CMAKE_PREFIX_PATH_x86_64-unknown-linux-gnu = None
[INFO] [stderr]   CMAKE_PREFIX_PATH_x86_64_unknown_linux_gnu = None
[INFO] [stderr]   HOST_CMAKE_PREFIX_PATH = None
[INFO] [stderr]   CMAKE_PREFIX_PATH = None
[INFO] [stderr]   CMAKE_x86_64-unknown-linux-gnu = None
[INFO] [stderr]   CMAKE_x86_64_unknown_linux_gnu = None
[INFO] [stderr]   HOST_CMAKE = None
[INFO] [stderr]   CMAKE = None
[INFO] [stderr]   running: cd "/opt/rustwide/target/debug/build/kuzu-4bb35b606a4beee1/out/build" && CMAKE_PREFIX_PATH="" "cmake" "/opt/rustwide/workdir/kuzu-src" "-DBUILD_SHELL=OFF" "-DCMAKE_INSTALL_PREFIX=/opt/rustwide/target/debug/build/kuzu-4bb35b606a4beee1/out" "-DCMAKE_C_FLAGS= -ffunction-sections -fdata-sections -fPIC -m64" "-DCMAKE_C_COMPILER=/usr/bin/cc" "-DCMAKE_CXX_FLAGS= -ffunction-sections -fdata-sections -fPIC -m64" "-DCMAKE_CXX_COMPILER=/usr/bin/c++" "-DCMAKE_ASM_FLAGS= -ffunction-sections -fdata-sections -fPIC -m64" "-DCMAKE_ASM_COMPILER=/usr/bin/cc" "-DCMAKE_BUILD_TYPE=Debug"
[INFO] [stderr]   -- The CXX compiler identification is GNU 11.4.0
[INFO] [stderr]   -- The C compiler identification is GNU 11.4.0
[INFO] [stderr]   -- Detecting CXX compiler ABI info
[INFO] [stderr]   -- Detecting CXX compiler ABI info - done
[INFO] [stderr]   -- Check for working CXX compiler: /usr/bin/c++ - skipped
[INFO] [stderr]   -- Detecting CXX compile features
[INFO] [stderr]   -- Detecting CXX compile features - done
[INFO] [stderr]   -- Detecting C compiler ABI info
[INFO] [stderr]   -- Detecting C compiler ABI info - done
[INFO] [stderr]   -- Check for working C compiler: /usr/bin/cc - skipped
[INFO] [stderr]   -- Detecting C compile features
[INFO] [stderr]   -- Detecting C compile features - done
[INFO] [stderr]   -- Looking for pthread.h
[INFO] [stderr]   -- Looking for pthread.h - found
[INFO] [stderr]   -- Performing Test CMAKE_HAVE_LIBC_PTHREAD
[INFO] [stderr]   -- Performing Test CMAKE_HAVE_LIBC_PTHREAD - Success
[INFO] [stderr]   -- Found Threads: TRUE  
[INFO] [stderr]   -- pybind11 v2.11.0 dev1
[INFO] [stderr]   -- Found PythonInterp: /usr/bin/python3 (found suitable version "3.10.12", minimum required is "3.6") 
[INFO] [stderr]   -- Found PythonLibs: /usr/lib/x86_64-linux-gnu/libpython3.10.so
[INFO] [stderr]   -- Performing Test HAS_FLTO
[INFO] [stderr]   -- Performing Test HAS_FLTO - Success
[INFO] [stderr]   -- Configuring done
[INFO] [stderr]   -- Generating done
[INFO] [stderr]   -- Build files have been written to: /opt/rustwide/target/debug/build/kuzu-4bb35b606a4beee1/out/build
[INFO] [stderr]   running: cd "/opt/rustwide/target/debug/build/kuzu-4bb35b606a4beee1/out/build" && MAKEFLAGS="-j --jobserver-fds=7,8 --jobserver-auth=7,8" "cmake" "--build" "." "--config" "Debug"
[INFO] [stderr]   [  0%] Building CXX object third_party/re2/CMakeFiles/re2.dir/bitstate.cpp.o
[INFO] [stderr]   [  1%] Building CXX object third_party/miniparquet/CMakeFiles/miniparquet.dir/src/parquet/parquet_constants.cpp.o
[INFO] [stderr]   [  1%] Building C object third_party/serd/CMakeFiles/serd.dir/src/base64.c.o
[INFO] [stderr]   [  1%] Building CXX object third_party/fastpfor/CMakeFiles/fastpfor.dir/fastpfor/bitpacking.cpp.o
[INFO] [stderr]   [  1%] Building CXX object third_party/utf8proc/CMakeFiles/utf8proc.dir/utf8proc.cpp.o
[INFO] [stderr]   [  1%] Building CXX object src/transaction/CMakeFiles/kuzu_transaction.dir/transaction_context.cpp.o
[INFO] [stderr]   [  2%] Building CXX object third_party/miniz/CMakeFiles/miniz.dir/miniz.cpp.o
[INFO] [stderr]   [  1%] Building CXX object third_party/zstd/CMakeFiles/zstd.dir/common/entropy_common.cpp.o
[INFO] [stderr]   [  2%] Building CXX object src/binder/CMakeFiles/kuzu_binder.dir/binder.cpp.o
[INFO] [stderr]   [  2%] Building CXX object src/binder/expression/CMakeFiles/kuzu_binder_expression.dir/case_expression.cpp.o
[INFO] [stderr]   [  2%] Building CXX object src/binder/bind/ddl/CMakeFiles/kuzu_binder_bind_ddl.dir/bind_create_rdf_graph.cpp.o
[INFO] [stderr]   [  2%] Building CXX object src/binder/ddl/CMakeFiles/kuzu_binder_ddl.dir/bound_create_table_info.cpp.o
[INFO] [stderr]   [  2%] Building CXX object src/binder/bind/copy/CMakeFiles/kuzu_binder_bind_copy.dir/bind_copy_rdf_graph.cpp.o
[INFO] [stderr]   [  2%] Building CXX object third_party/antlr4_runtime/CMakeFiles/antlr4_runtime.dir/src/ANTLRErrorListener.cpp.o
[INFO] [stderr]   [  2%] Building CXX object src/binder/bind/CMakeFiles/kuzu_binder_bind.dir/bind_comment_on.cpp.o
[INFO] [stderr]   [  3%] Building CXX object src/binder/bind_expression/CMakeFiles/kuzu_binder_bind_expression.dir/bind_boolean_expression.cpp.o
[INFO] [stderr]   [  4%] Building CXX object third_party/zstd/CMakeFiles/zstd.dir/common/error_private.cpp.o
[INFO] [stderr]   [  5%] Building C object third_party/serd/CMakeFiles/serd.dir/src/byte_source.c.o
[INFO] [stderr]   [  5%] Building CXX object third_party/zstd/CMakeFiles/zstd.dir/common/fse_decompress.cpp.o
[INFO] [stderr]   [  5%] Building C object third_party/serd/CMakeFiles/serd.dir/src/env.c.o
[INFO] [stderr]   [  5%] Building C object third_party/serd/CMakeFiles/serd.dir/src/n3.c.o
[INFO] [stderr]   [  5%] Building CXX object third_party/zstd/CMakeFiles/zstd.dir/common/xxhash.cpp.o
[INFO] [stderr]   [  5%] Building CXX object third_party/zstd/CMakeFiles/zstd.dir/common/zstd_common.cpp.o
[INFO] [stderr]   [  5%] Building C object third_party/serd/CMakeFiles/serd.dir/src/node.c.o
[INFO] [stderr]   [  5%] Building CXX object third_party/utf8proc/CMakeFiles/utf8proc.dir/utf8proc_wrapper.cpp.o
[INFO] [stderr]   [  5%] Building CXX object third_party/zstd/CMakeFiles/zstd.dir/compress/fse_compress.cpp.o
[INFO] [stderr]   [  5%] Building C object third_party/serd/CMakeFiles/serd.dir/src/reader.c.o
[INFO] [stderr]   [  5%] Linking CXX static library libminiz.a
[INFO] [stderr]   [  5%] Building CXX object third_party/zstd/CMakeFiles/zstd.dir/compress/hist.cpp.o
[INFO] [stderr]   [  5%] Building C object third_party/serd/CMakeFiles/serd.dir/src/string.c.o
[INFO] [stderr]   [  5%] Built target miniz
[INFO] [stderr]   [  5%] Building CXX object third_party/zstd/CMakeFiles/zstd.dir/compress/huf_compress.cpp.o
[INFO] [stderr]   [  5%] Building CXX object src/binder/expression/CMakeFiles/kuzu_binder_expression.dir/expression.cpp.o
[INFO] [stderr]   [  5%] Building C object third_party/serd/CMakeFiles/serd.dir/src/system.c.o
[INFO] [stderr]   [  6%] Building C object third_party/serd/CMakeFiles/serd.dir/src/uri.c.o
[INFO] [stderr]   [  7%] Building CXX object third_party/zstd/CMakeFiles/zstd.dir/compress/zstd_compress.cpp.o
[INFO] [stderr]   [  7%] Building CXX object third_party/miniparquet/CMakeFiles/miniparquet.dir/src/parquet/parquet_types.cpp.o
[INFO] [stderr]   [  7%] Linking CXX static library libutf8proc.a
[INFO] [stderr]   [  7%] Building C object third_party/serd/CMakeFiles/serd.dir/src/writer.c.o
[INFO] [stderr]   [  7%] Built target utf8proc
[INFO] [stderr]   [  7%] Building CXX object third_party/antlr4_runtime/CMakeFiles/antlr4_runtime.dir/src/ANTLRErrorStrategy.cpp.o
[INFO] [stderr]   [  7%] Linking C static library libserd.a
[INFO] [stderr]   [  7%] Building CXX object src/binder/query/CMakeFiles/kuzu_binder_query.dir/bound_insert_clause.cpp.o
[INFO] [stderr]   [  7%] Built target kuzu_binder_ddl
[INFO] [stderr]   [  7%] Building CXX object third_party/antlr4_runtime/CMakeFiles/antlr4_runtime.dir/src/ANTLRFileStream.cpp.o
[INFO] [stderr]   [  7%] Building CXX object third_party/miniparquet/CMakeFiles/miniparquet.dir/src/thrift/protocol/TProtocol.cpp.o
[INFO] [stderr]   [  8%] Building CXX object third_party/antlr4_runtime/CMakeFiles/antlr4_runtime.dir/src/ANTLRInputStream.cpp.o
[INFO] [stderr]   [  8%] Built target serd
[INFO] [stderr]   [  8%] Building CXX object src/transaction/CMakeFiles/kuzu_transaction.dir/transaction_manager.cpp.o
[INFO] [stderr]   [  8%] Building CXX object third_party/zstd/CMakeFiles/zstd.dir/compress/zstd_compress_literals.cpp.o
[INFO] [stderr]   [  8%] Building CXX object third_party/re2/CMakeFiles/re2.dir/compile.cpp.o
[INFO] [stderr]   [  8%] Building CXX object third_party/re2/CMakeFiles/re2.dir/dfa.cpp.o
[INFO] [stderr]   [  8%] Building CXX object third_party/zstd/CMakeFiles/zstd.dir/compress/zstd_compress_sequences.cpp.o
[INFO] [stderr]   [  8%] Building CXX object third_party/miniparquet/CMakeFiles/miniparquet.dir/src/thrift/transport/TTransportException.cpp.o
[INFO] [stderr]   [  8%] Building CXX object third_party/zstd/CMakeFiles/zstd.dir/compress/zstd_compress_superblock.cpp.o
[INFO] [stderr]   [  9%] Building CXX object src/binder/expression/CMakeFiles/kuzu_binder_expression.dir/expression_util.cpp.o
[INFO] [stderr]   [  9%] Building CXX object src/binder/expression/CMakeFiles/kuzu_binder_expression.dir/function_expression.cpp.o
[INFO] [stderr]   [  9%] Building CXX object third_party/zstd/CMakeFiles/zstd.dir/compress/zstd_double_fast.cpp.o
[INFO] [stderr]   [  9%] Building CXX object third_party/miniparquet/CMakeFiles/miniparquet.dir/src/thrift/transport/TBufferTransports.cpp.o
[INFO] [stderr]   [  9%] Building CXX object third_party/antlr4_runtime/CMakeFiles/antlr4_runtime.dir/src/atn/ActionTransition.cpp.o
[INFO] [stderr]   [  9%] Building CXX object src/binder/bind_expression/CMakeFiles/kuzu_binder_bind_expression.dir/bind_case_expression.cpp.o
[INFO] [stderr]   [  9%] Building CXX object third_party/zstd/CMakeFiles/zstd.dir/compress/zstd_fast.cpp.o
[INFO] [stderr]   [  9%] Building CXX object third_party/zstd/CMakeFiles/zstd.dir/compress/zstd_lazy.cpp.o
[INFO] [stderr]   [  9%] Building CXX object third_party/miniparquet/CMakeFiles/miniparquet.dir/src/snappy/snappy.cc.o
[INFO] [stderr]   [ 10%] Building CXX object third_party/zstd/CMakeFiles/zstd.dir/compress/zstd_ldm.cpp.o
[INFO] [stderr]   [ 10%] Building CXX object src/binder/query/CMakeFiles/kuzu_binder_query.dir/bound_delete_clause.cpp.o
[INFO] [stderr]   [ 10%] Building CXX object third_party/re2/CMakeFiles/re2.dir/filtered_re2.cpp.o
[INFO] [stderr]   [ 10%] Building CXX object src/binder/bind_expression/CMakeFiles/kuzu_binder_bind_expression.dir/bind_comparison_expression.cpp.o
[INFO] [stderr]   [ 10%] Building CXX object third_party/zstd/CMakeFiles/zstd.dir/compress/zstd_opt.cpp.o
[INFO] [stderr]   [ 10%] Building CXX object third_party/antlr4_runtime/CMakeFiles/antlr4_runtime.dir/src/atn/AmbiguityInfo.cpp.o
[INFO] [stderr]   [ 10%] Building CXX object third_party/antlr4_runtime/CMakeFiles/antlr4_runtime.dir/src/atn/ArrayPredictionContext.cpp.o
[INFO] [stderr]   [ 10%] Building CXX object third_party/antlr4_runtime/CMakeFiles/antlr4_runtime.dir/src/atn/ATNConfig.cpp.o
[INFO] [stderr]   [ 11%] Building CXX object third_party/re2/CMakeFiles/re2.dir/mimics_pcre.cpp.o
[INFO] [stderr]   [ 11%] Building CXX object third_party/zstd/CMakeFiles/zstd.dir/decompress/huf_decompress.cpp.o
[INFO] [stderr]   [ 11%] Building CXX object third_party/zstd/CMakeFiles/zstd.dir/decompress/zstd_ddict.cpp.o
[INFO] [stderr]   [ 11%] Building CXX object src/binder/query/CMakeFiles/kuzu_binder_query.dir/bound_merge_clause.cpp.o
[INFO] [stderr]   [ 11%] Building CXX object third_party/zstd/CMakeFiles/zstd.dir/decompress/zstd_decompress.cpp.o
[INFO] [stderr]   [ 11%] Building CXX object third_party/re2/CMakeFiles/re2.dir/nfa.cpp.o
[INFO] [stderr]   [ 11%] Building CXX object third_party/zstd/CMakeFiles/zstd.dir/decompress/zstd_decompress_block.cpp.o
[INFO] [stderr]   [ 11%] Building CXX object src/binder/query/CMakeFiles/kuzu_binder_query.dir/bound_set_clause.cpp.o
[INFO] [stderr]   [ 11%] Building CXX object third_party/antlr4_runtime/CMakeFiles/antlr4_runtime.dir/src/atn/ATNConfigSet.cpp.o
[INFO] [stderr]   [ 11%] Building CXX object src/binder/query/CMakeFiles/kuzu_binder_query.dir/query_graph.cpp.o
[INFO] [stderr]   [ 12%] Building CXX object src/binder/query/CMakeFiles/kuzu_binder_query.dir/query_graph_label_analyzer.cpp.o
[INFO] [stderr]   [ 12%] Building CXX object third_party/re2/CMakeFiles/re2.dir/onepass.cpp.o
[INFO] [stderr]   [ 12%] Building CXX object third_party/re2/CMakeFiles/re2.dir/parse.cpp.o
[INFO] [stderr]   [ 12%] Building CXX object third_party/antlr4_runtime/CMakeFiles/antlr4_runtime.dir/src/atn/ATN.cpp.o
[INFO] [stderr]   [ 12%] Building CXX object third_party/re2/CMakeFiles/re2.dir/perl_groups.cpp.o
[INFO] [stderr]   [ 12%] Building CXX object third_party/re2/CMakeFiles/re2.dir/prefilter.cpp.o
[INFO] [stderr]   [ 12%] Built target kuzu_binder_expression
[INFO] [stderr]   [ 12%] Building CXX object third_party/re2/CMakeFiles/re2.dir/prefilter_tree.cpp.o
[INFO] [stderr]   [ 13%] Linking CXX static library libzstd.a
[INFO] [stderr]   [ 14%] Building CXX object third_party/re2/CMakeFiles/re2.dir/prog.cpp.o
[INFO] [stderr]   [ 14%] Building CXX object third_party/re2/CMakeFiles/re2.dir/re2.cpp.o
[INFO] [stderr]   [ 14%] Building CXX object third_party/re2/CMakeFiles/re2.dir/regexp.cpp.o
[INFO] [stderr]   [ 14%] Built target zstd
[INFO] [stderr]   [ 14%] Building CXX object third_party/re2/CMakeFiles/re2.dir/set.cpp.o
[INFO] [stderr]   [ 14%] Building CXX object third_party/re2/CMakeFiles/re2.dir/simplify.cpp.o
[INFO] [stderr]   [ 14%] Building CXX object third_party/re2/CMakeFiles/re2.dir/stringpiece.cpp.o
[INFO] [stderr]   [ 15%] Building CXX object third_party/re2/CMakeFiles/re2.dir/tostring.cpp.o
[INFO] [stderr]   [ 15%] Building CXX object third_party/re2/CMakeFiles/re2.dir/unicode_casefold.cpp.o
[INFO] [stderr]   [ 15%] Building CXX object third_party/re2/CMakeFiles/re2.dir/rune.cpp.o
[INFO] [stderr]   [ 15%] Building CXX object third_party/re2/CMakeFiles/re2.dir/unicode_groups.cpp.o
[INFO] [stderr]   [ 15%] Building CXX object third_party/re2/CMakeFiles/re2.dir/strutil.cpp.o
[INFO] [stderr]   [ 15%] Linking CXX static library libre2.a
[INFO] [stderr]   [ 15%] Built target re2
[INFO] [stderr] 
[INFO] [stderr]   --- stderr
[INFO] [stderr]   CMake Warning:
[INFO] [stderr]     Manually-specified variables were not used by the project:
[INFO] [stderr] 
[INFO] [stderr]       CMAKE_ASM_COMPILER
[INFO] [stderr]       CMAKE_ASM_FLAGS
[INFO] [stderr] 
[INFO] [stderr] 
[INFO] [stderr]   c++: fatal error: Killed signal terminated program cc1plus
[INFO] [stderr]   compilation terminated.
[INFO] [stderr]   gmake[2]: *** [src/binder/bind/copy/CMakeFiles/kuzu_binder_bind_copy.dir/build.make:76: src/binder/bind/copy/CMakeFiles/kuzu_binder_bind_copy.dir/bind_copy_rdf_graph.cpp.o] Error 1
[INFO] [stderr]   gmake[1]: *** [CMakeFiles/Makefile2:2965: src/binder/bind/copy/CMakeFiles/kuzu_binder_bind_copy.dir/all] Error 2
[INFO] [stderr]   gmake[1]: *** Waiting for unfinished jobs....
[INFO] [stderr]   c++: fatal error: Killed signal terminated program cc1plus
[INFO] [stderr]   compilation terminated.
[INFO] [stderr]   gmake[2]: *** [src/binder/CMakeFiles/kuzu_binder.dir/build.make:76: src/binder/CMakeFiles/kuzu_binder.dir/binder.cpp.o] Error 1
[INFO] [stderr]   gmake[1]: *** [CMakeFiles/Makefile2:2913: src/binder/CMakeFiles/kuzu_binder.dir/all] Error 2
[INFO] [stderr]   c++: fatal error: Killed signal terminated program cc1plus
[INFO] [stderr]   compilation terminated.
[INFO] [stderr]   gmake[2]: *** [src/binder/bind/ddl/CMakeFiles/kuzu_binder_bind_ddl.dir/build.make:76: src/binder/bind/ddl/CMakeFiles/kuzu_binder_bind_ddl.dir/bind_create_rdf_graph.cpp.o] Error 1
[INFO] [stderr]   gmake[1]: *** [CMakeFiles/Makefile2:2991: src/binder/bind/ddl/CMakeFiles/kuzu_binder_bind_ddl.dir/all] Error 2
[INFO] [stderr]   c++: fatal error: Killed signal terminated program cc1plus
[INFO] [stderr]   compilation terminated.
[INFO] [stderr]   gmake[2]: *** [src/transaction/CMakeFiles/kuzu_transaction.dir/build.make:76: src/transaction/CMakeFiles/kuzu_transaction.dir/transaction_context.cpp.o] Error 1
[INFO] [stderr]   gmake[2]: *** Waiting for unfinished jobs....
[INFO] [stderr]   c++: fatal error: Killed signal terminated program cc1plus
[INFO] [stderr]   compilation terminated.
[INFO] [stderr]   gmake[2]: *** [src/binder/bind/CMakeFiles/kuzu_binder_bind.dir/build.make:76: src/binder/bind/CMakeFiles/kuzu_binder_bind.dir/bind_comment_on.cpp.o] Error 1
[INFO] [stderr]   gmake[1]: *** [CMakeFiles/Makefile2:2939: src/binder/bind/CMakeFiles/kuzu_binder_bind.dir/all] Error 2
[INFO] [stderr]   c++: fatal error: Killed signal terminated program cc1plus
[INFO] [stderr]   compilation terminated.
[INFO] [stderr]   gmake[2]: *** [third_party/fastpfor/CMakeFiles/fastpfor.dir/build.make:76: third_party/fastpfor/CMakeFiles/fastpfor.dir/fastpfor/bitpacking.cpp.o] Error 1
[INFO] [stderr]   gmake[1]: *** [CMakeFiles/Makefile2:1783: third_party/fastpfor/CMakeFiles/fastpfor.dir/all] Error 2
[INFO] [stderr]   c++: fatal error: Killed signal terminated program cc1plus
[INFO] [stderr]   compilation terminated.
[INFO] [stderr]   gmake[2]: *** [third_party/miniparquet/CMakeFiles/miniparquet.dir/build.make:90: third_party/miniparquet/CMakeFiles/miniparquet.dir/src/parquet/parquet_types.cpp.o] Error 1
[INFO] [stderr]   gmake[2]: *** Waiting for unfinished jobs....
[INFO] [stderr]   c++: fatal error: Killed signal terminated program cc1plus
[INFO] [stderr]   compilation terminated.
[INFO] [stderr]   gmake[2]: *** [src/transaction/CMakeFiles/kuzu_transaction.dir/build.make:90: src/transaction/CMakeFiles/kuzu_transaction.dir/transaction_manager.cpp.o] Error 1
[INFO] [stderr]   gmake[1]: *** [CMakeFiles/Makefile2:4863: src/transaction/CMakeFiles/kuzu_transaction.dir/all] Error 2
[INFO] [stderr]   gmake[1]: *** [CMakeFiles/Makefile2:1809: third_party/miniparquet/CMakeFiles/miniparquet.dir/all] Error 2
[INFO] [stderr]   c++: fatal error: Killed signal terminated program cc1plus
[INFO] [stderr]   compilation terminated.
[INFO] [stderr]   gmake[2]: *** [src/binder/bind_expression/CMakeFiles/kuzu_binder_bind_expression.dir/build.make:90: src/binder/bind_expression/CMakeFiles/kuzu_binder_bind_expression.dir/bind_case_expression.cpp.o] Error 1
[INFO] [stderr]   gmake[2]: *** Waiting for unfinished jobs....
[INFO] [stderr]   c++: fatal error: Killed signal terminated program cc1plus
[INFO] [stderr]   compilation terminated.
[INFO] [stderr]   gmake[2]: *** [src/binder/bind_expression/CMakeFiles/kuzu_binder_bind_expression.dir/build.make:104: src/binder/bind_expression/CMakeFiles/kuzu_binder_bind_expression.dir/bind_comparison_expression.cpp.o] Error 1
[INFO] [stderr]   gmake[1]: *** [CMakeFiles/Makefile2:3017: src/binder/bind_expression/CMakeFiles/kuzu_binder_bind_expression.dir/all] Error 2
[INFO] [stderr]   c++: fatal error: Killed signal terminated program cc1plus
[INFO] [stderr]   compilation terminated.
[INFO] [stderr]   gmake[2]: *** [third_party/antlr4_runtime/CMakeFiles/antlr4_runtime.dir/build.make:160: third_party/antlr4_runtime/CMakeFiles/antlr4_runtime.dir/src/atn/ArrayPredictionContext.cpp.o] Error 1
[INFO] [stderr]   gmake[2]: *** Waiting for unfinished jobs....
[INFO] [stderr]   c++: fatal error: Killed signal terminated program cc1plus
[INFO] [stderr]   compilation terminated.
[INFO] [stderr]   gmake[2]: *** [src/binder/query/CMakeFiles/kuzu_binder_query.dir/build.make:104: src/binder/query/CMakeFiles/kuzu_binder_query.dir/bound_merge_clause.cpp.o] Error 1
[INFO] [stderr]   gmake[2]: *** Waiting for unfinished jobs....
[INFO] [stderr]   c++: fatal error: Killed signal terminated program cc1plus
[INFO] [stderr]   compilation terminated.
[INFO] [stderr]   gmake[2]: *** [src/binder/query/CMakeFiles/kuzu_binder_query.dir/build.make:146: src/binder/query/CMakeFiles/kuzu_binder_query.dir/query_graph_label_analyzer.cpp.o] Error 1
[INFO] [stderr]   gmake[1]: *** [CMakeFiles/Makefile2:1757: third_party/antlr4_runtime/CMakeFiles/antlr4_runtime.dir/all] Error 2
[INFO] [stderr]   gmake[1]: *** [CMakeFiles/Makefile2:3095: src/binder/query/CMakeFiles/kuzu_binder_query.dir/all] Error 2
[INFO] [stderr]   gmake: *** [Makefile:136: all] Error 2
[INFO] [stderr]   thread 'main' panicked at /opt/rustwide/cargo-home/registry/src/index.crates.io-6f17d22bba15001f/cmake-0.1.50/src/lib.rs:1098:5:
[INFO] [stderr] 
[INFO] [stderr]   command did not execute successfully, got: exit status: 2
[INFO] [stderr] 
[INFO] [stderr]   build script failed, must exit now
[INFO] [stderr]   stack backtrace:
[INFO] [stderr]      0:     0x55961669ed1c - std::backtrace_rs::backtrace::libunwind::trace::ha637c64ce894333a
[INFO] [stderr]                                  at /rustc/82e1608dfa6e0b5569232559e3d385fea5a93112/library/std/src/../../backtrace/src/backtrace/libunwind.rs:104:5
[INFO] [stderr]      1:     0x55961669ed1c - std::backtrace_rs::backtrace::trace_unsynchronized::h47f62dea28e0c88d
[INFO] [stderr]                                  at /rustc/82e1608dfa6e0b5569232559e3d385fea5a93112/library/std/src/../../backtrace/src/backtrace/mod.rs:66:5
[INFO] [stderr]      2:     0x55961669ed1c - std::sys_common::backtrace::_print_fmt::h9eef0abe20ede486
[INFO] [stderr]                                  at /rustc/82e1608dfa6e0b5569232559e3d385fea5a93112/library/std/src/sys_common/backtrace.rs:67:5
[INFO] [stderr]      3:     0x55961669ed1c - <std::sys_common::backtrace::_print::DisplayBacktrace as core::fmt::Display>::fmt::hed7f999df88cc644
[INFO] [stderr]                                  at /rustc/82e1608dfa6e0b5569232559e3d385fea5a93112/library/std/src/sys_common/backtrace.rs:44:22
[INFO] [stderr]      4:     0x5596166c7330 - core::fmt::rt::Argument::fmt::h1539a9308b8d058d
[INFO] [stderr]                                  at /rustc/82e1608dfa6e0b5569232559e3d385fea5a93112/library/core/src/fmt/rt.rs:142:9
[INFO] [stderr]      5:     0x5596166c7330 - core::fmt::write::h3a39390d8560d9c9
[INFO] [stderr]                                  at /rustc/82e1608dfa6e0b5569232559e3d385fea5a93112/library/core/src/fmt/mod.rs:1120:17
[INFO] [stderr]      6:     0x55961669bd3f - std::io::Write::write_fmt::h5fc9997dfe05f882
[INFO] [stderr]                                  at /rustc/82e1608dfa6e0b5569232559e3d385fea5a93112/library/std/src/io/mod.rs:1762:15
[INFO] [stderr]      7:     0x55961669eb04 - std::sys_common::backtrace::_print::h894006fb5c6f3d45
[INFO] [stderr]                                  at /rustc/82e1608dfa6e0b5569232559e3d385fea5a93112/library/std/src/sys_common/backtrace.rs:47:5
[INFO] [stderr]      8:     0x55961669eb04 - std::sys_common::backtrace::print::h23a2d212c6fff936
[INFO] [stderr]                                  at /rustc/82e1608dfa6e0b5569232559e3d385fea5a93112/library/std/src/sys_common/backtrace.rs:34:9
[INFO] [stderr]      9:     0x5596166a0937 - std::panicking::default_hook::{{closure}}::h8a1d2ee00185001a
[INFO] [stderr]     10:     0x5596166a069f - std::panicking::default_hook::h6038f2eba384e475
[INFO] [stderr]                                  at /rustc/82e1608dfa6e0b5569232559e3d385fea5a93112/library/std/src/panicking.rs:292:9
[INFO] [stderr]     11:     0x5596166a0db8 - std::panicking::rust_panic_with_hook::h2b5517d590cab22e
[INFO] [stderr]                                  at /rustc/82e1608dfa6e0b5569232559e3d385fea5a93112/library/std/src/panicking.rs:779:13
[INFO] [stderr]     12:     0x5596166a0c9e - std::panicking::begin_panic_handler::{{closure}}::h233112c06e0ef43e
[INFO] [stderr]                                  at /rustc/82e1608dfa6e0b5569232559e3d385fea5a93112/library/std/src/panicking.rs:657:13
[INFO] [stderr]     13:     0x55961669f1e6 - std::sys_common::backtrace::__rust_end_short_backtrace::h6e893f24d7ebbff8
[INFO] [stderr]                                  at /rustc/82e1608dfa6e0b5569232559e3d385fea5a93112/library/std/src/sys_common/backtrace.rs:170:18
[INFO] [stderr]     14:     0x5596166a0a02 - rust_begin_unwind
[INFO] [stderr]                                  at /rustc/82e1608dfa6e0b5569232559e3d385fea5a93112/library/std/src/panicking.rs:645:5
[INFO] [stderr]     15:     0x559616395b95 - core::panicking::panic_fmt::hbf0e066aabfa482c
[INFO] [stderr]                                  at /rustc/82e1608dfa6e0b5569232559e3d385fea5a93112/library/core/src/panicking.rs:72:14
[INFO] [stderr]     16:     0x5596166244c1 - cmake::fail::hb230f15754e11237
[INFO] [stderr]     17:     0x559616623c47 - cmake::run::h64adf4c2b0a74d1e
[INFO] [stderr]     18:     0x559616620561 - cmake::Config::build::hc18b2e388337ce39
[INFO] [stderr]     19:     0x55961639bcb2 - build_script_build::build_bundled_cmake::hf90060e555ec168c
[INFO] [stderr]     20:     0x55961639d023 - build_script_build::main::h0285f2803c1f1c96
[INFO] [stderr]     21:     0x559616397063 - core::ops::function::FnOnce::call_once::h2fac4eba29a8419b
[INFO] [stderr]     22:     0x559616396b56 - std::sys_common::backtrace::__rust_begin_short_backtrace::h5f305bf17882b0c7
[INFO] [stderr]     23:     0x559616396cb9 - std::rt::lang_start::{{closure}}::h48aea7a1fa4cccd5
[INFO] [stderr]     24:     0x559616696277 - core::ops::function::impls::<impl core::ops::function::FnOnce<A> for &F>::call_once::hd95060ecd5e1ca24
[INFO] [stderr]                                  at /rustc/82e1608dfa6e0b5569232559e3d385fea5a93112/library/core/src/ops/function.rs:284:13
[INFO] [stderr]     25:     0x559616696277 - std::panicking::try::do_call::h6e8cf51db32a6e4b
[INFO] [stderr]                                  at /rustc/82e1608dfa6e0b5569232559e3d385fea5a93112/library/std/src/panicking.rs:552:40
[INFO] [stderr]     26:     0x559616696277 - std::panicking::try::h3a52eefe24fe3c29
[INFO] [stderr]                                  at /rustc/82e1608dfa6e0b5569232559e3d385fea5a93112/library/std/src/panicking.rs:516:19
[INFO] [stderr]     27:     0x559616696277 - std::panic::catch_unwind::h24c28c23c02c3841
[INFO] [stderr]                                  at /rustc/82e1608dfa6e0b5569232559e3d385fea5a93112/library/std/src/panic.rs:142:14
[INFO] [stderr]     28:     0x559616696277 - std::rt::lang_start_internal::{{closure}}::h705d3c9cbc06ef47
[INFO] [stderr]                                  at /rustc/82e1608dfa6e0b5569232559e3d385fea5a93112/library/std/src/rt.rs:148:48
[INFO] [stderr]     29:     0x559616696277 - std::panicking::try::do_call::ha21f52ba13158470
[INFO] [stderr]                                  at /rustc/82e1608dfa6e0b5569232559e3d385fea5a93112/library/std/src/panicking.rs:552:40
[INFO] [stderr]     30:     0x559616696277 - std::panicking::try::h5581346bf6aeb1f8
[INFO] [stderr]                                  at /rustc/82e1608dfa6e0b5569232559e3d385fea5a93112/library/std/src/panicking.rs:516:19
[INFO] [stderr]     31:     0x559616696277 - std::panic::catch_unwind::h7919645a6b72e25b
[INFO] [stderr]                                  at /rustc/82e1608dfa6e0b5569232559e3d385fea5a93112/library/std/src/panic.rs:142:14
[INFO] [stderr]     32:     0x559616696277 - std::rt::lang_start_internal::h12de51168669836e
[INFO] [stderr]                                  at /rustc/82e1608dfa6e0b5569232559e3d385fea5a93112/library/std/src/rt.rs:148:20
[INFO] [stderr]     33:     0x559616396c97 - std::rt::lang_start::hc4ba9680a87e0114
[INFO] [stderr]     34:     0x55961639d5f5 - main
[INFO] [stderr]     35:     0x7fdb6016cd90 - <unknown>
[INFO] [stderr]     36:     0x7fdb6016ce40 - __libc_start_main
[INFO] [stderr]     37:     0x5596163963e5 - _start
[INFO] [stderr]     38:                0x0 - <unknown>
[INFO] running `Command { std: "docker" "inspect" "d44f89f533bdc435c85112be3fb53daab69a40ecf98ec8f7751e3203f6a88922", kill_on_drop: false }`
[INFO] running `Command { std: "docker" "rm" "-f" "d44f89f533bdc435c85112be3fb53daab69a40ecf98ec8f7751e3203f6a88922", kill_on_drop: false }`
[INFO] [stdout] d44f89f533bdc435c85112be3fb53daab69a40ecf98ec8f7751e3203f6a88922
[INFO] testing kuzu-0.1.1-pre.11 against beta-2023-12-22 for beta-1.76-1
[INFO] extracting crate kuzu 0.1.1-pre.11 into /workspace/builds/worker-5-tc2/source
[INFO] validating manifest of crates.io crate kuzu 0.1.1-pre.11 on toolchain beta-2023-12-22
[INFO] running `Command { std: CARGO_HOME="/workspace/cargo-home" RUSTUP_HOME="/workspace/rustup-home" "/workspace/cargo-home/bin/cargo" "+beta-2023-12-22" "metadata" "--manifest-path" "Cargo.toml" "--no-deps", kill_on_drop: false }`
[INFO] started tweaking crates.io crate kuzu 0.1.1-pre.11
[INFO] finished tweaking crates.io crate kuzu 0.1.1-pre.11
[INFO] tweaked toml for crates.io crate kuzu 0.1.1-pre.11 written to /workspace/builds/worker-5-tc2/source/Cargo.toml
[INFO] running `Command { std: CARGO_HOME="/workspace/cargo-home" RUSTUP_HOME="/workspace/rustup-home" "/workspace/cargo-home/bin/cargo" "+beta-2023-12-22" "generate-lockfile" "--manifest-path" "Cargo.toml", kill_on_drop: false }`
[INFO] [stderr]     Updating crates.io index
[INFO] running `Command { std: CARGO_HOME="/workspace/cargo-home" RUSTUP_HOME="/workspace/rustup-home" "/workspace/cargo-home/bin/cargo" "+beta-2023-12-22" "fetch" "--manifest-path" "Cargo.toml", kill_on_drop: false }`
[INFO] running `Command { std: "docker" "create" "-v" "/var/lib/crater-agent-workspace/builds/worker-5-tc2/target:/opt/rustwide/target:rw,Z" "-v" "/var/lib/crater-agent-workspace/builds/worker-5-tc2/source:/opt/rustwide/workdir:ro,Z" "-v" "/var/lib/crater-agent-workspace/cargo-home:/opt/rustwide/cargo-home:ro,Z" "-v" "/var/lib/crater-agent-workspace/rustup-home:/opt/rustwide/rustup-home:ro,Z" "-e" "SOURCE_DIR=/opt/rustwide/workdir" "-e" "CARGO_TARGET_DIR=/opt/rustwide/target" "-e" "CARGO_HOME=/opt/rustwide/cargo-home" "-e" "RUSTUP_HOME=/opt/rustwide/rustup-home" "-w" "/opt/rustwide/workdir" "-m" "1610612736" "--user" "0:0" "--network" "none" "ghcr.io/rust-lang/crates-build-env/linux@sha256:2788e3201cd34a07e3172128adcd8b3090168a8e3bcc40d7c032b9dda1df7d1c" "/opt/rustwide/cargo-home/bin/cargo" "+beta-2023-12-22" "metadata" "--no-deps" "--format-version=1", kill_on_drop: false }`
[INFO] [stdout] e0f216c56fb36084cd8c01093c8a017a623da1be42abeddcbcc57d7cb6354eee
[INFO] running `Command { std: "docker" "start" "-a" "e0f216c56fb36084cd8c01093c8a017a623da1be42abeddcbcc57d7cb6354eee", kill_on_drop: false }`
[INFO] running `Command { std: "docker" "inspect" "e0f216c56fb36084cd8c01093c8a017a623da1be42abeddcbcc57d7cb6354eee", kill_on_drop: false }`
[INFO] running `Command { std: "docker" "rm" "-f" "e0f216c56fb36084cd8c01093c8a017a623da1be42abeddcbcc57d7cb6354eee", kill_on_drop: false }`
[INFO] [stdout] e0f216c56fb36084cd8c01093c8a017a623da1be42abeddcbcc57d7cb6354eee
[INFO] running `Command { std: "docker" "create" "-v" "/var/lib/crater-agent-workspace/builds/worker-5-tc2/target:/opt/rustwide/target:rw,Z" "-v" "/var/lib/crater-agent-workspace/builds/worker-5-tc2/source:/opt/rustwide/workdir:ro,Z" "-v" "/var/lib/crater-agent-workspace/cargo-home:/opt/rustwide/cargo-home:ro,Z" "-v" "/var/lib/crater-agent-workspace/rustup-home:/opt/rustwide/rustup-home:ro,Z" "-e" "SOURCE_DIR=/opt/rustwide/workdir" "-e" "CARGO_TARGET_DIR=/opt/rustwide/target" "-e" "CARGO_INCREMENTAL=0" "-e" "RUST_BACKTRACE=full" "-e" "RUSTFLAGS=--cap-lints=warn" "-e" "RUSTDOCFLAGS=--cap-lints=warn" "-e" "CARGO_HOME=/opt/rustwide/cargo-home" "-e" "RUSTUP_HOME=/opt/rustwide/rustup-home" "-w" "/opt/rustwide/workdir" "-m" "1610612736" "--user" "0:0" "--network" "none" "ghcr.io/rust-lang/crates-build-env/linux@sha256:2788e3201cd34a07e3172128adcd8b3090168a8e3bcc40d7c032b9dda1df7d1c" "/opt/rustwide/cargo-home/bin/cargo" "+beta-2023-12-22" "build" "--frozen" "--message-format=json", kill_on_drop: false }`
[INFO] [stdout] c65e59f866143478d3ffeeb66072bc704e0b567b82b13c076feadd4c6e97c9cc
[INFO] running `Command { std: "docker" "start" "-a" "c65e59f866143478d3ffeeb66072bc704e0b567b82b13c076feadd4c6e97c9cc", kill_on_drop: false }`
[INFO] [stderr]    Compiling libc v0.2.151
[INFO] [stderr]    Compiling proc-macro2 v1.0.75
[INFO] [stderr]    Compiling scratch v1.0.7
[INFO] [stderr]    Compiling termcolor v1.4.0
[INFO] [stderr]    Compiling unicode-width v0.1.11
[INFO] [stderr]    Compiling cxxbridge-flags v1.0.114
[INFO] [stderr]    Compiling once_cell v1.19.0
[INFO] [stderr]    Compiling syn v1.0.109
[INFO] [stderr]    Compiling time-core v0.1.2
[INFO] [stderr]    Compiling powerfmt v0.2.0
[INFO] [stderr]    Compiling num-traits v0.2.17
[INFO] [stderr]    Compiling time-macros v0.2.16
[INFO] [stderr]    Compiling deranged v0.3.11
[INFO] [stderr]    Compiling codespan-reporting v0.11.1
[INFO] [stderr]    Compiling quote v1.0.35
[INFO] [stderr]    Compiling syn v2.0.48
[INFO] [stderr]    Compiling time v0.3.31
[INFO] [stderr]    Compiling cc v1.0.83
[INFO] [stderr]    Compiling num_cpus v1.16.0
[INFO] [stderr]    Compiling cmake v0.1.50
[INFO] [stderr]    Compiling link-cplusplus v1.0.9
[INFO] [stderr]    Compiling cxx v1.0.114
[INFO] [stderr]    Compiling num-derive v0.3.3
[INFO] [stderr]    Compiling cxx-build v1.0.114
[INFO] [stderr]    Compiling cxxbridge-macro v1.0.114
[INFO] [stderr]    Compiling kuzu v0.1.1-pre.11 (/opt/rustwide/workdir)
[INFO] [stderr] error: failed to run custom build command for `kuzu v0.1.1-pre.11 (/opt/rustwide/workdir)`
[INFO] [stderr] note: To improve backtraces for build dependencies, set the CARGO_PROFILE_DEV_BUILD_OVERRIDE_DEBUG=true environment variable to enable debug information generation.
[INFO] [stderr] 
[INFO] [stderr] Caused by:
[INFO] [stderr]   process didn't exit successfully: `/opt/rustwide/target/debug/build/kuzu-c8b9077038fc61e5/build-script-build` (exit status: 101)
[INFO] [stderr]   --- stdout
[INFO] [stderr]   CMAKE_TOOLCHAIN_FILE_x86_64-unknown-linux-gnu = None
[INFO] [stderr]   CMAKE_TOOLCHAIN_FILE_x86_64_unknown_linux_gnu = None
[INFO] [stderr]   HOST_CMAKE_TOOLCHAIN_FILE = None
[INFO] [stderr]   CMAKE_TOOLCHAIN_FILE = None
[INFO] [stderr]   CMAKE_GENERATOR_x86_64-unknown-linux-gnu = None
[INFO] [stderr]   CMAKE_GENERATOR_x86_64_unknown_linux_gnu = None
[INFO] [stderr]   HOST_CMAKE_GENERATOR = None
[INFO] [stderr]   CMAKE_GENERATOR = None
[INFO] [stderr]   CMAKE_PREFIX_PATH_x86_64-unknown-linux-gnu = None
[INFO] [stderr]   CMAKE_PREFIX_PATH_x86_64_unknown_linux_gnu = None
[INFO] [stderr]   HOST_CMAKE_PREFIX_PATH = None
[INFO] [stderr]   CMAKE_PREFIX_PATH = None
[INFO] [stderr]   CMAKE_x86_64-unknown-linux-gnu = None
[INFO] [stderr]   CMAKE_x86_64_unknown_linux_gnu = None
[INFO] [stderr]   HOST_CMAKE = None
[INFO] [stderr]   CMAKE = None
[INFO] [stderr]   running: cd "/opt/rustwide/target/debug/build/kuzu-00eb9a72fb6efdbe/out/build" && CMAKE_PREFIX_PATH="" "cmake" "/opt/rustwide/workdir/kuzu-src" "-DBUILD_SHELL=OFF" "-DCMAKE_INSTALL_PREFIX=/opt/rustwide/target/debug/build/kuzu-00eb9a72fb6efdbe/out" "-DCMAKE_C_FLAGS= -ffunction-sections -fdata-sections -fPIC -m64" "-DCMAKE_C_COMPILER=/usr/bin/cc" "-DCMAKE_CXX_FLAGS= -ffunction-sections -fdata-sections -fPIC -m64" "-DCMAKE_CXX_COMPILER=/usr/bin/c++" "-DCMAKE_ASM_FLAGS= -ffunction-sections -fdata-sections -fPIC -m64" "-DCMAKE_ASM_COMPILER=/usr/bin/cc" "-DCMAKE_BUILD_TYPE=Debug"
[INFO] [stderr]   -- The CXX compiler identification is GNU 11.4.0
[INFO] [stderr]   -- The C compiler identification is GNU 11.4.0
[INFO] [stderr]   -- Detecting CXX compiler ABI info
[INFO] [stderr]   -- Detecting CXX compiler ABI info - done
[INFO] [stderr]   -- Check for working CXX compiler: /usr/bin/c++ - skipped
[INFO] [stderr]   -- Detecting CXX compile features
[INFO] [stderr]   -- Detecting CXX compile features - done
[INFO] [stderr]   -- Detecting C compiler ABI info
[INFO] [stderr]   -- Detecting C compiler ABI info - done
[INFO] [stderr]   -- Check for working C compiler: /usr/bin/cc - skipped
[INFO] [stderr]   -- Detecting C compile features
[INFO] [stderr]   -- Detecting C compile features - done
[INFO] [stderr]   -- Looking for pthread.h
[INFO] [stderr]   -- Looking for pthread.h - found
[INFO] [stderr]   -- Performing Test CMAKE_HAVE_LIBC_PTHREAD
[INFO] [stderr]   -- Performing Test CMAKE_HAVE_LIBC_PTHREAD - Success
[INFO] [stderr]   -- Found Threads: TRUE  
[INFO] [stderr]   -- pybind11 v2.11.0 dev1
[INFO] [stderr]   -- Found PythonInterp: /usr/bin/python3 (found suitable version "3.10.12", minimum required is "3.6") 
[INFO] [stderr]   -- Found PythonLibs: /usr/lib/x86_64-linux-gnu/libpython3.10.so
[INFO] [stderr]   -- Performing Test HAS_FLTO
[INFO] [stderr]   -- Performing Test HAS_FLTO - Success
[INFO] [stderr]   -- Configuring done
[INFO] [stderr]   -- Generating done
[INFO] [stderr]   -- Build files have been written to: /opt/rustwide/target/debug/build/kuzu-00eb9a72fb6efdbe/out/build
[INFO] [stderr]   running: cd "/opt/rustwide/target/debug/build/kuzu-00eb9a72fb6efdbe/out/build" && MAKEFLAGS="-j --jobserver-fds=7,8 --jobserver-auth=7,8" "cmake" "--build" "." "--config" "Debug"
[INFO] [stderr]   [  0%] Building CXX object third_party/fastpfor/CMakeFiles/fastpfor.dir/fastpfor/bitpacking.cpp.o
[INFO] [stderr]   [  1%] Building CXX object third_party/miniparquet/CMakeFiles/miniparquet.dir/src/parquet/parquet_constants.cpp.o
[INFO] [stderr]   [  1%] Building CXX object third_party/miniz/CMakeFiles/miniz.dir/miniz.cpp.o
[INFO] [stderr]   [  1%] Building C object third_party/serd/CMakeFiles/serd.dir/src/base64.c.o
[INFO] [stderr]   [  1%] Building CXX object third_party/utf8proc/CMakeFiles/utf8proc.dir/utf8proc.cpp.o
[INFO] [stderr]   [  2%] Building CXX object src/binder/CMakeFiles/kuzu_binder.dir/binder.cpp.o
[INFO] [stderr]   [  2%] Building CXX object third_party/zstd/CMakeFiles/zstd.dir/common/entropy_common.cpp.o
[INFO] [stderr]   [  2%] Building CXX object third_party/re2/CMakeFiles/re2.dir/bitstate.cpp.o
[INFO] [stderr]   [  2%] Building CXX object src/binder/bind/copy/CMakeFiles/kuzu_binder_bind_copy.dir/bind_copy_rdf_graph.cpp.o
[INFO] [stderr]   [  2%] Building CXX object src/binder/bind/CMakeFiles/kuzu_binder_bind.dir/bind_comment_on.cpp.o
[INFO] [stderr]   [  2%] Building CXX object third_party/antlr4_runtime/CMakeFiles/antlr4_runtime.dir/src/ANTLRErrorListener.cpp.o
[INFO] [stderr]   [  2%] Building CXX object src/binder/bind/ddl/CMakeFiles/kuzu_binder_bind_ddl.dir/bind_create_rdf_graph.cpp.o
[INFO] [stderr]   [  2%] Building CXX object src/binder/ddl/CMakeFiles/kuzu_binder_ddl.dir/bound_create_table_info.cpp.o
[INFO] [stderr]   [  3%] Building CXX object src/binder/bind_expression/CMakeFiles/kuzu_binder_bind_expression.dir/bind_boolean_expression.cpp.o
[INFO] [stderr]   [  3%] Building CXX object src/binder/expression/CMakeFiles/kuzu_binder_expression.dir/case_expression.cpp.o
[INFO] [stderr]   [  3%] Building CXX object src/transaction/CMakeFiles/kuzu_transaction.dir/transaction_context.cpp.o
[INFO] [stderr]   [  4%] Building C object third_party/serd/CMakeFiles/serd.dir/src/byte_source.c.o
[INFO] [stderr]   [  5%] Building CXX object third_party/zstd/CMakeFiles/zstd.dir/common/error_private.cpp.o
[INFO] [stderr]   [  5%] Building CXX object third_party/zstd/CMakeFiles/zstd.dir/common/fse_decompress.cpp.o
[INFO] [stderr]   [  5%] Building C object third_party/serd/CMakeFiles/serd.dir/src/env.c.o
[INFO] [stderr]   [  5%] Building C object third_party/serd/CMakeFiles/serd.dir/src/n3.c.o
[INFO] [stderr]   [  5%] Building CXX object third_party/zstd/CMakeFiles/zstd.dir/common/xxhash.cpp.o
[INFO] [stderr]   [  5%] Building CXX object third_party/utf8proc/CMakeFiles/utf8proc.dir/utf8proc_wrapper.cpp.o
[INFO] [stderr]   [  5%] Building C object third_party/serd/CMakeFiles/serd.dir/src/node.c.o
[INFO] [stderr]   [  5%] Building CXX object third_party/zstd/CMakeFiles/zstd.dir/common/zstd_common.cpp.o
[INFO] [stderr]   [  5%] Building C object third_party/serd/CMakeFiles/serd.dir/src/reader.c.o
[INFO] [stderr]   [  5%] Linking CXX static library libminiz.a
[INFO] [stderr]   [  5%] Building CXX object third_party/zstd/CMakeFiles/zstd.dir/compress/fse_compress.cpp.o
[INFO] [stderr]   [  5%] Building CXX object third_party/miniparquet/CMakeFiles/miniparquet.dir/src/parquet/parquet_types.cpp.o
[INFO] [stderr]   [  5%] Building CXX object third_party/zstd/CMakeFiles/zstd.dir/compress/hist.cpp.o
[INFO] [stderr]   [  5%] Built target miniz
[INFO] [stderr]   [  5%] Building C object third_party/serd/CMakeFiles/serd.dir/src/string.c.o
[INFO] [stderr]   [  5%] Building CXX object third_party/zstd/CMakeFiles/zstd.dir/compress/huf_compress.cpp.o
[INFO] [stderr]   [  6%] Building CXX object third_party/zstd/CMakeFiles/zstd.dir/compress/zstd_compress.cpp.o
[INFO] [stderr]   [  6%] Building C object third_party/serd/CMakeFiles/serd.dir/src/system.c.o
[INFO] [stderr]   [  6%] Linking CXX static library libutf8proc.a
[INFO] [stderr]   [  6%] Building CXX object src/binder/expression/CMakeFiles/kuzu_binder_expression.dir/expression.cpp.o
[INFO] [stderr]   [  7%] Building C object third_party/serd/CMakeFiles/serd.dir/src/uri.c.o
[INFO] [stderr]   [  7%] Built target kuzu_binder_ddl
[INFO] [stderr]   [  7%] Building CXX object third_party/zstd/CMakeFiles/zstd.dir/compress/zstd_compress_literals.cpp.o
[INFO] [stderr]   [  7%] Building CXX object src/binder/query/CMakeFiles/kuzu_binder_query.dir/bound_insert_clause.cpp.o
[INFO] [stderr]   [  7%] Building CXX object third_party/antlr4_runtime/CMakeFiles/antlr4_runtime.dir/src/ANTLRErrorStrategy.cpp.o
[INFO] [stderr]   [  7%] Built target utf8proc
[INFO] [stderr]   [  7%] Building C object third_party/serd/CMakeFiles/serd.dir/src/writer.c.o
[INFO] [stderr]   [  7%] Building CXX object src/binder/query/CMakeFiles/kuzu_binder_query.dir/bound_delete_clause.cpp.o
[INFO] [stderr]   [  7%] Building CXX object third_party/zstd/CMakeFiles/zstd.dir/compress/zstd_compress_sequences.cpp.o
[INFO] [stderr]   [  7%] Building CXX object third_party/re2/CMakeFiles/re2.dir/compile.cpp.o
[INFO] [stderr]   [  7%] Building CXX object third_party/miniparquet/CMakeFiles/miniparquet.dir/src/thrift/protocol/TProtocol.cpp.o
[INFO] [stderr]   [  7%] Linking C static library libserd.a
[INFO] [stderr]   [  7%] Building CXX object third_party/re2/CMakeFiles/re2.dir/dfa.cpp.o
[INFO] [stderr]   [  7%] Building CXX object third_party/zstd/CMakeFiles/zstd.dir/compress/zstd_compress_superblock.cpp.o
[INFO] [stderr]   [  7%] Building CXX object third_party/zstd/CMakeFiles/zstd.dir/compress/zstd_double_fast.cpp.o
[INFO] [stderr]   [  7%] Building CXX object third_party/zstd/CMakeFiles/zstd.dir/compress/zstd_fast.cpp.o
[INFO] [stderr]   [  7%] Built target serd
[INFO] [stderr]   [  7%] Building CXX object third_party/zstd/CMakeFiles/zstd.dir/compress/zstd_lazy.cpp.o
[INFO] [stderr]   [  8%] Building CXX object third_party/zstd/CMakeFiles/zstd.dir/compress/zstd_ldm.cpp.o
[INFO] [stderr]   [  8%] Building CXX object third_party/zstd/CMakeFiles/zstd.dir/compress/zstd_opt.cpp.o
[INFO] [stderr]   [  8%] Building CXX object third_party/zstd/CMakeFiles/zstd.dir/decompress/zstd_ddict.cpp.o
[INFO] [stderr]   [  8%] Building CXX object third_party/zstd/CMakeFiles/zstd.dir/decompress/huf_decompress.cpp.o
[INFO] [stderr]   [  8%] Building CXX object third_party/zstd/CMakeFiles/zstd.dir/decompress/zstd_decompress.cpp.o
[INFO] [stderr]   [  8%] Building CXX object third_party/zstd/CMakeFiles/zstd.dir/decompress/zstd_decompress_block.cpp.o
[INFO] [stderr]   [  8%] Building CXX object third_party/antlr4_runtime/CMakeFiles/antlr4_runtime.dir/src/ANTLRFileStream.cpp.o
[INFO] [stderr]   [  8%] Building CXX object src/binder/bind_expression/CMakeFiles/kuzu_binder_bind_expression.dir/bind_case_expression.cpp.o
[INFO] [stderr]   [  9%] Building CXX object src/binder/expression/CMakeFiles/kuzu_binder_expression.dir/expression_util.cpp.o
[INFO] [stderr]   [  9%] Building CXX object src/binder/expression/CMakeFiles/kuzu_binder_expression.dir/function_expression.cpp.o
[INFO] [stderr]   [  9%] Building CXX object third_party/miniparquet/CMakeFiles/miniparquet.dir/src/thrift/transport/TTransportException.cpp.o
[INFO] [stderr]   [  9%] Building CXX object third_party/miniparquet/CMakeFiles/miniparquet.dir/src/thrift/transport/TBufferTransports.cpp.o
[INFO] [stderr]   [  9%] Building CXX object third_party/miniparquet/CMakeFiles/miniparquet.dir/src/snappy/snappy.cc.o
[INFO] [stderr]   [  9%] Building CXX object src/binder/query/CMakeFiles/kuzu_binder_query.dir/bound_merge_clause.cpp.o
[INFO] [stderr]   [ 10%] Building CXX object third_party/antlr4_runtime/CMakeFiles/antlr4_runtime.dir/src/ANTLRInputStream.cpp.o
[INFO] [stderr]   [ 10%] Building CXX object src/binder/query/CMakeFiles/kuzu_binder_query.dir/bound_set_clause.cpp.o
[INFO] [stderr]   [ 10%] Building CXX object third_party/miniparquet/CMakeFiles/miniparquet.dir/src/snappy/snappy-sinksource.cc.o
[INFO] [stderr]   [ 10%] Building CXX object src/binder/query/CMakeFiles/kuzu_binder_query.dir/query_graph.cpp.o
[INFO] [stderr]   [ 10%] Building CXX object third_party/antlr4_runtime/CMakeFiles/antlr4_runtime.dir/src/atn/ActionTransition.cpp.o
[INFO] [stderr]   [ 11%] Building CXX object src/binder/query/CMakeFiles/kuzu_binder_query.dir/query_graph_label_analyzer.cpp.o
[INFO] [stderr]   [ 11%] Building CXX object third_party/re2/CMakeFiles/re2.dir/filtered_re2.cpp.o
[INFO] [stderr]   [ 11%] Building CXX object third_party/antlr4_runtime/CMakeFiles/antlr4_runtime.dir/src/atn/AmbiguityInfo.cpp.o
[INFO] [stderr]   [ 12%] Linking CXX static library libzstd.a
[INFO] [stderr]   [ 13%] Building CXX object third_party/re2/CMakeFiles/re2.dir/mimics_pcre.cpp.o
[INFO] [stderr]   [ 13%] Built target zstd
[INFO] [stderr]   [ 13%] Building CXX object third_party/re2/CMakeFiles/re2.dir/onepass.cpp.o
[INFO] [stderr]   [ 13%] Building CXX object third_party/re2/CMakeFiles/re2.dir/nfa.cpp.o
[INFO] [stderr]   [ 13%] Building CXX object third_party/antlr4_runtime/CMakeFiles/antlr4_runtime.dir/src/atn/ArrayPredictionContext.cpp.o
[INFO] [stderr]   [ 13%] Building CXX object third_party/antlr4_runtime/CMakeFiles/antlr4_runtime.dir/src/atn/ATNConfig.cpp.o
[INFO] [stderr]   [ 13%] Building CXX object third_party/re2/CMakeFiles/re2.dir/parse.cpp.o
[INFO] [stderr]   [ 13%] Building CXX object third_party/re2/CMakeFiles/re2.dir/perl_groups.cpp.o
[INFO] [stderr]   [ 13%] Building CXX object third_party/re2/CMakeFiles/re2.dir/prefilter.cpp.o
[INFO] [stderr]   [ 14%] Building CXX object third_party/re2/CMakeFiles/re2.dir/prog.cpp.o
[INFO] [stderr]   [ 14%] Building CXX object third_party/re2/CMakeFiles/re2.dir/prefilter_tree.cpp.o
[INFO] [stderr]   [ 14%] Building CXX object third_party/re2/CMakeFiles/re2.dir/re2.cpp.o
[INFO] [stderr]   [ 14%] Building CXX object third_party/antlr4_runtime/CMakeFiles/antlr4_runtime.dir/src/atn/ATNConfigSet.cpp.o
[INFO] [stderr]   [ 14%] Building CXX object third_party/re2/CMakeFiles/re2.dir/regexp.cpp.o
[INFO] [stderr]   [ 14%] Building CXX object third_party/antlr4_runtime/CMakeFiles/antlr4_runtime.dir/src/atn/ATN.cpp.o
[INFO] [stderr]   [ 14%] Building CXX object third_party/re2/CMakeFiles/re2.dir/set.cpp.o
[INFO] [stderr]   [ 14%] Building CXX object third_party/re2/CMakeFiles/re2.dir/simplify.cpp.o
[INFO] [stderr]   [ 14%] Building CXX object third_party/re2/CMakeFiles/re2.dir/stringpiece.cpp.o
[INFO] [stderr]   [ 15%] Building CXX object third_party/re2/CMakeFiles/re2.dir/tostring.cpp.o
[INFO] [stderr]   [ 16%] Building CXX object third_party/antlr4_runtime/CMakeFiles/antlr4_runtime.dir/src/atn/ATNDeserializationOptions.cpp.o
[INFO] [stderr]   [ 16%] Building CXX object third_party/antlr4_runtime/CMakeFiles/antlr4_runtime.dir/src/atn/ATNDeserializer.cpp.o
[INFO] [stderr]   [ 16%] Building CXX object third_party/antlr4_runtime/CMakeFiles/antlr4_runtime.dir/src/atn/ATNSimulator.cpp.o
[INFO] [stderr]   [ 16%] Building CXX object third_party/antlr4_runtime/CMakeFiles/antlr4_runtime.dir/src/atn/ATNState.cpp.o
[INFO] [stderr]   [ 16%] Building CXX object third_party/antlr4_runtime/CMakeFiles/antlr4_runtime.dir/src/atn/ATNStateType.cpp.o
[INFO] [stderr] 
[INFO] [stderr]   --- stderr
[INFO] [stderr]   CMake Warning:
[INFO] [stderr]     Manually-specified variables were not used by the project:
[INFO] [stderr] 
[INFO] [stderr]       CMAKE_ASM_COMPILER
[INFO] [stderr]       CMAKE_ASM_FLAGS
[INFO] [stderr] 
[INFO] [stderr] 
[INFO] [stderr]   c++: fatal error: Killed signal terminated program cc1plus
[INFO] [stderr]   compilation terminated.
[INFO] [stderr]   gmake[2]: *** [src/binder/CMakeFiles/kuzu_binder.dir/build.make:76: src/binder/CMakeFiles/kuzu_binder.dir/binder.cpp.o] Error 1
[INFO] [stderr]   gmake[1]: *** [CMakeFiles/Makefile2:2913: src/binder/CMakeFiles/kuzu_binder.dir/all] Error 2
[INFO] [stderr]   gmake[1]: *** Waiting for unfinished jobs....
[INFO] [stderr]   c++: fatal error: Killed signal terminated program cc1plus
[INFO] [stderr]   compilation terminated.
[INFO] [stderr]   gmake[2]: *** [src/binder/bind/CMakeFiles/kuzu_binder_bind.dir/build.make:76: src/binder/bind/CMakeFiles/kuzu_binder_bind.dir/bind_comment_on.cpp.o] Error 1
[INFO] [stderr]   gmake[1]: *** [CMakeFiles/Makefile2:2939: src/binder/bind/CMakeFiles/kuzu_binder_bind.dir/all] Error 2
[INFO] [stderr]   c++: fatal error: Killed signal terminated program cc1plus
[INFO] [stderr]   compilation terminated.
[INFO] [stderr]   gmake[2]: *** [src/binder/bind/copy/CMakeFiles/kuzu_binder_bind_copy.dir/build.make:76: src/binder/bind/copy/CMakeFiles/kuzu_binder_bind_copy.dir/bind_copy_rdf_graph.cpp.o] Error 1
[INFO] [stderr]   gmake[1]: *** [CMakeFiles/Makefile2:2965: src/binder/bind/copy/CMakeFiles/kuzu_binder_bind_copy.dir/all] Error 2
[INFO] [stderr]   c++: fatal error: Killed signal terminated program cc1plus
[INFO] [stderr]   compilation terminated.
[INFO] [stderr]   gmake[2]: *** [src/transaction/CMakeFiles/kuzu_transaction.dir/build.make:76: src/transaction/CMakeFiles/kuzu_transaction.dir/transaction_context.cpp.o] Error 1
[INFO] [stderr]   gmake[1]: *** [CMakeFiles/Makefile2:4863: src/transaction/CMakeFiles/kuzu_transaction.dir/all] Error 2
[INFO] [stderr]   c++: fatal error: Killed signal terminated program cc1plus
[INFO] [stderr]   compilation terminated.
[INFO] [stderr]   gmake[2]: *** [third_party/fastpfor/CMakeFiles/fastpfor.dir/build.make:76: third_party/fastpfor/CMakeFiles/fastpfor.dir/fastpfor/bitpacking.cpp.o] Error 1
[INFO] [stderr]   gmake[1]: *** [CMakeFiles/Makefile2:1783: third_party/fastpfor/CMakeFiles/fastpfor.dir/all] Error 2
[INFO] [stderr]   c++: fatal error: Killed signal terminated program cc1plus
[INFO] [stderr]   compilation terminated.
[INFO] [stderr]   gmake[2]: *** [src/binder/bind/ddl/CMakeFiles/kuzu_binder_bind_ddl.dir/build.make:76: src/binder/bind/ddl/CMakeFiles/kuzu_binder_bind_ddl.dir/bind_create_rdf_graph.cpp.o] Error 1
[INFO] [stderr]   gmake[1]: *** [CMakeFiles/Makefile2:2991: src/binder/bind/ddl/CMakeFiles/kuzu_binder_bind_ddl.dir/all] Error 2
[INFO] [stderr]   c++: fatal error: Killed signal terminated program cc1plus
[INFO] [stderr]   compilation terminated.
[INFO] [stderr]   gmake[2]: *** [third_party/miniparquet/CMakeFiles/miniparquet.dir/build.make:90: third_party/miniparquet/CMakeFiles/miniparquet.dir/src/parquet/parquet_types.cpp.o] Error 1
[INFO] [stderr]   gmake[2]: *** Waiting for unfinished jobs....
[INFO] [stderr]   gmake[1]: *** [CMakeFiles/Makefile2:1809: third_party/miniparquet/CMakeFiles/miniparquet.dir/all] Error 2
[INFO] [stderr]   c++: fatal error: Killed signal terminated program cc1plus
[INFO] [stderr]   compilation terminated.
[INFO] [stderr]   gmake[2]: *** [src/binder/expression/CMakeFiles/kuzu_binder_expression.dir/build.make:118: src/binder/expression/CMakeFiles/kuzu_binder_expression.dir/function_expression.cpp.o] Error 1
[INFO] [stderr]   gmake[1]: *** [CMakeFiles/Makefile2:3069: src/binder/expression/CMakeFiles/kuzu_binder_expression.dir/all] Error 2
[INFO] [stderr]   c++: fatal error: Killed signal terminated program cc1plus
[INFO] [stderr]   compilation terminated.
[INFO] [stderr]   gmake[2]: *** [src/binder/bind_expression/CMakeFiles/kuzu_binder_bind_expression.dir/build.make:90: src/binder/bind_expression/CMakeFiles/kuzu_binder_bind_expression.dir/bind_case_expression.cpp.o] Error 1
[INFO] [stderr]   gmake[1]: *** [CMakeFiles/Makefile2:3017: src/binder/bind_expression/CMakeFiles/kuzu_binder_bind_expression.dir/all] Error 2
[INFO] [stderr]   c++: fatal error: Killed signal terminated program cc1plus
[INFO] [stderr]   compilation terminated.
[INFO] [stderr]   gmake[2]: *** [src/binder/query/CMakeFiles/kuzu_binder_query.dir/build.make:146: src/binder/query/CMakeFiles/kuzu_binder_query.dir/query_graph_label_analyzer.cpp.o] Error 1
[INFO] [stderr]   gmake[2]: *** Waiting for unfinished jobs....
[INFO] [stderr]   c++: fatal error: Killed signal terminated program cc1plus
[INFO] [stderr]   compilation terminated.
[INFO] [stderr]   gmake[2]: *** [src/binder/query/CMakeFiles/kuzu_binder_query.dir/build.make:132: src/binder/query/CMakeFiles/kuzu_binder_query.dir/query_graph.cpp.o] Error 1
[INFO] [stderr]   gmake[1]: *** [CMakeFiles/Makefile2:3095: src/binder/query/CMakeFiles/kuzu_binder_query.dir/all] Error 2
[INFO] [stderr]   c++: fatal error: Killed signal terminated program cc1plus
[INFO] [stderr]   compilation terminated.
[INFO] [stderr]   gmake[2]: *** [third_party/re2/CMakeFiles/re2.dir/build.make:146: third_party/re2/CMakeFiles/re2.dir/nfa.cpp.o] Error 1
[INFO] [stderr]   gmake[2]: *** Waiting for unfinished jobs....
[INFO] [stderr]   c++: fatal error: Killed signal terminated program cc1plus
[INFO] [stderr]   compilation terminated.
[INFO] [stderr]   gmake[2]: *** [third_party/antlr4_runtime/CMakeFiles/antlr4_runtime.dir/build.make:188: third_party/antlr4_runtime/CMakeFiles/antlr4_runtime.dir/src/atn/ATNConfigSet.cpp.o] Error 1
[INFO] [stderr]   gmake[2]: *** Waiting for unfinished jobs....
[INFO] [stderr]   gmake[1]: *** [CMakeFiles/Makefile2:2589: third_party/re2/CMakeFiles/re2.dir/all] Error 2
[INFO] [stderr]   gmake[1]: *** [CMakeFiles/Makefile2:1757: third_party/antlr4_runtime/CMakeFiles/antlr4_runtime.dir/all] Error 2
[INFO] [stderr]   gmake: *** [Makefile:136: all] Error 2
[INFO] [stderr]   thread 'main' panicked at /opt/rustwide/cargo-home/registry/src/index.crates.io-6f17d22bba15001f/cmake-0.1.50/src/lib.rs:1098:5:
[INFO] [stderr] 
[INFO] [stderr]   command did not execute successfully, got: exit status: 2
[INFO] [stderr] 
[INFO] [stderr]   build script failed, must exit now
[INFO] [stderr]   stack backtrace:
[INFO] [stderr]      0:     0x5640e1b09666 - std::backtrace_rs::backtrace::libunwind::trace::h261606ad26a499c1
[INFO] [stderr]                                  at /rustc/0e09125c6c3c2fd70d7de961bcf0e51575235fad/library/std/src/../../backtrace/src/backtrace/libunwind.rs:104:5
[INFO] [stderr]      1:     0x5640e1b09666 - std::backtrace_rs::backtrace::trace_unsynchronized::hd183f0625477fb28
[INFO] [stderr]                                  at /rustc/0e09125c6c3c2fd70d7de961bcf0e51575235fad/library/std/src/../../backtrace/src/backtrace/mod.rs:66:5
[INFO] [stderr]      2:     0x5640e1b09666 - std::sys_common::backtrace::_print_fmt::hd7f8fef21b4eda67
[INFO] [stderr]                                  at /rustc/0e09125c6c3c2fd70d7de961bcf0e51575235fad/library/std/src/sys_common/backtrace.rs:68:5
[INFO] [stderr]      3:     0x5640e1b09666 - <std::sys_common::backtrace::_print::DisplayBacktrace as core::fmt::Display>::fmt::h623d9b51f2f453f1
[INFO] [stderr]                                  at /rustc/0e09125c6c3c2fd70d7de961bcf0e51575235fad/library/std/src/sys_common/backtrace.rs:44:22
[INFO] [stderr]      4:     0x5640e1b31090 - core::fmt::rt::Argument::fmt::h9f417ac76a86f368
[INFO] [stderr]                                  at /rustc/0e09125c6c3c2fd70d7de961bcf0e51575235fad/library/core/src/fmt/rt.rs:142:9
[INFO] [stderr]      5:     0x5640e1b31090 - core::fmt::write::hc9b6faf4ac2aeff7
[INFO] [stderr]                                  at /rustc/0e09125c6c3c2fd70d7de961bcf0e51575235fad/library/core/src/fmt/mod.rs:1120:17
[INFO] [stderr]      6:     0x5640e1b0676f - std::io::Write::write_fmt::hfead1eee52c2e65e
[INFO] [stderr]                                  at /rustc/0e09125c6c3c2fd70d7de961bcf0e51575235fad/library/std/src/io/mod.rs:1810:15
[INFO] [stderr]      7:     0x5640e1b09444 - std::sys_common::backtrace::_print::hd5d66399c7df88a2
[INFO] [stderr]                                  at /rustc/0e09125c6c3c2fd70d7de961bcf0e51575235fad/library/std/src/sys_common/backtrace.rs:47:5
[INFO] [stderr]      8:     0x5640e1b09444 - std::sys_common::backtrace::print::he81ed2da642d37e5
[INFO] [stderr]                                  at /rustc/0e09125c6c3c2fd70d7de961bcf0e51575235fad/library/std/src/sys_common/backtrace.rs:34:9
[INFO] [stderr]      9:     0x5640e1b0b377 - std::panicking::default_hook::{{closure}}::h85773f4fa117163d
[INFO] [stderr]     10:     0x5640e1b0b0d9 - std::panicking::default_hook::h6a1694a91d09b278
[INFO] [stderr]                                  at /rustc/0e09125c6c3c2fd70d7de961bcf0e51575235fad/library/std/src/panicking.rs:292:9
[INFO] [stderr]     11:     0x5640e1b0b808 - std::panicking::rust_panic_with_hook::h0a7ad96e90f7145b
[INFO] [stderr]                                  at /rustc/0e09125c6c3c2fd70d7de961bcf0e51575235fad/library/std/src/panicking.rs:779:13
[INFO] [stderr]     12:     0x5640e1b0b6e2 - std::panicking::begin_panic_handler::{{closure}}::h7919090525c6485e
[INFO] [stderr]                                  at /rustc/0e09125c6c3c2fd70d7de961bcf0e51575235fad/library/std/src/panicking.rs:657:13
[INFO] [stderr]     13:     0x5640e1b09b66 - std::sys_common::backtrace::__rust_end_short_backtrace::hf3289479464f7dfe
[INFO] [stderr]                                  at /rustc/0e09125c6c3c2fd70d7de961bcf0e51575235fad/library/std/src/sys_common/backtrace.rs:171:18
[INFO] [stderr]     14:     0x5640e1b0b440 - rust_begin_unwind
[INFO] [stderr]                                  at /rustc/0e09125c6c3c2fd70d7de961bcf0e51575235fad/library/std/src/panicking.rs:645:5
[INFO] [stderr]     15:     0x5640e17f6be5 - core::panicking::panic_fmt::hcc9f77c5c132af55
[INFO] [stderr]                                  at /rustc/0e09125c6c3c2fd70d7de961bcf0e51575235fad/library/core/src/panicking.rs:72:14
[INFO] [stderr]     16:     0x5640e1a8cf01 - cmake::fail::he2842cdfdaab24c6
[INFO] [stderr]     17:     0x5640e1a8c697 - cmake::run::h9dfd80210f6edf42
[INFO] [stderr]     18:     0x5640e1a88fcd - cmake::Config::build::h46e9d0c53d1f3839
[INFO] [stderr]     19:     0x5640e17fcef0 - build_script_build::build_bundled_cmake::h2efb07f23d95ee3d
[INFO] [stderr]     20:     0x5640e17fe261 - build_script_build::main::hca76b134c0a85413
[INFO] [stderr]     21:     0x5640e17f8103 - core::ops::function::FnOnce::call_once::h7d6066f630a4d600
[INFO] [stderr]     22:     0x5640e17f7c06 - std::sys_common::backtrace::__rust_begin_short_backtrace::h3139fdb8117348a1
[INFO] [stderr]     23:     0x5640e17f7d39 - std::rt::lang_start::{{closure}}::he67c70b392602fc4
[INFO] [stderr]     24:     0x5640e1b007e1 - core::ops::function::impls::<impl core::ops::function::FnOnce<A> for &F>::call_once::h4eb4c5e1620f29b0
[INFO] [stderr]                                  at /rustc/0e09125c6c3c2fd70d7de961bcf0e51575235fad/library/core/src/ops/function.rs:284:13
[INFO] [stderr]     25:     0x5640e1b007e1 - std::panicking::try::do_call::h73fd26535faffcdf
[INFO] [stderr]                                  at /rustc/0e09125c6c3c2fd70d7de961bcf0e51575235fad/library/std/src/panicking.rs:552:40
[INFO] [stderr]     26:     0x5640e1b007e1 - std::panicking::try::h77ff1d98f0fb9f39
[INFO] [stderr]                                  at /rustc/0e09125c6c3c2fd70d7de961bcf0e51575235fad/library/std/src/panicking.rs:516:19
[INFO] [stderr]     27:     0x5640e1b007e1 - std::panic::catch_unwind::hab3caf2448b95e37
[INFO] [stderr]                                  at /rustc/0e09125c6c3c2fd70d7de961bcf0e51575235fad/library/std/src/panic.rs:142:14
[INFO] [stderr]     28:     0x5640e1b007e1 - std::rt::lang_start_internal::{{closure}}::h8086711f9c783f78
[INFO] [stderr]                                  at /rustc/0e09125c6c3c2fd70d7de961bcf0e51575235fad/library/std/src/rt.rs:148:48
[INFO] [stderr]     29:     0x5640e1b007e1 - std::panicking::try::do_call::hf920d4dc291cd6ca
[INFO] [stderr]                                  at /rustc/0e09125c6c3c2fd70d7de961bcf0e51575235fad/library/std/src/panicking.rs:552:40
[INFO] [stderr]     30:     0x5640e1b007e1 - std::panicking::try::h2b806ccc0a85db74
[INFO] [stderr]                                  at /rustc/0e09125c6c3c2fd70d7de961bcf0e51575235fad/library/std/src/panicking.rs:516:19
[INFO] [stderr]     31:     0x5640e1b007e1 - std::panic::catch_unwind::h038489539c507df2
[INFO] [stderr]                                  at /rustc/0e09125c6c3c2fd70d7de961bcf0e51575235fad/library/std/src/panic.rs:142:14
[INFO] [stderr]     32:     0x5640e1b007e1 - std::rt::lang_start_internal::h28503b88912e8a5c
[INFO] [stderr]                                  at /rustc/0e09125c6c3c2fd70d7de961bcf0e51575235fad/library/std/src/rt.rs:148:20
[INFO] [stderr]     33:     0x5640e17f7d17 - std::rt::lang_start::h21963539fcae997c
[INFO] [stderr]     34:     0x5640e17fe825 - main
[INFO] [stderr]     35:     0x7f6172c85d90 - <unknown>
[INFO] [stderr]     36:     0x7f6172c85e40 - __libc_start_main
[INFO] [stderr]     37:     0x5640e17f7445 - _start
[INFO] [stderr]     38:                0x0 - <unknown>
[INFO] running `Command { std: "docker" "inspect" "c65e59f866143478d3ffeeb66072bc704e0b567b82b13c076feadd4c6e97c9cc", kill_on_drop: false }`
[INFO] running `Command { std: "docker" "rm" "-f" "c65e59f866143478d3ffeeb66072bc704e0b567b82b13c076feadd4c6e97c9cc", kill_on_drop: false }`
[INFO] [stdout] c65e59f866143478d3ffeeb66072bc704e0b567b82b13c076feadd4c6e97c9cc
