[INFO] fetching crate krystals 0.0.1...
[INFO] testing krystals-0.0.1 against 1.75.0 for beta-1.76-1
[INFO] extracting crate krystals 0.0.1 into /workspace/builds/worker-5-tc1/source
[INFO] validating manifest of crates.io crate krystals 0.0.1 on toolchain 1.75.0
[INFO] running `Command { std: CARGO_HOME="/workspace/cargo-home" RUSTUP_HOME="/workspace/rustup-home" "/workspace/cargo-home/bin/cargo" "+1.75.0" "metadata" "--manifest-path" "Cargo.toml" "--no-deps", kill_on_drop: false }`
[INFO] started tweaking crates.io crate krystals 0.0.1
[INFO] finished tweaking crates.io crate krystals 0.0.1
[INFO] tweaked toml for crates.io crate krystals 0.0.1 written to /workspace/builds/worker-5-tc1/source/Cargo.toml
[INFO] running `Command { std: CARGO_HOME="/workspace/cargo-home" RUSTUP_HOME="/workspace/rustup-home" "/workspace/cargo-home/bin/cargo" "+1.75.0" "generate-lockfile" "--manifest-path" "Cargo.toml", kill_on_drop: false }`
[INFO] [stderr]     Updating crates.io index
[INFO] running `Command { std: CARGO_HOME="/workspace/cargo-home" RUSTUP_HOME="/workspace/rustup-home" "/workspace/cargo-home/bin/cargo" "+1.75.0" "fetch" "--manifest-path" "Cargo.toml", kill_on_drop: false }`
[INFO] running `Command { std: "docker" "create" "-v" "/var/lib/crater-agent-workspace/builds/worker-5-tc1/target:/opt/rustwide/target:rw,Z" "-v" "/var/lib/crater-agent-workspace/builds/worker-5-tc1/source:/opt/rustwide/workdir:ro,Z" "-v" "/var/lib/crater-agent-workspace/cargo-home:/opt/rustwide/cargo-home:ro,Z" "-v" "/var/lib/crater-agent-workspace/rustup-home:/opt/rustwide/rustup-home:ro,Z" "-e" "SOURCE_DIR=/opt/rustwide/workdir" "-e" "CARGO_TARGET_DIR=/opt/rustwide/target" "-e" "CARGO_HOME=/opt/rustwide/cargo-home" "-e" "RUSTUP_HOME=/opt/rustwide/rustup-home" "-w" "/opt/rustwide/workdir" "-m" "1610612736" "--user" "0:0" "--network" "none" "ghcr.io/rust-lang/crates-build-env/linux@sha256:2788e3201cd34a07e3172128adcd8b3090168a8e3bcc40d7c032b9dda1df7d1c" "/opt/rustwide/cargo-home/bin/cargo" "+1.75.0" "metadata" "--no-deps" "--format-version=1", kill_on_drop: false }`
[INFO] [stdout] 93b496d093fa6251f8611aa7850633fb5a8fcf9f9003e35a05e1838d49dc4d26
[INFO] running `Command { std: "docker" "start" "-a" "93b496d093fa6251f8611aa7850633fb5a8fcf9f9003e35a05e1838d49dc4d26", kill_on_drop: false }`
[INFO] running `Command { std: "docker" "inspect" "93b496d093fa6251f8611aa7850633fb5a8fcf9f9003e35a05e1838d49dc4d26", kill_on_drop: false }`
[INFO] running `Command { std: "docker" "rm" "-f" "93b496d093fa6251f8611aa7850633fb5a8fcf9f9003e35a05e1838d49dc4d26", kill_on_drop: false }`
[INFO] [stdout] 93b496d093fa6251f8611aa7850633fb5a8fcf9f9003e35a05e1838d49dc4d26
[INFO] running `Command { std: "docker" "create" "-v" "/var/lib/crater-agent-workspace/builds/worker-5-tc1/target:/opt/rustwide/target:rw,Z" "-v" "/var/lib/crater-agent-workspace/builds/worker-5-tc1/source:/opt/rustwide/workdir:ro,Z" "-v" "/var/lib/crater-agent-workspace/cargo-home:/opt/rustwide/cargo-home:ro,Z" "-v" "/var/lib/crater-agent-workspace/rustup-home:/opt/rustwide/rustup-home:ro,Z" "-e" "SOURCE_DIR=/opt/rustwide/workdir" "-e" "CARGO_TARGET_DIR=/opt/rustwide/target" "-e" "CARGO_INCREMENTAL=0" "-e" "RUST_BACKTRACE=full" "-e" "RUSTFLAGS=--cap-lints=warn" "-e" "RUSTDOCFLAGS=--cap-lints=warn" "-e" "CARGO_HOME=/opt/rustwide/cargo-home" "-e" "RUSTUP_HOME=/opt/rustwide/rustup-home" "-w" "/opt/rustwide/workdir" "-m" "1610612736" "--user" "0:0" "--network" "none" "ghcr.io/rust-lang/crates-build-env/linux@sha256:2788e3201cd34a07e3172128adcd8b3090168a8e3bcc40d7c032b9dda1df7d1c" "/opt/rustwide/cargo-home/bin/cargo" "+1.75.0" "build" "--frozen" "--message-format=json", kill_on_drop: false }`
[INFO] [stdout] ed5ffa2e0563b8688b3762530e8a18d6ccbfc65cad09b0f9ac5625738e98f36d
[INFO] running `Command { std: "docker" "start" "-a" "ed5ffa2e0563b8688b3762530e8a18d6ccbfc65cad09b0f9ac5625738e98f36d", kill_on_drop: false }`
[INFO] [stderr]    Compiling crunchy v0.2.2
[INFO] [stderr]    Compiling rand_core v0.6.4
[INFO] [stderr]    Compiling static_assertions v1.1.0
[INFO] [stderr]    Compiling array-init v2.1.0
[INFO] [stderr]    Compiling krystals v0.0.1 (/opt/rustwide/workdir)
[INFO] [stderr]    Compiling syn v2.0.48
[INFO] [stderr]    Compiling rand v0.8.5
[INFO] [stderr]    Compiling zeroize_derive v1.4.2
[INFO] [stderr]    Compiling zeroize v1.7.0
[INFO] [stderr]    Compiling secrecy v0.8.0
[INFO] [stdout] warning: unused imports: `Cell`, `RefCell`
[INFO] [stdout]   --> src/lib.rs:25:32
[INFO] [stdout]    |
[INFO] [stdout] 25 |     pub use self::core::cell::{Cell, RefCell};
[INFO] [stdout]    |                                ^^^^  ^^^^^^^
[INFO] [stdout]    |
[INFO] [stdout]    = note: `#[warn(unused_imports)]` on by default
[INFO] [stdout] 
[INFO] [stdout] 
[INFO] [stdout] warning: unused imports: `Clone`, `self`
[INFO] [stdout]   --> src/lib.rs:26:33
[INFO] [stdout]    |
[INFO] [stdout] 26 |     pub use self::core::clone::{self, Clone};
[INFO] [stdout]    |                                 ^^^^  ^^^^^
[INFO] [stdout] 
[INFO] [stdout] 
[INFO] [stdout] warning: unused imports: `From`, `Into`, `self`
[INFO] [stdout]   --> src/lib.rs:27:35
[INFO] [stdout]    |
[INFO] [stdout] 27 |     pub use self::core::convert::{self, From, Into};
[INFO] [stdout]    |                                   ^^^^  ^^^^  ^^^^
[INFO] [stdout] 
[INFO] [stdout] 
[INFO] [stdout] warning: unused imports: `Default`, `self`
[INFO] [stdout]   --> src/lib.rs:28:35
[INFO] [stdout]    |
[INFO] [stdout] 28 |     pub use self::core::default::{self, Default};
[INFO] [stdout]    |                                   ^^^^  ^^^^^^^
[INFO] [stdout] 
[INFO] [stdout] 
[INFO] [stdout] warning: unused imports: `Debug`, `Display`
[INFO] [stdout]   --> src/lib.rs:29:37
[INFO] [stdout]    |
[INFO] [stdout] 29 |     pub use self::core::fmt::{self, Debug, Display};
[INFO] [stdout]    |                                     ^^^^^  ^^^^^^^
[INFO] [stdout] 
[INFO] [stdout] 
[INFO] [stdout] warning: unused imports: `PhantomData`, `self`
[INFO] [stdout]   --> src/lib.rs:30:34
[INFO] [stdout]    |
[INFO] [stdout] 30 |     pub use self::core::marker::{self, PhantomData};
[INFO] [stdout]    |                                  ^^^^  ^^^^^^^^^^^
[INFO] [stdout] 
[INFO] [stdout] 
[INFO] [stdout] warning: unused import: `self::core::num::Wrapping`
[INFO] [stdout]   --> src/lib.rs:31:13
[INFO] [stdout]    |
[INFO] [stdout] 31 |     pub use self::core::num::Wrapping;
[INFO] [stdout]    |             ^^^^^^^^^^^^^^^^^^^^^^^^^
[INFO] [stdout] 
[INFO] [stdout] 
[INFO] [stdout] warning: unused imports: `Option`, `self`
[INFO] [stdout]   --> src/lib.rs:33:34
[INFO] [stdout]    |
[INFO] [stdout] 33 |     pub use self::core::option::{self, Option};
[INFO] [stdout]    |                                  ^^^^  ^^^^^^
[INFO] [stdout] 
[INFO] [stdout] 
[INFO] [stdout] warning: unused imports: `Result`, `self`
[INFO] [stdout]   --> src/lib.rs:34:34
[INFO] [stdout]    |
[INFO] [stdout] 34 |     pub use self::core::result::{self, Result};
[INFO] [stdout]    |                                  ^^^^  ^^^^^^
[INFO] [stdout] 
[INFO] [stdout] 
[INFO] [stdout] warning: unused imports: `cmp`, `iter`, `num`, `ptr`, `str`
[INFO] [stdout]   --> src/lib.rs:35:26
[INFO] [stdout]    |
[INFO] [stdout] 35 |     pub use self::core::{cmp, iter, mem, num, ptr, slice, str};
[INFO] [stdout]    |                          ^^^  ^^^^       ^^^  ^^^         ^^^
[INFO] [stdout] 
[INFO] [stdout] 
[INFO] [stdout] warning: unused imports: `i16`, `i32`, `i64`, `i8`, `isize`
[INFO] [stdout]   --> src/lib.rs:36:26
[INFO] [stdout]    |
[INFO] [stdout] 36 |     pub use self::core::{i16, i32, i64, i8, isize};
[INFO] [stdout]    |                          ^^^  ^^^  ^^^  ^^  ^^^^^
[INFO] [stdout] 
[INFO] [stdout] 
[INFO] [stdout] warning: unused imports: `u16`, `u32`, `u64`, `u8`, `usize`
[INFO] [stdout]   --> src/lib.rs:37:26
[INFO] [stdout]    |
[INFO] [stdout] 37 |     pub use self::core::{u16, u32, u64, u8, usize};
[INFO] [stdout]    |                          ^^^  ^^^  ^^^  ^^  ^^^^^
[INFO] [stdout] 
[INFO] [stdout] 
[INFO] [stdout] warning: 12 warnings emitted
[INFO] [stdout] 
[INFO] [stdout] 
[INFO] [stderr]     Finished dev [unoptimized + debuginfo] target(s) in 4.30s
[INFO] running `Command { std: "docker" "inspect" "ed5ffa2e0563b8688b3762530e8a18d6ccbfc65cad09b0f9ac5625738e98f36d", kill_on_drop: false }`
[INFO] running `Command { std: "docker" "rm" "-f" "ed5ffa2e0563b8688b3762530e8a18d6ccbfc65cad09b0f9ac5625738e98f36d", kill_on_drop: false }`
[INFO] [stdout] ed5ffa2e0563b8688b3762530e8a18d6ccbfc65cad09b0f9ac5625738e98f36d
[INFO] running `Command { std: "docker" "create" "-v" "/var/lib/crater-agent-workspace/builds/worker-5-tc1/target:/opt/rustwide/target:rw,Z" "-v" "/var/lib/crater-agent-workspace/builds/worker-5-tc1/source:/opt/rustwide/workdir:ro,Z" "-v" "/var/lib/crater-agent-workspace/cargo-home:/opt/rustwide/cargo-home:ro,Z" "-v" "/var/lib/crater-agent-workspace/rustup-home:/opt/rustwide/rustup-home:ro,Z" "-e" "SOURCE_DIR=/opt/rustwide/workdir" "-e" "CARGO_TARGET_DIR=/opt/rustwide/target" "-e" "CARGO_INCREMENTAL=0" "-e" "RUST_BACKTRACE=full" "-e" "RUSTFLAGS=--cap-lints=warn" "-e" "RUSTDOCFLAGS=--cap-lints=warn" "-e" "CARGO_HOME=/opt/rustwide/cargo-home" "-e" "RUSTUP_HOME=/opt/rustwide/rustup-home" "-w" "/opt/rustwide/workdir" "-m" "1610612736" "--user" "0:0" "--network" "none" "ghcr.io/rust-lang/crates-build-env/linux@sha256:2788e3201cd34a07e3172128adcd8b3090168a8e3bcc40d7c032b9dda1df7d1c" "/opt/rustwide/cargo-home/bin/cargo" "+1.75.0" "test" "--frozen" "--no-run" "--message-format=json", kill_on_drop: false }`
[INFO] [stdout] ef96f8402d2b2113ed3a5949ea1285456d7eb7899dde71b9987df6a9790162a9
[INFO] running `Command { std: "docker" "start" "-a" "ef96f8402d2b2113ed3a5949ea1285456d7eb7899dde71b9987df6a9790162a9", kill_on_drop: false }`
[INFO] [stderr]    Compiling libc v0.2.151
[INFO] [stderr]    Compiling crossbeam-utils v0.8.18
[INFO] [stderr]    Compiling rayon-core v1.12.0
[INFO] [stderr]    Compiling crunchy v0.2.2
[INFO] [stderr]    Compiling plotters-backend v0.3.5
[INFO] [stderr]    Compiling memchr v2.7.1
[INFO] [stderr]    Compiling textwrap v0.11.0
[INFO] [stderr]    Compiling regex-automata v0.4.3
[INFO] [stderr]    Compiling plotters-svg v0.3.5
[INFO] [stderr]    Compiling crypto-common v0.1.6
[INFO] [stderr]    Compiling tiny-keccak v2.0.2
[INFO] [stderr]    Compiling cast v0.3.0
[INFO] [stderr]    Compiling half v1.8.2
[INFO] [stderr]    Compiling criterion-plot v0.4.5
[INFO] [stderr]    Compiling digest v0.10.7
[INFO] [stderr]    Compiling csv-core v0.1.11
[INFO] [stderr]    Compiling serde_cbor v0.11.2
[INFO] [stderr]    Compiling clap v2.34.0
[INFO] [stderr]    Compiling crossbeam-epoch v0.9.17
[INFO] [stderr]    Compiling getrandom v0.2.11
[INFO] [stderr]    Compiling crossbeam-deque v0.8.4
[INFO] [stderr]    Compiling atty v0.2.14
[INFO] [stderr]    Compiling csv v1.3.0
[INFO] [stderr]    Compiling rand_core v0.6.4
[INFO] [stderr]    Compiling plotters v0.3.5
[INFO] [stderr]    Compiling tinytemplate v1.2.1
[INFO] [stderr]    Compiling rand_chacha v0.3.1
[INFO] [stderr]    Compiling rayon v1.8.0
[INFO] [stderr]    Compiling rand v0.8.5
[INFO] [stderr]    Compiling regex v1.10.2
[INFO] [stderr]    Compiling serde_derive v1.0.194
[INFO] [stderr]    Compiling keccak v0.1.4
[INFO] [stderr]    Compiling oorandom v11.1.3
[INFO] [stderr]    Compiling sha3 v0.10.8
[INFO] [stderr]    Compiling hex-literal v0.3.4
[INFO] [stderr]    Compiling krystals v0.0.1 (/opt/rustwide/workdir)
[INFO] [stdout] warning: unused imports: `Cell`, `RefCell`
[INFO] [stdout]   --> src/lib.rs:25:32
[INFO] [stdout]    |
[INFO] [stdout] 25 |     pub use self::core::cell::{Cell, RefCell};
[INFO] [stdout]    |                                ^^^^  ^^^^^^^
[INFO] [stdout]    |
[INFO] [stdout]    = note: `#[warn(unused_imports)]` on by default
[INFO] [stdout] 
[INFO] [stdout] 
[INFO] [stdout] warning: unused imports: `Clone`, `self`
[INFO] [stdout]   --> src/lib.rs:26:33
[INFO] [stdout]    |
[INFO] [stdout] 26 |     pub use self::core::clone::{self, Clone};
[INFO] [stdout]    |                                 ^^^^  ^^^^^
[INFO] [stdout] 
[INFO] [stdout] 
[INFO] [stdout] warning: unused imports: `From`, `Into`, `self`
[INFO] [stdout]   --> src/lib.rs:27:35
[INFO] [stdout]    |
[INFO] [stdout] 27 |     pub use self::core::convert::{self, From, Into};
[INFO] [stdout]    |                                   ^^^^  ^^^^  ^^^^
[INFO] [stdout] 
[INFO] [stdout] 
[INFO] [stdout] warning: unused imports: `Default`, `self`
[INFO] [stdout]   --> src/lib.rs:28:35
[INFO] [stdout]    |
[INFO] [stdout] 28 |     pub use self::core::default::{self, Default};
[INFO] [stdout]    |                                   ^^^^  ^^^^^^^
[INFO] [stdout] 
[INFO] [stdout] 
[INFO] [stdout] warning: unused imports: `Debug`, `Display`
[INFO] [stdout]   --> src/lib.rs:29:37
[INFO] [stdout]    |
[INFO] [stdout] 29 |     pub use self::core::fmt::{self, Debug, Display};
[INFO] [stdout]    |                                     ^^^^^  ^^^^^^^
[INFO] [stdout] 
[INFO] [stdout] 
[INFO] [stdout] warning: unused imports: `PhantomData`, `self`
[INFO] [stdout]   --> src/lib.rs:30:34
[INFO] [stdout]    |
[INFO] [stdout] 30 |     pub use self::core::marker::{self, PhantomData};
[INFO] [stdout]    |                                  ^^^^  ^^^^^^^^^^^
[INFO] [stdout] 
[INFO] [stdout] 
[INFO] [stdout] warning: unused import: `self::core::num::Wrapping`
[INFO] [stdout]   --> src/lib.rs:31:13
[INFO] [stdout]    |
[INFO] [stdout] 31 |     pub use self::core::num::Wrapping;
[INFO] [stdout]    |             ^^^^^^^^^^^^^^^^^^^^^^^^^
[INFO] [stdout] 
[INFO] [stdout] 
[INFO] [stdout] warning: unused imports: `Option`, `self`
[INFO] [stdout]   --> src/lib.rs:33:34
[INFO] [stdout]    |
[INFO] [stdout] 33 |     pub use self::core::option::{self, Option};
[INFO] [stdout]    |                                  ^^^^  ^^^^^^
[INFO] [stdout] 
[INFO] [stdout] 
[INFO] [stdout] warning: unused imports: `Result`, `self`
[INFO] [stdout]   --> src/lib.rs:34:34
[INFO] [stdout]    |
[INFO] [stdout] 34 |     pub use self::core::result::{self, Result};
[INFO] [stdout]    |                                  ^^^^  ^^^^^^
[INFO] [stdout] 
[INFO] [stdout] 
[INFO] [stdout] warning: unused imports: `cmp`, `iter`, `num`, `ptr`, `str`
[INFO] [stdout]   --> src/lib.rs:35:26
[INFO] [stdout]    |
[INFO] [stdout] 35 |     pub use self::core::{cmp, iter, mem, num, ptr, slice, str};
[INFO] [stdout]    |                          ^^^  ^^^^       ^^^  ^^^         ^^^
[INFO] [stdout] 
[INFO] [stdout] 
[INFO] [stdout] warning: unused imports: `i16`, `i32`, `i64`, `i8`, `isize`
[INFO] [stdout]   --> src/lib.rs:36:26
[INFO] [stdout]    |
[INFO] [stdout] 36 |     pub use self::core::{i16, i32, i64, i8, isize};
[INFO] [stdout]    |                          ^^^  ^^^  ^^^  ^^  ^^^^^
[INFO] [stdout] 
[INFO] [stdout] 
[INFO] [stdout] warning: unused imports: `u16`, `u32`, `u64`, `u8`, `usize`
[INFO] [stdout]   --> src/lib.rs:37:26
[INFO] [stdout]    |
[INFO] [stdout] 37 |     pub use self::core::{u16, u32, u64, u8, usize};
[INFO] [stdout]    |                          ^^^  ^^^  ^^^  ^^  ^^^^^
[INFO] [stdout] 
[INFO] [stdout] 
[INFO] [stdout] warning: 12 warnings emitted
[INFO] [stdout] 
[INFO] [stdout] 
[INFO] [stderr]    Compiling criterion v0.3.6
[INFO] [stdout] error[E0432]: unresolved import `crystals_cref`
[INFO] [stdout]    --> src/poly/dilithium.rs:123:9
[INFO] [stdout]     |
[INFO] [stdout] 123 |     use crystals_cref::dilithium as cref;
[INFO] [stdout]     |         ^^^^^^^^^^^^^ use of undeclared crate or module `crystals_cref`
[INFO] [stdout] 
[INFO] [stdout] 
[INFO] [stdout] error[E0432]: unresolved import `crystals_cref`
[INFO] [stdout]    --> src/poly/kyber.rs:548:9
[INFO] [stdout]     |
[INFO] [stdout] 548 |     use crystals_cref::kyber as cref;
[INFO] [stdout]     |         ^^^^^^^^^^^^^ use of undeclared crate or module `crystals_cref`
[INFO] [stdout] 
[INFO] [stdout] 
[INFO] [stdout] error[E0432]: unresolved import `crystals_cref`
[INFO] [stdout]    --> src/ciphertext.rs:407:9
[INFO] [stdout]     |
[INFO] [stdout] 407 |     use crystals_cref::kyber as cref;
[INFO] [stdout]     |         ^^^^^^^^^^^^^ use of undeclared crate or module `crystals_cref`
[INFO] [stdout] 
[INFO] [stdout] 
[INFO] [stdout] error[E0432]: unresolved import `crystals_cref`
[INFO] [stdout]    --> src/pke.rs:200:9
[INFO] [stdout]     |
[INFO] [stdout] 200 |     use crystals_cref::kyber as cref;
[INFO] [stdout]     |         ^^^^^^^^^^^^^ use of undeclared crate or module `crystals_cref`
[INFO] [stdout] 
[INFO] [stdout] 
[INFO] [stdout] error[E0432]: unresolved import `crystals_cref`
[INFO] [stdout]    --> src/pke.rs:201:9
[INFO] [stdout]     |
[INFO] [stdout] 201 |     use crystals_cref::randombytes;
[INFO] [stdout]     |         ^^^^^^^^^^^^^ use of undeclared crate or module `crystals_cref`
[INFO] [stdout] 
[INFO] [stdout] 
[INFO] [stdout] error[E0433]: failed to resolve: use of undeclared crate or module `crystals_cref`
[INFO] [stdout]    --> src/poly/kyber.rs:584:13
[INFO] [stdout]     |
[INFO] [stdout] 584 |             crystals_cref::kyber::ntt(&mut p);
[INFO] [stdout]     |             ^^^^^^^^^^^^^ use of undeclared crate or module `crystals_cref`
[INFO] [stdout] 
[INFO] [stdout] 
[INFO] [stdout] error[E0433]: failed to resolve: use of undeclared crate or module `crystals_cref`
[INFO] [stdout]    --> src/poly/kyber.rs:602:13
[INFO] [stdout]     |
[INFO] [stdout] 602 |             crystals_cref::kyber::inv_ntt(&mut p);
[INFO] [stdout]     |             ^^^^^^^^^^^^^ use of undeclared crate or module `crystals_cref`
[INFO] [stdout] 
[INFO] [stdout] 
[INFO] [stdout] error[E0433]: failed to resolve: use of undeclared crate or module `crystals_cref`
[INFO] [stdout]    --> src/poly/kyber.rs:603:13
[INFO] [stdout]     |
[INFO] [stdout] 603 |             crystals_cref::kyber::poly_reduce(&mut p);
[INFO] [stdout]     |             ^^^^^^^^^^^^^ use of undeclared crate or module `crystals_cref`
[INFO] [stdout] 
[INFO] [stdout] 
[INFO] [stdout] error[E0433]: failed to resolve: use of undeclared crate or module `crystals_cref`
[INFO] [stdout]    --> src/poly/kyber.rs:625:13
[INFO] [stdout]     |
[INFO] [stdout] 625 |             crystals_cref::kyber::poly_pointwise_montgomery(&mut r, &a, &b);
[INFO] [stdout]     |             ^^^^^^^^^^^^^ use of undeclared crate or module `crystals_cref`
[INFO] [stdout] 
[INFO] [stdout] 
[INFO] [stdout] error[E0433]: failed to resolve: use of undeclared crate or module `crystals_cref`
[INFO] [stdout]    --> src/poly/kyber.rs:626:13
[INFO] [stdout]     |
[INFO] [stdout] 626 |             crystals_cref::kyber::poly_reduce(&mut r);
[INFO] [stdout]     |             ^^^^^^^^^^^^^ use of undeclared crate or module `crystals_cref`
[INFO] [stdout] 
[INFO] [stdout] 
[INFO] [stdout] error[E0433]: failed to resolve: use of undeclared crate or module `crystals_cref`
[INFO] [stdout]    --> src/poly/kyber.rs:644:13
[INFO] [stdout]     |
[INFO] [stdout] 644 |             crystals_cref::kyber::poly_cbd_eta_eq_2(&mut p, &buf);
[INFO] [stdout]     |             ^^^^^^^^^^^^^ use of undeclared crate or module `crystals_cref`
[INFO] [stdout] 
[INFO] [stdout] 
[INFO] [stdout] error[E0433]: failed to resolve: use of undeclared crate or module `crystals_cref`
[INFO] [stdout]    --> src/poly/kyber.rs:662:13
[INFO] [stdout]     |
[INFO] [stdout] 662 |             crystals_cref::kyber::poly_cbd_eta_eq_3(&mut p, &buf);
[INFO] [stdout]     |             ^^^^^^^^^^^^^ use of undeclared crate or module `crystals_cref`
[INFO] [stdout] 
[INFO] [stdout] 
[INFO] [stdout] error[E0433]: failed to resolve: use of undeclared crate or module `crystals_cref`
[INFO] [stdout]    --> src/poly/kyber.rs:682:13
[INFO] [stdout]     |
[INFO] [stdout] 682 |             crystals_cref::kyber::poly_getnoise_eta_eq_3(&mut p, &seed, nonce);
[INFO] [stdout]     |             ^^^^^^^^^^^^^ use of undeclared crate or module `crystals_cref`
[INFO] [stdout] 
[INFO] [stdout] 
[INFO] [stdout] error[E0433]: failed to resolve: use of undeclared crate or module `crystals_cref`
[INFO] [stdout]    --> src/polymat.rs:144:13
[INFO] [stdout]     |
[INFO] [stdout] 144 |             crystals_cref::kyber::gen_matrix(&mut a_ref, &seed, TRANSPOSED);
[INFO] [stdout]     |             ^^^^^^^^^^^^^ use of undeclared crate or module `crystals_cref`
[INFO] [stdout] 
[INFO] [stdout] 
[INFO] [stdout] warning: unused imports: `Cell`, `RefCell`
[INFO] [stdout]   --> src/lib.rs:25:32
[INFO] [stdout]    |
[INFO] [stdout] 25 |     pub use self::core::cell::{Cell, RefCell};
[INFO] [stdout]    |                                ^^^^  ^^^^^^^
[INFO] [stdout]    |
[INFO] [stdout]    = note: `#[warn(unused_imports)]` on by default
[INFO] [stdout] 
[INFO] [stdout] 
[INFO] [stdout] warning: unused imports: `Clone`, `self`
[INFO] [stdout]   --> src/lib.rs:26:33
[INFO] [stdout]    |
[INFO] [stdout] 26 |     pub use self::core::clone::{self, Clone};
[INFO] [stdout]    |                                 ^^^^  ^^^^^
[INFO] [stdout] 
[INFO] [stdout] 
[INFO] [stdout] warning: unused imports: `From`, `Into`, `self`
[INFO] [stdout]   --> src/lib.rs:27:35
[INFO] [stdout]    |
[INFO] [stdout] 27 |     pub use self::core::convert::{self, From, Into};
[INFO] [stdout]    |                                   ^^^^  ^^^^  ^^^^
[INFO] [stdout] 
[INFO] [stdout] 
[INFO] [stdout] warning: unused imports: `Default`, `self`
[INFO] [stdout]   --> src/lib.rs:28:35
[INFO] [stdout]    |
[INFO] [stdout] 28 |     pub use self::core::default::{self, Default};
[INFO] [stdout]    |                                   ^^^^  ^^^^^^^
[INFO] [stdout] 
[INFO] [stdout] 
[INFO] [stdout] warning: unused imports: `Debug`, `Display`
[INFO] [stdout]   --> src/lib.rs:29:37
[INFO] [stdout]    |
[INFO] [stdout] 29 |     pub use self::core::fmt::{self, Debug, Display};
[INFO] [stdout]    |                                     ^^^^^  ^^^^^^^
[INFO] [stdout] 
[INFO] [stdout] 
[INFO] [stdout] warning: unused imports: `PhantomData`, `self`
[INFO] [stdout]   --> src/lib.rs:30:34
[INFO] [stdout]    |
[INFO] [stdout] 30 |     pub use self::core::marker::{self, PhantomData};
[INFO] [stdout]    |                                  ^^^^  ^^^^^^^^^^^
[INFO] [stdout] 
[INFO] [stdout] 
[INFO] [stdout] warning: unused import: `self::core::num::Wrapping`
[INFO] [stdout]   --> src/lib.rs:31:13
[INFO] [stdout]    |
[INFO] [stdout] 31 |     pub use self::core::num::Wrapping;
[INFO] [stdout]    |             ^^^^^^^^^^^^^^^^^^^^^^^^^
[INFO] [stdout] 
[INFO] [stdout] 
[INFO] [stdout] warning: unused imports: `Option`, `self`
[INFO] [stdout]   --> src/lib.rs:33:34
[INFO] [stdout]    |
[INFO] [stdout] 33 |     pub use self::core::option::{self, Option};
[INFO] [stdout]    |                                  ^^^^  ^^^^^^
[INFO] [stdout] 
[INFO] [stdout] 
[INFO] [stdout] warning: unused imports: `Result`, `self`
[INFO] [stdout]   --> src/lib.rs:34:34
[INFO] [stdout]    |
[INFO] [stdout] 34 |     pub use self::core::result::{self, Result};
[INFO] [stdout]    |                                  ^^^^  ^^^^^^
[INFO] [stdout] 
[INFO] [stdout] 
[INFO] [stdout] warning: unused imports: `cmp`, `iter`, `num`, `ptr`, `str`
[INFO] [stdout]   --> src/lib.rs:35:26
[INFO] [stdout]    |
[INFO] [stdout] 35 |     pub use self::core::{cmp, iter, mem, num, ptr, slice, str};
[INFO] [stdout]    |                          ^^^  ^^^^       ^^^  ^^^         ^^^
[INFO] [stdout] 
[INFO] [stdout] 
[INFO] [stdout] warning: unused imports: `i16`, `i32`, `i64`, `i8`, `isize`
[INFO] [stdout]   --> src/lib.rs:36:26
[INFO] [stdout]    |
[INFO] [stdout] 36 |     pub use self::core::{i16, i32, i64, i8, isize};
[INFO] [stdout]    |                          ^^^  ^^^  ^^^  ^^  ^^^^^
[INFO] [stdout] 
[INFO] [stdout] 
[INFO] [stdout] warning: unused imports: `u16`, `u32`, `u64`, `u8`, `usize`
[INFO] [stdout]   --> src/lib.rs:37:26
[INFO] [stdout]    |
[INFO] [stdout] 37 |     pub use self::core::{u16, u32, u64, u8, usize};
[INFO] [stdout]    |                          ^^^  ^^^  ^^^  ^^  ^^^^^
[INFO] [stdout] 
[INFO] [stdout] 
[INFO] [stdout] error: aborting due to 14 previous errors; 12 warnings emitted
[INFO] [stdout] 
[INFO] [stdout] 
[INFO] [stdout] Some errors have detailed explanations: E0432, E0433.
[INFO] [stdout] 
[INFO] [stdout] For more information about an error, try `rustc --explain E0432`.
[INFO] [stdout] 
[INFO] [stderr] error: could not compile `krystals` (lib test) due to 15 previous errors; 12 warnings emitted
[INFO] running `Command { std: "docker" "inspect" "ef96f8402d2b2113ed3a5949ea1285456d7eb7899dde71b9987df6a9790162a9", kill_on_drop: false }`
[INFO] running `Command { std: "docker" "rm" "-f" "ef96f8402d2b2113ed3a5949ea1285456d7eb7899dde71b9987df6a9790162a9", kill_on_drop: false }`
[INFO] [stdout] ef96f8402d2b2113ed3a5949ea1285456d7eb7899dde71b9987df6a9790162a9
[INFO] testing krystals-0.0.1 against beta-2023-12-22 for beta-1.76-1
[INFO] extracting crate krystals 0.0.1 into /workspace/builds/worker-5-tc2/source
[INFO] validating manifest of crates.io crate krystals 0.0.1 on toolchain beta-2023-12-22
[INFO] running `Command { std: CARGO_HOME="/workspace/cargo-home" RUSTUP_HOME="/workspace/rustup-home" "/workspace/cargo-home/bin/cargo" "+beta-2023-12-22" "metadata" "--manifest-path" "Cargo.toml" "--no-deps", kill_on_drop: false }`
[INFO] started tweaking crates.io crate krystals 0.0.1
[INFO] finished tweaking crates.io crate krystals 0.0.1
[INFO] tweaked toml for crates.io crate krystals 0.0.1 written to /workspace/builds/worker-5-tc2/source/Cargo.toml
[INFO] running `Command { std: CARGO_HOME="/workspace/cargo-home" RUSTUP_HOME="/workspace/rustup-home" "/workspace/cargo-home/bin/cargo" "+beta-2023-12-22" "generate-lockfile" "--manifest-path" "Cargo.toml", kill_on_drop: false }`
[INFO] [stderr]     Updating crates.io index
[INFO] running `Command { std: CARGO_HOME="/workspace/cargo-home" RUSTUP_HOME="/workspace/rustup-home" "/workspace/cargo-home/bin/cargo" "+beta-2023-12-22" "fetch" "--manifest-path" "Cargo.toml", kill_on_drop: false }`
[INFO] running `Command { std: "docker" "create" "-v" "/var/lib/crater-agent-workspace/builds/worker-5-tc2/target:/opt/rustwide/target:rw,Z" "-v" "/var/lib/crater-agent-workspace/builds/worker-5-tc2/source:/opt/rustwide/workdir:ro,Z" "-v" "/var/lib/crater-agent-workspace/cargo-home:/opt/rustwide/cargo-home:ro,Z" "-v" "/var/lib/crater-agent-workspace/rustup-home:/opt/rustwide/rustup-home:ro,Z" "-e" "SOURCE_DIR=/opt/rustwide/workdir" "-e" "CARGO_TARGET_DIR=/opt/rustwide/target" "-e" "CARGO_HOME=/opt/rustwide/cargo-home" "-e" "RUSTUP_HOME=/opt/rustwide/rustup-home" "-w" "/opt/rustwide/workdir" "-m" "1610612736" "--user" "0:0" "--network" "none" "ghcr.io/rust-lang/crates-build-env/linux@sha256:2788e3201cd34a07e3172128adcd8b3090168a8e3bcc40d7c032b9dda1df7d1c" "/opt/rustwide/cargo-home/bin/cargo" "+beta-2023-12-22" "metadata" "--no-deps" "--format-version=1", kill_on_drop: false }`
[INFO] [stdout] aa09ea24385dad90333307d7b15045354a7d86bd58f8ade4a25d2d5df6a7f773
[INFO] running `Command { std: "docker" "start" "-a" "aa09ea24385dad90333307d7b15045354a7d86bd58f8ade4a25d2d5df6a7f773", kill_on_drop: false }`
[INFO] running `Command { std: "docker" "inspect" "aa09ea24385dad90333307d7b15045354a7d86bd58f8ade4a25d2d5df6a7f773", kill_on_drop: false }`
[INFO] running `Command { std: "docker" "rm" "-f" "aa09ea24385dad90333307d7b15045354a7d86bd58f8ade4a25d2d5df6a7f773", kill_on_drop: false }`
[INFO] [stdout] aa09ea24385dad90333307d7b15045354a7d86bd58f8ade4a25d2d5df6a7f773
[INFO] running `Command { std: "docker" "create" "-v" "/var/lib/crater-agent-workspace/builds/worker-5-tc2/target:/opt/rustwide/target:rw,Z" "-v" "/var/lib/crater-agent-workspace/builds/worker-5-tc2/source:/opt/rustwide/workdir:ro,Z" "-v" "/var/lib/crater-agent-workspace/cargo-home:/opt/rustwide/cargo-home:ro,Z" "-v" "/var/lib/crater-agent-workspace/rustup-home:/opt/rustwide/rustup-home:ro,Z" "-e" "SOURCE_DIR=/opt/rustwide/workdir" "-e" "CARGO_TARGET_DIR=/opt/rustwide/target" "-e" "CARGO_INCREMENTAL=0" "-e" "RUST_BACKTRACE=full" "-e" "RUSTFLAGS=--cap-lints=warn" "-e" "RUSTDOCFLAGS=--cap-lints=warn" "-e" "CARGO_HOME=/opt/rustwide/cargo-home" "-e" "RUSTUP_HOME=/opt/rustwide/rustup-home" "-w" "/opt/rustwide/workdir" "-m" "1610612736" "--user" "0:0" "--network" "none" "ghcr.io/rust-lang/crates-build-env/linux@sha256:2788e3201cd34a07e3172128adcd8b3090168a8e3bcc40d7c032b9dda1df7d1c" "/opt/rustwide/cargo-home/bin/cargo" "+beta-2023-12-22" "build" "--frozen" "--message-format=json", kill_on_drop: false }`
[INFO] [stdout] 7934eeb50ef0f700be247ace5193a11ce1564e77aa083f6adc9b32db76bc8d80
[INFO] running `Command { std: "docker" "start" "-a" "7934eeb50ef0f700be247ace5193a11ce1564e77aa083f6adc9b32db76bc8d80", kill_on_drop: false }`
[INFO] [stderr]    Compiling crunchy v0.2.2
[INFO] [stderr]    Compiling rand_core v0.6.4
[INFO] [stderr]    Compiling krystals v0.0.1 (/opt/rustwide/workdir)
[INFO] [stderr]    Compiling array-init v2.1.0
[INFO] [stderr]    Compiling static_assertions v1.1.0
[INFO] [stderr]    Compiling syn v2.0.48
[INFO] [stderr]    Compiling rand v0.8.5
[INFO] [stderr]    Compiling zeroize_derive v1.4.2
[INFO] [stderr]    Compiling zeroize v1.7.0
[INFO] [stderr]    Compiling secrecy v0.8.0
[INFO] [stdout] warning: unused imports: `Cell`, `RefCell`
[INFO] [stdout]   --> src/lib.rs:25:32
[INFO] [stdout]    |
[INFO] [stdout] 25 |     pub use self::core::cell::{Cell, RefCell};
[INFO] [stdout]    |                                ^^^^  ^^^^^^^
[INFO] [stdout]    |
[INFO] [stdout]    = note: `#[warn(unused_imports)]` on by default
[INFO] [stdout] 
[INFO] [stdout] 
[INFO] [stdout] warning: unused imports: `Clone`, `self`
[INFO] [stdout]   --> src/lib.rs:26:33
[INFO] [stdout]    |
[INFO] [stdout] 26 |     pub use self::core::clone::{self, Clone};
[INFO] [stdout]    |                                 ^^^^  ^^^^^
[INFO] [stdout] 
[INFO] [stdout] 
[INFO] [stdout] warning: unused imports: `From`, `Into`, `self`
[INFO] [stdout]   --> src/lib.rs:27:35
[INFO] [stdout]    |
[INFO] [stdout] 27 |     pub use self::core::convert::{self, From, Into};
[INFO] [stdout]    |                                   ^^^^  ^^^^  ^^^^
[INFO] [stdout] 
[INFO] [stdout] 
[INFO] [stdout] warning: unused imports: `Default`, `self`
[INFO] [stdout]   --> src/lib.rs:28:35
[INFO] [stdout]    |
[INFO] [stdout] 28 |     pub use self::core::default::{self, Default};
[INFO] [stdout]    |                                   ^^^^  ^^^^^^^
[INFO] [stdout] 
[INFO] [stdout] 
[INFO] [stdout] warning: unused imports: `Debug`, `Display`
[INFO] [stdout]   --> src/lib.rs:29:37
[INFO] [stdout]    |
[INFO] [stdout] 29 |     pub use self::core::fmt::{self, Debug, Display};
[INFO] [stdout]    |                                     ^^^^^  ^^^^^^^
[INFO] [stdout] 
[INFO] [stdout] 
[INFO] [stdout] warning: unused imports: `PhantomData`, `self`
[INFO] [stdout]   --> src/lib.rs:30:34
[INFO] [stdout]    |
[INFO] [stdout] 30 |     pub use self::core::marker::{self, PhantomData};
[INFO] [stdout]    |                                  ^^^^  ^^^^^^^^^^^
[INFO] [stdout] 
[INFO] [stdout] 
[INFO] [stdout] warning: unused import: `self::core::num::Wrapping`
[INFO] [stdout]   --> src/lib.rs:31:13
[INFO] [stdout]    |
[INFO] [stdout] 31 |     pub use self::core::num::Wrapping;
[INFO] [stdout]    |             ^^^^^^^^^^^^^^^^^^^^^^^^^
[INFO] [stdout] 
[INFO] [stdout] 
[INFO] [stdout] warning: unused imports: `Option`, `self`
[INFO] [stdout]   --> src/lib.rs:33:34
[INFO] [stdout]    |
[INFO] [stdout] 33 |     pub use self::core::option::{self, Option};
[INFO] [stdout]    |                                  ^^^^  ^^^^^^
[INFO] [stdout] 
[INFO] [stdout] 
[INFO] [stdout] warning: unused imports: `Result`, `self`
[INFO] [stdout]   --> src/lib.rs:34:34
[INFO] [stdout]    |
[INFO] [stdout] 34 |     pub use self::core::result::{self, Result};
[INFO] [stdout]    |                                  ^^^^  ^^^^^^
[INFO] [stdout] 
[INFO] [stdout] 
[INFO] [stdout] warning: unused imports: `cmp`, `iter`, `num`, `ptr`, `str`
[INFO] [stdout]   --> src/lib.rs:35:26
[INFO] [stdout]    |
[INFO] [stdout] 35 |     pub use self::core::{cmp, iter, mem, num, ptr, slice, str};
[INFO] [stdout]    |                          ^^^  ^^^^       ^^^  ^^^         ^^^
[INFO] [stdout] 
[INFO] [stdout] 
[INFO] [stdout] warning: unused imports: `i16`, `i32`, `i64`, `i8`, `isize`
[INFO] [stdout]   --> src/lib.rs:36:26
[INFO] [stdout]    |
[INFO] [stdout] 36 |     pub use self::core::{i16, i32, i64, i8, isize};
[INFO] [stdout]    |                          ^^^  ^^^  ^^^  ^^  ^^^^^
[INFO] [stdout] 
[INFO] [stdout] 
[INFO] [stdout] warning: unused imports: `u16`, `u32`, `u64`, `u8`, `usize`
[INFO] [stdout]   --> src/lib.rs:37:26
[INFO] [stdout]    |
[INFO] [stdout] 37 |     pub use self::core::{u16, u32, u64, u8, usize};
[INFO] [stdout]    |                          ^^^  ^^^  ^^^  ^^  ^^^^^
[INFO] [stdout] 
[INFO] [stdout] 
[INFO] [stdout] warning: 12 warnings emitted
[INFO] [stdout] 
[INFO] [stdout] 
[INFO] [stderr]     Finished dev [unoptimized + debuginfo] target(s) in 4.28s
[INFO] running `Command { std: "docker" "inspect" "7934eeb50ef0f700be247ace5193a11ce1564e77aa083f6adc9b32db76bc8d80", kill_on_drop: false }`
[INFO] running `Command { std: "docker" "rm" "-f" "7934eeb50ef0f700be247ace5193a11ce1564e77aa083f6adc9b32db76bc8d80", kill_on_drop: false }`
[INFO] [stdout] 7934eeb50ef0f700be247ace5193a11ce1564e77aa083f6adc9b32db76bc8d80
[INFO] running `Command { std: "docker" "create" "-v" "/var/lib/crater-agent-workspace/builds/worker-5-tc2/target:/opt/rustwide/target:rw,Z" "-v" "/var/lib/crater-agent-workspace/builds/worker-5-tc2/source:/opt/rustwide/workdir:ro,Z" "-v" "/var/lib/crater-agent-workspace/cargo-home:/opt/rustwide/cargo-home:ro,Z" "-v" "/var/lib/crater-agent-workspace/rustup-home:/opt/rustwide/rustup-home:ro,Z" "-e" "SOURCE_DIR=/opt/rustwide/workdir" "-e" "CARGO_TARGET_DIR=/opt/rustwide/target" "-e" "CARGO_INCREMENTAL=0" "-e" "RUST_BACKTRACE=full" "-e" "RUSTFLAGS=--cap-lints=warn" "-e" "RUSTDOCFLAGS=--cap-lints=warn" "-e" "CARGO_HOME=/opt/rustwide/cargo-home" "-e" "RUSTUP_HOME=/opt/rustwide/rustup-home" "-w" "/opt/rustwide/workdir" "-m" "1610612736" "--user" "0:0" "--network" "none" "ghcr.io/rust-lang/crates-build-env/linux@sha256:2788e3201cd34a07e3172128adcd8b3090168a8e3bcc40d7c032b9dda1df7d1c" "/opt/rustwide/cargo-home/bin/cargo" "+beta-2023-12-22" "test" "--frozen" "--no-run" "--message-format=json", kill_on_drop: false }`
[INFO] [stdout] 3cdea017f375e9d99df45b22dab9a8bf473681c3cacb67f0f83525879f778252
[INFO] running `Command { std: "docker" "start" "-a" "3cdea017f375e9d99df45b22dab9a8bf473681c3cacb67f0f83525879f778252", kill_on_drop: false }`
[INFO] [stderr]    Compiling libc v0.2.151
[INFO] [stderr]    Compiling crossbeam-utils v0.8.18
[INFO] [stderr]    Compiling crunchy v0.2.2
[INFO] [stderr]    Compiling rayon-core v1.12.0
[INFO] [stderr]    Compiling plotters-backend v0.3.5
[INFO] [stderr]    Compiling memchr v2.7.1
[INFO] [stderr]    Compiling textwrap v0.11.0
[INFO] [stderr]    Compiling regex-automata v0.4.3
[INFO] [stderr]    Compiling plotters-svg v0.3.5
[INFO] [stderr]    Compiling crypto-common v0.1.6
[INFO] [stderr]    Compiling tiny-keccak v2.0.2
[INFO] [stderr]    Compiling cast v0.3.0
[INFO] [stderr]    Compiling half v1.8.2
[INFO] [stderr]    Compiling csv-core v0.1.11
[INFO] [stderr]    Compiling clap v2.34.0
[INFO] [stderr]    Compiling digest v0.10.7
[INFO] [stderr]    Compiling csv v1.3.0
[INFO] [stderr]    Compiling serde_cbor v0.11.2
[INFO] [stderr]    Compiling criterion-plot v0.4.5
[INFO] [stderr]    Compiling getrandom v0.2.11
[INFO] [stderr]    Compiling crossbeam-epoch v0.9.17
[INFO] [stderr]    Compiling atty v0.2.14
[INFO] [stderr]    Compiling plotters v0.3.5
[INFO] [stderr]    Compiling crossbeam-deque v0.8.4
[INFO] [stderr]    Compiling rand_core v0.6.4
[INFO] [stderr]    Compiling tinytemplate v1.2.1
[INFO] [stderr]    Compiling rand_chacha v0.3.1
[INFO] [stderr]    Compiling regex v1.10.2
[INFO] [stderr]    Compiling rayon v1.8.0
[INFO] [stderr]    Compiling rand v0.8.5
[INFO] [stderr]    Compiling serde_derive v1.0.194
[INFO] [stderr]    Compiling oorandom v11.1.3
[INFO] [stderr]    Compiling keccak v0.1.4
[INFO] [stderr]    Compiling sha3 v0.10.8
[INFO] [stderr]    Compiling hex-literal v0.3.4
[INFO] [stderr]    Compiling krystals v0.0.1 (/opt/rustwide/workdir)
[INFO] [stdout] warning: unused imports: `Cell`, `RefCell`
[INFO] [stdout]   --> src/lib.rs:25:32
[INFO] [stdout]    |
[INFO] [stdout] 25 |     pub use self::core::cell::{Cell, RefCell};
[INFO] [stdout]    |                                ^^^^  ^^^^^^^
[INFO] [stdout]    |
[INFO] [stdout]    = note: `#[warn(unused_imports)]` on by default
[INFO] [stdout] 
[INFO] [stdout] 
[INFO] [stdout] warning: unused imports: `Clone`, `self`
[INFO] [stdout]   --> src/lib.rs:26:33
[INFO] [stdout]    |
[INFO] [stdout] 26 |     pub use self::core::clone::{self, Clone};
[INFO] [stdout]    |                                 ^^^^  ^^^^^
[INFO] [stdout] 
[INFO] [stdout] 
[INFO] [stdout] warning: unused imports: `From`, `Into`, `self`
[INFO] [stdout]   --> src/lib.rs:27:35
[INFO] [stdout]    |
[INFO] [stdout] 27 |     pub use self::core::convert::{self, From, Into};
[INFO] [stdout]    |                                   ^^^^  ^^^^  ^^^^
[INFO] [stdout] 
[INFO] [stdout] 
[INFO] [stdout] warning: unused imports: `Default`, `self`
[INFO] [stdout]   --> src/lib.rs:28:35
[INFO] [stdout]    |
[INFO] [stdout] 28 |     pub use self::core::default::{self, Default};
[INFO] [stdout]    |                                   ^^^^  ^^^^^^^
[INFO] [stdout] 
[INFO] [stdout] 
[INFO] [stdout] warning: unused imports: `Debug`, `Display`
[INFO] [stdout]   --> src/lib.rs:29:37
[INFO] [stdout]    |
[INFO] [stdout] 29 |     pub use self::core::fmt::{self, Debug, Display};
[INFO] [stdout]    |                                     ^^^^^  ^^^^^^^
[INFO] [stdout] 
[INFO] [stdout] 
[INFO] [stdout] warning: unused imports: `PhantomData`, `self`
[INFO] [stdout]   --> src/lib.rs:30:34
[INFO] [stdout]    |
[INFO] [stdout] 30 |     pub use self::core::marker::{self, PhantomData};
[INFO] [stdout]    |                                  ^^^^  ^^^^^^^^^^^
[INFO] [stdout] 
[INFO] [stdout] 
[INFO] [stdout] warning: unused import: `self::core::num::Wrapping`
[INFO] [stdout]   --> src/lib.rs:31:13
[INFO] [stdout]    |
[INFO] [stdout] 31 |     pub use self::core::num::Wrapping;
[INFO] [stdout]    |             ^^^^^^^^^^^^^^^^^^^^^^^^^
[INFO] [stdout] 
[INFO] [stdout] 
[INFO] [stdout] warning: unused imports: `Option`, `self`
[INFO] [stdout]   --> src/lib.rs:33:34
[INFO] [stdout]    |
[INFO] [stdout] 33 |     pub use self::core::option::{self, Option};
[INFO] [stdout]    |                                  ^^^^  ^^^^^^
[INFO] [stdout] 
[INFO] [stdout] 
[INFO] [stdout] warning: unused imports: `Result`, `self`
[INFO] [stdout]   --> src/lib.rs:34:34
[INFO] [stdout]    |
[INFO] [stdout] 34 |     pub use self::core::result::{self, Result};
[INFO] [stdout]    |                                  ^^^^  ^^^^^^
[INFO] [stdout] 
[INFO] [stdout] 
[INFO] [stdout] warning: unused imports: `cmp`, `iter`, `num`, `ptr`, `str`
[INFO] [stdout]   --> src/lib.rs:35:26
[INFO] [stdout]    |
[INFO] [stdout] 35 |     pub use self::core::{cmp, iter, mem, num, ptr, slice, str};
[INFO] [stdout]    |                          ^^^  ^^^^       ^^^  ^^^         ^^^
[INFO] [stdout] 
[INFO] [stdout] 
[INFO] [stdout] warning: unused imports: `i16`, `i32`, `i64`, `i8`, `isize`
[INFO] [stdout]   --> src/lib.rs:36:26
[INFO] [stdout]    |
[INFO] [stdout] 36 |     pub use self::core::{i16, i32, i64, i8, isize};
[INFO] [stdout]    |                          ^^^  ^^^  ^^^  ^^  ^^^^^
[INFO] [stdout] 
[INFO] [stdout] 
[INFO] [stdout] warning: unused imports: `u16`, `u32`, `u64`, `u8`, `usize`
[INFO] [stdout]   --> src/lib.rs:37:26
[INFO] [stdout]    |
[INFO] [stdout] 37 |     pub use self::core::{u16, u32, u64, u8, usize};
[INFO] [stdout]    |                          ^^^  ^^^  ^^^  ^^  ^^^^^
[INFO] [stdout] 
[INFO] [stdout] 
[INFO] [stdout] warning: 12 warnings emitted
[INFO] [stdout] 
[INFO] [stdout] 
[INFO] [stderr]    Compiling criterion v0.3.6
[INFO] [stdout] error[E0432]: unresolved import `crystals_cref`
[INFO] [stdout]    --> src/poly/dilithium.rs:123:9
[INFO] [stdout]     |
[INFO] [stdout] 123 |     use crystals_cref::dilithium as cref;
[INFO] [stdout]     |         ^^^^^^^^^^^^^ use of undeclared crate or module `crystals_cref`
[INFO] [stdout] 
[INFO] [stdout] 
[INFO] [stdout] error[E0432]: unresolved import `crystals_cref`
[INFO] [stdout]    --> src/poly/kyber.rs:548:9
[INFO] [stdout]     |
[INFO] [stdout] 548 |     use crystals_cref::kyber as cref;
[INFO] [stdout]     |         ^^^^^^^^^^^^^ use of undeclared crate or module `crystals_cref`
[INFO] [stdout] 
[INFO] [stdout] 
[INFO] [stdout] error[E0432]: unresolved import `crystals_cref`
[INFO] [stdout]    --> src/ciphertext.rs:407:9
[INFO] [stdout]     |
[INFO] [stdout] 407 |     use crystals_cref::kyber as cref;
[INFO] [stdout]     |         ^^^^^^^^^^^^^ use of undeclared crate or module `crystals_cref`
[INFO] [stdout] 
[INFO] [stdout] 
[INFO] [stdout] error[E0432]: unresolved import `crystals_cref`
[INFO] [stdout]    --> src/pke.rs:200:9
[INFO] [stdout]     |
[INFO] [stdout] 200 |     use crystals_cref::kyber as cref;
[INFO] [stdout]     |         ^^^^^^^^^^^^^ use of undeclared crate or module `crystals_cref`
[INFO] [stdout] 
[INFO] [stdout] 
[INFO] [stdout] error[E0432]: unresolved import `crystals_cref`
[INFO] [stdout]    --> src/pke.rs:201:9
[INFO] [stdout]     |
[INFO] [stdout] 201 |     use crystals_cref::randombytes;
[INFO] [stdout]     |         ^^^^^^^^^^^^^ use of undeclared crate or module `crystals_cref`
[INFO] [stdout] 
[INFO] [stdout] 
[INFO] [stdout] error[E0433]: failed to resolve: use of undeclared crate or module `crystals_cref`
[INFO] [stdout]    --> src/poly/kyber.rs:584:13
[INFO] [stdout]     |
[INFO] [stdout] 584 |             crystals_cref::kyber::ntt(&mut p);
[INFO] [stdout]     |             ^^^^^^^^^^^^^ use of undeclared crate or module `crystals_cref`
[INFO] [stdout] 
[INFO] [stdout] 
[INFO] [stdout] error[E0433]: failed to resolve: use of undeclared crate or module `crystals_cref`
[INFO] [stdout]    --> src/poly/kyber.rs:602:13
[INFO] [stdout]     |
[INFO] [stdout] 602 |             crystals_cref::kyber::inv_ntt(&mut p);
[INFO] [stdout]     |             ^^^^^^^^^^^^^ use of undeclared crate or module `crystals_cref`
[INFO] [stdout] 
[INFO] [stdout] 
[INFO] [stdout] error[E0433]: failed to resolve: use of undeclared crate or module `crystals_cref`
[INFO] [stdout]    --> src/poly/kyber.rs:603:13
[INFO] [stdout]     |
[INFO] [stdout] 603 |             crystals_cref::kyber::poly_reduce(&mut p);
[INFO] [stdout]     |             ^^^^^^^^^^^^^ use of undeclared crate or module `crystals_cref`
[INFO] [stdout] 
[INFO] [stdout] 
[INFO] [stdout] error[E0433]: failed to resolve: use of undeclared crate or module `crystals_cref`
[INFO] [stdout]    --> src/poly/kyber.rs:625:13
[INFO] [stdout]     |
[INFO] [stdout] 625 |             crystals_cref::kyber::poly_pointwise_montgomery(&mut r, &a, &b);
[INFO] [stdout]     |             ^^^^^^^^^^^^^ use of undeclared crate or module `crystals_cref`
[INFO] [stdout] 
[INFO] [stdout] 
[INFO] [stdout] error[E0433]: failed to resolve: use of undeclared crate or module `crystals_cref`
[INFO] [stdout]    --> src/poly/kyber.rs:626:13
[INFO] [stdout]     |
[INFO] [stdout] 626 |             crystals_cref::kyber::poly_reduce(&mut r);
[INFO] [stdout]     |             ^^^^^^^^^^^^^ use of undeclared crate or module `crystals_cref`
[INFO] [stdout] 
[INFO] [stdout] 
[INFO] [stdout] error[E0433]: failed to resolve: use of undeclared crate or module `crystals_cref`
[INFO] [stdout]    --> src/poly/kyber.rs:644:13
[INFO] [stdout]     |
[INFO] [stdout] 644 |             crystals_cref::kyber::poly_cbd_eta_eq_2(&mut p, &buf);
[INFO] [stdout]     |             ^^^^^^^^^^^^^ use of undeclared crate or module `crystals_cref`
[INFO] [stdout] 
[INFO] [stdout] 
[INFO] [stdout] error[E0433]: failed to resolve: use of undeclared crate or module `crystals_cref`
[INFO] [stdout]    --> src/poly/kyber.rs:662:13
[INFO] [stdout]     |
[INFO] [stdout] 662 |             crystals_cref::kyber::poly_cbd_eta_eq_3(&mut p, &buf);
[INFO] [stdout]     |             ^^^^^^^^^^^^^ use of undeclared crate or module `crystals_cref`
[INFO] [stdout] 
[INFO] [stdout] 
[INFO] [stdout] error[E0433]: failed to resolve: use of undeclared crate or module `crystals_cref`
[INFO] [stdout]    --> src/poly/kyber.rs:682:13
[INFO] [stdout]     |
[INFO] [stdout] 682 |             crystals_cref::kyber::poly_getnoise_eta_eq_3(&mut p, &seed, nonce);
[INFO] [stdout]     |             ^^^^^^^^^^^^^ use of undeclared crate or module `crystals_cref`
[INFO] [stdout] 
[INFO] [stdout] 
[INFO] [stdout] error[E0433]: failed to resolve: use of undeclared crate or module `crystals_cref`
[INFO] [stdout]    --> src/polymat.rs:144:13
[INFO] [stdout]     |
[INFO] [stdout] 144 |             crystals_cref::kyber::gen_matrix(&mut a_ref, &seed, TRANSPOSED);
[INFO] [stdout]     |             ^^^^^^^^^^^^^ use of undeclared crate or module `crystals_cref`
[INFO] [stdout] 
[INFO] [stdout] 
[INFO] [stdout] warning: unused imports: `Cell`, `RefCell`
[INFO] [stdout]   --> src/lib.rs:25:32
[INFO] [stdout]    |
[INFO] [stdout] 25 |     pub use self::core::cell::{Cell, RefCell};
[INFO] [stdout]    |                                ^^^^  ^^^^^^^
[INFO] [stdout]    |
[INFO] [stdout]    = note: `#[warn(unused_imports)]` on by default
[INFO] [stdout] 
[INFO] [stdout] 
[INFO] [stdout] warning: unused imports: `Clone`, `self`
[INFO] [stdout]   --> src/lib.rs:26:33
[INFO] [stdout]    |
[INFO] [stdout] 26 |     pub use self::core::clone::{self, Clone};
[INFO] [stdout]    |                                 ^^^^  ^^^^^
[INFO] [stdout] 
[INFO] [stdout] 
[INFO] [stdout] warning: unused imports: `From`, `Into`, `self`
[INFO] [stdout]   --> src/lib.rs:27:35
[INFO] [stdout]    |
[INFO] [stdout] 27 |     pub use self::core::convert::{self, From, Into};
[INFO] [stdout]    |                                   ^^^^  ^^^^  ^^^^
[INFO] [stdout] 
[INFO] [stdout] 
[INFO] [stdout] warning: unused imports: `Default`, `self`
[INFO] [stdout]   --> src/lib.rs:28:35
[INFO] [stdout]    |
[INFO] [stdout] 28 |     pub use self::core::default::{self, Default};
[INFO] [stdout]    |                                   ^^^^  ^^^^^^^
[INFO] [stdout] 
[INFO] [stdout] 
[INFO] [stdout] warning: unused imports: `Debug`, `Display`
[INFO] [stdout]   --> src/lib.rs:29:37
[INFO] [stdout]    |
[INFO] [stdout] 29 |     pub use self::core::fmt::{self, Debug, Display};
[INFO] [stdout]    |                                     ^^^^^  ^^^^^^^
[INFO] [stdout] 
[INFO] [stdout] 
[INFO] [stdout] warning: unused imports: `PhantomData`, `self`
[INFO] [stdout]   --> src/lib.rs:30:34
[INFO] [stdout]    |
[INFO] [stdout] 30 |     pub use self::core::marker::{self, PhantomData};
[INFO] [stdout]    |                                  ^^^^  ^^^^^^^^^^^
[INFO] [stdout] 
[INFO] [stdout] 
[INFO] [stdout] warning: unused import: `self::core::num::Wrapping`
[INFO] [stdout]   --> src/lib.rs:31:13
[INFO] [stdout]    |
[INFO] [stdout] 31 |     pub use self::core::num::Wrapping;
[INFO] [stdout]    |             ^^^^^^^^^^^^^^^^^^^^^^^^^
[INFO] [stdout] 
[INFO] [stdout] 
[INFO] [stdout] warning: unused imports: `Option`, `self`
[INFO] [stdout]   --> src/lib.rs:33:34
[INFO] [stdout]    |
[INFO] [stdout] 33 |     pub use self::core::option::{self, Option};
[INFO] [stdout]    |                                  ^^^^  ^^^^^^
[INFO] [stdout] 
[INFO] [stdout] 
[INFO] [stdout] warning: unused imports: `Result`, `self`
[INFO] [stdout]   --> src/lib.rs:34:34
[INFO] [stdout]    |
[INFO] [stdout] 34 |     pub use self::core::result::{self, Result};
[INFO] [stdout]    |                                  ^^^^  ^^^^^^
[INFO] [stdout] 
[INFO] [stdout] 
[INFO] [stdout] warning: unused imports: `cmp`, `iter`, `num`, `ptr`, `str`
[INFO] [stdout]   --> src/lib.rs:35:26
[INFO] [stdout]    |
[INFO] [stdout] 35 |     pub use self::core::{cmp, iter, mem, num, ptr, slice, str};
[INFO] [stdout]    |                          ^^^  ^^^^       ^^^  ^^^         ^^^
[INFO] [stdout] 
[INFO] [stdout] 
[INFO] [stdout] warning: unused imports: `i16`, `i32`, `i64`, `i8`, `isize`
[INFO] [stdout]   --> src/lib.rs:36:26
[INFO] [stdout]    |
[INFO] [stdout] 36 |     pub use self::core::{i16, i32, i64, i8, isize};
[INFO] [stdout]    |                          ^^^  ^^^  ^^^  ^^  ^^^^^
[INFO] [stdout] 
[INFO] [stdout] 
[INFO] [stdout] warning: unused imports: `u16`, `u32`, `u64`, `u8`, `usize`
[INFO] [stdout]   --> src/lib.rs:37:26
[INFO] [stdout]    |
[INFO] [stdout] 37 |     pub use self::core::{u16, u32, u64, u8, usize};
[INFO] [stdout]    |                          ^^^  ^^^  ^^^  ^^  ^^^^^
[INFO] [stdout] 
[INFO] [stdout] 
[INFO] [stdout] error: aborting due to 14 previous errors; 12 warnings emitted
[INFO] [stdout] 
[INFO] [stdout] 
[INFO] [stdout] Some errors have detailed explanations: E0432, E0433.
[INFO] [stdout] 
[INFO] [stdout] For more information about an error, try `rustc --explain E0432`.
[INFO] [stdout] 
[INFO] [stderr] error: could not compile `krystals` (lib test) due to 15 previous errors; 12 warnings emitted
[INFO] running `Command { std: "docker" "inspect" "3cdea017f375e9d99df45b22dab9a8bf473681c3cacb67f0f83525879f778252", kill_on_drop: false }`
[INFO] running `Command { std: "docker" "rm" "-f" "3cdea017f375e9d99df45b22dab9a8bf473681c3cacb67f0f83525879f778252", kill_on_drop: false }`
[INFO] [stdout] 3cdea017f375e9d99df45b22dab9a8bf473681c3cacb67f0f83525879f778252
