[INFO] fetching crate krunner 0.1.1...
[INFO] testing krunner-0.1.1 against 1.75.0 for beta-1.76-1
[INFO] extracting crate krunner 0.1.1 into /workspace/builds/worker-1-tc1/source
[INFO] validating manifest of crates.io crate krunner 0.1.1 on toolchain 1.75.0
[INFO] running `Command { std: CARGO_HOME="/workspace/cargo-home" RUSTUP_HOME="/workspace/rustup-home" "/workspace/cargo-home/bin/cargo" "+1.75.0" "metadata" "--manifest-path" "Cargo.toml" "--no-deps", kill_on_drop: false }`
[INFO] started tweaking crates.io crate krunner 0.1.1
[INFO] finished tweaking crates.io crate krunner 0.1.1
[INFO] tweaked toml for crates.io crate krunner 0.1.1 written to /workspace/builds/worker-1-tc1/source/Cargo.toml
[INFO] crate crates.io crate krunner 0.1.1 already has a lockfile, it will not be regenerated
[INFO] running `Command { std: CARGO_HOME="/workspace/cargo-home" RUSTUP_HOME="/workspace/rustup-home" "/workspace/cargo-home/bin/cargo" "+1.75.0" "fetch" "--manifest-path" "Cargo.toml", kill_on_drop: false }`
[INFO] [stderr]     Updating crates.io index
[INFO] [stderr]  Downloading crates ...
[INFO] [stderr]   Downloaded krunner-derive v0.1.0
[INFO] running `Command { std: "docker" "create" "-v" "/var/lib/crater-agent-workspace/builds/worker-1-tc1/target:/opt/rustwide/target:rw,Z" "-v" "/var/lib/crater-agent-workspace/builds/worker-1-tc1/source:/opt/rustwide/workdir:ro,Z" "-v" "/var/lib/crater-agent-workspace/cargo-home:/opt/rustwide/cargo-home:ro,Z" "-v" "/var/lib/crater-agent-workspace/rustup-home:/opt/rustwide/rustup-home:ro,Z" "-e" "SOURCE_DIR=/opt/rustwide/workdir" "-e" "CARGO_TARGET_DIR=/opt/rustwide/target" "-e" "CARGO_HOME=/opt/rustwide/cargo-home" "-e" "RUSTUP_HOME=/opt/rustwide/rustup-home" "-w" "/opt/rustwide/workdir" "-m" "1610612736" "--user" "0:0" "--network" "none" "ghcr.io/rust-lang/crates-build-env/linux@sha256:2788e3201cd34a07e3172128adcd8b3090168a8e3bcc40d7c032b9dda1df7d1c" "/opt/rustwide/cargo-home/bin/cargo" "+1.75.0" "metadata" "--no-deps" "--format-version=1", kill_on_drop: false }`
[INFO] [stdout] 10b262a4f23fadb80826ea0450568622c91da86d1a6af9f5d9589f6416a5cdfd
[INFO] running `Command { std: "docker" "start" "-a" "10b262a4f23fadb80826ea0450568622c91da86d1a6af9f5d9589f6416a5cdfd", kill_on_drop: false }`
[INFO] running `Command { std: "docker" "inspect" "10b262a4f23fadb80826ea0450568622c91da86d1a6af9f5d9589f6416a5cdfd", kill_on_drop: false }`
[INFO] running `Command { std: "docker" "rm" "-f" "10b262a4f23fadb80826ea0450568622c91da86d1a6af9f5d9589f6416a5cdfd", kill_on_drop: false }`
[INFO] [stdout] 10b262a4f23fadb80826ea0450568622c91da86d1a6af9f5d9589f6416a5cdfd
[INFO] running `Command { std: "docker" "create" "-v" "/var/lib/crater-agent-workspace/builds/worker-1-tc1/target:/opt/rustwide/target:rw,Z" "-v" "/var/lib/crater-agent-workspace/builds/worker-1-tc1/source:/opt/rustwide/workdir:ro,Z" "-v" "/var/lib/crater-agent-workspace/cargo-home:/opt/rustwide/cargo-home:ro,Z" "-v" "/var/lib/crater-agent-workspace/rustup-home:/opt/rustwide/rustup-home:ro,Z" "-e" "SOURCE_DIR=/opt/rustwide/workdir" "-e" "CARGO_TARGET_DIR=/opt/rustwide/target" "-e" "CARGO_INCREMENTAL=0" "-e" "RUST_BACKTRACE=full" "-e" "RUSTFLAGS=--cap-lints=warn" "-e" "RUSTDOCFLAGS=--cap-lints=warn" "-e" "CARGO_HOME=/opt/rustwide/cargo-home" "-e" "RUSTUP_HOME=/opt/rustwide/rustup-home" "-w" "/opt/rustwide/workdir" "-m" "1610612736" "--user" "0:0" "--network" "none" "ghcr.io/rust-lang/crates-build-env/linux@sha256:2788e3201cd34a07e3172128adcd8b3090168a8e3bcc40d7c032b9dda1df7d1c" "/opt/rustwide/cargo-home/bin/cargo" "+1.75.0" "build" "--frozen" "--message-format=json", kill_on_drop: false }`
[INFO] [stdout] bf00d9771f83777aad12a2ffaf2905c3c9cdf6d5e2427ffa55379f1e5fcb15f2
[INFO] running `Command { std: "docker" "start" "-a" "bf00d9771f83777aad12a2ffaf2905c3c9cdf6d5e2427ffa55379f1e5fcb15f2", kill_on_drop: false }`
[INFO] [stderr]    Compiling pkg-config v0.3.27
[INFO] [stderr]    Compiling libc v0.2.147
[INFO] [stderr]    Compiling libdbus-sys v0.2.5
[INFO] [stderr]    Compiling dbus v0.9.7
[INFO] [stderr]    Compiling dbus-crossroads v0.5.2
[INFO] [stderr]    Compiling krunner v0.1.1 (/opt/rustwide/workdir)
[INFO] [stderr]     Finished dev [unoptimized + debuginfo] target(s) in 7.67s
[INFO] running `Command { std: "docker" "inspect" "bf00d9771f83777aad12a2ffaf2905c3c9cdf6d5e2427ffa55379f1e5fcb15f2", kill_on_drop: false }`
[INFO] running `Command { std: "docker" "rm" "-f" "bf00d9771f83777aad12a2ffaf2905c3c9cdf6d5e2427ffa55379f1e5fcb15f2", kill_on_drop: false }`
[INFO] [stdout] bf00d9771f83777aad12a2ffaf2905c3c9cdf6d5e2427ffa55379f1e5fcb15f2
[INFO] running `Command { std: "docker" "create" "-v" "/var/lib/crater-agent-workspace/builds/worker-1-tc1/target:/opt/rustwide/target:rw,Z" "-v" "/var/lib/crater-agent-workspace/builds/worker-1-tc1/source:/opt/rustwide/workdir:ro,Z" "-v" "/var/lib/crater-agent-workspace/cargo-home:/opt/rustwide/cargo-home:ro,Z" "-v" "/var/lib/crater-agent-workspace/rustup-home:/opt/rustwide/rustup-home:ro,Z" "-e" "SOURCE_DIR=/opt/rustwide/workdir" "-e" "CARGO_TARGET_DIR=/opt/rustwide/target" "-e" "CARGO_INCREMENTAL=0" "-e" "RUST_BACKTRACE=full" "-e" "RUSTFLAGS=--cap-lints=warn" "-e" "RUSTDOCFLAGS=--cap-lints=warn" "-e" "CARGO_HOME=/opt/rustwide/cargo-home" "-e" "RUSTUP_HOME=/opt/rustwide/rustup-home" "-w" "/opt/rustwide/workdir" "-m" "1610612736" "--user" "0:0" "--network" "none" "ghcr.io/rust-lang/crates-build-env/linux@sha256:2788e3201cd34a07e3172128adcd8b3090168a8e3bcc40d7c032b9dda1df7d1c" "/opt/rustwide/cargo-home/bin/cargo" "+1.75.0" "test" "--frozen" "--no-run" "--message-format=json", kill_on_drop: false }`
[INFO] [stdout] ddc2c8b7b5593c9581039badcb6a01cffbe2ff7506e66f5f7d781a97f10dce51
[INFO] running `Command { std: "docker" "start" "-a" "ddc2c8b7b5593c9581039badcb6a01cffbe2ff7506e66f5f7d781a97f10dce51", kill_on_drop: false }`
[INFO] [stderr]    Compiling krunner v0.1.1 (/opt/rustwide/workdir)
[INFO] [stdout] error[E0433]: failed to resolve: could not find `Action` in `krunner`
[INFO] [stdout]   --> examples/simple.rs:5:19
[INFO] [stdout]    |
[INFO] [stdout] 5  | #[derive(krunner::Action)]
[INFO] [stdout]    |                   ^^^^^^ could not find `Action` in `krunner`
[INFO] [stdout]    |
[INFO] [stdout] note: found an item that was configured out
[INFO] [stdout]   --> /opt/rustwide/workdir/src/lib.rs:56:25
[INFO] [stdout]    |
[INFO] [stdout] 56 | pub use krunner_derive::Action;
[INFO] [stdout]    |                         ^^^^^^
[INFO] [stdout]    = note: the item is gated behind the `derive` feature
[INFO] [stdout] 
[INFO] [stdout] 
[INFO] [stdout] error: cannot find attribute `action` in this scope
[INFO] [stdout]  --> examples/simple.rs:7:4
[INFO] [stdout]   |
[INFO] [stdout] 7 |     #[action(id = "run", title = "Run", icon = "running")]
[INFO] [stdout]   |       ^^^^^^
[INFO] [stdout] 
[INFO] [stdout] 
[INFO] [stdout] error[E0277]: the trait bound `Action: krunner::Action` is not satisfied
[INFO] [stdout]   --> examples/simple.rs:14:16
[INFO] [stdout]    |
[INFO] [stdout] 14 |     type Action = Action;
[INFO] [stdout]    |                   ^^^^^^ the trait `krunner::Action` is not implemented for `Action`
[INFO] [stdout]    |
[INFO] [stdout] note: required by a bound in `krunner::Runner::Action`
[INFO] [stdout]   --> /opt/rustwide/workdir/src/sync.rs:15:15
[INFO] [stdout]    |
[INFO] [stdout] 15 |     type Action: Action;
[INFO] [stdout]    |                  ^^^^^^ required by this bound in `Runner::Action`
[INFO] [stdout] 
[INFO] [stdout] 
[INFO] [stdout] error[E0277]: the trait bound `Action: krunner::Action` is not satisfied
[INFO] [stdout]   --> examples/simple.rs:27:7
[INFO] [stdout]    |
[INFO] [stdout] 27 |                 ..Match::default()
[INFO] [stdout]    |                   ^^^^^ the trait `krunner::Action` is not implemented for `Action`
[INFO] [stdout]    |
[INFO] [stdout]    = help: the trait `Default` is implemented for `krunner::Match<A>`
[INFO] [stdout]    = note: required for `krunner::Match<Action>` to implement `Default`
[INFO] [stdout] 
[INFO] [stdout] 
[INFO] [stdout] error: aborting due to 4 previous errors
[INFO] [stdout] 
[INFO] [stdout] 
[INFO] [stdout] Some errors have detailed explanations: E0277, E0433.
[INFO] [stdout] 
[INFO] [stdout] For more information about an error, try `rustc --explain E0277`.
[INFO] [stdout] 
[INFO] [stderr] error: could not compile `krunner` (example "simple") due to 5 previous errors
[INFO] [stderr] warning: build failed, waiting for other jobs to finish...
[INFO] running `Command { std: "docker" "inspect" "ddc2c8b7b5593c9581039badcb6a01cffbe2ff7506e66f5f7d781a97f10dce51", kill_on_drop: false }`
[INFO] running `Command { std: "docker" "rm" "-f" "ddc2c8b7b5593c9581039badcb6a01cffbe2ff7506e66f5f7d781a97f10dce51", kill_on_drop: false }`
[INFO] [stdout] ddc2c8b7b5593c9581039badcb6a01cffbe2ff7506e66f5f7d781a97f10dce51
[INFO] testing krunner-0.1.1 against beta-2023-12-22 for beta-1.76-1
[INFO] extracting crate krunner 0.1.1 into /workspace/builds/worker-1-tc2/source
[INFO] validating manifest of crates.io crate krunner 0.1.1 on toolchain beta-2023-12-22
[INFO] running `Command { std: CARGO_HOME="/workspace/cargo-home" RUSTUP_HOME="/workspace/rustup-home" "/workspace/cargo-home/bin/cargo" "+beta-2023-12-22" "metadata" "--manifest-path" "Cargo.toml" "--no-deps", kill_on_drop: false }`
[INFO] started tweaking crates.io crate krunner 0.1.1
[INFO] finished tweaking crates.io crate krunner 0.1.1
[INFO] tweaked toml for crates.io crate krunner 0.1.1 written to /workspace/builds/worker-1-tc2/source/Cargo.toml
[INFO] crate crates.io crate krunner 0.1.1 already has a lockfile, it will not be regenerated
[INFO] running `Command { std: CARGO_HOME="/workspace/cargo-home" RUSTUP_HOME="/workspace/rustup-home" "/workspace/cargo-home/bin/cargo" "+beta-2023-12-22" "fetch" "--manifest-path" "Cargo.toml", kill_on_drop: false }`
[INFO] running `Command { std: "docker" "create" "-v" "/var/lib/crater-agent-workspace/builds/worker-1-tc2/target:/opt/rustwide/target:rw,Z" "-v" "/var/lib/crater-agent-workspace/builds/worker-1-tc2/source:/opt/rustwide/workdir:ro,Z" "-v" "/var/lib/crater-agent-workspace/cargo-home:/opt/rustwide/cargo-home:ro,Z" "-v" "/var/lib/crater-agent-workspace/rustup-home:/opt/rustwide/rustup-home:ro,Z" "-e" "SOURCE_DIR=/opt/rustwide/workdir" "-e" "CARGO_TARGET_DIR=/opt/rustwide/target" "-e" "CARGO_HOME=/opt/rustwide/cargo-home" "-e" "RUSTUP_HOME=/opt/rustwide/rustup-home" "-w" "/opt/rustwide/workdir" "-m" "1610612736" "--user" "0:0" "--network" "none" "ghcr.io/rust-lang/crates-build-env/linux@sha256:2788e3201cd34a07e3172128adcd8b3090168a8e3bcc40d7c032b9dda1df7d1c" "/opt/rustwide/cargo-home/bin/cargo" "+beta-2023-12-22" "metadata" "--no-deps" "--format-version=1", kill_on_drop: false }`
[INFO] [stdout] 8745dfe39b05d8dded7394e7537945fd4462bda91a54722631947cd15329d43a
[INFO] running `Command { std: "docker" "start" "-a" "8745dfe39b05d8dded7394e7537945fd4462bda91a54722631947cd15329d43a", kill_on_drop: false }`
[INFO] running `Command { std: "docker" "inspect" "8745dfe39b05d8dded7394e7537945fd4462bda91a54722631947cd15329d43a", kill_on_drop: false }`
[INFO] running `Command { std: "docker" "rm" "-f" "8745dfe39b05d8dded7394e7537945fd4462bda91a54722631947cd15329d43a", kill_on_drop: false }`
[INFO] [stdout] 8745dfe39b05d8dded7394e7537945fd4462bda91a54722631947cd15329d43a
[INFO] running `Command { std: "docker" "create" "-v" "/var/lib/crater-agent-workspace/builds/worker-1-tc2/target:/opt/rustwide/target:rw,Z" "-v" "/var/lib/crater-agent-workspace/builds/worker-1-tc2/source:/opt/rustwide/workdir:ro,Z" "-v" "/var/lib/crater-agent-workspace/cargo-home:/opt/rustwide/cargo-home:ro,Z" "-v" "/var/lib/crater-agent-workspace/rustup-home:/opt/rustwide/rustup-home:ro,Z" "-e" "SOURCE_DIR=/opt/rustwide/workdir" "-e" "CARGO_TARGET_DIR=/opt/rustwide/target" "-e" "CARGO_INCREMENTAL=0" "-e" "RUST_BACKTRACE=full" "-e" "RUSTFLAGS=--cap-lints=warn" "-e" "RUSTDOCFLAGS=--cap-lints=warn" "-e" "CARGO_HOME=/opt/rustwide/cargo-home" "-e" "RUSTUP_HOME=/opt/rustwide/rustup-home" "-w" "/opt/rustwide/workdir" "-m" "1610612736" "--user" "0:0" "--network" "none" "ghcr.io/rust-lang/crates-build-env/linux@sha256:2788e3201cd34a07e3172128adcd8b3090168a8e3bcc40d7c032b9dda1df7d1c" "/opt/rustwide/cargo-home/bin/cargo" "+beta-2023-12-22" "build" "--frozen" "--message-format=json", kill_on_drop: false }`
[INFO] [stdout] e307d6773ce910b7c18cc553c132e71e8b13ae2b2e4931895b6053fbbdc56296
[INFO] running `Command { std: "docker" "start" "-a" "e307d6773ce910b7c18cc553c132e71e8b13ae2b2e4931895b6053fbbdc56296", kill_on_drop: false }`
[INFO] [stderr]    Compiling pkg-config v0.3.27
[INFO] [stderr]    Compiling libc v0.2.147
[INFO] [stderr]    Compiling libdbus-sys v0.2.5
[INFO] [stderr]    Compiling dbus v0.9.7
[INFO] [stderr]    Compiling dbus-crossroads v0.5.2
[INFO] [stderr]    Compiling krunner v0.1.1 (/opt/rustwide/workdir)
[INFO] [stderr]     Finished dev [unoptimized + debuginfo] target(s) in 6.88s
[INFO] running `Command { std: "docker" "inspect" "e307d6773ce910b7c18cc553c132e71e8b13ae2b2e4931895b6053fbbdc56296", kill_on_drop: false }`
[INFO] running `Command { std: "docker" "rm" "-f" "e307d6773ce910b7c18cc553c132e71e8b13ae2b2e4931895b6053fbbdc56296", kill_on_drop: false }`
[INFO] [stdout] e307d6773ce910b7c18cc553c132e71e8b13ae2b2e4931895b6053fbbdc56296
[INFO] running `Command { std: "docker" "create" "-v" "/var/lib/crater-agent-workspace/builds/worker-1-tc2/target:/opt/rustwide/target:rw,Z" "-v" "/var/lib/crater-agent-workspace/builds/worker-1-tc2/source:/opt/rustwide/workdir:ro,Z" "-v" "/var/lib/crater-agent-workspace/cargo-home:/opt/rustwide/cargo-home:ro,Z" "-v" "/var/lib/crater-agent-workspace/rustup-home:/opt/rustwide/rustup-home:ro,Z" "-e" "SOURCE_DIR=/opt/rustwide/workdir" "-e" "CARGO_TARGET_DIR=/opt/rustwide/target" "-e" "CARGO_INCREMENTAL=0" "-e" "RUST_BACKTRACE=full" "-e" "RUSTFLAGS=--cap-lints=warn" "-e" "RUSTDOCFLAGS=--cap-lints=warn" "-e" "CARGO_HOME=/opt/rustwide/cargo-home" "-e" "RUSTUP_HOME=/opt/rustwide/rustup-home" "-w" "/opt/rustwide/workdir" "-m" "1610612736" "--user" "0:0" "--network" "none" "ghcr.io/rust-lang/crates-build-env/linux@sha256:2788e3201cd34a07e3172128adcd8b3090168a8e3bcc40d7c032b9dda1df7d1c" "/opt/rustwide/cargo-home/bin/cargo" "+beta-2023-12-22" "test" "--frozen" "--no-run" "--message-format=json", kill_on_drop: false }`
[INFO] [stdout] a65ed69b6a86d401bda5f05e0b2f38e5d7f82a59591ac99885a550d88423d833
[INFO] running `Command { std: "docker" "start" "-a" "a65ed69b6a86d401bda5f05e0b2f38e5d7f82a59591ac99885a550d88423d833", kill_on_drop: false }`
[INFO] [stderr]    Compiling krunner v0.1.1 (/opt/rustwide/workdir)
[INFO] [stdout] error[E0433]: failed to resolve: could not find `Action` in `krunner`
[INFO] [stdout]   --> examples/simple.rs:5:19
[INFO] [stdout]    |
[INFO] [stdout] 5  | #[derive(krunner::Action)]
[INFO] [stdout]    |                   ^^^^^^ could not find `Action` in `krunner`
[INFO] [stdout]    |
[INFO] [stdout] note: found an item that was configured out
[INFO] [stdout]   --> /opt/rustwide/workdir/src/lib.rs:56:25
[INFO] [stdout]    |
[INFO] [stdout] 56 | pub use krunner_derive::Action;
[INFO] [stdout]    |                         ^^^^^^
[INFO] [stdout]    = note: the item is gated behind the `derive` feature
[INFO] [stdout] 
[INFO] [stdout] 
[INFO] [stdout] error: cannot find attribute `action` in this scope
[INFO] [stdout]  --> examples/simple.rs:7:4
[INFO] [stdout]   |
[INFO] [stdout] 7 |     #[action(id = "run", title = "Run", icon = "running")]
[INFO] [stdout]   |       ^^^^^^
[INFO] [stdout] 
[INFO] [stdout] 
[INFO] [stdout] error[E0277]: the trait bound `Action: krunner::Action` is not satisfied
[INFO] [stdout]   --> examples/simple.rs:14:16
[INFO] [stdout]    |
[INFO] [stdout] 14 |     type Action = Action;
[INFO] [stdout]    |                   ^^^^^^ the trait `krunner::Action` is not implemented for `Action`
[INFO] [stdout]    |
[INFO] [stdout] note: required by a bound in `krunner::Runner::Action`
[INFO] [stdout]   --> /opt/rustwide/workdir/src/sync.rs:15:15
[INFO] [stdout]    |
[INFO] [stdout] 15 |     type Action: Action;
[INFO] [stdout]    |                  ^^^^^^ required by this bound in `Runner::Action`
[INFO] [stdout] 
[INFO] [stdout] 
[INFO] [stdout] error[E0277]: the trait bound `Action: krunner::Action` is not satisfied
[INFO] [stdout]   --> examples/simple.rs:27:7
[INFO] [stdout]    |
[INFO] [stdout] 27 |                 ..Match::default()
[INFO] [stdout]    |                   ^^^^^ the trait `krunner::Action` is not implemented for `Action`
[INFO] [stdout]    |
[INFO] [stdout]    = help: the trait `Default` is implemented for `krunner::Match<A>`
[INFO] [stdout]    = note: required for `krunner::Match<Action>` to implement `Default`
[INFO] [stdout] 
[INFO] [stdout] 
[INFO] [stdout] error: aborting due to 4 previous errors
[INFO] [stdout] 
[INFO] [stdout] 
[INFO] [stdout] Some errors have detailed explanations: E0277, E0433.
[INFO] [stdout] 
[INFO] [stdout] For more information about an error, try `rustc --explain E0277`.
[INFO] [stdout] 
[INFO] [stderr] error: could not compile `krunner` (example "simple") due to 5 previous errors
[INFO] [stderr] warning: build failed, waiting for other jobs to finish...
[INFO] running `Command { std: "docker" "inspect" "a65ed69b6a86d401bda5f05e0b2f38e5d7f82a59591ac99885a550d88423d833", kill_on_drop: false }`
[INFO] running `Command { std: "docker" "rm" "-f" "a65ed69b6a86d401bda5f05e0b2f38e5d7f82a59591ac99885a550d88423d833", kill_on_drop: false }`
[INFO] [stdout] a65ed69b6a86d401bda5f05e0b2f38e5d7f82a59591ac99885a550d88423d833
