[INFO] fetching crate kqueue-sys 1.0.4...
[INFO] testing kqueue-sys-1.0.4 against 1.75.0 for beta-1.76-1
[INFO] extracting crate kqueue-sys 1.0.4 into /workspace/builds/worker-0-tc1/source
[INFO] validating manifest of crates.io crate kqueue-sys 1.0.4 on toolchain 1.75.0
[INFO] running `Command { std: CARGO_HOME="/workspace/cargo-home" RUSTUP_HOME="/workspace/rustup-home" "/workspace/cargo-home/bin/cargo" "+1.75.0" "metadata" "--manifest-path" "Cargo.toml" "--no-deps", kill_on_drop: false }`
[INFO] started tweaking crates.io crate kqueue-sys 1.0.4
[INFO] finished tweaking crates.io crate kqueue-sys 1.0.4
[INFO] tweaked toml for crates.io crate kqueue-sys 1.0.4 written to /workspace/builds/worker-0-tc1/source/Cargo.toml
[INFO] running `Command { std: CARGO_HOME="/workspace/cargo-home" RUSTUP_HOME="/workspace/rustup-home" "/workspace/cargo-home/bin/cargo" "+1.75.0" "generate-lockfile" "--manifest-path" "Cargo.toml", kill_on_drop: false }`
[INFO] [stderr]     Updating crates.io index
[INFO] running `Command { std: CARGO_HOME="/workspace/cargo-home" RUSTUP_HOME="/workspace/rustup-home" "/workspace/cargo-home/bin/cargo" "+1.75.0" "fetch" "--manifest-path" "Cargo.toml", kill_on_drop: false }`
[INFO] running `Command { std: "docker" "create" "-v" "/var/lib/crater-agent-workspace/builds/worker-0-tc1/target:/opt/rustwide/target:rw,Z" "-v" "/var/lib/crater-agent-workspace/builds/worker-0-tc1/source:/opt/rustwide/workdir:ro,Z" "-v" "/var/lib/crater-agent-workspace/cargo-home:/opt/rustwide/cargo-home:ro,Z" "-v" "/var/lib/crater-agent-workspace/rustup-home:/opt/rustwide/rustup-home:ro,Z" "-e" "SOURCE_DIR=/opt/rustwide/workdir" "-e" "CARGO_TARGET_DIR=/opt/rustwide/target" "-e" "CARGO_HOME=/opt/rustwide/cargo-home" "-e" "RUSTUP_HOME=/opt/rustwide/rustup-home" "-w" "/opt/rustwide/workdir" "-m" "1610612736" "--user" "0:0" "--network" "none" "ghcr.io/rust-lang/crates-build-env/linux@sha256:2788e3201cd34a07e3172128adcd8b3090168a8e3bcc40d7c032b9dda1df7d1c" "/opt/rustwide/cargo-home/bin/cargo" "+1.75.0" "metadata" "--no-deps" "--format-version=1", kill_on_drop: false }`
[INFO] [stdout] c9215b1680308053a468eced2aa1b7f54db3d6449f5a663b86a0361a2b289160
[INFO] running `Command { std: "docker" "start" "-a" "c9215b1680308053a468eced2aa1b7f54db3d6449f5a663b86a0361a2b289160", kill_on_drop: false }`
[INFO] running `Command { std: "docker" "inspect" "c9215b1680308053a468eced2aa1b7f54db3d6449f5a663b86a0361a2b289160", kill_on_drop: false }`
[INFO] running `Command { std: "docker" "rm" "-f" "c9215b1680308053a468eced2aa1b7f54db3d6449f5a663b86a0361a2b289160", kill_on_drop: false }`
[INFO] [stdout] c9215b1680308053a468eced2aa1b7f54db3d6449f5a663b86a0361a2b289160
[INFO] running `Command { std: "docker" "create" "-v" "/var/lib/crater-agent-workspace/builds/worker-0-tc1/target:/opt/rustwide/target:rw,Z" "-v" "/var/lib/crater-agent-workspace/builds/worker-0-tc1/source:/opt/rustwide/workdir:ro,Z" "-v" "/var/lib/crater-agent-workspace/cargo-home:/opt/rustwide/cargo-home:ro,Z" "-v" "/var/lib/crater-agent-workspace/rustup-home:/opt/rustwide/rustup-home:ro,Z" "-e" "SOURCE_DIR=/opt/rustwide/workdir" "-e" "CARGO_TARGET_DIR=/opt/rustwide/target" "-e" "CARGO_INCREMENTAL=0" "-e" "RUST_BACKTRACE=full" "-e" "RUSTFLAGS=--cap-lints=warn" "-e" "RUSTDOCFLAGS=--cap-lints=warn" "-e" "CARGO_HOME=/opt/rustwide/cargo-home" "-e" "RUSTUP_HOME=/opt/rustwide/rustup-home" "-w" "/opt/rustwide/workdir" "-m" "1610612736" "--user" "0:0" "--network" "none" "ghcr.io/rust-lang/crates-build-env/linux@sha256:2788e3201cd34a07e3172128adcd8b3090168a8e3bcc40d7c032b9dda1df7d1c" "/opt/rustwide/cargo-home/bin/cargo" "+1.75.0" "build" "--frozen" "--message-format=json", kill_on_drop: false }`
[INFO] [stdout] 4cc762beb316888136da405edde4bc9834bfcd5384610814a659bc3e6f21d9e1
[INFO] running `Command { std: "docker" "start" "-a" "4cc762beb316888136da405edde4bc9834bfcd5384610814a659bc3e6f21d9e1", kill_on_drop: false }`
[INFO] [stderr]    Compiling libc v0.2.151
[INFO] [stderr]    Compiling bitflags v1.3.2
[INFO] [stderr]    Compiling kqueue-sys v1.0.4 (/opt/rustwide/workdir)
[INFO] [stdout] error[E0412]: cannot find type `EventFilter` in this scope
[INFO] [stdout]   --> src/lib.rs:23:17
[INFO] [stdout]    |
[INFO] [stdout] 23 |     pub filter: EventFilter,
[INFO] [stdout]    |                 ^^^^^^^^^^^ not found in this scope
[INFO] [stdout] 
[INFO] [stdout] 
[INFO] [stdout] error[E0412]: cannot find type `EventFlag` in this scope
[INFO] [stdout]   --> src/lib.rs:24:16
[INFO] [stdout]    |
[INFO] [stdout] 24 |     pub flags: EventFlag,
[INFO] [stdout]    |                ^^^^^^^^^ not found in this scope
[INFO] [stdout] 
[INFO] [stdout] 
[INFO] [stdout] error[E0412]: cannot find type `FilterFlag` in this scope
[INFO] [stdout]   --> src/lib.rs:25:17
[INFO] [stdout]    |
[INFO] [stdout] 25 |     pub fflags: FilterFlag,
[INFO] [stdout]    |                 ^^^^^^^^^^ not found in this scope
[INFO] [stdout] 
[INFO] [stdout] 
[INFO] [stdout] error[E0412]: cannot find type `EventFilter` in this scope
[INFO] [stdout]   --> src/lib.rs:23:17
[INFO] [stdout]    |
[INFO] [stdout] 23 |     pub filter: EventFilter,
[INFO] [stdout]    |                 ^^^^^^^^^^^ not found in this scope
[INFO] [stdout]    |
[INFO] [stdout] help: you might be missing a type parameter
[INFO] [stdout]    |
[INFO] [stdout] 21 | pub struct kevent<EventFilter> {
[INFO] [stdout]    |                  +++++++++++++
[INFO] [stdout] 
[INFO] [stdout] 
[INFO] [stdout] error[E0412]: cannot find type `EventFlag` in this scope
[INFO] [stdout]   --> src/lib.rs:24:16
[INFO] [stdout]    |
[INFO] [stdout] 24 |     pub flags: EventFlag,
[INFO] [stdout]    |                ^^^^^^^^^ not found in this scope
[INFO] [stdout]    |
[INFO] [stdout] help: you might be missing a type parameter
[INFO] [stdout]    |
[INFO] [stdout] 21 | pub struct kevent<EventFlag> {
[INFO] [stdout]    |                  +++++++++++
[INFO] [stdout] 
[INFO] [stdout] 
[INFO] [stdout] error[E0412]: cannot find type `FilterFlag` in this scope
[INFO] [stdout]   --> src/lib.rs:25:17
[INFO] [stdout]    |
[INFO] [stdout] 25 |     pub fflags: FilterFlag,
[INFO] [stdout]    |                 ^^^^^^^^^^ not found in this scope
[INFO] [stdout]    |
[INFO] [stdout] help: you might be missing a type parameter
[INFO] [stdout]    |
[INFO] [stdout] 21 | pub struct kevent<FilterFlag> {
[INFO] [stdout]    |                  ++++++++++++
[INFO] [stdout] 
[INFO] [stdout] 
[INFO] [stdout] error[E0412]: cannot find type `EventFilter` in this scope
[INFO] [stdout]   --> src/lib.rs:59:17
[INFO] [stdout]    |
[INFO] [stdout] 59 |         filter: EventFilter,
[INFO] [stdout]    |                 ^^^^^^^^^^^ not found in this scope
[INFO] [stdout] 
[INFO] [stdout] 
[INFO] [stdout] error[E0412]: cannot find type `EventFlag` in this scope
[INFO] [stdout]   --> src/lib.rs:60:16
[INFO] [stdout]    |
[INFO] [stdout] 60 |         flags: EventFlag,
[INFO] [stdout]    |                ^^^^^^^^^ not found in this scope
[INFO] [stdout] 
[INFO] [stdout] 
[INFO] [stdout] error[E0412]: cannot find type `FilterFlag` in this scope
[INFO] [stdout]   --> src/lib.rs:61:17
[INFO] [stdout]    |
[INFO] [stdout] 61 |         fflags: FilterFlag,
[INFO] [stdout]    |                 ^^^^^^^^^^ not found in this scope
[INFO] [stdout] 
[INFO] [stdout] 
[INFO] [stdout] warning: unused import: `self::constants::*`
[INFO] [stdout]   --> src/lib.rs:10:9
[INFO] [stdout]    |
[INFO] [stdout] 10 | pub use self::constants::*;
[INFO] [stdout]    |         ^^^^^^^^^^^^^^^^^^
[INFO] [stdout]    |
[INFO] [stdout]    = note: `#[warn(unused_imports)]` on by default
[INFO] [stdout] 
[INFO] [stdout] 
[INFO] [stdout] error: aborting due to 9 previous errors; 1 warning emitted
[INFO] [stdout] 
[INFO] [stdout] 
[INFO] [stdout] For more information about this error, try `rustc --explain E0412`.
[INFO] [stdout] 
[INFO] [stderr] error: could not compile `kqueue-sys` (lib) due to 10 previous errors; 1 warning emitted
[INFO] [stderr] warning: build failed, waiting for other jobs to finish...
[INFO] running `Command { std: "docker" "inspect" "4cc762beb316888136da405edde4bc9834bfcd5384610814a659bc3e6f21d9e1", kill_on_drop: false }`
[INFO] running `Command { std: "docker" "rm" "-f" "4cc762beb316888136da405edde4bc9834bfcd5384610814a659bc3e6f21d9e1", kill_on_drop: false }`
[INFO] [stdout] 4cc762beb316888136da405edde4bc9834bfcd5384610814a659bc3e6f21d9e1
[INFO] testing kqueue-sys-1.0.4 against beta-2023-12-22 for beta-1.76-1
[INFO] extracting crate kqueue-sys 1.0.4 into /workspace/builds/worker-0-tc2/source
[INFO] validating manifest of crates.io crate kqueue-sys 1.0.4 on toolchain beta-2023-12-22
[INFO] running `Command { std: CARGO_HOME="/workspace/cargo-home" RUSTUP_HOME="/workspace/rustup-home" "/workspace/cargo-home/bin/cargo" "+beta-2023-12-22" "metadata" "--manifest-path" "Cargo.toml" "--no-deps", kill_on_drop: false }`
[INFO] started tweaking crates.io crate kqueue-sys 1.0.4
[INFO] finished tweaking crates.io crate kqueue-sys 1.0.4
[INFO] tweaked toml for crates.io crate kqueue-sys 1.0.4 written to /workspace/builds/worker-0-tc2/source/Cargo.toml
[INFO] running `Command { std: CARGO_HOME="/workspace/cargo-home" RUSTUP_HOME="/workspace/rustup-home" "/workspace/cargo-home/bin/cargo" "+beta-2023-12-22" "generate-lockfile" "--manifest-path" "Cargo.toml", kill_on_drop: false }`
[INFO] [stderr]     Blocking waiting for file lock on package cache
[INFO] [stderr]     Updating crates.io index
[INFO] running `Command { std: CARGO_HOME="/workspace/cargo-home" RUSTUP_HOME="/workspace/rustup-home" "/workspace/cargo-home/bin/cargo" "+beta-2023-12-22" "fetch" "--manifest-path" "Cargo.toml", kill_on_drop: false }`
[INFO] [stderr]     Blocking waiting for file lock on package cache
[INFO] running `Command { std: "docker" "create" "-v" "/var/lib/crater-agent-workspace/builds/worker-0-tc2/target:/opt/rustwide/target:rw,Z" "-v" "/var/lib/crater-agent-workspace/builds/worker-0-tc2/source:/opt/rustwide/workdir:ro,Z" "-v" "/var/lib/crater-agent-workspace/cargo-home:/opt/rustwide/cargo-home:ro,Z" "-v" "/var/lib/crater-agent-workspace/rustup-home:/opt/rustwide/rustup-home:ro,Z" "-e" "SOURCE_DIR=/opt/rustwide/workdir" "-e" "CARGO_TARGET_DIR=/opt/rustwide/target" "-e" "CARGO_HOME=/opt/rustwide/cargo-home" "-e" "RUSTUP_HOME=/opt/rustwide/rustup-home" "-w" "/opt/rustwide/workdir" "-m" "1610612736" "--user" "0:0" "--network" "none" "ghcr.io/rust-lang/crates-build-env/linux@sha256:2788e3201cd34a07e3172128adcd8b3090168a8e3bcc40d7c032b9dda1df7d1c" "/opt/rustwide/cargo-home/bin/cargo" "+beta-2023-12-22" "metadata" "--no-deps" "--format-version=1", kill_on_drop: false }`
[INFO] [stdout] c41606d2838ea558d053fd38f118ab72d098c700f857c1dca95a37396745e56c
[INFO] running `Command { std: "docker" "start" "-a" "c41606d2838ea558d053fd38f118ab72d098c700f857c1dca95a37396745e56c", kill_on_drop: false }`
[INFO] running `Command { std: "docker" "inspect" "c41606d2838ea558d053fd38f118ab72d098c700f857c1dca95a37396745e56c", kill_on_drop: false }`
[INFO] running `Command { std: "docker" "rm" "-f" "c41606d2838ea558d053fd38f118ab72d098c700f857c1dca95a37396745e56c", kill_on_drop: false }`
[INFO] [stdout] c41606d2838ea558d053fd38f118ab72d098c700f857c1dca95a37396745e56c
[INFO] running `Command { std: "docker" "create" "-v" "/var/lib/crater-agent-workspace/builds/worker-0-tc2/target:/opt/rustwide/target:rw,Z" "-v" "/var/lib/crater-agent-workspace/builds/worker-0-tc2/source:/opt/rustwide/workdir:ro,Z" "-v" "/var/lib/crater-agent-workspace/cargo-home:/opt/rustwide/cargo-home:ro,Z" "-v" "/var/lib/crater-agent-workspace/rustup-home:/opt/rustwide/rustup-home:ro,Z" "-e" "SOURCE_DIR=/opt/rustwide/workdir" "-e" "CARGO_TARGET_DIR=/opt/rustwide/target" "-e" "CARGO_INCREMENTAL=0" "-e" "RUST_BACKTRACE=full" "-e" "RUSTFLAGS=--cap-lints=warn" "-e" "RUSTDOCFLAGS=--cap-lints=warn" "-e" "CARGO_HOME=/opt/rustwide/cargo-home" "-e" "RUSTUP_HOME=/opt/rustwide/rustup-home" "-w" "/opt/rustwide/workdir" "-m" "1610612736" "--user" "0:0" "--network" "none" "ghcr.io/rust-lang/crates-build-env/linux@sha256:2788e3201cd34a07e3172128adcd8b3090168a8e3bcc40d7c032b9dda1df7d1c" "/opt/rustwide/cargo-home/bin/cargo" "+beta-2023-12-22" "build" "--frozen" "--message-format=json", kill_on_drop: false }`
[INFO] [stdout] ea4378025cf3745ea5f916fa25443f9c33540b106a4115f9772179ecfd483144
[INFO] running `Command { std: "docker" "start" "-a" "ea4378025cf3745ea5f916fa25443f9c33540b106a4115f9772179ecfd483144", kill_on_drop: false }`
[INFO] [stderr]    Compiling libc v0.2.151
[INFO] [stderr]    Compiling bitflags v1.3.2
[INFO] [stderr]    Compiling kqueue-sys v1.0.4 (/opt/rustwide/workdir)
[INFO] [stdout] error[E0412]: cannot find type `EventFilter` in this scope
[INFO] [stdout]   --> src/lib.rs:23:17
[INFO] [stdout]    |
[INFO] [stdout] 23 |     pub filter: EventFilter,
[INFO] [stdout]    |                 ^^^^^^^^^^^ not found in this scope
[INFO] [stdout] 
[INFO] [stdout] 
[INFO] [stdout] error[E0412]: cannot find type `EventFlag` in this scope
[INFO] [stdout]   --> src/lib.rs:24:16
[INFO] [stdout]    |
[INFO] [stdout] 24 |     pub flags: EventFlag,
[INFO] [stdout]    |                ^^^^^^^^^ not found in this scope
[INFO] [stdout] 
[INFO] [stdout] 
[INFO] [stdout] error[E0412]: cannot find type `FilterFlag` in this scope
[INFO] [stdout]   --> src/lib.rs:25:17
[INFO] [stdout]    |
[INFO] [stdout] 25 |     pub fflags: FilterFlag,
[INFO] [stdout]    |                 ^^^^^^^^^^ not found in this scope
[INFO] [stdout] 
[INFO] [stdout] 
[INFO] [stdout] error[E0412]: cannot find type `EventFilter` in this scope
[INFO] [stdout]   --> src/lib.rs:23:17
[INFO] [stdout]    |
[INFO] [stdout] 23 |     pub filter: EventFilter,
[INFO] [stdout]    |                 ^^^^^^^^^^^ not found in this scope
[INFO] [stdout]    |
[INFO] [stdout] help: you might be missing a type parameter
[INFO] [stdout]    |
[INFO] [stdout] 21 | pub struct kevent<EventFilter> {
[INFO] [stdout]    |                  +++++++++++++
[INFO] [stdout] 
[INFO] [stdout] 
[INFO] [stdout] error[E0412]: cannot find type `EventFlag` in this scope
[INFO] [stdout]   --> src/lib.rs:24:16
[INFO] [stdout]    |
[INFO] [stdout] 24 |     pub flags: EventFlag,
[INFO] [stdout]    |                ^^^^^^^^^ not found in this scope
[INFO] [stdout]    |
[INFO] [stdout] help: you might be missing a type parameter
[INFO] [stdout]    |
[INFO] [stdout] 21 | pub struct kevent<EventFlag> {
[INFO] [stdout]    |                  +++++++++++
[INFO] [stdout] 
[INFO] [stdout] 
[INFO] [stdout] error[E0412]: cannot find type `FilterFlag` in this scope
[INFO] [stdout]   --> src/lib.rs:25:17
[INFO] [stdout]    |
[INFO] [stdout] 25 |     pub fflags: FilterFlag,
[INFO] [stdout]    |                 ^^^^^^^^^^ not found in this scope
[INFO] [stdout]    |
[INFO] [stdout] help: you might be missing a type parameter
[INFO] [stdout]    |
[INFO] [stdout] 21 | pub struct kevent<FilterFlag> {
[INFO] [stdout]    |                  ++++++++++++
[INFO] [stdout] 
[INFO] [stdout] 
[INFO] [stdout] error[E0412]: cannot find type `EventFilter` in this scope
[INFO] [stdout]   --> src/lib.rs:59:17
[INFO] [stdout]    |
[INFO] [stdout] 59 |         filter: EventFilter,
[INFO] [stdout]    |                 ^^^^^^^^^^^ not found in this scope
[INFO] [stdout] 
[INFO] [stdout] 
[INFO] [stdout] error[E0412]: cannot find type `EventFlag` in this scope
[INFO] [stdout]   --> src/lib.rs:60:16
[INFO] [stdout]    |
[INFO] [stdout] 60 |         flags: EventFlag,
[INFO] [stdout]    |                ^^^^^^^^^ not found in this scope
[INFO] [stdout] 
[INFO] [stdout] 
[INFO] [stdout] error[E0412]: cannot find type `FilterFlag` in this scope
[INFO] [stdout]   --> src/lib.rs:61:17
[INFO] [stdout]    |
[INFO] [stdout] 61 |         fflags: FilterFlag,
[INFO] [stdout]    |                 ^^^^^^^^^^ not found in this scope
[INFO] [stdout] 
[INFO] [stdout] 
[INFO] [stdout] warning: unused import: `self::constants::*`
[INFO] [stdout]   --> src/lib.rs:10:9
[INFO] [stdout]    |
[INFO] [stdout] 10 | pub use self::constants::*;
[INFO] [stdout]    |         ^^^^^^^^^^^^^^^^^^
[INFO] [stdout]    |
[INFO] [stdout]    = note: `#[warn(unused_imports)]` on by default
[INFO] [stdout] 
[INFO] [stdout] 
[INFO] [stdout] error: aborting due to 9 previous errors; 1 warning emitted
[INFO] [stdout] 
[INFO] [stdout] 
[INFO] [stdout] For more information about this error, try `rustc --explain E0412`.
[INFO] [stdout] 
[INFO] [stderr] error: could not compile `kqueue-sys` (lib) due to 10 previous errors; 1 warning emitted
[INFO] [stderr] warning: build failed, waiting for other jobs to finish...
[INFO] running `Command { std: "docker" "inspect" "ea4378025cf3745ea5f916fa25443f9c33540b106a4115f9772179ecfd483144", kill_on_drop: false }`
[INFO] running `Command { std: "docker" "rm" "-f" "ea4378025cf3745ea5f916fa25443f9c33540b106a4115f9772179ecfd483144", kill_on_drop: false }`
[INFO] [stdout] ea4378025cf3745ea5f916fa25443f9c33540b106a4115f9772179ecfd483144
