[INFO] fetching crate komple-framework-attribute-permission 1.1.1-beta...
[INFO] testing komple-framework-attribute-permission-1.1.1-beta against 1.75.0 for beta-1.76-1
[INFO] extracting crate komple-framework-attribute-permission 1.1.1-beta into /workspace/builds/worker-5-tc1/source
[INFO] validating manifest of crates.io crate komple-framework-attribute-permission 1.1.1-beta on toolchain 1.75.0
[INFO] running `Command { std: CARGO_HOME="/workspace/cargo-home" RUSTUP_HOME="/workspace/rustup-home" "/workspace/cargo-home/bin/cargo" "+1.75.0" "metadata" "--manifest-path" "Cargo.toml" "--no-deps", kill_on_drop: false }`
[INFO] removed /workspace/builds/worker-5-tc1/source/.cargo/config
[INFO] started tweaking crates.io crate komple-framework-attribute-permission 1.1.1-beta
[INFO] finished tweaking crates.io crate komple-framework-attribute-permission 1.1.1-beta
[INFO] tweaked toml for crates.io crate komple-framework-attribute-permission 1.1.1-beta written to /workspace/builds/worker-5-tc1/source/Cargo.toml
[INFO] crate crates.io crate komple-framework-attribute-permission 1.1.1-beta already has a lockfile, it will not be regenerated
[INFO] running `Command { std: CARGO_HOME="/workspace/cargo-home" RUSTUP_HOME="/workspace/rustup-home" "/workspace/cargo-home/bin/cargo" "+1.75.0" "fetch" "--manifest-path" "Cargo.toml", kill_on_drop: false }`
[INFO] [stderr]     Updating crates.io index
[INFO] [stderr]  Downloading crates ...
[INFO] [stderr]   Downloaded cosmwasm-schema-derive v1.2.1
[INFO] [stderr]   Downloaded base64ct v1.5.0
[INFO] [stderr]   Downloaded cosmwasm-crypto v1.2.1
[INFO] [stderr]   Downloaded schemars_derive v0.8.11
[INFO] [stderr]   Downloaded cosmwasm-schema v1.2.1
[INFO] [stderr]   Downloaded komple-framework-types v1.1.1-beta
[INFO] [stderr]   Downloaded komple-framework-utils v1.1.1-beta
[INFO] [stderr]   Downloaded cosmwasm-derive v1.2.1
[INFO] [stderr]   Downloaded cw721 v0.15.0
[INFO] [stderr]   Downloaded zeroize v1.5.5
[INFO] [stderr]   Downloaded dyn-clone v1.0.5
[INFO] [stderr]   Downloaded schemars v0.8.11
[INFO] [stderr]   Downloaded cosmwasm-std v1.2.1
[INFO] [stderr]   Downloaded uint v0.9.3
[INFO] [stderr]   Downloaded cw-multi-test v0.15.1
[INFO] [stderr]   Downloaded ed25519-zebra v3.0.0
[INFO] [stderr]   Downloaded cosmwasm-storage v1.2.1
[INFO] [stderr]   Downloaded cw721-base v0.15.0
[INFO] [stderr]   Downloaded komple-framework-metadata-module v1.1.1-beta
[INFO] running `Command { std: "docker" "create" "-v" "/var/lib/crater-agent-workspace/builds/worker-5-tc1/target:/opt/rustwide/target:rw,Z" "-v" "/var/lib/crater-agent-workspace/builds/worker-5-tc1/source:/opt/rustwide/workdir:ro,Z" "-v" "/var/lib/crater-agent-workspace/cargo-home:/opt/rustwide/cargo-home:ro,Z" "-v" "/var/lib/crater-agent-workspace/rustup-home:/opt/rustwide/rustup-home:ro,Z" "-e" "SOURCE_DIR=/opt/rustwide/workdir" "-e" "CARGO_TARGET_DIR=/opt/rustwide/target" "-e" "CARGO_HOME=/opt/rustwide/cargo-home" "-e" "RUSTUP_HOME=/opt/rustwide/rustup-home" "-w" "/opt/rustwide/workdir" "-m" "1610612736" "--user" "0:0" "--network" "none" "ghcr.io/rust-lang/crates-build-env/linux@sha256:2788e3201cd34a07e3172128adcd8b3090168a8e3bcc40d7c032b9dda1df7d1c" "/opt/rustwide/cargo-home/bin/cargo" "+1.75.0" "metadata" "--no-deps" "--format-version=1", kill_on_drop: false }`
[INFO] [stdout] 624b4d0cd8646dbd161df65c824f9a5a36e2ea4b82fd664118c6b14fd9bdd094
[INFO] running `Command { std: "docker" "start" "-a" "624b4d0cd8646dbd161df65c824f9a5a36e2ea4b82fd664118c6b14fd9bdd094", kill_on_drop: false }`
[INFO] running `Command { std: "docker" "inspect" "624b4d0cd8646dbd161df65c824f9a5a36e2ea4b82fd664118c6b14fd9bdd094", kill_on_drop: false }`
[INFO] running `Command { std: "docker" "rm" "-f" "624b4d0cd8646dbd161df65c824f9a5a36e2ea4b82fd664118c6b14fd9bdd094", kill_on_drop: false }`
[INFO] [stdout] 624b4d0cd8646dbd161df65c824f9a5a36e2ea4b82fd664118c6b14fd9bdd094
[INFO] running `Command { std: "docker" "create" "-v" "/var/lib/crater-agent-workspace/builds/worker-5-tc1/target:/opt/rustwide/target:rw,Z" "-v" "/var/lib/crater-agent-workspace/builds/worker-5-tc1/source:/opt/rustwide/workdir:ro,Z" "-v" "/var/lib/crater-agent-workspace/cargo-home:/opt/rustwide/cargo-home:ro,Z" "-v" "/var/lib/crater-agent-workspace/rustup-home:/opt/rustwide/rustup-home:ro,Z" "-e" "SOURCE_DIR=/opt/rustwide/workdir" "-e" "CARGO_TARGET_DIR=/opt/rustwide/target" "-e" "CARGO_INCREMENTAL=0" "-e" "RUST_BACKTRACE=full" "-e" "RUSTFLAGS=--cap-lints=warn" "-e" "RUSTDOCFLAGS=--cap-lints=warn" "-e" "CARGO_HOME=/opt/rustwide/cargo-home" "-e" "RUSTUP_HOME=/opt/rustwide/rustup-home" "-w" "/opt/rustwide/workdir" "-m" "1610612736" "--user" "0:0" "--network" "none" "ghcr.io/rust-lang/crates-build-env/linux@sha256:2788e3201cd34a07e3172128adcd8b3090168a8e3bcc40d7c032b9dda1df7d1c" "/opt/rustwide/cargo-home/bin/cargo" "+1.75.0" "build" "--frozen" "--message-format=json", kill_on_drop: false }`
[INFO] [stdout] 805c100611a93b8c65db957a778cafc9ded28bbf343518f2721d110ec4ac4c68
[INFO] running `Command { std: "docker" "start" "-a" "805c100611a93b8c65db957a778cafc9ded28bbf343518f2721d110ec4ac4c68", kill_on_drop: false }`
[INFO] [stderr]    Compiling typenum v1.15.0
[INFO] [stderr]    Compiling generic-array v0.14.5
[INFO] [stderr]    Compiling proc-macro2 v1.0.51
[INFO] [stderr]    Compiling unicode-ident v1.0.0
[INFO] [stderr]    Compiling cfg-if v1.0.0
[INFO] [stderr]    Compiling syn v1.0.108
[INFO] [stderr]    Compiling libc v0.2.126
[INFO] [stderr]    Compiling subtle v2.4.1
[INFO] [stderr]    Compiling zeroize v1.5.5
[INFO] [stderr]    Compiling serde_derive v1.0.152
[INFO] [stderr]    Compiling serde v1.0.152
[INFO] [stderr]    Compiling const-oid v0.9.1
[INFO] [stderr]    Compiling base64ct v1.5.0
[INFO] [stderr]    Compiling der v0.6.1
[INFO] [stderr]    Compiling getrandom v0.1.16
[INFO] [stderr]    Compiling cpufeatures v0.2.2
[INFO] [stderr]    Compiling base16ct v0.1.1
[INFO] [stderr]    Compiling byteorder v1.4.3
[INFO] [stderr]    Compiling serde_json v1.0.81
[INFO] [stderr]    Compiling opaque-debug v0.3.0
[INFO] [stderr]    Compiling crunchy v0.2.2
[INFO] [stderr]    Compiling itoa v1.0.2
[INFO] [stderr]    Compiling quote v1.0.18
[INFO] [stderr]    Compiling getrandom v0.2.6
[INFO] [stderr]    Compiling rand_core v0.6.3
[INFO] [stderr]    Compiling rand_core v0.5.1
[INFO] [stderr]    Compiling schemars v0.8.11
[INFO] [stderr]    Compiling ryu v1.0.10
[INFO] [stderr]    Compiling spki v0.6.0
[INFO] [stderr]    Compiling ff v0.12.1
[INFO] [stderr]    Compiling group v0.12.1
[INFO] [stderr]    Compiling hex v0.4.3
[INFO] [stderr]    Compiling dyn-clone v1.0.5
[INFO] [stderr]    Compiling static_assertions v1.1.0
[INFO] [stderr]    Compiling forward_ref v1.0.0
[INFO] [stderr]    Compiling pkcs8 v0.9.0
[INFO] [stderr]    Compiling base64 v0.13.0
[INFO] [stderr]    Compiling semver v1.0.16
[INFO] [stderr]    Compiling uint v0.9.3
[INFO] [stderr]    Compiling block-buffer v0.10.3
[INFO] [stderr]    Compiling crypto-common v0.1.6
[INFO] [stderr]    Compiling crypto-bigint v0.4.9
[INFO] [stderr]    Compiling digest v0.9.0
[INFO] [stderr]    Compiling sec1 v0.3.0
[INFO] [stderr]    Compiling block-buffer v0.9.0
[INFO] [stderr]    Compiling sha2 v0.9.9
[INFO] [stderr]    Compiling curve25519-dalek v3.2.0
[INFO] [stderr]    Compiling digest v0.10.6
[INFO] [stderr]    Compiling hmac v0.12.1
[INFO] [stderr]    Compiling signature v1.6.4
[INFO] [stderr]    Compiling sha2 v0.10.6
[INFO] [stderr]    Compiling elliptic-curve v0.12.3
[INFO] [stderr]    Compiling rfc6979 v0.3.1
[INFO] [stderr]    Compiling ecdsa v0.14.8
[INFO] [stderr]    Compiling k256 v0.11.6
[INFO] [stderr]    Compiling serde_derive_internals v0.26.0
[INFO] [stderr]    Compiling thiserror-impl v1.0.31
[INFO] [stderr]    Compiling schemars_derive v0.8.11
[INFO] [stderr]    Compiling cosmwasm-derive v1.2.1
[INFO] [stderr]    Compiling derivative v2.2.0
[INFO] [stderr]    Compiling cosmwasm-schema-derive v1.2.1
[INFO] [stderr]    Compiling thiserror v1.0.31
[INFO] [stderr]    Compiling ed25519-zebra v3.0.0
[INFO] [stderr]    Compiling serde-json-wasm v0.5.0
[INFO] [stderr]    Compiling cosmwasm-crypto v1.2.1
[INFO] [stderr]    Compiling cosmwasm-std v1.2.1
[INFO] [stderr]    Compiling cosmwasm-schema v1.2.1
[INFO] [stderr]    Compiling cw-storage-plus v0.15.1
[INFO] [stderr]    Compiling cw-storage-plus v0.16.0
[INFO] [stderr]    Compiling komple-framework-types v1.1.1-beta
[INFO] [stderr]    Compiling cosmwasm-storage v1.2.1
[INFO] [stderr]    Compiling cw2 v0.16.0
[INFO] [stderr]    Compiling cw2 v0.15.1
[INFO] [stderr]    Compiling cw-utils v0.16.0
[INFO] [stderr]    Compiling cw-utils v0.15.1
[INFO] [stderr]    Compiling cw20 v0.16.0
[INFO] [stderr]    Compiling cw721 v0.15.0
[INFO] [stderr]    Compiling cw721-base v0.15.0
[INFO] [stderr]    Compiling komple-framework-utils v1.1.1-beta
[INFO] [stderr]    Compiling komple-framework-metadata-module v1.1.1-beta
[INFO] [stderr]    Compiling komple-framework-attribute-permission v1.1.1-beta (/opt/rustwide/workdir)
[INFO] [stderr]     Finished dev [unoptimized + debuginfo] target(s) in 42.31s
[INFO] running `Command { std: "docker" "inspect" "805c100611a93b8c65db957a778cafc9ded28bbf343518f2721d110ec4ac4c68", kill_on_drop: false }`
[INFO] running `Command { std: "docker" "rm" "-f" "805c100611a93b8c65db957a778cafc9ded28bbf343518f2721d110ec4ac4c68", kill_on_drop: false }`
[INFO] [stdout] 805c100611a93b8c65db957a778cafc9ded28bbf343518f2721d110ec4ac4c68
[INFO] running `Command { std: "docker" "create" "-v" "/var/lib/crater-agent-workspace/builds/worker-5-tc1/target:/opt/rustwide/target:rw,Z" "-v" "/var/lib/crater-agent-workspace/builds/worker-5-tc1/source:/opt/rustwide/workdir:ro,Z" "-v" "/var/lib/crater-agent-workspace/cargo-home:/opt/rustwide/cargo-home:ro,Z" "-v" "/var/lib/crater-agent-workspace/rustup-home:/opt/rustwide/rustup-home:ro,Z" "-e" "SOURCE_DIR=/opt/rustwide/workdir" "-e" "CARGO_TARGET_DIR=/opt/rustwide/target" "-e" "CARGO_INCREMENTAL=0" "-e" "RUST_BACKTRACE=full" "-e" "RUSTFLAGS=--cap-lints=warn" "-e" "RUSTDOCFLAGS=--cap-lints=warn" "-e" "CARGO_HOME=/opt/rustwide/cargo-home" "-e" "RUSTUP_HOME=/opt/rustwide/rustup-home" "-w" "/opt/rustwide/workdir" "-m" "1610612736" "--user" "0:0" "--network" "none" "ghcr.io/rust-lang/crates-build-env/linux@sha256:2788e3201cd34a07e3172128adcd8b3090168a8e3bcc40d7c032b9dda1df7d1c" "/opt/rustwide/cargo-home/bin/cargo" "+1.75.0" "test" "--frozen" "--no-run" "--message-format=json", kill_on_drop: false }`
[INFO] [stdout] 2f5dcd0332601d6105e9274f03527ae2a47240aa86e2e7bebe3272e71bf971e6
[INFO] running `Command { std: "docker" "start" "-a" "2f5dcd0332601d6105e9274f03527ae2a47240aa86e2e7bebe3272e71bf971e6", kill_on_drop: false }`
[INFO] [stderr]    Compiling anyhow v1.0.57
[INFO] [stderr]    Compiling either v1.6.1
[INFO] [stderr]    Compiling bytes v1.1.0
[INFO] [stderr]    Compiling itertools v0.10.3
[INFO] [stderr]    Compiling prost-derive v0.9.0
[INFO] [stderr]    Compiling prost v0.9.0
[INFO] [stderr]    Compiling cw-multi-test v0.15.1
[INFO] [stderr]    Compiling komple-framework-attribute-permission v1.1.1-beta (/opt/rustwide/workdir)
[INFO] [stdout] error[E0433]: failed to resolve: use of undeclared crate or module `komple_framework_hub_module`
[INFO] [stdout]  --> tests/integration.rs:5:5
[INFO] [stdout]   |
[INFO] [stdout] 5 | use komple_framework_hub_module::msg::{
[INFO] [stdout]   |     ^^^^^^^^^^^^^^^^^^^^^^^^^^^ use of undeclared crate or module `komple_framework_hub_module`
[INFO] [stdout]   |
[INFO] [stdout] help: there is a crate or module with a similar name
[INFO] [stdout]   |
[INFO] [stdout] 5 | use komple_framework_metadata_module::msg::{
[INFO] [stdout]   |     ~~~~~~~~~~~~~~~~~~~~~~~~~~~~~~~~
[INFO] [stdout] 
[INFO] [stdout] 
[INFO] [stdout] error[E0433]: failed to resolve: use of undeclared crate or module `komple_framework_hub_module`
[INFO] [stdout]  --> tests/integration.rs:8:5
[INFO] [stdout]   |
[INFO] [stdout] 8 | use komple_framework_hub_module::state::HubInfo;
[INFO] [stdout]   |     ^^^^^^^^^^^^^^^^^^^^^^^^^^^ use of undeclared crate or module `komple_framework_hub_module`
[INFO] [stdout]   |
[INFO] [stdout] help: there is a crate or module with a similar name
[INFO] [stdout]   |
[INFO] [stdout] 8 | use komple_framework_metadata_module::state::HubInfo;
[INFO] [stdout]   |     ~~~~~~~~~~~~~~~~~~~~~~~~~~~~~~~~
[INFO] [stdout] 
[INFO] [stdout] 
[INFO] [stdout] error[E0433]: failed to resolve: use of undeclared crate or module `komple_framework_mint_module`
[INFO] [stdout]   --> tests/integration.rs:13:5
[INFO] [stdout]    |
[INFO] [stdout] 13 | use komple_framework_mint_module::msg::{CollectionFundInfo, ExecuteMsg as MintExecuteMsg};
[INFO] [stdout]    |     ^^^^^^^^^^^^^^^^^^^^^^^^^^^^ use of undeclared crate or module `komple_framework_mint_module`
[INFO] [stdout]    |
[INFO] [stdout] help: there is a crate or module with a similar name
[INFO] [stdout]    |
[INFO] [stdout] 13 | use komple_framework_metadata_module::msg::{CollectionFundInfo, ExecuteMsg as MintExecuteMsg};
[INFO] [stdout]    |     ~~~~~~~~~~~~~~~~~~~~~~~~~~~~~~~~
[INFO] [stdout] 
[INFO] [stdout] 
[INFO] [stdout] error[E0433]: failed to resolve: use of undeclared crate or module `komple_framework_mint_module`
[INFO] [stdout]   --> tests/integration.rs:14:5
[INFO] [stdout]    |
[INFO] [stdout] 14 | use komple_framework_mint_module::state::CollectionInfo;
[INFO] [stdout]    |     ^^^^^^^^^^^^^^^^^^^^^^^^^^^^ use of undeclared crate or module `komple_framework_mint_module`
[INFO] [stdout]    |
[INFO] [stdout] help: there is a crate or module with a similar name
[INFO] [stdout]    |
[INFO] [stdout] 14 | use komple_framework_metadata_module::state::CollectionInfo;
[INFO] [stdout]    |     ~~~~~~~~~~~~~~~~~~~~~~~~~~~~~~~~
[INFO] [stdout] 
[INFO] [stdout] 
[INFO] [stdout] error[E0433]: failed to resolve: use of undeclared crate or module `komple_framework_permission_module`
[INFO] [stdout]   --> tests/integration.rs:15:5
[INFO] [stdout]    |
[INFO] [stdout] 15 | use komple_framework_permission_module::msg::{
[INFO] [stdout]    |     ^^^^^^^^^^^^^^^^^^^^^^^^^^^^^^^^^^ use of undeclared crate or module `komple_framework_permission_module`
[INFO] [stdout]    |
[INFO] [stdout] help: there is a crate or module with a similar name
[INFO] [stdout]    |
[INFO] [stdout] 15 | use komple_framework_metadata_module::msg::{
[INFO] [stdout]    |     ~~~~~~~~~~~~~~~~~~~~~~~~~~~~~~~~
[INFO] [stdout] 
[INFO] [stdout] 
[INFO] [stdout] error[E0433]: failed to resolve: use of undeclared crate or module `komple_framework_token_module`
[INFO] [stdout]   --> tests/integration.rs:18:5
[INFO] [stdout]    |
[INFO] [stdout] 18 | use komple_framework_token_module::msg::{MetadataInfo, TokenInfo};
[INFO] [stdout]    |     ^^^^^^^^^^^^^^^^^^^^^^^^^^^^^ use of undeclared crate or module `komple_framework_token_module`
[INFO] [stdout]    |
[INFO] [stdout] help: there is a crate or module with a similar name
[INFO] [stdout]    |
[INFO] [stdout] 18 | use komple_framework_metadata_module::msg::{MetadataInfo, TokenInfo};
[INFO] [stdout]    |     ~~~~~~~~~~~~~~~~~~~~~~~~~~~~~~~~
[INFO] [stdout] 
[INFO] [stdout] 
[INFO] [stdout] error[E0433]: failed to resolve: use of undeclared crate or module `komple_framework_token_module`
[INFO] [stdout]   --> tests/integration.rs:19:5
[INFO] [stdout]    |
[INFO] [stdout] 19 | use komple_framework_token_module::state::CollectionConfig;
[INFO] [stdout]    |     ^^^^^^^^^^^^^^^^^^^^^^^^^^^^^ use of undeclared crate or module `komple_framework_token_module`
[INFO] [stdout]    |
[INFO] [stdout] help: there is a crate or module with a similar name
[INFO] [stdout]    |
[INFO] [stdout] 19 | use komple_framework_metadata_module::state::CollectionConfig;
[INFO] [stdout]    |     ~~~~~~~~~~~~~~~~~~~~~~~~~~~~~~~~
[INFO] [stdout] 
[INFO] [stdout] 
[INFO] [stdout] error[E0433]: failed to resolve: use of undeclared crate or module `komple_framework_hub_module`
[INFO] [stdout]   --> tests/integration.rs:40:17
[INFO] [stdout]    |
[INFO] [stdout] 40 |     .with_reply(komple_framework_hub_module::contract::reply);
[INFO] [stdout]    |                 ^^^^^^^^^^^^^^^^^^^^^^^^^^^ use of undeclared crate or module `komple_framework_hub_module`
[INFO] [stdout]    |
[INFO] [stdout] help: there is a crate or module with a similar name
[INFO] [stdout]    |
[INFO] [stdout] 40 |     .with_reply(komple_framework_metadata_module::contract::reply);
[INFO] [stdout]    |                 ~~~~~~~~~~~~~~~~~~~~~~~~~~~~~~~~
[INFO] [stdout] 
[INFO] [stdout] 
[INFO] [stdout] error[E0433]: failed to resolve: use of undeclared crate or module `komple_framework_mint_module`
[INFO] [stdout]   --> tests/integration.rs:50:17
[INFO] [stdout]    |
[INFO] [stdout] 50 |     .with_reply(komple_framework_mint_module::contract::reply);
[INFO] [stdout]    |                 ^^^^^^^^^^^^^^^^^^^^^^^^^^^^ use of undeclared crate or module `komple_framework_mint_module`
[INFO] [stdout]    |
[INFO] [stdout] help: there is a crate or module with a similar name
[INFO] [stdout]    |
[INFO] [stdout] 50 |     .with_reply(komple_framework_metadata_module::contract::reply);
[INFO] [stdout]    |                 ~~~~~~~~~~~~~~~~~~~~~~~~~~~~~~~~
[INFO] [stdout] 
[INFO] [stdout] 
[INFO] [stdout] error[E0433]: failed to resolve: use of undeclared crate or module `komple_framework_permission_module`
[INFO] [stdout]   --> tests/integration.rs:60:17
[INFO] [stdout]    |
[INFO] [stdout] 60 |     .with_reply(komple_framework_permission_module::contract::reply);
[INFO] [stdout]    |                 ^^^^^^^^^^^^^^^^^^^^^^^^^^^^^^^^^^ use of undeclared crate or module `komple_framework_permission_module`
[INFO] [stdout]    |
[INFO] [stdout] help: there is a crate or module with a similar name
[INFO] [stdout]    |
[INFO] [stdout] 60 |     .with_reply(komple_framework_metadata_module::contract::reply);
[INFO] [stdout]    |                 ~~~~~~~~~~~~~~~~~~~~~~~~~~~~~~~~
[INFO] [stdout] 
[INFO] [stdout] 
[INFO] [stdout] error[E0433]: failed to resolve: use of undeclared crate or module `komple_framework_token_module`
[INFO] [stdout]   --> tests/integration.rs:70:17
[INFO] [stdout]    |
[INFO] [stdout] 70 |     .with_reply(komple_framework_token_module::contract::reply);
[INFO] [stdout]    |                 ^^^^^^^^^^^^^^^^^^^^^^^^^^^^^ use of undeclared crate or module `komple_framework_token_module`
[INFO] [stdout]    |
[INFO] [stdout] help: there is a crate or module with a similar name
[INFO] [stdout]    |
[INFO] [stdout] 70 |     .with_reply(komple_framework_metadata_module::contract::reply);
[INFO] [stdout]    |                 ~~~~~~~~~~~~~~~~~~~~~~~~~~~~~~~~
[INFO] [stdout] 
[INFO] [stdout] 
[INFO] [stdout] error[E0433]: failed to resolve: use of undeclared crate or module `komple_framework_hub_module`
[INFO] [stdout]   --> tests/integration.rs:36:9
[INFO] [stdout]    |
[INFO] [stdout] 36 |         komple_framework_hub_module::contract::execute,
[INFO] [stdout]    |         ^^^^^^^^^^^^^^^^^^^^^^^^^^^ use of undeclared crate or module `komple_framework_hub_module`
[INFO] [stdout]    |
[INFO] [stdout] help: there is a crate or module with a similar name
[INFO] [stdout]    |
[INFO] [stdout] 36 |         komple_framework_metadata_module::contract::execute,
[INFO] [stdout]    |         ~~~~~~~~~~~~~~~~~~~~~~~~~~~~~~~~
[INFO] [stdout] help: consider importing one of these items
[INFO] [stdout]    |
[INFO] [stdout] 1  + use komple_framework_attribute_permission::contract;
[INFO] [stdout]    |
[INFO] [stdout] 1  + use komple_framework_metadata_module::contract;
[INFO] [stdout]    |
[INFO] [stdout] help: if you import `contract`, refer to it directly
[INFO] [stdout]    |
[INFO] [stdout] 36 -         komple_framework_hub_module::contract::execute,
[INFO] [stdout] 36 +         contract::execute,
[INFO] [stdout]    |
[INFO] [stdout] 
[INFO] [stdout] 
[INFO] [stdout] error[E0433]: failed to resolve: use of undeclared crate or module `komple_framework_hub_module`
[INFO] [stdout]   --> tests/integration.rs:37:9
[INFO] [stdout]    |
[INFO] [stdout] 37 |         komple_framework_hub_module::contract::instantiate,
[INFO] [stdout]    |         ^^^^^^^^^^^^^^^^^^^^^^^^^^^ use of undeclared crate or module `komple_framework_hub_module`
[INFO] [stdout]    |
[INFO] [stdout] help: there is a crate or module with a similar name
[INFO] [stdout]    |
[INFO] [stdout] 37 |         komple_framework_metadata_module::contract::instantiate,
[INFO] [stdout]    |         ~~~~~~~~~~~~~~~~~~~~~~~~~~~~~~~~
[INFO] [stdout] help: consider importing one of these items
[INFO] [stdout]    |
[INFO] [stdout] 1  + use komple_framework_attribute_permission::contract;
[INFO] [stdout]    |
[INFO] [stdout] 1  + use komple_framework_metadata_module::contract;
[INFO] [stdout]    |
[INFO] [stdout] help: if you import `contract`, refer to it directly
[INFO] [stdout]    |
[INFO] [stdout] 37 -         komple_framework_hub_module::contract::instantiate,
[INFO] [stdout] 37 +         contract::instantiate,
[INFO] [stdout]    |
[INFO] [stdout] 
[INFO] [stdout] 
[INFO] [stdout] error[E0433]: failed to resolve: use of undeclared crate or module `komple_framework_hub_module`
[INFO] [stdout]   --> tests/integration.rs:38:9
[INFO] [stdout]    |
[INFO] [stdout] 38 |         komple_framework_hub_module::contract::query,
[INFO] [stdout]    |         ^^^^^^^^^^^^^^^^^^^^^^^^^^^ use of undeclared crate or module `komple_framework_hub_module`
[INFO] [stdout]    |
[INFO] [stdout] help: there is a crate or module with a similar name
[INFO] [stdout]    |
[INFO] [stdout] 38 |         komple_framework_metadata_module::contract::query,
[INFO] [stdout]    |         ~~~~~~~~~~~~~~~~~~~~~~~~~~~~~~~~
[INFO] [stdout] help: consider importing one of these items
[INFO] [stdout]    |
[INFO] [stdout] 1  + use komple_framework_attribute_permission::contract;
[INFO] [stdout]    |
[INFO] [stdout] 1  + use komple_framework_metadata_module::contract;
[INFO] [stdout]    |
[INFO] [stdout] help: if you import `contract`, refer to it directly
[INFO] [stdout]    |
[INFO] [stdout] 38 -         komple_framework_hub_module::contract::query,
[INFO] [stdout] 38 +         contract::query,
[INFO] [stdout]    |
[INFO] [stdout] 
[INFO] [stdout] 
[INFO] [stdout] error[E0433]: failed to resolve: use of undeclared crate or module `komple_framework_mint_module`
[INFO] [stdout]   --> tests/integration.rs:46:9
[INFO] [stdout]    |
[INFO] [stdout] 46 |         komple_framework_mint_module::contract::execute,
[INFO] [stdout]    |         ^^^^^^^^^^^^^^^^^^^^^^^^^^^^ use of undeclared crate or module `komple_framework_mint_module`
[INFO] [stdout]    |
[INFO] [stdout] help: there is a crate or module with a similar name
[INFO] [stdout]    |
[INFO] [stdout] 46 |         komple_framework_metadata_module::contract::execute,
[INFO] [stdout]    |         ~~~~~~~~~~~~~~~~~~~~~~~~~~~~~~~~
[INFO] [stdout] help: consider importing one of these items
[INFO] [stdout]    |
[INFO] [stdout] 1  + use komple_framework_attribute_permission::contract;
[INFO] [stdout]    |
[INFO] [stdout] 1  + use komple_framework_metadata_module::contract;
[INFO] [stdout]    |
[INFO] [stdout] help: if you import `contract`, refer to it directly
[INFO] [stdout]    |
[INFO] [stdout] 46 -         komple_framework_mint_module::contract::execute,
[INFO] [stdout] 46 +         contract::execute,
[INFO] [stdout]    |
[INFO] [stdout] 
[INFO] [stdout] 
[INFO] [stdout] error[E0433]: failed to resolve: use of undeclared crate or module `komple_framework_mint_module`
[INFO] [stdout]   --> tests/integration.rs:47:9
[INFO] [stdout]    |
[INFO] [stdout] 47 |         komple_framework_mint_module::contract::instantiate,
[INFO] [stdout]    |         ^^^^^^^^^^^^^^^^^^^^^^^^^^^^ use of undeclared crate or module `komple_framework_mint_module`
[INFO] [stdout]    |
[INFO] [stdout] help: there is a crate or module with a similar name
[INFO] [stdout]    |
[INFO] [stdout] 47 |         komple_framework_metadata_module::contract::instantiate,
[INFO] [stdout]    |         ~~~~~~~~~~~~~~~~~~~~~~~~~~~~~~~~
[INFO] [stdout] help: consider importing one of these items
[INFO] [stdout]    |
[INFO] [stdout] 1  + use komple_framework_attribute_permission::contract;
[INFO] [stdout]    |
[INFO] [stdout] 1  + use komple_framework_metadata_module::contract;
[INFO] [stdout]    |
[INFO] [stdout] help: if you import `contract`, refer to it directly
[INFO] [stdout]    |
[INFO] [stdout] 47 -         komple_framework_mint_module::contract::instantiate,
[INFO] [stdout] 47 +         contract::instantiate,
[INFO] [stdout]    |
[INFO] [stdout] 
[INFO] [stdout] 
[INFO] [stdout] error[E0433]: failed to resolve: use of undeclared crate or module `komple_framework_mint_module`
[INFO] [stdout]   --> tests/integration.rs:48:9
[INFO] [stdout]    |
[INFO] [stdout] 48 |         komple_framework_mint_module::contract::query,
[INFO] [stdout]    |         ^^^^^^^^^^^^^^^^^^^^^^^^^^^^ use of undeclared crate or module `komple_framework_mint_module`
[INFO] [stdout]    |
[INFO] [stdout] help: there is a crate or module with a similar name
[INFO] [stdout]    |
[INFO] [stdout] 48 |         komple_framework_metadata_module::contract::query,
[INFO] [stdout]    |         ~~~~~~~~~~~~~~~~~~~~~~~~~~~~~~~~
[INFO] [stdout] help: consider importing one of these items
[INFO] [stdout]    |
[INFO] [stdout] 1  + use komple_framework_attribute_permission::contract;
[INFO] [stdout]    |
[INFO] [stdout] 1  + use komple_framework_metadata_module::contract;
[INFO] [stdout]    |
[INFO] [stdout] help: if you import `contract`, refer to it directly
[INFO] [stdout]    |
[INFO] [stdout] 48 -         komple_framework_mint_module::contract::query,
[INFO] [stdout] 48 +         contract::query,
[INFO] [stdout]    |
[INFO] [stdout] 
[INFO] [stdout] 
[INFO] [stdout] error[E0433]: failed to resolve: use of undeclared crate or module `komple_framework_permission_module`
[INFO] [stdout]   --> tests/integration.rs:56:9
[INFO] [stdout]    |
[INFO] [stdout] 56 |         komple_framework_permission_module::contract::execute,
[INFO] [stdout]    |         ^^^^^^^^^^^^^^^^^^^^^^^^^^^^^^^^^^ use of undeclared crate or module `komple_framework_permission_module`
[INFO] [stdout]    |
[INFO] [stdout] help: there is a crate or module with a similar name
[INFO] [stdout]    |
[INFO] [stdout] 56 |         komple_framework_metadata_module::contract::execute,
[INFO] [stdout]    |         ~~~~~~~~~~~~~~~~~~~~~~~~~~~~~~~~
[INFO] [stdout] help: consider importing one of these items
[INFO] [stdout]    |
[INFO] [stdout] 1  + use komple_framework_attribute_permission::contract;
[INFO] [stdout]    |
[INFO] [stdout] 1  + use komple_framework_metadata_module::contract;
[INFO] [stdout]    |
[INFO] [stdout] help: if you import `contract`, refer to it directly
[INFO] [stdout]    |
[INFO] [stdout] 56 -         komple_framework_permission_module::contract::execute,
[INFO] [stdout] 56 +         contract::execute,
[INFO] [stdout]    |
[INFO] [stdout] 
[INFO] [stdout] 
[INFO] [stdout] error[E0433]: failed to resolve: use of undeclared crate or module `komple_framework_permission_module`
[INFO] [stdout]   --> tests/integration.rs:57:9
[INFO] [stdout]    |
[INFO] [stdout] 57 |         komple_framework_permission_module::contract::instantiate,
[INFO] [stdout]    |         ^^^^^^^^^^^^^^^^^^^^^^^^^^^^^^^^^^ use of undeclared crate or module `komple_framework_permission_module`
[INFO] [stdout]    |
[INFO] [stdout] help: there is a crate or module with a similar name
[INFO] [stdout]    |
[INFO] [stdout] 57 |         komple_framework_metadata_module::contract::instantiate,
[INFO] [stdout]    |         ~~~~~~~~~~~~~~~~~~~~~~~~~~~~~~~~
[INFO] [stdout] help: consider importing one of these items
[INFO] [stdout]    |
[INFO] [stdout] 1  + use komple_framework_attribute_permission::contract;
[INFO] [stdout]    |
[INFO] [stdout] 1  + use komple_framework_metadata_module::contract;
[INFO] [stdout]    |
[INFO] [stdout] help: if you import `contract`, refer to it directly
[INFO] [stdout]    |
[INFO] [stdout] 57 -         komple_framework_permission_module::contract::instantiate,
[INFO] [stdout] 57 +         contract::instantiate,
[INFO] [stdout]    |
[INFO] [stdout] 
[INFO] [stdout] 
[INFO] [stdout] error[E0433]: failed to resolve: use of undeclared crate or module `komple_framework_permission_module`
[INFO] [stdout]   --> tests/integration.rs:58:9
[INFO] [stdout]    |
[INFO] [stdout] 58 |         komple_framework_permission_module::contract::query,
[INFO] [stdout]    |         ^^^^^^^^^^^^^^^^^^^^^^^^^^^^^^^^^^ use of undeclared crate or module `komple_framework_permission_module`
[INFO] [stdout]    |
[INFO] [stdout] help: there is a crate or module with a similar name
[INFO] [stdout]    |
[INFO] [stdout] 58 |         komple_framework_metadata_module::contract::query,
[INFO] [stdout]    |         ~~~~~~~~~~~~~~~~~~~~~~~~~~~~~~~~
[INFO] [stdout] help: consider importing one of these items
[INFO] [stdout]    |
[INFO] [stdout] 1  + use komple_framework_attribute_permission::contract;
[INFO] [stdout]    |
[INFO] [stdout] 1  + use komple_framework_metadata_module::contract;
[INFO] [stdout]    |
[INFO] [stdout] help: if you import `contract`, refer to it directly
[INFO] [stdout]    |
[INFO] [stdout] 58 -         komple_framework_permission_module::contract::query,
[INFO] [stdout] 58 +         contract::query,
[INFO] [stdout]    |
[INFO] [stdout] 
[INFO] [stdout] 
[INFO] [stdout] error[E0433]: failed to resolve: use of undeclared crate or module `komple_framework_token_module`
[INFO] [stdout]   --> tests/integration.rs:66:9
[INFO] [stdout]    |
[INFO] [stdout] 66 |         komple_framework_token_module::contract::execute,
[INFO] [stdout]    |         ^^^^^^^^^^^^^^^^^^^^^^^^^^^^^ use of undeclared crate or module `komple_framework_token_module`
[INFO] [stdout]    |
[INFO] [stdout] help: there is a crate or module with a similar name
[INFO] [stdout]    |
[INFO] [stdout] 66 |         komple_framework_metadata_module::contract::execute,
[INFO] [stdout]    |         ~~~~~~~~~~~~~~~~~~~~~~~~~~~~~~~~
[INFO] [stdout] help: consider importing one of these items
[INFO] [stdout]    |
[INFO] [stdout] 1  + use komple_framework_attribute_permission::contract;
[INFO] [stdout]    |
[INFO] [stdout] 1  + use komple_framework_metadata_module::contract;
[INFO] [stdout]    |
[INFO] [stdout] help: if you import `contract`, refer to it directly
[INFO] [stdout]    |
[INFO] [stdout] 66 -         komple_framework_token_module::contract::execute,
[INFO] [stdout] 66 +         contract::execute,
[INFO] [stdout]    |
[INFO] [stdout] 
[INFO] [stdout] 
[INFO] [stdout] error[E0433]: failed to resolve: use of undeclared crate or module `komple_framework_token_module`
[INFO] [stdout]   --> tests/integration.rs:67:9
[INFO] [stdout]    |
[INFO] [stdout] 67 |         komple_framework_token_module::contract::instantiate,
[INFO] [stdout]    |         ^^^^^^^^^^^^^^^^^^^^^^^^^^^^^ use of undeclared crate or module `komple_framework_token_module`
[INFO] [stdout]    |
[INFO] [stdout] help: there is a crate or module with a similar name
[INFO] [stdout]    |
[INFO] [stdout] 67 |         komple_framework_metadata_module::contract::instantiate,
[INFO] [stdout]    |         ~~~~~~~~~~~~~~~~~~~~~~~~~~~~~~~~
[INFO] [stdout] help: consider importing one of these items
[INFO] [stdout]    |
[INFO] [stdout] 1  + use komple_framework_attribute_permission::contract;
[INFO] [stdout]    |
[INFO] [stdout] 1  + use komple_framework_metadata_module::contract;
[INFO] [stdout]    |
[INFO] [stdout] help: if you import `contract`, refer to it directly
[INFO] [stdout]    |
[INFO] [stdout] 67 -         komple_framework_token_module::contract::instantiate,
[INFO] [stdout] 67 +         contract::instantiate,
[INFO] [stdout]    |
[INFO] [stdout] 
[INFO] [stdout] 
[INFO] [stdout] error[E0433]: failed to resolve: use of undeclared crate or module `komple_framework_token_module`
[INFO] [stdout]   --> tests/integration.rs:68:9
[INFO] [stdout]    |
[INFO] [stdout] 68 |         komple_framework_token_module::contract::query,
[INFO] [stdout]    |         ^^^^^^^^^^^^^^^^^^^^^^^^^^^^^ use of undeclared crate or module `komple_framework_token_module`
[INFO] [stdout]    |
[INFO] [stdout] help: there is a crate or module with a similar name
[INFO] [stdout]    |
[INFO] [stdout] 68 |         komple_framework_metadata_module::contract::query,
[INFO] [stdout]    |         ~~~~~~~~~~~~~~~~~~~~~~~~~~~~~~~~
[INFO] [stdout] help: consider importing one of these items
[INFO] [stdout]    |
[INFO] [stdout] 1  + use komple_framework_attribute_permission::contract;
[INFO] [stdout]    |
[INFO] [stdout] 1  + use komple_framework_metadata_module::contract;
[INFO] [stdout]    |
[INFO] [stdout] help: if you import `contract`, refer to it directly
[INFO] [stdout]    |
[INFO] [stdout] 68 -         komple_framework_token_module::contract::query,
[INFO] [stdout] 68 +         contract::query,
[INFO] [stdout]    |
[INFO] [stdout] 
[INFO] [stdout] 
[INFO] [stdout] error: aborting due to 23 previous errors
[INFO] [stdout] 
[INFO] [stdout] 
[INFO] [stdout] For more information about this error, try `rustc --explain E0433`.
[INFO] [stdout] 
[INFO] [stderr] error: could not compile `komple-framework-attribute-permission` (test "integration") due to 24 previous errors
[INFO] [stderr] warning: build failed, waiting for other jobs to finish...
[INFO] running `Command { std: "docker" "inspect" "2f5dcd0332601d6105e9274f03527ae2a47240aa86e2e7bebe3272e71bf971e6", kill_on_drop: false }`
[INFO] running `Command { std: "docker" "rm" "-f" "2f5dcd0332601d6105e9274f03527ae2a47240aa86e2e7bebe3272e71bf971e6", kill_on_drop: false }`
[INFO] [stdout] 2f5dcd0332601d6105e9274f03527ae2a47240aa86e2e7bebe3272e71bf971e6
