[INFO] fetching crate knoll 0.2.3...
[INFO] testing knoll-0.2.3 against 1.75.0 for beta-1.76-1
[INFO] extracting crate knoll 0.2.3 into /workspace/builds/worker-7-tc1/source
[INFO] validating manifest of crates.io crate knoll 0.2.3 on toolchain 1.75.0
[INFO] running `Command { std: CARGO_HOME="/workspace/cargo-home" RUSTUP_HOME="/workspace/rustup-home" "/workspace/cargo-home/bin/cargo" "+1.75.0" "metadata" "--manifest-path" "Cargo.toml" "--no-deps", kill_on_drop: false }`
[INFO] started tweaking crates.io crate knoll 0.2.3
[INFO] finished tweaking crates.io crate knoll 0.2.3
[INFO] tweaked toml for crates.io crate knoll 0.2.3 written to /workspace/builds/worker-7-tc1/source/Cargo.toml
[INFO] crate crates.io crate knoll 0.2.3 already has a lockfile, it will not be regenerated
[INFO] running `Command { std: CARGO_HOME="/workspace/cargo-home" RUSTUP_HOME="/workspace/rustup-home" "/workspace/cargo-home/bin/cargo" "+1.75.0" "fetch" "--manifest-path" "Cargo.toml", kill_on_drop: false }`
[INFO] [stderr]  Downloading crates ...
[INFO] [stderr]   Downloaded clap v4.4.4
[INFO] [stderr]   Downloaded clap_builder v4.4.4
[INFO] running `Command { std: "docker" "create" "-v" "/var/lib/crater-agent-workspace/builds/worker-7-tc1/target:/opt/rustwide/target:rw,Z" "-v" "/var/lib/crater-agent-workspace/builds/worker-7-tc1/source:/opt/rustwide/workdir:ro,Z" "-v" "/var/lib/crater-agent-workspace/cargo-home:/opt/rustwide/cargo-home:ro,Z" "-v" "/var/lib/crater-agent-workspace/rustup-home:/opt/rustwide/rustup-home:ro,Z" "-e" "SOURCE_DIR=/opt/rustwide/workdir" "-e" "CARGO_TARGET_DIR=/opt/rustwide/target" "-e" "CARGO_HOME=/opt/rustwide/cargo-home" "-e" "RUSTUP_HOME=/opt/rustwide/rustup-home" "-w" "/opt/rustwide/workdir" "-m" "1610612736" "--user" "0:0" "--network" "none" "ghcr.io/rust-lang/crates-build-env/linux@sha256:2788e3201cd34a07e3172128adcd8b3090168a8e3bcc40d7c032b9dda1df7d1c" "/opt/rustwide/cargo-home/bin/cargo" "+1.75.0" "metadata" "--no-deps" "--format-version=1", kill_on_drop: false }`
[INFO] [stdout] ae434824886cc42f70e075e00cd67be684d6aa3f702c4f47e1ea6a93ea233dbc
[INFO] running `Command { std: "docker" "start" "-a" "ae434824886cc42f70e075e00cd67be684d6aa3f702c4f47e1ea6a93ea233dbc", kill_on_drop: false }`
[INFO] running `Command { std: "docker" "inspect" "ae434824886cc42f70e075e00cd67be684d6aa3f702c4f47e1ea6a93ea233dbc", kill_on_drop: false }`
[INFO] running `Command { std: "docker" "rm" "-f" "ae434824886cc42f70e075e00cd67be684d6aa3f702c4f47e1ea6a93ea233dbc", kill_on_drop: false }`
[INFO] [stdout] ae434824886cc42f70e075e00cd67be684d6aa3f702c4f47e1ea6a93ea233dbc
[INFO] running `Command { std: "docker" "create" "-v" "/var/lib/crater-agent-workspace/builds/worker-7-tc1/target:/opt/rustwide/target:rw,Z" "-v" "/var/lib/crater-agent-workspace/builds/worker-7-tc1/source:/opt/rustwide/workdir:ro,Z" "-v" "/var/lib/crater-agent-workspace/cargo-home:/opt/rustwide/cargo-home:ro,Z" "-v" "/var/lib/crater-agent-workspace/rustup-home:/opt/rustwide/rustup-home:ro,Z" "-e" "SOURCE_DIR=/opt/rustwide/workdir" "-e" "CARGO_TARGET_DIR=/opt/rustwide/target" "-e" "CARGO_INCREMENTAL=0" "-e" "RUST_BACKTRACE=full" "-e" "RUSTFLAGS=--cap-lints=warn" "-e" "RUSTDOCFLAGS=--cap-lints=warn" "-e" "CARGO_HOME=/opt/rustwide/cargo-home" "-e" "RUSTUP_HOME=/opt/rustwide/rustup-home" "-w" "/opt/rustwide/workdir" "-m" "1610612736" "--user" "0:0" "--network" "none" "ghcr.io/rust-lang/crates-build-env/linux@sha256:2788e3201cd34a07e3172128adcd8b3090168a8e3bcc40d7c032b9dda1df7d1c" "/opt/rustwide/cargo-home/bin/cargo" "+1.75.0" "build" "--frozen" "--message-format=json", kill_on_drop: false }`
[INFO] [stdout] 2d49494fe9757d82f928cc3ee1a743a51af17218fd96d0bd5f34e5c06a5a62d7
[INFO] running `Command { std: "docker" "start" "-a" "2d49494fe9757d82f928cc3ee1a743a51af17218fd96d0bd5f34e5c06a5a62d7", kill_on_drop: false }`
[INFO] [stderr]    Compiling proc-macro2 v1.0.67
[INFO] [stderr]    Compiling serde v1.0.188
[INFO] [stderr]    Compiling libc v0.2.148
[INFO] [stderr]    Compiling syn v1.0.109
[INFO] [stderr]    Compiling rustix v0.38.14
[INFO] [stderr]    Compiling time-core v0.1.1
[INFO] [stderr]    Compiling anstyle-parse v0.2.1
[INFO] [stderr]    Compiling anstyle v1.0.3
[INFO] [stderr]    Compiling time-macros v0.2.14
[INFO] [stderr]    Compiling linux-raw-sys v0.4.7
[INFO] [stderr]    Compiling anstream v0.5.0
[INFO] [stderr]    Compiling clap_lex v0.5.1
[INFO] [stderr]    Compiling deranged v0.3.8
[INFO] [stderr]    Compiling num_threads v0.1.6
[INFO] [stderr]    Compiling clap_builder v4.4.4
[INFO] [stderr]    Compiling termcolor v1.1.3
[INFO] [stderr]    Compiling knoll v0.2.3 (/opt/rustwide/workdir)
[INFO] [stderr]    Compiling base64 v0.21.4
[INFO] [stderr]    Compiling quote v1.0.33
[INFO] [stderr]    Compiling syn v2.0.37
[INFO] [stderr]    Compiling malloc_buf v0.0.6
[INFO] [stderr]    Compiling objc v0.2.7
[INFO] [stderr]    Compiling block v0.1.6
[INFO] [stderr]    Compiling static_assertions v1.1.0
[INFO] [stderr]    Compiling time v0.3.28
[INFO] [stderr]    Compiling clap v4.4.4
[INFO] [stderr]    Compiling simplelog v0.12.1
[INFO] [stderr]    Compiling serde_derive v1.0.188
[INFO] [stderr]    Compiling serde_repr v0.1.16
[INFO] [stderr]    Compiling serde_tuple_macros v0.5.0
[INFO] [stderr]    Compiling bitflags v2.4.0
[INFO] [stderr]    Compiling serde_json v1.0.107
[INFO] [stderr]    Compiling serde_tuple v0.5.0
[INFO] [stderr]    Compiling ron v0.8.1
[INFO] [stderr]    Compiling tempfile v3.8.0
[INFO] [stdout] error[E0455]: link kind `framework` is only supported on Apple targets
[INFO] [stdout]    --> src/core_graphics.rs:139:32
[INFO] [stdout]     |
[INFO] [stdout] 139 | #[link(name = "AppKit", kind = "framework")]
[INFO] [stdout]     |                                ^^^^^^^^^^^
[INFO] [stdout] 
[INFO] [stdout] 
[INFO] [stdout] error[E0455]: link kind `framework` is only supported on Apple targets
[INFO] [stdout]    --> src/core_graphics.rs:140:31
[INFO] [stdout]     |
[INFO] [stdout] 140 | #[link(name = "IOKit", kind = "framework")]
[INFO] [stdout]     |                               ^^^^^^^^^^^
[INFO] [stdout] 
[INFO] [stdout] 
[INFO] [stdout] error[E0455]: link kind `framework` is only supported on Apple targets
[INFO] [stdout]    --> src/core_graphics.rs:141:45
[INFO] [stdout]     |
[INFO] [stdout] 141 | #[link(name = "ApplicationServices", kind = "framework")]
[INFO] [stdout]     |                                             ^^^^^^^^^^^
[INFO] [stdout] 
[INFO] [stdout] 
[INFO] [stdout] error[E0455]: link kind `framework` is only supported on Apple targets
[INFO] [stdout]    --> src/core_graphics.rs:142:41
[INFO] [stdout]     |
[INFO] [stdout] 142 | #[link(name = "DisplayServices", kind = "framework")]
[INFO] [stdout]     |                                         ^^^^^^^^^^^
[INFO] [stdout] 
[INFO] [stdout] 
[INFO] [stdout] error[E0455]: link kind `framework` is only supported on Apple targets
[INFO] [stdout]    --> src/core_graphics.rs:143:37
[INFO] [stdout]     |
[INFO] [stdout] 143 | #[link(name = "CoreDisplay", kind = "framework")]
[INFO] [stdout]     |                                     ^^^^^^^^^^^
[INFO] [stdout] 
[INFO] [stdout] 
[INFO] [stdout] error[E0455]: link kind `framework` is only supported on Apple targets
[INFO] [stdout]    --> src/core_graphics.rs:144:29
[INFO] [stdout]     |
[INFO] [stdout] 144 | #[link(name = "OSD", kind = "framework")]
[INFO] [stdout]     |                             ^^^^^^^^^^^
[INFO] [stdout] 
[INFO] [stdout] 
[INFO] [stdout] error[E0455]: link kind `framework` is only supported on Apple targets
[INFO] [stdout]    --> src/core_graphics.rs:145:38
[INFO] [stdout]     |
[INFO] [stdout] 145 | #[link(name = "MonitorPanel", kind = "framework")]
[INFO] [stdout]     |                                      ^^^^^^^^^^^
[INFO] [stdout] 
[INFO] [stdout] 
[INFO] [stdout] error[E0455]: link kind `framework` is only supported on Apple targets
[INFO] [stdout]    --> src/core_graphics.rs:146:34
[INFO] [stdout]     |
[INFO] [stdout] 146 | #[link(name = "SkyLight", kind = "framework")]
[INFO] [stdout]     |                                  ^^^^^^^^^^^
[INFO] [stdout] 
[INFO] [stdout] 
[INFO] [stdout] error: aborting due to 8 previous errors
[INFO] [stdout] 
[INFO] [stdout] 
[INFO] [stdout] For more information about this error, try `rustc --explain E0455`.
[INFO] [stdout] 
[INFO] [stderr] error: could not compile `knoll` (lib) due to 9 previous errors
[INFO] running `Command { std: "docker" "inspect" "2d49494fe9757d82f928cc3ee1a743a51af17218fd96d0bd5f34e5c06a5a62d7", kill_on_drop: false }`
[INFO] running `Command { std: "docker" "rm" "-f" "2d49494fe9757d82f928cc3ee1a743a51af17218fd96d0bd5f34e5c06a5a62d7", kill_on_drop: false }`
[INFO] [stdout] 2d49494fe9757d82f928cc3ee1a743a51af17218fd96d0bd5f34e5c06a5a62d7
[INFO] testing knoll-0.2.3 against beta-2023-12-22 for beta-1.76-1
[INFO] extracting crate knoll 0.2.3 into /workspace/builds/worker-7-tc2/source
[INFO] validating manifest of crates.io crate knoll 0.2.3 on toolchain beta-2023-12-22
[INFO] running `Command { std: CARGO_HOME="/workspace/cargo-home" RUSTUP_HOME="/workspace/rustup-home" "/workspace/cargo-home/bin/cargo" "+beta-2023-12-22" "metadata" "--manifest-path" "Cargo.toml" "--no-deps", kill_on_drop: false }`
[INFO] started tweaking crates.io crate knoll 0.2.3
[INFO] finished tweaking crates.io crate knoll 0.2.3
[INFO] tweaked toml for crates.io crate knoll 0.2.3 written to /workspace/builds/worker-7-tc2/source/Cargo.toml
[INFO] crate crates.io crate knoll 0.2.3 already has a lockfile, it will not be regenerated
[INFO] running `Command { std: CARGO_HOME="/workspace/cargo-home" RUSTUP_HOME="/workspace/rustup-home" "/workspace/cargo-home/bin/cargo" "+beta-2023-12-22" "fetch" "--manifest-path" "Cargo.toml", kill_on_drop: false }`
[INFO] running `Command { std: "docker" "create" "-v" "/var/lib/crater-agent-workspace/builds/worker-7-tc2/target:/opt/rustwide/target:rw,Z" "-v" "/var/lib/crater-agent-workspace/builds/worker-7-tc2/source:/opt/rustwide/workdir:ro,Z" "-v" "/var/lib/crater-agent-workspace/cargo-home:/opt/rustwide/cargo-home:ro,Z" "-v" "/var/lib/crater-agent-workspace/rustup-home:/opt/rustwide/rustup-home:ro,Z" "-e" "SOURCE_DIR=/opt/rustwide/workdir" "-e" "CARGO_TARGET_DIR=/opt/rustwide/target" "-e" "CARGO_HOME=/opt/rustwide/cargo-home" "-e" "RUSTUP_HOME=/opt/rustwide/rustup-home" "-w" "/opt/rustwide/workdir" "-m" "1610612736" "--user" "0:0" "--network" "none" "ghcr.io/rust-lang/crates-build-env/linux@sha256:2788e3201cd34a07e3172128adcd8b3090168a8e3bcc40d7c032b9dda1df7d1c" "/opt/rustwide/cargo-home/bin/cargo" "+beta-2023-12-22" "metadata" "--no-deps" "--format-version=1", kill_on_drop: false }`
[INFO] [stdout] 453cd061e83e8c8aa38d6f90d3decbf30e28bdfd3b6a81fbf68e4d2816659c63
[INFO] running `Command { std: "docker" "start" "-a" "453cd061e83e8c8aa38d6f90d3decbf30e28bdfd3b6a81fbf68e4d2816659c63", kill_on_drop: false }`
[INFO] running `Command { std: "docker" "inspect" "453cd061e83e8c8aa38d6f90d3decbf30e28bdfd3b6a81fbf68e4d2816659c63", kill_on_drop: false }`
[INFO] running `Command { std: "docker" "rm" "-f" "453cd061e83e8c8aa38d6f90d3decbf30e28bdfd3b6a81fbf68e4d2816659c63", kill_on_drop: false }`
[INFO] [stdout] 453cd061e83e8c8aa38d6f90d3decbf30e28bdfd3b6a81fbf68e4d2816659c63
[INFO] running `Command { std: "docker" "create" "-v" "/var/lib/crater-agent-workspace/builds/worker-7-tc2/target:/opt/rustwide/target:rw,Z" "-v" "/var/lib/crater-agent-workspace/builds/worker-7-tc2/source:/opt/rustwide/workdir:ro,Z" "-v" "/var/lib/crater-agent-workspace/cargo-home:/opt/rustwide/cargo-home:ro,Z" "-v" "/var/lib/crater-agent-workspace/rustup-home:/opt/rustwide/rustup-home:ro,Z" "-e" "SOURCE_DIR=/opt/rustwide/workdir" "-e" "CARGO_TARGET_DIR=/opt/rustwide/target" "-e" "CARGO_INCREMENTAL=0" "-e" "RUST_BACKTRACE=full" "-e" "RUSTFLAGS=--cap-lints=warn" "-e" "RUSTDOCFLAGS=--cap-lints=warn" "-e" "CARGO_HOME=/opt/rustwide/cargo-home" "-e" "RUSTUP_HOME=/opt/rustwide/rustup-home" "-w" "/opt/rustwide/workdir" "-m" "1610612736" "--user" "0:0" "--network" "none" "ghcr.io/rust-lang/crates-build-env/linux@sha256:2788e3201cd34a07e3172128adcd8b3090168a8e3bcc40d7c032b9dda1df7d1c" "/opt/rustwide/cargo-home/bin/cargo" "+beta-2023-12-22" "build" "--frozen" "--message-format=json", kill_on_drop: false }`
[INFO] [stdout] 66d3dbd0c11b3753e601db85acd0813d1bf3a5661eaa540c88aa574449e27f2d
[INFO] running `Command { std: "docker" "start" "-a" "66d3dbd0c11b3753e601db85acd0813d1bf3a5661eaa540c88aa574449e27f2d", kill_on_drop: false }`
[INFO] [stderr]    Compiling proc-macro2 v1.0.67
[INFO] [stderr]    Compiling serde v1.0.188
[INFO] [stderr]    Compiling libc v0.2.148
[INFO] [stderr]    Compiling syn v1.0.109
[INFO] [stderr]    Compiling anstyle-parse v0.2.1
[INFO] [stderr]    Compiling anstyle v1.0.3
[INFO] [stderr]    Compiling time-core v0.1.1
[INFO] [stderr]    Compiling rustix v0.38.14
[INFO] [stderr]    Compiling time-macros v0.2.14
[INFO] [stderr]    Compiling anstream v0.5.0
[INFO] [stderr]    Compiling clap_lex v0.5.1
[INFO] [stderr]    Compiling linux-raw-sys v0.4.7
[INFO] [stderr]    Compiling deranged v0.3.8
[INFO] [stderr]    Compiling num_threads v0.1.6
[INFO] [stderr]    Compiling clap_builder v4.4.4
[INFO] [stderr]    Compiling base64 v0.21.4
[INFO] [stderr]    Compiling knoll v0.2.3 (/opt/rustwide/workdir)
[INFO] [stderr]    Compiling termcolor v1.1.3
[INFO] [stderr]    Compiling block v0.1.6
[INFO] [stderr]    Compiling static_assertions v1.1.0
[INFO] [stderr]    Compiling malloc_buf v0.0.6
[INFO] [stderr]    Compiling quote v1.0.33
[INFO] [stderr]    Compiling objc v0.2.7
[INFO] [stderr]    Compiling syn v2.0.37
[INFO] [stderr]    Compiling time v0.3.28
[INFO] [stderr]    Compiling simplelog v0.12.1
[INFO] [stderr]    Compiling clap v4.4.4
[INFO] [stderr]    Compiling serde_derive v1.0.188
[INFO] [stderr]    Compiling serde_repr v0.1.16
[INFO] [stderr]    Compiling serde_tuple_macros v0.5.0
[INFO] [stderr]    Compiling bitflags v2.4.0
[INFO] [stderr]    Compiling serde_tuple v0.5.0
[INFO] [stderr]    Compiling serde_json v1.0.107
[INFO] [stderr]    Compiling ron v0.8.1
[INFO] [stderr]    Compiling tempfile v3.8.0
[INFO] [stdout] error[E0455]: link kind `framework` is only supported on Apple targets
[INFO] [stdout]    --> src/core_graphics.rs:139:32
[INFO] [stdout]     |
[INFO] [stdout] 139 | #[link(name = "AppKit", kind = "framework")]
[INFO] [stdout]     |                                ^^^^^^^^^^^
[INFO] [stdout] 
[INFO] [stdout] 
[INFO] [stdout] error[E0455]: link kind `framework` is only supported on Apple targets
[INFO] [stdout]    --> src/core_graphics.rs:140:31
[INFO] [stdout]     |
[INFO] [stdout] 140 | #[link(name = "IOKit", kind = "framework")]
[INFO] [stdout]     |                               ^^^^^^^^^^^
[INFO] [stdout] 
[INFO] [stdout] 
[INFO] [stdout] error[E0455]: link kind `framework` is only supported on Apple targets
[INFO] [stdout]    --> src/core_graphics.rs:141:45
[INFO] [stdout]     |
[INFO] [stdout] 141 | #[link(name = "ApplicationServices", kind = "framework")]
[INFO] [stdout]     |                                             ^^^^^^^^^^^
[INFO] [stdout] 
[INFO] [stdout] 
[INFO] [stdout] error[E0455]: link kind `framework` is only supported on Apple targets
[INFO] [stdout]    --> src/core_graphics.rs:142:41
[INFO] [stdout]     |
[INFO] [stdout] 142 | #[link(name = "DisplayServices", kind = "framework")]
[INFO] [stdout]     |                                         ^^^^^^^^^^^
[INFO] [stdout] 
[INFO] [stdout] 
[INFO] [stdout] error[E0455]: link kind `framework` is only supported on Apple targets
[INFO] [stdout]    --> src/core_graphics.rs:143:37
[INFO] [stdout]     |
[INFO] [stdout] 143 | #[link(name = "CoreDisplay", kind = "framework")]
[INFO] [stdout]     |                                     ^^^^^^^^^^^
[INFO] [stdout] 
[INFO] [stdout] 
[INFO] [stdout] error[E0455]: link kind `framework` is only supported on Apple targets
[INFO] [stdout]    --> src/core_graphics.rs:144:29
[INFO] [stdout]     |
[INFO] [stdout] 144 | #[link(name = "OSD", kind = "framework")]
[INFO] [stdout]     |                             ^^^^^^^^^^^
[INFO] [stdout] 
[INFO] [stdout] 
[INFO] [stdout] error[E0455]: link kind `framework` is only supported on Apple targets
[INFO] [stdout]    --> src/core_graphics.rs:145:38
[INFO] [stdout]     |
[INFO] [stdout] 145 | #[link(name = "MonitorPanel", kind = "framework")]
[INFO] [stdout]     |                                      ^^^^^^^^^^^
[INFO] [stdout] 
[INFO] [stdout] 
[INFO] [stdout] error[E0455]: link kind `framework` is only supported on Apple targets
[INFO] [stdout]    --> src/core_graphics.rs:146:34
[INFO] [stdout]     |
[INFO] [stdout] 146 | #[link(name = "SkyLight", kind = "framework")]
[INFO] [stdout]     |                                  ^^^^^^^^^^^
[INFO] [stdout] 
[INFO] [stdout] 
[INFO] [stdout] error: aborting due to 8 previous errors
[INFO] [stdout] 
[INFO] [stdout] 
[INFO] [stdout] For more information about this error, try `rustc --explain E0455`.
[INFO] [stdout] 
[INFO] [stderr] error: could not compile `knoll` (lib) due to 9 previous errors
[INFO] running `Command { std: "docker" "inspect" "66d3dbd0c11b3753e601db85acd0813d1bf3a5661eaa540c88aa574449e27f2d", kill_on_drop: false }`
[INFO] running `Command { std: "docker" "rm" "-f" "66d3dbd0c11b3753e601db85acd0813d1bf3a5661eaa540c88aa574449e27f2d", kill_on_drop: false }`
[INFO] [stdout] 66d3dbd0c11b3753e601db85acd0813d1bf3a5661eaa540c88aa574449e27f2d
