[INFO] fetching crate knet 0.3.1...
[INFO] testing knet-0.3.1 against 1.75.0 for beta-1.76-1
[INFO] extracting crate knet 0.3.1 into /workspace/builds/worker-0-tc1/source
[INFO] validating manifest of crates.io crate knet 0.3.1 on toolchain 1.75.0
[INFO] running `Command { std: CARGO_HOME="/workspace/cargo-home" RUSTUP_HOME="/workspace/rustup-home" "/workspace/cargo-home/bin/cargo" "+1.75.0" "metadata" "--manifest-path" "Cargo.toml" "--no-deps", kill_on_drop: false }`
[INFO] started tweaking crates.io crate knet 0.3.1
[INFO] finished tweaking crates.io crate knet 0.3.1
[INFO] tweaked toml for crates.io crate knet 0.3.1 written to /workspace/builds/worker-0-tc1/source/Cargo.toml
[INFO] running `Command { std: CARGO_HOME="/workspace/cargo-home" RUSTUP_HOME="/workspace/rustup-home" "/workspace/cargo-home/bin/cargo" "+1.75.0" "generate-lockfile" "--manifest-path" "Cargo.toml", kill_on_drop: false }`
[INFO] [stderr]     Blocking waiting for file lock on package cache
[INFO] [stderr]     Updating crates.io index
[INFO] running `Command { std: CARGO_HOME="/workspace/cargo-home" RUSTUP_HOME="/workspace/rustup-home" "/workspace/cargo-home/bin/cargo" "+1.75.0" "fetch" "--manifest-path" "Cargo.toml", kill_on_drop: false }`
[INFO] [stderr]  Downloading crates ...
[INFO] [stderr]   Downloaded derive-knet v0.1.0
[INFO] running `Command { std: "docker" "create" "-v" "/var/lib/crater-agent-workspace/builds/worker-0-tc1/target:/opt/rustwide/target:rw,Z" "-v" "/var/lib/crater-agent-workspace/builds/worker-0-tc1/source:/opt/rustwide/workdir:ro,Z" "-v" "/var/lib/crater-agent-workspace/cargo-home:/opt/rustwide/cargo-home:ro,Z" "-v" "/var/lib/crater-agent-workspace/rustup-home:/opt/rustwide/rustup-home:ro,Z" "-e" "SOURCE_DIR=/opt/rustwide/workdir" "-e" "CARGO_TARGET_DIR=/opt/rustwide/target" "-e" "CARGO_HOME=/opt/rustwide/cargo-home" "-e" "RUSTUP_HOME=/opt/rustwide/rustup-home" "-w" "/opt/rustwide/workdir" "-m" "1610612736" "--user" "0:0" "--network" "none" "ghcr.io/rust-lang/crates-build-env/linux@sha256:2788e3201cd34a07e3172128adcd8b3090168a8e3bcc40d7c032b9dda1df7d1c" "/opt/rustwide/cargo-home/bin/cargo" "+1.75.0" "metadata" "--no-deps" "--format-version=1", kill_on_drop: false }`
[INFO] [stdout] 8f3d4f8821a6c78862bc393e27b1afe20fa05096cbde11fd8965762edca8e8eb
[INFO] running `Command { std: "docker" "start" "-a" "8f3d4f8821a6c78862bc393e27b1afe20fa05096cbde11fd8965762edca8e8eb", kill_on_drop: false }`
[INFO] running `Command { std: "docker" "inspect" "8f3d4f8821a6c78862bc393e27b1afe20fa05096cbde11fd8965762edca8e8eb", kill_on_drop: false }`
[INFO] running `Command { std: "docker" "rm" "-f" "8f3d4f8821a6c78862bc393e27b1afe20fa05096cbde11fd8965762edca8e8eb", kill_on_drop: false }`
[INFO] [stdout] 8f3d4f8821a6c78862bc393e27b1afe20fa05096cbde11fd8965762edca8e8eb
[INFO] running `Command { std: "docker" "create" "-v" "/var/lib/crater-agent-workspace/builds/worker-0-tc1/target:/opt/rustwide/target:rw,Z" "-v" "/var/lib/crater-agent-workspace/builds/worker-0-tc1/source:/opt/rustwide/workdir:ro,Z" "-v" "/var/lib/crater-agent-workspace/cargo-home:/opt/rustwide/cargo-home:ro,Z" "-v" "/var/lib/crater-agent-workspace/rustup-home:/opt/rustwide/rustup-home:ro,Z" "-e" "SOURCE_DIR=/opt/rustwide/workdir" "-e" "CARGO_TARGET_DIR=/opt/rustwide/target" "-e" "CARGO_INCREMENTAL=0" "-e" "RUST_BACKTRACE=full" "-e" "RUSTFLAGS=--cap-lints=warn" "-e" "RUSTDOCFLAGS=--cap-lints=warn" "-e" "CARGO_HOME=/opt/rustwide/cargo-home" "-e" "RUSTUP_HOME=/opt/rustwide/rustup-home" "-w" "/opt/rustwide/workdir" "-m" "1610612736" "--user" "0:0" "--network" "none" "ghcr.io/rust-lang/crates-build-env/linux@sha256:2788e3201cd34a07e3172128adcd8b3090168a8e3bcc40d7c032b9dda1df7d1c" "/opt/rustwide/cargo-home/bin/cargo" "+1.75.0" "build" "--frozen" "--message-format=json", kill_on_drop: false }`
[INFO] [stdout] 9e55d41efe618db24174dbb9c4db3ccc8fbf174c5a63606083e97b2dfe4826a7
[INFO] running `Command { std: "docker" "start" "-a" "9e55d41efe618db24174dbb9c4db3ccc8fbf174c5a63606083e97b2dfe4826a7", kill_on_drop: false }`
[INFO] [stderr]    Compiling parking v2.2.0
[INFO] [stderr]    Compiling futures-io v0.3.30
[INFO] [stderr]    Compiling rustix v0.38.28
[INFO] [stderr]    Compiling linux-raw-sys v0.4.12
[INFO] [stderr]    Compiling concurrent-queue v2.4.0
[INFO] [stderr]    Compiling value-bag v1.4.3
[INFO] [stderr]    Compiling tracing-core v0.1.32
[INFO] [stderr]    Compiling io-lifetimes v1.0.11
[INFO] [stderr]    Compiling event-listener v4.0.2
[INFO] [stderr]    Compiling futures-lite v2.1.0
[INFO] [stderr]    Compiling syn v2.0.48
[INFO] [stderr]    Compiling tracing v0.1.40
[INFO] [stderr]    Compiling log v0.4.20
[INFO] [stderr]    Compiling event-listener-strategy v0.4.0
[INFO] [stderr]    Compiling async-lock v3.2.0
[INFO] [stderr]    Compiling polling v2.8.0
[INFO] [stderr]    Compiling futures-sink v0.3.30
[INFO] [stderr]    Compiling rustix v0.37.27
[INFO] [stderr]    Compiling atomic-waker v1.1.2
[INFO] [stderr]    Compiling async-task v4.7.0
[INFO] [stderr]    Compiling piper v0.2.1
[INFO] [stderr]    Compiling futures-channel v0.3.30
[INFO] [stderr]    Compiling async-channel v2.1.1
[INFO] [stderr]    Compiling async-io v1.13.0
[INFO] [stderr]    Compiling fastrand v1.9.0
[INFO] [stderr]    Compiling linux-raw-sys v0.3.8
[INFO] [stderr]    Compiling waker-fn v1.1.1
[INFO] [stderr]    Compiling syn v0.15.44
[INFO] [stderr]    Compiling time-macros v0.2.16
[INFO] [stderr]    Compiling futures-lite v1.13.0
[INFO] [stderr]    Compiling blocking v1.5.1
[INFO] [stderr]    Compiling async-executor v1.8.0
[INFO] [stderr]    Compiling async-lock v2.8.0
[INFO] [stderr]    Compiling socket2 v0.4.10
[INFO] [stderr]    Compiling num_threads v0.1.6
[INFO] [stderr]    Compiling kv-log-macro v1.0.7
[INFO] [stderr]    Compiling async-channel v1.9.0
[INFO] [stderr]    Compiling time v0.3.31
[INFO] [stderr]    Compiling futures-macro v0.3.30
[INFO] [stderr]    Compiling derive-knet v0.1.0
[INFO] [stderr]    Compiling futures-util v0.3.30
[INFO] [stderr]    Compiling polling v3.3.1
[INFO] [stderr]    Compiling is-terminal v0.4.10
[INFO] [stderr]    Compiling colored v1.9.4
[INFO] [stderr]    Compiling async-io v2.2.2
[INFO] [stderr]    Compiling simple_logger v1.16.0
[INFO] [stderr]    Compiling async-global-executor v2.4.1
[INFO] [stderr]    Compiling async-std v1.12.0
[INFO] [stderr]    Compiling futures-executor v0.3.30
[INFO] [stderr]    Compiling futures v0.3.30
[INFO] [stderr]    Compiling knet v0.3.1 (/opt/rustwide/workdir)
[INFO] [stdout] warning: unused variable: `id`
[INFO] [stdout]    --> src/network/server.rs:244:50
[INFO] [stdout]     |
[INFO] [stdout] 244 |                         if let InnerEvent::Data((id, data)) = msg {
[INFO] [stdout]     |                                                  ^^ help: if this is intentional, prefix it with an underscore: `_id`
[INFO] [stdout]     |
[INFO] [stdout]     = note: `#[warn(unused_variables)]` on by default
[INFO] [stdout] 
[INFO] [stdout] 
[INFO] [stdout] warning: 1 warning emitted
[INFO] [stdout] 
[INFO] [stdout] 
[INFO] [stderr]     Finished dev [unoptimized + debuginfo] target(s) in 28.00s
[INFO] running `Command { std: "docker" "inspect" "9e55d41efe618db24174dbb9c4db3ccc8fbf174c5a63606083e97b2dfe4826a7", kill_on_drop: false }`
[INFO] running `Command { std: "docker" "rm" "-f" "9e55d41efe618db24174dbb9c4db3ccc8fbf174c5a63606083e97b2dfe4826a7", kill_on_drop: false }`
[INFO] [stdout] 9e55d41efe618db24174dbb9c4db3ccc8fbf174c5a63606083e97b2dfe4826a7
[INFO] running `Command { std: "docker" "create" "-v" "/var/lib/crater-agent-workspace/builds/worker-0-tc1/target:/opt/rustwide/target:rw,Z" "-v" "/var/lib/crater-agent-workspace/builds/worker-0-tc1/source:/opt/rustwide/workdir:ro,Z" "-v" "/var/lib/crater-agent-workspace/cargo-home:/opt/rustwide/cargo-home:ro,Z" "-v" "/var/lib/crater-agent-workspace/rustup-home:/opt/rustwide/rustup-home:ro,Z" "-e" "SOURCE_DIR=/opt/rustwide/workdir" "-e" "CARGO_TARGET_DIR=/opt/rustwide/target" "-e" "CARGO_INCREMENTAL=0" "-e" "RUST_BACKTRACE=full" "-e" "RUSTFLAGS=--cap-lints=warn" "-e" "RUSTDOCFLAGS=--cap-lints=warn" "-e" "CARGO_HOME=/opt/rustwide/cargo-home" "-e" "RUSTUP_HOME=/opt/rustwide/rustup-home" "-w" "/opt/rustwide/workdir" "-m" "1610612736" "--user" "0:0" "--network" "none" "ghcr.io/rust-lang/crates-build-env/linux@sha256:2788e3201cd34a07e3172128adcd8b3090168a8e3bcc40d7c032b9dda1df7d1c" "/opt/rustwide/cargo-home/bin/cargo" "+1.75.0" "test" "--frozen" "--no-run" "--message-format=json", kill_on_drop: false }`
[INFO] [stdout] 45017d0c2f47c45a61c7e183eb234fc3ac2b67e198b8e23395184ecf1d7ab938
[INFO] running `Command { std: "docker" "start" "-a" "45017d0c2f47c45a61c7e183eb234fc3ac2b67e198b8e23395184ecf1d7ab938", kill_on_drop: false }`
[INFO] [stdout] warning: unused variable: `id`
[INFO] [stdout]    --> src/network/server.rs:244:50
[INFO] [stdout]     |
[INFO] [stdout] 244 |                         if let InnerEvent::Data((id, data)) = msg {
[INFO] [stdout]     |                                                  ^^ help: if this is intentional, prefix it with an underscore: `_id`
[INFO] [stdout]     |
[INFO] [stdout]     = note: `#[warn(unused_variables)]` on by default
[INFO] [stdout] 
[INFO] [stdout] 
[INFO] [stderr]    Compiling knet v0.3.1 (/opt/rustwide/workdir)
[INFO] [stdout] warning: 1 warning emitted
[INFO] [stdout] 
[INFO] [stdout] 
[INFO] [stdout] error[E0603]: module `network` is private
[INFO] [stdout]   --> tests/tests.rs:4:15
[INFO] [stdout]    |
[INFO] [stdout] 4  |     use knet::network::trait_knet::KnetTransform;
[INFO] [stdout]    |               ^^^^^^^ private module
[INFO] [stdout]    |
[INFO] [stdout] note: the module `network` is defined here
[INFO] [stdout]   --> /opt/rustwide/workdir/src/lib.rs:78:1
[INFO] [stdout]    |
[INFO] [stdout] 78 | mod network;
[INFO] [stdout]    | ^^^^^^^^^^^
[INFO] [stdout] help: consider importing this trait instead
[INFO] [stdout]    |
[INFO] [stdout] 4  |     use knet::KnetTransform;
[INFO] [stdout]    |         ~~~~~~~~~~~~~~~~~~~
[INFO] [stdout] 
[INFO] [stdout] 
[INFO] [stdout] error[E0277]: the trait bound `test_knet::Data: Copy` is not satisfied
[INFO] [stdout]   --> tests/tests.rs:13:10
[INFO] [stdout]    |
[INFO] [stdout] 13 |     enum Data {
[INFO] [stdout]    |          ^^^^ the trait `Copy` is not implemented for `test_knet::Data`
[INFO] [stdout]    |
[INFO] [stdout] note: required by a bound in `KnetTransform`
[INFO] [stdout]   --> /opt/rustwide/workdir/src/network/trait_knet.rs:2:26
[INFO] [stdout]    |
[INFO] [stdout] 2  | pub trait KnetTransform: Copy + Sized {
[INFO] [stdout]    |                          ^^^^ required by this bound in `KnetTransform`
[INFO] [stdout] help: consider annotating `test_knet::Data` with `#[derive(Copy)]`
[INFO] [stdout]    |
[INFO] [stdout] 13 +     #[derive(Copy)]
[INFO] [stdout] 14 |     enum Data {
[INFO] [stdout]    |
[INFO] [stdout] 
[INFO] [stdout] 
[INFO] [stdout] error: aborting due to 2 previous errors
[INFO] [stdout] 
[INFO] [stdout] 
[INFO] [stdout] Some errors have detailed explanations: E0277, E0603.
[INFO] [stdout] 
[INFO] [stdout] For more information about an error, try `rustc --explain E0277`.
[INFO] [stdout] 
[INFO] [stderr] error: could not compile `knet` (test "tests") due to 3 previous errors
[INFO] [stderr] warning: build failed, waiting for other jobs to finish...
[INFO] [stdout] warning: unused variable: `id`
[INFO] [stdout]    --> src/network/server.rs:244:50
[INFO] [stdout]     |
[INFO] [stdout] 244 |                         if let InnerEvent::Data((id, data)) = msg {
[INFO] [stdout]     |                                                  ^^ help: if this is intentional, prefix it with an underscore: `_id`
[INFO] [stdout]     |
[INFO] [stdout]     = note: `#[warn(unused_variables)]` on by default
[INFO] [stdout] 
[INFO] [stdout] 
[INFO] [stdout] warning: 1 warning emitted
[INFO] [stdout] 
[INFO] [stdout] 
[INFO] running `Command { std: "docker" "inspect" "45017d0c2f47c45a61c7e183eb234fc3ac2b67e198b8e23395184ecf1d7ab938", kill_on_drop: false }`
[INFO] running `Command { std: "docker" "rm" "-f" "45017d0c2f47c45a61c7e183eb234fc3ac2b67e198b8e23395184ecf1d7ab938", kill_on_drop: false }`
[INFO] [stdout] 45017d0c2f47c45a61c7e183eb234fc3ac2b67e198b8e23395184ecf1d7ab938
[INFO] testing knet-0.3.1 against beta-2023-12-22 for beta-1.76-1
[INFO] extracting crate knet 0.3.1 into /workspace/builds/worker-0-tc2/source
[INFO] validating manifest of crates.io crate knet 0.3.1 on toolchain beta-2023-12-22
[INFO] running `Command { std: CARGO_HOME="/workspace/cargo-home" RUSTUP_HOME="/workspace/rustup-home" "/workspace/cargo-home/bin/cargo" "+beta-2023-12-22" "metadata" "--manifest-path" "Cargo.toml" "--no-deps", kill_on_drop: false }`
[INFO] started tweaking crates.io crate knet 0.3.1
[INFO] finished tweaking crates.io crate knet 0.3.1
[INFO] tweaked toml for crates.io crate knet 0.3.1 written to /workspace/builds/worker-0-tc2/source/Cargo.toml
[INFO] running `Command { std: CARGO_HOME="/workspace/cargo-home" RUSTUP_HOME="/workspace/rustup-home" "/workspace/cargo-home/bin/cargo" "+beta-2023-12-22" "generate-lockfile" "--manifest-path" "Cargo.toml", kill_on_drop: false }`
[INFO] [stderr]     Updating crates.io index
[INFO] running `Command { std: CARGO_HOME="/workspace/cargo-home" RUSTUP_HOME="/workspace/rustup-home" "/workspace/cargo-home/bin/cargo" "+beta-2023-12-22" "fetch" "--manifest-path" "Cargo.toml", kill_on_drop: false }`
[INFO] running `Command { std: "docker" "create" "-v" "/var/lib/crater-agent-workspace/builds/worker-0-tc2/target:/opt/rustwide/target:rw,Z" "-v" "/var/lib/crater-agent-workspace/builds/worker-0-tc2/source:/opt/rustwide/workdir:ro,Z" "-v" "/var/lib/crater-agent-workspace/cargo-home:/opt/rustwide/cargo-home:ro,Z" "-v" "/var/lib/crater-agent-workspace/rustup-home:/opt/rustwide/rustup-home:ro,Z" "-e" "SOURCE_DIR=/opt/rustwide/workdir" "-e" "CARGO_TARGET_DIR=/opt/rustwide/target" "-e" "CARGO_HOME=/opt/rustwide/cargo-home" "-e" "RUSTUP_HOME=/opt/rustwide/rustup-home" "-w" "/opt/rustwide/workdir" "-m" "1610612736" "--user" "0:0" "--network" "none" "ghcr.io/rust-lang/crates-build-env/linux@sha256:2788e3201cd34a07e3172128adcd8b3090168a8e3bcc40d7c032b9dda1df7d1c" "/opt/rustwide/cargo-home/bin/cargo" "+beta-2023-12-22" "metadata" "--no-deps" "--format-version=1", kill_on_drop: false }`
[INFO] [stdout] c6e000d18b2c7d6f7780fef2e44f8b97706bf04690b8c34c96bc948ee5015da7
[INFO] running `Command { std: "docker" "start" "-a" "c6e000d18b2c7d6f7780fef2e44f8b97706bf04690b8c34c96bc948ee5015da7", kill_on_drop: false }`
[INFO] running `Command { std: "docker" "inspect" "c6e000d18b2c7d6f7780fef2e44f8b97706bf04690b8c34c96bc948ee5015da7", kill_on_drop: false }`
[INFO] running `Command { std: "docker" "rm" "-f" "c6e000d18b2c7d6f7780fef2e44f8b97706bf04690b8c34c96bc948ee5015da7", kill_on_drop: false }`
[INFO] [stdout] c6e000d18b2c7d6f7780fef2e44f8b97706bf04690b8c34c96bc948ee5015da7
[INFO] running `Command { std: "docker" "create" "-v" "/var/lib/crater-agent-workspace/builds/worker-0-tc2/target:/opt/rustwide/target:rw,Z" "-v" "/var/lib/crater-agent-workspace/builds/worker-0-tc2/source:/opt/rustwide/workdir:ro,Z" "-v" "/var/lib/crater-agent-workspace/cargo-home:/opt/rustwide/cargo-home:ro,Z" "-v" "/var/lib/crater-agent-workspace/rustup-home:/opt/rustwide/rustup-home:ro,Z" "-e" "SOURCE_DIR=/opt/rustwide/workdir" "-e" "CARGO_TARGET_DIR=/opt/rustwide/target" "-e" "CARGO_INCREMENTAL=0" "-e" "RUST_BACKTRACE=full" "-e" "RUSTFLAGS=--cap-lints=warn" "-e" "RUSTDOCFLAGS=--cap-lints=warn" "-e" "CARGO_HOME=/opt/rustwide/cargo-home" "-e" "RUSTUP_HOME=/opt/rustwide/rustup-home" "-w" "/opt/rustwide/workdir" "-m" "1610612736" "--user" "0:0" "--network" "none" "ghcr.io/rust-lang/crates-build-env/linux@sha256:2788e3201cd34a07e3172128adcd8b3090168a8e3bcc40d7c032b9dda1df7d1c" "/opt/rustwide/cargo-home/bin/cargo" "+beta-2023-12-22" "build" "--frozen" "--message-format=json", kill_on_drop: false }`
[INFO] [stdout] 718bdc083e047b32320f627fc399ea5221f174bbee0d36f35606989f6c903c90
[INFO] running `Command { std: "docker" "start" "-a" "718bdc083e047b32320f627fc399ea5221f174bbee0d36f35606989f6c903c90", kill_on_drop: false }`
[INFO] [stderr]    Compiling parking v2.2.0
[INFO] [stderr]    Compiling futures-io v0.3.30
[INFO] [stderr]    Compiling rustix v0.38.28
[INFO] [stderr]    Compiling linux-raw-sys v0.4.12
[INFO] [stderr]    Compiling concurrent-queue v2.4.0
[INFO] [stderr]    Compiling tracing-core v0.1.32
[INFO] [stderr]    Compiling value-bag v1.4.3
[INFO] [stderr]    Compiling io-lifetimes v1.0.11
[INFO] [stderr]    Compiling futures-lite v2.1.0
[INFO] [stderr]    Compiling syn v2.0.48
[INFO] [stderr]    Compiling event-listener v4.0.2
[INFO] [stderr]    Compiling log v0.4.20
[INFO] [stderr]    Compiling event-listener-strategy v0.4.0
[INFO] [stderr]    Compiling tracing v0.1.40
[INFO] [stderr]    Compiling polling v2.8.0
[INFO] [stderr]    Compiling async-lock v3.2.0
[INFO] [stderr]    Compiling rustix v0.37.27
[INFO] [stderr]    Compiling async-task v4.7.0
[INFO] [stderr]    Compiling atomic-waker v1.1.2
[INFO] [stderr]    Compiling futures-sink v0.3.30
[INFO] [stderr]    Compiling futures-channel v0.3.30
[INFO] [stderr]    Compiling piper v0.2.1
[INFO] [stderr]    Compiling async-channel v2.1.1
[INFO] [stderr]    Compiling async-io v1.13.0
[INFO] [stderr]    Compiling waker-fn v1.1.1
[INFO] [stderr]    Compiling linux-raw-sys v0.3.8
[INFO] [stderr]    Compiling syn v0.15.44
[INFO] [stderr]    Compiling fastrand v1.9.0
[INFO] [stderr]    Compiling time-macros v0.2.16
[INFO] [stderr]    Compiling futures-lite v1.13.0
[INFO] [stderr]    Compiling blocking v1.5.1
[INFO] [stderr]    Compiling async-executor v1.8.0
[INFO] [stderr]    Compiling async-lock v2.8.0
[INFO] [stderr]    Compiling socket2 v0.4.10
[INFO] [stderr]    Compiling num_threads v0.1.6
[INFO] [stderr]    Compiling async-channel v1.9.0
[INFO] [stderr]    Compiling kv-log-macro v1.0.7
[INFO] [stderr]    Compiling time v0.3.31
[INFO] [stderr]    Compiling futures-macro v0.3.30
[INFO] [stderr]    Compiling derive-knet v0.1.0
[INFO] [stderr]    Compiling futures-util v0.3.30
[INFO] [stderr]    Compiling polling v3.3.1
[INFO] [stderr]    Compiling is-terminal v0.4.10
[INFO] [stderr]    Compiling colored v1.9.4
[INFO] [stderr]    Compiling async-io v2.2.2
[INFO] [stderr]    Compiling simple_logger v1.16.0
[INFO] [stderr]    Compiling async-global-executor v2.4.1
[INFO] [stderr]    Compiling async-std v1.12.0
[INFO] [stderr]    Compiling futures-executor v0.3.30
[INFO] [stderr]    Compiling futures v0.3.30
[INFO] [stderr]    Compiling knet v0.3.1 (/opt/rustwide/workdir)
[INFO] [stdout] warning: unused variable: `id`
[INFO] [stdout]    --> src/network/server.rs:244:50
[INFO] [stdout]     |
[INFO] [stdout] 244 |                         if let InnerEvent::Data((id, data)) = msg {
[INFO] [stdout]     |                                                  ^^ help: if this is intentional, prefix it with an underscore: `_id`
[INFO] [stdout]     |
[INFO] [stdout]     = note: `#[warn(unused_variables)]` on by default
[INFO] [stdout] 
[INFO] [stdout] 
[INFO] [stdout] warning: 1 warning emitted
[INFO] [stdout] 
[INFO] [stdout] 
[INFO] [stderr]     Finished dev [unoptimized + debuginfo] target(s) in 30.83s
[INFO] running `Command { std: "docker" "inspect" "718bdc083e047b32320f627fc399ea5221f174bbee0d36f35606989f6c903c90", kill_on_drop: false }`
[INFO] running `Command { std: "docker" "rm" "-f" "718bdc083e047b32320f627fc399ea5221f174bbee0d36f35606989f6c903c90", kill_on_drop: false }`
[INFO] [stdout] 718bdc083e047b32320f627fc399ea5221f174bbee0d36f35606989f6c903c90
[INFO] running `Command { std: "docker" "create" "-v" "/var/lib/crater-agent-workspace/builds/worker-0-tc2/target:/opt/rustwide/target:rw,Z" "-v" "/var/lib/crater-agent-workspace/builds/worker-0-tc2/source:/opt/rustwide/workdir:ro,Z" "-v" "/var/lib/crater-agent-workspace/cargo-home:/opt/rustwide/cargo-home:ro,Z" "-v" "/var/lib/crater-agent-workspace/rustup-home:/opt/rustwide/rustup-home:ro,Z" "-e" "SOURCE_DIR=/opt/rustwide/workdir" "-e" "CARGO_TARGET_DIR=/opt/rustwide/target" "-e" "CARGO_INCREMENTAL=0" "-e" "RUST_BACKTRACE=full" "-e" "RUSTFLAGS=--cap-lints=warn" "-e" "RUSTDOCFLAGS=--cap-lints=warn" "-e" "CARGO_HOME=/opt/rustwide/cargo-home" "-e" "RUSTUP_HOME=/opt/rustwide/rustup-home" "-w" "/opt/rustwide/workdir" "-m" "1610612736" "--user" "0:0" "--network" "none" "ghcr.io/rust-lang/crates-build-env/linux@sha256:2788e3201cd34a07e3172128adcd8b3090168a8e3bcc40d7c032b9dda1df7d1c" "/opt/rustwide/cargo-home/bin/cargo" "+beta-2023-12-22" "test" "--frozen" "--no-run" "--message-format=json", kill_on_drop: false }`
[INFO] [stdout] 7fbedc69d32efa2f0eb89404b6299d83b9f6c452f5538aba816e74e517c93ba0
[INFO] running `Command { std: "docker" "start" "-a" "7fbedc69d32efa2f0eb89404b6299d83b9f6c452f5538aba816e74e517c93ba0", kill_on_drop: false }`
[INFO] [stderr]    Compiling knet v0.3.1 (/opt/rustwide/workdir)
[INFO] [stdout] warning: unused variable: `id`
[INFO] [stdout]    --> src/network/server.rs:244:50
[INFO] [stdout]     |
[INFO] [stdout] 244 |                         if let InnerEvent::Data((id, data)) = msg {
[INFO] [stdout]     |                                                  ^^ help: if this is intentional, prefix it with an underscore: `_id`
[INFO] [stdout]     |
[INFO] [stdout]     = note: `#[warn(unused_variables)]` on by default
[INFO] [stdout] 
[INFO] [stdout] 
[INFO] [stdout] warning: 1 warning emitted
[INFO] [stdout] 
[INFO] [stdout] 
[INFO] [stdout] error[E0603]: module `network` is private
[INFO] [stdout]   --> tests/tests.rs:4:15
[INFO] [stdout]    |
[INFO] [stdout] 4  |     use knet::network::trait_knet::KnetTransform;
[INFO] [stdout]    |               ^^^^^^^ private module
[INFO] [stdout]    |
[INFO] [stdout] note: the module `network` is defined here
[INFO] [stdout]   --> /opt/rustwide/workdir/src/lib.rs:78:1
[INFO] [stdout]    |
[INFO] [stdout] 78 | mod network;
[INFO] [stdout]    | ^^^^^^^^^^^
[INFO] [stdout] help: consider importing this trait instead
[INFO] [stdout]    |
[INFO] [stdout] 4  |     use knet::KnetTransform;
[INFO] [stdout]    |         ~~~~~~~~~~~~~~~~~~~
[INFO] [stdout] 
[INFO] [stdout] 
[INFO] [stdout] error[E0277]: the trait bound `test_knet::Data: Copy` is not satisfied
[INFO] [stdout]   --> tests/tests.rs:13:10
[INFO] [stdout]    |
[INFO] [stdout] 13 |     enum Data {
[INFO] [stdout]    |          ^^^^ the trait `Copy` is not implemented for `test_knet::Data`
[INFO] [stdout]    |
[INFO] [stdout] note: required by a bound in `KnetTransform`
[INFO] [stdout]   --> /opt/rustwide/workdir/src/network/trait_knet.rs:2:26
[INFO] [stdout]    |
[INFO] [stdout] 2  | pub trait KnetTransform: Copy + Sized {
[INFO] [stdout]    |                          ^^^^ required by this bound in `KnetTransform`
[INFO] [stdout] help: consider annotating `test_knet::Data` with `#[derive(Copy)]`
[INFO] [stdout]    |
[INFO] [stdout] 13 +     #[derive(Copy)]
[INFO] [stdout] 14 |     enum Data {
[INFO] [stdout]    |
[INFO] [stdout] 
[INFO] [stdout] 
[INFO] [stdout] error: aborting due to 2 previous errors
[INFO] [stdout] 
[INFO] [stdout] 
[INFO] [stdout] Some errors have detailed explanations: E0277, E0603.
[INFO] [stdout] 
[INFO] [stdout] For more information about an error, try `rustc --explain E0277`.
[INFO] [stdout] 
[INFO] [stderr] error: could not compile `knet` (test "tests") due to 3 previous errors
[INFO] [stderr] warning: build failed, waiting for other jobs to finish...
[INFO] [stdout] warning: unused variable: `id`
[INFO] [stdout]    --> src/network/server.rs:244:50
[INFO] [stdout]     |
[INFO] [stdout] 244 |                         if let InnerEvent::Data((id, data)) = msg {
[INFO] [stdout]     |                                                  ^^ help: if this is intentional, prefix it with an underscore: `_id`
[INFO] [stdout]     |
[INFO] [stdout]     = note: `#[warn(unused_variables)]` on by default
[INFO] [stdout] 
[INFO] [stdout] 
[INFO] [stdout] warning: 1 warning emitted
[INFO] [stdout] 
[INFO] [stdout] 
[INFO] running `Command { std: "docker" "inspect" "7fbedc69d32efa2f0eb89404b6299d83b9f6c452f5538aba816e74e517c93ba0", kill_on_drop: false }`
[INFO] running `Command { std: "docker" "rm" "-f" "7fbedc69d32efa2f0eb89404b6299d83b9f6c452f5538aba816e74e517c93ba0", kill_on_drop: false }`
[INFO] [stdout] 7fbedc69d32efa2f0eb89404b6299d83b9f6c452f5538aba816e74e517c93ba0
