[INFO] fetching crate kitsune_p2p_dht 0.2.3...
[INFO] testing kitsune_p2p_dht-0.2.3 against 1.75.0 for beta-1.76-1
[INFO] extracting crate kitsune_p2p_dht 0.2.3 into /workspace/builds/worker-6-tc1/source
[INFO] validating manifest of crates.io crate kitsune_p2p_dht 0.2.3 on toolchain 1.75.0
[INFO] running `Command { std: CARGO_HOME="/workspace/cargo-home" RUSTUP_HOME="/workspace/rustup-home" "/workspace/cargo-home/bin/cargo" "+1.75.0" "metadata" "--manifest-path" "Cargo.toml" "--no-deps", kill_on_drop: false }`
[INFO] started tweaking crates.io crate kitsune_p2p_dht 0.2.3
[INFO] finished tweaking crates.io crate kitsune_p2p_dht 0.2.3
[INFO] tweaked toml for crates.io crate kitsune_p2p_dht 0.2.3 written to /workspace/builds/worker-6-tc1/source/Cargo.toml
[INFO] running `Command { std: CARGO_HOME="/workspace/cargo-home" RUSTUP_HOME="/workspace/rustup-home" "/workspace/cargo-home/bin/cargo" "+1.75.0" "generate-lockfile" "--manifest-path" "Cargo.toml", kill_on_drop: false }`
[INFO] [stderr]     Updating crates.io index
[INFO] running `Command { std: CARGO_HOME="/workspace/cargo-home" RUSTUP_HOME="/workspace/rustup-home" "/workspace/cargo-home/bin/cargo" "+1.75.0" "fetch" "--manifest-path" "Cargo.toml", kill_on_drop: false }`
[INFO] [stderr]     Blocking waiting for file lock on package cache
[INFO] [stderr]     Blocking waiting for file lock on package cache
[INFO] [stderr]  Downloading crates ...
[INFO] [stderr]   Downloaded gcollections v1.5.0
[INFO] [stderr]   Downloaded holochain_serialized_bytes v0.0.51
[INFO] [stderr]   Downloaded trilean v1.1.0
[INFO] [stderr]   Downloaded kitsune_p2p_timestamp v0.2.4
[INFO] [stderr]   Downloaded holochain_serialized_bytes_derive v0.0.51
[INFO] [stderr]   Downloaded serde-transcode v1.1.1
[INFO] [stderr]   Downloaded serde_derive v1.0.166
[INFO] [stderr]   Downloaded kitsune_p2p_dht_arc v0.2.4
[INFO] [stderr]   Downloaded must_future v0.1.2
[INFO] [stderr]   Downloaded test-case v1.2.3
[INFO] [stderr]   Downloaded serde v1.0.166
[INFO] [stderr]   Downloaded inferno v0.11.19
[INFO] [stderr]   Downloaded serde_json v1.0.109
[INFO] [stderr]   Downloaded intervallum v1.4.1
[INFO] [stderr]   Downloaded holochain_trace v0.2.4
[INFO] running `Command { std: "docker" "create" "-v" "/var/lib/crater-agent-workspace/builds/worker-6-tc1/target:/opt/rustwide/target:rw,Z" "-v" "/var/lib/crater-agent-workspace/builds/worker-6-tc1/source:/opt/rustwide/workdir:ro,Z" "-v" "/var/lib/crater-agent-workspace/cargo-home:/opt/rustwide/cargo-home:ro,Z" "-v" "/var/lib/crater-agent-workspace/rustup-home:/opt/rustwide/rustup-home:ro,Z" "-e" "SOURCE_DIR=/opt/rustwide/workdir" "-e" "CARGO_TARGET_DIR=/opt/rustwide/target" "-e" "CARGO_HOME=/opt/rustwide/cargo-home" "-e" "RUSTUP_HOME=/opt/rustwide/rustup-home" "-w" "/opt/rustwide/workdir" "-m" "1610612736" "--user" "0:0" "--network" "none" "ghcr.io/rust-lang/crates-build-env/linux@sha256:2788e3201cd34a07e3172128adcd8b3090168a8e3bcc40d7c032b9dda1df7d1c" "/opt/rustwide/cargo-home/bin/cargo" "+1.75.0" "metadata" "--no-deps" "--format-version=1", kill_on_drop: false }`
[INFO] [stdout] b60cef3360aa34a80b72ed0716979bfb818fb4bfc45e754aead147282f362aeb
[INFO] running `Command { std: "docker" "start" "-a" "b60cef3360aa34a80b72ed0716979bfb818fb4bfc45e754aead147282f362aeb", kill_on_drop: false }`
[INFO] running `Command { std: "docker" "inspect" "b60cef3360aa34a80b72ed0716979bfb818fb4bfc45e754aead147282f362aeb", kill_on_drop: false }`
[INFO] running `Command { std: "docker" "rm" "-f" "b60cef3360aa34a80b72ed0716979bfb818fb4bfc45e754aead147282f362aeb", kill_on_drop: false }`
[INFO] [stdout] b60cef3360aa34a80b72ed0716979bfb818fb4bfc45e754aead147282f362aeb
[INFO] running `Command { std: "docker" "create" "-v" "/var/lib/crater-agent-workspace/builds/worker-6-tc1/target:/opt/rustwide/target:rw,Z" "-v" "/var/lib/crater-agent-workspace/builds/worker-6-tc1/source:/opt/rustwide/workdir:ro,Z" "-v" "/var/lib/crater-agent-workspace/cargo-home:/opt/rustwide/cargo-home:ro,Z" "-v" "/var/lib/crater-agent-workspace/rustup-home:/opt/rustwide/rustup-home:ro,Z" "-e" "SOURCE_DIR=/opt/rustwide/workdir" "-e" "CARGO_TARGET_DIR=/opt/rustwide/target" "-e" "CARGO_INCREMENTAL=0" "-e" "RUST_BACKTRACE=full" "-e" "RUSTFLAGS=--cap-lints=warn" "-e" "RUSTDOCFLAGS=--cap-lints=warn" "-e" "CARGO_HOME=/opt/rustwide/cargo-home" "-e" "RUSTUP_HOME=/opt/rustwide/rustup-home" "-w" "/opt/rustwide/workdir" "-m" "1610612736" "--user" "0:0" "--network" "none" "ghcr.io/rust-lang/crates-build-env/linux@sha256:2788e3201cd34a07e3172128adcd8b3090168a8e3bcc40d7c032b9dda1df7d1c" "/opt/rustwide/cargo-home/bin/cargo" "+1.75.0" "build" "--frozen" "--message-format=json", kill_on_drop: false }`
[INFO] [stdout] 01927ad96acd0ee888cfc8cb0047e8a9605a8919555778410eae3749817a4ef1
[INFO] running `Command { std: "docker" "start" "-a" "01927ad96acd0ee888cfc8cb0047e8a9605a8919555778410eae3749817a4ef1", kill_on_drop: false }`
[INFO] [stderr]    Compiling libm v0.2.8
[INFO] [stderr]    Compiling num-traits v0.2.17
[INFO] [stderr]    Compiling libc v0.2.151
[INFO] [stderr]    Compiling syn v1.0.109
[INFO] [stderr]    Compiling num-integer v0.1.45
[INFO] [stderr]    Compiling serde v1.0.166
[INFO] [stderr]    Compiling futures-core v0.3.30
[INFO] [stderr]    Compiling ppv-lite86 v0.2.17
[INFO] [stderr]    Compiling futures-sink v0.3.30
[INFO] [stderr]    Compiling paste v1.0.14
[INFO] [stderr]    Compiling matrixmultiply v0.3.8
[INFO] [stderr]    Compiling num-rational v0.4.1
[INFO] [stderr]    Compiling bit-vec v0.6.3
[INFO] [stderr]    Compiling futures-io v0.3.30
[INFO] [stderr]    Compiling serde_derive v1.0.166
[INFO] [stderr]    Compiling typenum v1.17.0
[INFO] [stderr]    Compiling futures-channel v0.3.30
[INFO] [stderr]    Compiling rustix v0.38.28
[INFO] [stderr]    Compiling bit-set v0.5.3
[INFO] [stderr]    Compiling linux-raw-sys v0.4.12
[INFO] [stderr]    Compiling rawpointer v0.2.1
[INFO] [stderr]    Compiling futures-util v0.3.30
[INFO] [stderr]    Compiling bitflags v2.4.1
[INFO] [stderr]    Compiling trilean v1.1.0
[INFO] [stderr]    Compiling iana-time-zone v0.1.59
[INFO] [stderr]    Compiling tracing-core v0.1.32
[INFO] [stderr]    Compiling tracing v0.1.40
[INFO] [stderr]    Compiling getrandom v0.2.11
[INFO] [stderr]    Compiling rand_core v0.6.4
[INFO] [stderr]    Compiling is-terminal v0.4.10
[INFO] [stderr]    Compiling rand_chacha v0.3.1
[INFO] [stderr]    Compiling colored v1.9.4
[INFO] [stderr]    Compiling approx v0.5.1
[INFO] [stderr]    Compiling num-complex v0.4.4
[INFO] [stderr]    Compiling rand v0.8.5
[INFO] [stderr]    Compiling gcollections v1.5.0
[INFO] [stderr]    Compiling simba v0.5.1
[INFO] [stderr]    Compiling intervallum v1.4.1
[INFO] [stderr]    Compiling rand_distr v0.4.3
[INFO] [stderr]    Compiling futures-executor v0.3.30
[INFO] [stderr]    Compiling futures v0.3.30
[INFO] [stderr]    Compiling must_future v0.1.2
[INFO] [stderr]    Compiling derive_more v0.99.17
[INFO] [stderr]    Compiling nalgebra-macros v0.1.0
[INFO] [stderr]    Compiling derivative v2.2.0
[INFO] [stderr]    Compiling chrono v0.4.31
[INFO] [stderr]    Compiling nalgebra v0.27.1
[INFO] [stderr]    Compiling kitsune_p2p_timestamp v0.2.4
[INFO] [stderr]    Compiling kitsune_p2p_dht_arc v0.2.4
[INFO] [stderr]    Compiling statrs v0.15.0
[INFO] [stderr]    Compiling kitsune_p2p_dht v0.2.3 (/opt/rustwide/workdir)
[INFO] [stderr]     Finished dev [unoptimized + debuginfo] target(s) in 25.43s
[INFO] [stderr] warning: the following packages contain code that will be rejected by a future version of Rust: nalgebra v0.27.1
[INFO] [stderr] note: to see what the problems were, use the option `--future-incompat-report`, or run `cargo report future-incompatibilities --id 1`
[INFO] running `Command { std: "docker" "inspect" "01927ad96acd0ee888cfc8cb0047e8a9605a8919555778410eae3749817a4ef1", kill_on_drop: false }`
[INFO] running `Command { std: "docker" "rm" "-f" "01927ad96acd0ee888cfc8cb0047e8a9605a8919555778410eae3749817a4ef1", kill_on_drop: false }`
[INFO] [stdout] 01927ad96acd0ee888cfc8cb0047e8a9605a8919555778410eae3749817a4ef1
[INFO] running `Command { std: "docker" "create" "-v" "/var/lib/crater-agent-workspace/builds/worker-6-tc1/target:/opt/rustwide/target:rw,Z" "-v" "/var/lib/crater-agent-workspace/builds/worker-6-tc1/source:/opt/rustwide/workdir:ro,Z" "-v" "/var/lib/crater-agent-workspace/cargo-home:/opt/rustwide/cargo-home:ro,Z" "-v" "/var/lib/crater-agent-workspace/rustup-home:/opt/rustwide/rustup-home:ro,Z" "-e" "SOURCE_DIR=/opt/rustwide/workdir" "-e" "CARGO_TARGET_DIR=/opt/rustwide/target" "-e" "CARGO_INCREMENTAL=0" "-e" "RUST_BACKTRACE=full" "-e" "RUSTFLAGS=--cap-lints=warn" "-e" "RUSTDOCFLAGS=--cap-lints=warn" "-e" "CARGO_HOME=/opt/rustwide/cargo-home" "-e" "RUSTUP_HOME=/opt/rustwide/rustup-home" "-w" "/opt/rustwide/workdir" "-m" "1610612736" "--user" "0:0" "--network" "none" "ghcr.io/rust-lang/crates-build-env/linux@sha256:2788e3201cd34a07e3172128adcd8b3090168a8e3bcc40d7c032b9dda1df7d1c" "/opt/rustwide/cargo-home/bin/cargo" "+1.75.0" "test" "--frozen" "--no-run" "--message-format=json", kill_on_drop: false }`
[INFO] [stdout] 18e8bc0334bb68ef02d2be61bb461ddaf07529ee8315188ec333c4b381500b4a
[INFO] running `Command { std: "docker" "start" "-a" "18e8bc0334bb68ef02d2be61bb461ddaf07529ee8315188ec333c4b381500b4a", kill_on_drop: false }`
[INFO] [stderr]    Compiling rustix v0.38.28
[INFO] [stderr]    Compiling version_check v0.9.4
[INFO] [stderr]    Compiling hashbrown v0.14.3
[INFO] [stderr]    Compiling itoa v1.0.10
[INFO] [stderr]    Compiling tracing-core v0.1.32
[INFO] [stderr]    Compiling bit-vec v0.6.3
[INFO] [stderr]    Compiling utf8parse v0.2.1
[INFO] [stderr]    Compiling equivalent v1.0.1
[INFO] [stderr]    Compiling getrandom v0.2.11
[INFO] [stderr]    Compiling lock_api v0.4.11
[INFO] [stderr]    Compiling anstyle v1.0.4
[INFO] [stderr]    Compiling anstyle-query v1.0.2
[INFO] [stderr]    Compiling serde_json v1.0.109
[INFO] [stderr]    Compiling smallvec v1.11.2
[INFO] [stderr]    Compiling colorchoice v1.0.0
[INFO] [stderr]    Compiling parking_lot_core v0.9.9
[INFO] [stderr]    Compiling regex-syntax v0.8.2
[INFO] [stderr]    Compiling anstyle-parse v0.2.3
[INFO] [stderr]    Compiling crossbeam-utils v0.8.18
[INFO] [stderr]    Compiling rand_core v0.6.4
[INFO] [stderr]    Compiling log v0.4.20
[INFO] [stderr]    Compiling bit-set v0.5.3
[INFO] [stderr]    Compiling anstream v0.6.5
[INFO] [stderr]    Compiling strsim v0.10.0
[INFO] [stderr]    Compiling clap_lex v0.6.0
[INFO] [stderr]    Compiling ryu v1.0.16
[INFO] [stderr]    Compiling scopeguard v1.2.0
[INFO] [stderr]    Compiling rand_chacha v0.3.1
[INFO] [stderr]    Compiling ahash v0.8.7
[INFO] [stderr]    Compiling regex-syntax v0.6.29
[INFO] [stderr]    Compiling heck v0.4.1
[INFO] [stderr]    Compiling tracing v0.1.40
[INFO] [stderr]    Compiling clap_builder v4.4.12
[INFO] [stderr]    Compiling chrono v0.4.31
[INFO] [stderr]    Compiling rand v0.8.5
[INFO] [stderr]    Compiling clap_derive v4.4.7
[INFO] [stderr]    Compiling gcollections v1.5.0
[INFO] [stderr]    Compiling arrayvec v0.7.4
[INFO] [stderr]    Compiling zerocopy v0.7.32
[INFO] [stderr]    Compiling deranged v0.3.11
[INFO] [stderr]    Compiling indexmap v2.1.0
[INFO] [stderr]    Compiling time-core v0.1.1
[INFO] [stderr]    Compiling byteorder v1.5.0
[INFO] [stderr]    Compiling overload v0.1.1
[INFO] [stderr]    Compiling fastrand v2.0.1
[INFO] [stderr]    Compiling bytemuck v1.14.0
[INFO] [stderr]    Compiling rmp v0.8.12
[INFO] [stderr]    Compiling nu-ansi-term v0.46.0
[INFO] [stderr]    Compiling crossbeam-channel v0.5.10
[INFO] [stderr]    Compiling rgb v0.8.37
[INFO] [stderr]    Compiling rand_distr v0.4.3
[INFO] [stderr]    Compiling dashmap v5.5.3
[INFO] [stderr]    Compiling num-format v0.4.4
[INFO] [stderr]    Compiling intervallum v1.4.1
[INFO] [stderr]    Compiling tracing-log v0.2.0
[INFO] [stderr]    Compiling tracing-serde v0.1.3
[INFO] [stderr]    Compiling test-case v1.2.3
[INFO] [stderr]    Compiling nalgebra v0.27.1
[INFO] [stderr]    Compiling time v0.3.26
[INFO] [stderr]    Compiling env_logger v0.10.1
[INFO] [stderr]    Compiling wait-timeout v0.2.0
[INFO] [stderr]    Compiling sharded-slab v0.1.7
[INFO] [stderr]    Compiling thread_local v1.1.7
[INFO] [stderr]    Compiling regex-automata v0.1.10
[INFO] [stderr]    Compiling quick-xml v0.26.0
[INFO] [stderr]    Compiling str_stack v0.1.0
[INFO] [stderr]    Compiling kitsune_p2p_timestamp v0.2.4
[INFO] [stderr]    Compiling kitsune_p2p_dht_arc v0.2.4
[INFO] [stderr]    Compiling rmp-serde v0.15.5
[INFO] [stderr]    Compiling regex-automata v0.4.3
[INFO] [stderr]    Compiling rand_xorshift v0.3.0
[INFO] [stderr]    Compiling serde-transcode v1.1.1
[INFO] [stderr]    Compiling serde_bytes v0.11.14
[INFO] [stderr]    Compiling holochain_serialized_bytes_derive v0.0.51
[INFO] [stderr]    Compiling ansi_term v0.12.1
[INFO] [stderr]    Compiling matchers v0.1.0
[INFO] [stderr]    Compiling diff v0.1.13
[INFO] [stderr]    Compiling unarray v0.1.4
[INFO] [stderr]    Compiling is-terminal v0.4.10
[INFO] [stderr]    Compiling tempfile v3.9.0
[INFO] [stderr]    Compiling colored v1.9.4
[INFO] [stderr]    Compiling pretty_assertions v0.7.2
[INFO] [stderr]    Compiling maplit v1.0.2
[INFO] [stderr]    Compiling holochain_serialized_bytes v0.0.51
[INFO] [stderr]    Compiling rusty-fork v0.3.0
[INFO] [stderr]    Compiling proptest v1.4.0
[INFO] [stderr]    Compiling clap v4.4.13
[INFO] [stderr]    Compiling inferno v0.11.19
[INFO] [stderr]    Compiling regex v1.10.2
[INFO] [stderr]    Compiling tracing-subscriber v0.3.18
[INFO] [stderr]    Compiling holochain_trace v0.2.4
[INFO] [stderr]    Compiling statrs v0.15.0
[INFO] [stderr]    Compiling kitsune_p2p_dht v0.2.3 (/opt/rustwide/workdir)
[INFO] [stdout] error[E0277]: the trait bound `DhtLocation: From<i32>` is not satisfied
[INFO] [stdout]    --> src/region_set.rs:245:26
[INFO] [stdout]     |
[INFO] [stdout] 245 |             OpData::fake(Loc::from(-300i32), Timestamp::from_micros(18), 4),
[INFO] [stdout]     |                          ^^^ the trait `From<i32>` is not implemented for `DhtLocation`
[INFO] [stdout]     |
[INFO] [stdout]     = help: the following other types implement trait `From<T>`:
[INFO] [stdout]               <DhtLocation as From<u32>>
[INFO] [stdout]               <DhtLocation as From<Wrapping<u32>>>
[INFO] [stdout] 
[INFO] [stdout] 
[INFO] [stdout] error[E0277]: the trait bound `DhtLocation: From<i32>` is not satisfied
[INFO] [stdout]    --> src/region_set.rs:290:25
[INFO] [stdout]     |
[INFO] [stdout] 290 |         let left_edge = Loc::from(-(2i32.pow(pow as u32 + 12 + 1)));
[INFO] [stdout]     |                         ^^^ the trait `From<i32>` is not implemented for `DhtLocation`
[INFO] [stdout]     |
[INFO] [stdout]     = help: the following other types implement trait `From<T>`:
[INFO] [stdout]               <DhtLocation as From<u32>>
[INFO] [stdout]               <DhtLocation as From<Wrapping<u32>>>
[INFO] [stdout] 
[INFO] [stdout] 
[INFO] [stdout] error: aborting due to 2 previous errors
[INFO] [stdout] 
[INFO] [stdout] 
[INFO] [stdout] For more information about this error, try `rustc --explain E0277`.
[INFO] [stdout] 
[INFO] [stderr] error: could not compile `kitsune_p2p_dht` (lib test) due to 3 previous errors
[INFO] [stderr] warning: build failed, waiting for other jobs to finish...
[INFO] running `Command { std: "docker" "inspect" "18e8bc0334bb68ef02d2be61bb461ddaf07529ee8315188ec333c4b381500b4a", kill_on_drop: false }`
[INFO] running `Command { std: "docker" "rm" "-f" "18e8bc0334bb68ef02d2be61bb461ddaf07529ee8315188ec333c4b381500b4a", kill_on_drop: false }`
[INFO] [stdout] 18e8bc0334bb68ef02d2be61bb461ddaf07529ee8315188ec333c4b381500b4a
[INFO] testing kitsune_p2p_dht-0.2.3 against beta-2023-12-22 for beta-1.76-1
[INFO] extracting crate kitsune_p2p_dht 0.2.3 into /workspace/builds/worker-6-tc2/source
[INFO] validating manifest of crates.io crate kitsune_p2p_dht 0.2.3 on toolchain beta-2023-12-22
[INFO] running `Command { std: CARGO_HOME="/workspace/cargo-home" RUSTUP_HOME="/workspace/rustup-home" "/workspace/cargo-home/bin/cargo" "+beta-2023-12-22" "metadata" "--manifest-path" "Cargo.toml" "--no-deps", kill_on_drop: false }`
[INFO] started tweaking crates.io crate kitsune_p2p_dht 0.2.3
[INFO] finished tweaking crates.io crate kitsune_p2p_dht 0.2.3
[INFO] tweaked toml for crates.io crate kitsune_p2p_dht 0.2.3 written to /workspace/builds/worker-6-tc2/source/Cargo.toml
[INFO] running `Command { std: CARGO_HOME="/workspace/cargo-home" RUSTUP_HOME="/workspace/rustup-home" "/workspace/cargo-home/bin/cargo" "+beta-2023-12-22" "generate-lockfile" "--manifest-path" "Cargo.toml", kill_on_drop: false }`
[INFO] [stderr]     Updating crates.io index
[INFO] running `Command { std: CARGO_HOME="/workspace/cargo-home" RUSTUP_HOME="/workspace/rustup-home" "/workspace/cargo-home/bin/cargo" "+beta-2023-12-22" "fetch" "--manifest-path" "Cargo.toml", kill_on_drop: false }`
[INFO] running `Command { std: "docker" "create" "-v" "/var/lib/crater-agent-workspace/builds/worker-6-tc2/target:/opt/rustwide/target:rw,Z" "-v" "/var/lib/crater-agent-workspace/builds/worker-6-tc2/source:/opt/rustwide/workdir:ro,Z" "-v" "/var/lib/crater-agent-workspace/cargo-home:/opt/rustwide/cargo-home:ro,Z" "-v" "/var/lib/crater-agent-workspace/rustup-home:/opt/rustwide/rustup-home:ro,Z" "-e" "SOURCE_DIR=/opt/rustwide/workdir" "-e" "CARGO_TARGET_DIR=/opt/rustwide/target" "-e" "CARGO_HOME=/opt/rustwide/cargo-home" "-e" "RUSTUP_HOME=/opt/rustwide/rustup-home" "-w" "/opt/rustwide/workdir" "-m" "1610612736" "--user" "0:0" "--network" "none" "ghcr.io/rust-lang/crates-build-env/linux@sha256:2788e3201cd34a07e3172128adcd8b3090168a8e3bcc40d7c032b9dda1df7d1c" "/opt/rustwide/cargo-home/bin/cargo" "+beta-2023-12-22" "metadata" "--no-deps" "--format-version=1", kill_on_drop: false }`
[INFO] [stdout] b4572093aa47c4ef0fe6c53e66eeb9b5fc433550f0d80817142ba81c2dd3b6ef
[INFO] running `Command { std: "docker" "start" "-a" "b4572093aa47c4ef0fe6c53e66eeb9b5fc433550f0d80817142ba81c2dd3b6ef", kill_on_drop: false }`
[INFO] running `Command { std: "docker" "inspect" "b4572093aa47c4ef0fe6c53e66eeb9b5fc433550f0d80817142ba81c2dd3b6ef", kill_on_drop: false }`
[INFO] running `Command { std: "docker" "rm" "-f" "b4572093aa47c4ef0fe6c53e66eeb9b5fc433550f0d80817142ba81c2dd3b6ef", kill_on_drop: false }`
[INFO] [stdout] b4572093aa47c4ef0fe6c53e66eeb9b5fc433550f0d80817142ba81c2dd3b6ef
[INFO] running `Command { std: "docker" "create" "-v" "/var/lib/crater-agent-workspace/builds/worker-6-tc2/target:/opt/rustwide/target:rw,Z" "-v" "/var/lib/crater-agent-workspace/builds/worker-6-tc2/source:/opt/rustwide/workdir:ro,Z" "-v" "/var/lib/crater-agent-workspace/cargo-home:/opt/rustwide/cargo-home:ro,Z" "-v" "/var/lib/crater-agent-workspace/rustup-home:/opt/rustwide/rustup-home:ro,Z" "-e" "SOURCE_DIR=/opt/rustwide/workdir" "-e" "CARGO_TARGET_DIR=/opt/rustwide/target" "-e" "CARGO_INCREMENTAL=0" "-e" "RUST_BACKTRACE=full" "-e" "RUSTFLAGS=--cap-lints=warn" "-e" "RUSTDOCFLAGS=--cap-lints=warn" "-e" "CARGO_HOME=/opt/rustwide/cargo-home" "-e" "RUSTUP_HOME=/opt/rustwide/rustup-home" "-w" "/opt/rustwide/workdir" "-m" "1610612736" "--user" "0:0" "--network" "none" "ghcr.io/rust-lang/crates-build-env/linux@sha256:2788e3201cd34a07e3172128adcd8b3090168a8e3bcc40d7c032b9dda1df7d1c" "/opt/rustwide/cargo-home/bin/cargo" "+beta-2023-12-22" "build" "--frozen" "--message-format=json", kill_on_drop: false }`
[INFO] [stdout] 555b1070514d203cba5a92f9f4c9b6c7111d280adf2c0a76cf314acb3ac7c2bc
[INFO] running `Command { std: "docker" "start" "-a" "555b1070514d203cba5a92f9f4c9b6c7111d280adf2c0a76cf314acb3ac7c2bc", kill_on_drop: false }`
[INFO] [stderr]    Compiling libm v0.2.8
[INFO] [stderr]    Compiling num-traits v0.2.17
[INFO] [stderr]    Compiling libc v0.2.151
[INFO] [stderr]    Compiling syn v1.0.109
[INFO] [stderr]    Compiling num-integer v0.1.45
[INFO] [stderr]    Compiling futures-sink v0.3.30
[INFO] [stderr]    Compiling paste v1.0.14
[INFO] [stderr]    Compiling serde v1.0.166
[INFO] [stderr]    Compiling ppv-lite86 v0.2.17
[INFO] [stderr]    Compiling futures-core v0.3.30
[INFO] [stderr]    Compiling num-rational v0.4.1
[INFO] [stderr]    Compiling matrixmultiply v0.3.8
[INFO] [stderr]    Compiling rustix v0.38.28
[INFO] [stderr]    Compiling typenum v1.17.0
[INFO] [stderr]    Compiling bit-vec v0.6.3
[INFO] [stderr]    Compiling serde_derive v1.0.166
[INFO] [stderr]    Compiling futures-io v0.3.30
[INFO] [stderr]    Compiling futures-channel v0.3.30
[INFO] [stderr]    Compiling trilean v1.1.0
[INFO] [stderr]    Compiling bit-set v0.5.3
[INFO] [stderr]    Compiling linux-raw-sys v0.4.12
[INFO] [stderr]    Compiling rawpointer v0.2.1
[INFO] [stderr]    Compiling bitflags v2.4.1
[INFO] [stderr]    Compiling futures-util v0.3.30
[INFO] [stderr]    Compiling iana-time-zone v0.1.59
[INFO] [stderr]    Compiling tracing-core v0.1.32
[INFO] [stderr]    Compiling tracing v0.1.40
[INFO] [stderr]    Compiling getrandom v0.2.11
[INFO] [stderr]    Compiling rand_core v0.6.4
[INFO] [stderr]    Compiling rand_chacha v0.3.1
[INFO] [stderr]    Compiling is-terminal v0.4.10
[INFO] [stderr]    Compiling rand v0.8.5
[INFO] [stderr]    Compiling colored v1.9.4
[INFO] [stderr]    Compiling approx v0.5.1
[INFO] [stderr]    Compiling num-complex v0.4.4
[INFO] [stderr]    Compiling gcollections v1.5.0
[INFO] [stderr]    Compiling rand_distr v0.4.3
[INFO] [stderr]    Compiling simba v0.5.1
[INFO] [stderr]    Compiling intervallum v1.4.1
[INFO] [stderr]    Compiling futures-executor v0.3.30
[INFO] [stderr]    Compiling futures v0.3.30
[INFO] [stderr]    Compiling must_future v0.1.2
[INFO] [stderr]    Compiling nalgebra-macros v0.1.0
[INFO] [stderr]    Compiling derive_more v0.99.17
[INFO] [stderr]    Compiling derivative v2.2.0
[INFO] [stderr]    Compiling chrono v0.4.31
[INFO] [stderr]    Compiling kitsune_p2p_timestamp v0.2.4
[INFO] [stderr]    Compiling kitsune_p2p_dht_arc v0.2.4
[INFO] [stderr]    Compiling nalgebra v0.27.1
[INFO] [stderr]    Compiling statrs v0.15.0
[INFO] [stderr]    Compiling kitsune_p2p_dht v0.2.3 (/opt/rustwide/workdir)
[INFO] [stderr]     Finished dev [unoptimized + debuginfo] target(s) in 25.30s
[INFO] [stderr] warning: the following packages contain code that will be rejected by a future version of Rust: nalgebra v0.27.1
[INFO] [stderr] note: to see what the problems were, use the option `--future-incompat-report`, or run `cargo report future-incompatibilities --id 1`
[INFO] running `Command { std: "docker" "inspect" "555b1070514d203cba5a92f9f4c9b6c7111d280adf2c0a76cf314acb3ac7c2bc", kill_on_drop: false }`
[INFO] running `Command { std: "docker" "rm" "-f" "555b1070514d203cba5a92f9f4c9b6c7111d280adf2c0a76cf314acb3ac7c2bc", kill_on_drop: false }`
[INFO] [stdout] 555b1070514d203cba5a92f9f4c9b6c7111d280adf2c0a76cf314acb3ac7c2bc
[INFO] running `Command { std: "docker" "create" "-v" "/var/lib/crater-agent-workspace/builds/worker-6-tc2/target:/opt/rustwide/target:rw,Z" "-v" "/var/lib/crater-agent-workspace/builds/worker-6-tc2/source:/opt/rustwide/workdir:ro,Z" "-v" "/var/lib/crater-agent-workspace/cargo-home:/opt/rustwide/cargo-home:ro,Z" "-v" "/var/lib/crater-agent-workspace/rustup-home:/opt/rustwide/rustup-home:ro,Z" "-e" "SOURCE_DIR=/opt/rustwide/workdir" "-e" "CARGO_TARGET_DIR=/opt/rustwide/target" "-e" "CARGO_INCREMENTAL=0" "-e" "RUST_BACKTRACE=full" "-e" "RUSTFLAGS=--cap-lints=warn" "-e" "RUSTDOCFLAGS=--cap-lints=warn" "-e" "CARGO_HOME=/opt/rustwide/cargo-home" "-e" "RUSTUP_HOME=/opt/rustwide/rustup-home" "-w" "/opt/rustwide/workdir" "-m" "1610612736" "--user" "0:0" "--network" "none" "ghcr.io/rust-lang/crates-build-env/linux@sha256:2788e3201cd34a07e3172128adcd8b3090168a8e3bcc40d7c032b9dda1df7d1c" "/opt/rustwide/cargo-home/bin/cargo" "+beta-2023-12-22" "test" "--frozen" "--no-run" "--message-format=json", kill_on_drop: false }`
[INFO] [stdout] ce2f06a90775d772d28ec226f6dc6fbb90467a9d7e7973268108f47253581fb6
[INFO] running `Command { std: "docker" "start" "-a" "ce2f06a90775d772d28ec226f6dc6fbb90467a9d7e7973268108f47253581fb6", kill_on_drop: false }`
[INFO] [stderr]    Compiling rustix v0.38.28
[INFO] [stderr]    Compiling version_check v0.9.4
[INFO] [stderr]    Compiling hashbrown v0.14.3
[INFO] [stderr]    Compiling itoa v1.0.10
[INFO] [stderr]    Compiling tracing-core v0.1.32
[INFO] [stderr]    Compiling bit-vec v0.6.3
[INFO] [stderr]    Compiling utf8parse v0.2.1
[INFO] [stderr]    Compiling equivalent v1.0.1
[INFO] [stderr]    Compiling getrandom v0.2.11
[INFO] [stderr]    Compiling lock_api v0.4.11
[INFO] [stderr]    Compiling anstyle v1.0.4
[INFO] [stderr]    Compiling colorchoice v1.0.0
[INFO] [stderr]    Compiling crossbeam-utils v0.8.18
[INFO] [stderr]    Compiling anstyle-query v1.0.2
[INFO] [stderr]    Compiling serde_json v1.0.109
[INFO] [stderr]    Compiling smallvec v1.11.2
[INFO] [stderr]    Compiling parking_lot_core v0.9.9
[INFO] [stderr]    Compiling log v0.4.20
[INFO] [stderr]    Compiling regex-syntax v0.8.2
[INFO] [stderr]    Compiling rand_core v0.6.4
[INFO] [stderr]    Compiling bit-set v0.5.3
[INFO] [stderr]    Compiling anstyle-parse v0.2.3
[INFO] [stderr]    Compiling strsim v0.10.0
[INFO] [stderr]    Compiling clap_lex v0.6.0
[INFO] [stderr]    Compiling ryu v1.0.16
[INFO] [stderr]    Compiling rand_chacha v0.3.1
[INFO] [stderr]    Compiling regex-syntax v0.6.29
[INFO] [stderr]    Compiling anstream v0.6.5
[INFO] [stderr]    Compiling scopeguard v1.2.0
[INFO] [stderr]    Compiling heck v0.4.1
[INFO] [stderr]    Compiling ahash v0.8.7
[INFO] [stderr]    Compiling tracing v0.1.40
[INFO] [stderr]    Compiling gcollections v1.5.0
[INFO] [stderr]    Compiling chrono v0.4.31
[INFO] [stderr]    Compiling clap_builder v4.4.12
[INFO] [stderr]    Compiling rand v0.8.5
[INFO] [stderr]    Compiling clap_derive v4.4.7
[INFO] [stderr]    Compiling deranged v0.3.11
[INFO] [stderr]    Compiling zerocopy v0.7.32
[INFO] [stderr]    Compiling byteorder v1.5.0
[INFO] [stderr]    Compiling indexmap v2.1.0
[INFO] [stderr]    Compiling overload v0.1.1
[INFO] [stderr]    Compiling fastrand v2.0.1
[INFO] [stderr]    Compiling bytemuck v1.14.0
[INFO] [stderr]    Compiling time-core v0.1.1
[INFO] [stderr]    Compiling arrayvec v0.7.4
[INFO] [stderr]    Compiling rmp v0.8.12
[INFO] [stderr]    Compiling nu-ansi-term v0.46.0
[INFO] [stderr]    Compiling rgb v0.8.37
[INFO] [stderr]    Compiling dashmap v5.5.3
[INFO] [stderr]    Compiling crossbeam-channel v0.5.10
[INFO] [stderr]    Compiling num-format v0.4.4
[INFO] [stderr]    Compiling rand_distr v0.4.3
[INFO] [stderr]    Compiling intervallum v1.4.1
[INFO] [stderr]    Compiling test-case v1.2.3
[INFO] [stderr]    Compiling tracing-serde v0.1.3
[INFO] [stderr]    Compiling tracing-log v0.2.0
[INFO] [stderr]    Compiling env_logger v0.10.1
[INFO] [stderr]    Compiling wait-timeout v0.2.0
[INFO] [stderr]    Compiling nalgebra v0.27.1
[INFO] [stderr]    Compiling sharded-slab v0.1.7
[INFO] [stderr]    Compiling time v0.3.26
[INFO] [stderr]    Compiling quick-xml v0.26.0
[INFO] [stderr]    Compiling thread_local v1.1.7
[INFO] [stderr]    Compiling regex-automata v0.1.10
[INFO] [stderr]    Compiling str_stack v0.1.0
[INFO] [stderr]    Compiling kitsune_p2p_timestamp v0.2.4
[INFO] [stderr]    Compiling kitsune_p2p_dht_arc v0.2.4
[INFO] [stderr]    Compiling rmp-serde v0.15.5
[INFO] [stderr]    Compiling rand_xorshift v0.3.0
[INFO] [stderr]    Compiling serde_bytes v0.11.14
[INFO] [stderr]    Compiling regex-automata v0.4.3
[INFO] [stderr]    Compiling serde-transcode v1.1.1
[INFO] [stderr]    Compiling is-terminal v0.4.10
[INFO] [stderr]    Compiling tempfile v3.9.0
[INFO] [stderr]    Compiling colored v1.9.4
[INFO] [stderr]    Compiling holochain_serialized_bytes_derive v0.0.51
[INFO] [stderr]    Compiling matchers v0.1.0
[INFO] [stderr]    Compiling rusty-fork v0.3.0
[INFO] [stderr]    Compiling unarray v0.1.4
[INFO] [stderr]    Compiling ansi_term v0.12.1
[INFO] [stderr]    Compiling diff v0.1.13
[INFO] [stderr]    Compiling maplit v1.0.2
[INFO] [stderr]    Compiling proptest v1.4.0
[INFO] [stderr]    Compiling pretty_assertions v0.7.2
[INFO] [stderr]    Compiling holochain_serialized_bytes v0.0.51
[INFO] [stderr]    Compiling clap v4.4.13
[INFO] [stderr]    Compiling inferno v0.11.19
[INFO] [stderr]    Compiling regex v1.10.2
[INFO] [stderr]    Compiling tracing-subscriber v0.3.18
[INFO] [stderr]    Compiling holochain_trace v0.2.4
[INFO] [stderr]    Compiling statrs v0.15.0
[INFO] [stderr]    Compiling kitsune_p2p_dht v0.2.3 (/opt/rustwide/workdir)
[INFO] [stdout] error[E0277]: the trait bound `DhtLocation: From<i32>` is not satisfied
[INFO] [stdout]    --> src/region_set.rs:245:26
[INFO] [stdout]     |
[INFO] [stdout] 245 |             OpData::fake(Loc::from(-300i32), Timestamp::from_micros(18), 4),
[INFO] [stdout]     |                          ^^^ the trait `From<i32>` is not implemented for `DhtLocation`
[INFO] [stdout]     |
[INFO] [stdout]     = help: the following other types implement trait `From<T>`:
[INFO] [stdout]               <DhtLocation as From<u32>>
[INFO] [stdout]               <DhtLocation as From<Wrapping<u32>>>
[INFO] [stdout] 
[INFO] [stdout] 
[INFO] [stdout] error[E0277]: the trait bound `DhtLocation: From<i32>` is not satisfied
[INFO] [stdout]    --> src/region_set.rs:290:25
[INFO] [stdout]     |
[INFO] [stdout] 290 |         let left_edge = Loc::from(-(2i32.pow(pow as u32 + 12 + 1)));
[INFO] [stdout]     |                         ^^^ the trait `From<i32>` is not implemented for `DhtLocation`
[INFO] [stdout]     |
[INFO] [stdout]     = help: the following other types implement trait `From<T>`:
[INFO] [stdout]               <DhtLocation as From<u32>>
[INFO] [stdout]               <DhtLocation as From<Wrapping<u32>>>
[INFO] [stdout] 
[INFO] [stdout] 
[INFO] [stdout] error: aborting due to 2 previous errors
[INFO] [stdout] 
[INFO] [stdout] 
[INFO] [stdout] For more information about this error, try `rustc --explain E0277`.
[INFO] [stdout] 
[INFO] [stderr] error: could not compile `kitsune_p2p_dht` (lib test) due to 3 previous errors
[INFO] [stderr] warning: build failed, waiting for other jobs to finish...
[INFO] running `Command { std: "docker" "inspect" "ce2f06a90775d772d28ec226f6dc6fbb90467a9d7e7973268108f47253581fb6", kill_on_drop: false }`
[INFO] running `Command { std: "docker" "rm" "-f" "ce2f06a90775d772d28ec226f6dc6fbb90467a9d7e7973268108f47253581fb6", kill_on_drop: false }`
[INFO] [stdout] ce2f06a90775d772d28ec226f6dc6fbb90467a9d7e7973268108f47253581fb6
