[INFO] fetching crate keyword_extraction 1.2.1...
[INFO] testing keyword_extraction-1.2.1 against 1.75.0 for beta-1.76-1
[INFO] extracting crate keyword_extraction 1.2.1 into /workspace/builds/worker-7-tc1/source
[INFO] validating manifest of crates.io crate keyword_extraction 1.2.1 on toolchain 1.75.0
[INFO] running `Command { std: CARGO_HOME="/workspace/cargo-home" RUSTUP_HOME="/workspace/rustup-home" "/workspace/cargo-home/bin/cargo" "+1.75.0" "metadata" "--manifest-path" "Cargo.toml" "--no-deps", kill_on_drop: false }`
[INFO] started tweaking crates.io crate keyword_extraction 1.2.1
[INFO] finished tweaking crates.io crate keyword_extraction 1.2.1
[INFO] tweaked toml for crates.io crate keyword_extraction 1.2.1 written to /workspace/builds/worker-7-tc1/source/Cargo.toml
[INFO] running `Command { std: CARGO_HOME="/workspace/cargo-home" RUSTUP_HOME="/workspace/rustup-home" "/workspace/cargo-home/bin/cargo" "+1.75.0" "generate-lockfile" "--manifest-path" "Cargo.toml", kill_on_drop: false }`
[INFO] [stderr]     Updating crates.io index
[INFO] running `Command { std: CARGO_HOME="/workspace/cargo-home" RUSTUP_HOME="/workspace/rustup-home" "/workspace/cargo-home/bin/cargo" "+1.75.0" "fetch" "--manifest-path" "Cargo.toml", kill_on_drop: false }`
[INFO] [stderr]  Downloading crates ...
[INFO] [stderr]   Downloaded stop-words v0.7.2
[INFO] running `Command { std: "docker" "create" "-v" "/var/lib/crater-agent-workspace/builds/worker-7-tc1/target:/opt/rustwide/target:rw,Z" "-v" "/var/lib/crater-agent-workspace/builds/worker-7-tc1/source:/opt/rustwide/workdir:ro,Z" "-v" "/var/lib/crater-agent-workspace/cargo-home:/opt/rustwide/cargo-home:ro,Z" "-v" "/var/lib/crater-agent-workspace/rustup-home:/opt/rustwide/rustup-home:ro,Z" "-e" "SOURCE_DIR=/opt/rustwide/workdir" "-e" "CARGO_TARGET_DIR=/opt/rustwide/target" "-e" "CARGO_HOME=/opt/rustwide/cargo-home" "-e" "RUSTUP_HOME=/opt/rustwide/rustup-home" "-w" "/opt/rustwide/workdir" "-m" "1610612736" "--user" "0:0" "--network" "none" "ghcr.io/rust-lang/crates-build-env/linux@sha256:2788e3201cd34a07e3172128adcd8b3090168a8e3bcc40d7c032b9dda1df7d1c" "/opt/rustwide/cargo-home/bin/cargo" "+1.75.0" "metadata" "--no-deps" "--format-version=1", kill_on_drop: false }`
[INFO] [stdout] 5ee947ef3c04cb746628678e05d2253025b1b3321313d0272e67173938b2e0a1
[INFO] running `Command { std: "docker" "start" "-a" "5ee947ef3c04cb746628678e05d2253025b1b3321313d0272e67173938b2e0a1", kill_on_drop: false }`
[INFO] running `Command { std: "docker" "inspect" "5ee947ef3c04cb746628678e05d2253025b1b3321313d0272e67173938b2e0a1", kill_on_drop: false }`
[INFO] running `Command { std: "docker" "rm" "-f" "5ee947ef3c04cb746628678e05d2253025b1b3321313d0272e67173938b2e0a1", kill_on_drop: false }`
[INFO] [stdout] 5ee947ef3c04cb746628678e05d2253025b1b3321313d0272e67173938b2e0a1
[INFO] running `Command { std: "docker" "create" "-v" "/var/lib/crater-agent-workspace/builds/worker-7-tc1/target:/opt/rustwide/target:rw,Z" "-v" "/var/lib/crater-agent-workspace/builds/worker-7-tc1/source:/opt/rustwide/workdir:ro,Z" "-v" "/var/lib/crater-agent-workspace/cargo-home:/opt/rustwide/cargo-home:ro,Z" "-v" "/var/lib/crater-agent-workspace/rustup-home:/opt/rustwide/rustup-home:ro,Z" "-e" "SOURCE_DIR=/opt/rustwide/workdir" "-e" "CARGO_TARGET_DIR=/opt/rustwide/target" "-e" "CARGO_INCREMENTAL=0" "-e" "RUST_BACKTRACE=full" "-e" "RUSTFLAGS=--cap-lints=warn" "-e" "RUSTDOCFLAGS=--cap-lints=warn" "-e" "CARGO_HOME=/opt/rustwide/cargo-home" "-e" "RUSTUP_HOME=/opt/rustwide/rustup-home" "-w" "/opt/rustwide/workdir" "-m" "1610612736" "--user" "0:0" "--network" "none" "ghcr.io/rust-lang/crates-build-env/linux@sha256:2788e3201cd34a07e3172128adcd8b3090168a8e3bcc40d7c032b9dda1df7d1c" "/opt/rustwide/cargo-home/bin/cargo" "+1.75.0" "build" "--frozen" "--message-format=json", kill_on_drop: false }`
[INFO] [stdout] c40275a360b90b6a71643521517d12e8d7b7dd41c1f0474c849e546499fb60a2
[INFO] running `Command { std: "docker" "start" "-a" "c40275a360b90b6a71643521517d12e8d7b7dd41c1f0474c849e546499fb60a2", kill_on_drop: false }`
[INFO] [stderr]    Compiling unicode-segmentation v1.10.1
[INFO] [stderr]    Compiling keyword_extraction v1.2.1 (/opt/rustwide/workdir)
[INFO] [stdout] warning: type alias `WindowSize` is never used
[INFO] [stdout]   --> src/common/types.rs:20:10
[INFO] [stdout]    |
[INFO] [stdout] 20 | pub type WindowSize = usize;
[INFO] [stdout]    |          ^^^^^^^^^^
[INFO] [stdout]    |
[INFO] [stdout]    = note: `#[warn(dead_code)]` on by default
[INFO] [stdout] 
[INFO] [stdout] 
[INFO] [stdout] warning: 1 warning emitted
[INFO] [stdout] 
[INFO] [stdout] 
[INFO] [stderr]     Finished dev [unoptimized + debuginfo] target(s) in 0.85s
[INFO] running `Command { std: "docker" "inspect" "c40275a360b90b6a71643521517d12e8d7b7dd41c1f0474c849e546499fb60a2", kill_on_drop: false }`
[INFO] running `Command { std: "docker" "rm" "-f" "c40275a360b90b6a71643521517d12e8d7b7dd41c1f0474c849e546499fb60a2", kill_on_drop: false }`
[INFO] [stdout] c40275a360b90b6a71643521517d12e8d7b7dd41c1f0474c849e546499fb60a2
[INFO] running `Command { std: "docker" "create" "-v" "/var/lib/crater-agent-workspace/builds/worker-7-tc1/target:/opt/rustwide/target:rw,Z" "-v" "/var/lib/crater-agent-workspace/builds/worker-7-tc1/source:/opt/rustwide/workdir:ro,Z" "-v" "/var/lib/crater-agent-workspace/cargo-home:/opt/rustwide/cargo-home:ro,Z" "-v" "/var/lib/crater-agent-workspace/rustup-home:/opt/rustwide/rustup-home:ro,Z" "-e" "SOURCE_DIR=/opt/rustwide/workdir" "-e" "CARGO_TARGET_DIR=/opt/rustwide/target" "-e" "CARGO_INCREMENTAL=0" "-e" "RUST_BACKTRACE=full" "-e" "RUSTFLAGS=--cap-lints=warn" "-e" "RUSTDOCFLAGS=--cap-lints=warn" "-e" "CARGO_HOME=/opt/rustwide/cargo-home" "-e" "RUSTUP_HOME=/opt/rustwide/rustup-home" "-w" "/opt/rustwide/workdir" "-m" "1610612736" "--user" "0:0" "--network" "none" "ghcr.io/rust-lang/crates-build-env/linux@sha256:2788e3201cd34a07e3172128adcd8b3090168a8e3bcc40d7c032b9dda1df7d1c" "/opt/rustwide/cargo-home/bin/cargo" "+1.75.0" "test" "--frozen" "--no-run" "--message-format=json", kill_on_drop: false }`
[INFO] [stdout] 38a1caa12ce3bced39a757745975b1f4ece2ec05a43418e9ac73af40653bd8d2
[INFO] running `Command { std: "docker" "start" "-a" "38a1caa12ce3bced39a757745975b1f4ece2ec05a43418e9ac73af40653bd8d2", kill_on_drop: false }`
[INFO] [stderr]    Compiling serde v1.0.194
[INFO] [stdout] warning: type alias `WindowSize` is never used
[INFO] [stdout]   --> src/common/types.rs:20:10
[INFO] [stdout]    |
[INFO] [stdout] 20 | pub type WindowSize = usize;
[INFO] [stdout]    |          ^^^^^^^^^^
[INFO] [stdout]    |
[INFO] [stdout]    = note: `#[warn(dead_code)]` on by default
[INFO] [stdout] 
[INFO] [stdout] 
[INFO] [stdout] warning: 1 warning emitted
[INFO] [stdout] 
[INFO] [stdout] 
[INFO] [stderr]    Compiling serde_json v1.0.111
[INFO] [stderr]    Compiling stop-words v0.7.2
[INFO] [stderr]    Compiling keyword_extraction v1.2.1 (/opt/rustwide/workdir)
[INFO] [stdout] error[E0433]: failed to resolve: use of undeclared crate or module `co_occurrence`
[INFO] [stdout]    --> src/tests.rs:446:25
[INFO] [stdout]     |
[INFO] [stdout] 446 |     let co_occurrence = co_occurrence::CoOccurrence::new(&documents, &word_vec, 10);
[INFO] [stdout]     |                         ^^^^^^^^^^^^^ use of undeclared crate or module `co_occurrence`
[INFO] [stdout] 
[INFO] [stdout] 
[INFO] [stdout] error[E0433]: failed to resolve: use of undeclared crate or module `rake`
[INFO] [stdout]    --> src/tests.rs:479:23
[INFO] [stdout]     |
[INFO] [stdout] 479 |     let reka_struct = rake::Rake::new(TEXT, &get_stop_words());
[INFO] [stdout]     |                       ^^^^ use of undeclared crate or module `rake`
[INFO] [stdout] 
[INFO] [stdout] 
[INFO] [stdout] error[E0433]: failed to resolve: use of undeclared crate or module `text_rank`
[INFO] [stdout]    --> src/tests.rs:497:21
[INFO] [stdout]     |
[INFO] [stdout] 497 |     let text_rank = text_rank::TextRank::new(text_rank::TextRankParams::WithDefaults(
[INFO] [stdout]     |                     ^^^^^^^^^ use of undeclared crate or module `text_rank`
[INFO] [stdout] 
[INFO] [stdout] 
[INFO] [stdout] error[E0433]: failed to resolve: use of undeclared crate or module `text_rank`
[INFO] [stdout]    --> src/tests.rs:497:46
[INFO] [stdout]     |
[INFO] [stdout] 497 |     let text_rank = text_rank::TextRank::new(text_rank::TextRankParams::WithDefaults(
[INFO] [stdout]     |                                              ^^^^^^^^^ use of undeclared crate or module `text_rank`
[INFO] [stdout] 
[INFO] [stdout] 
[INFO] [stdout] error: aborting due to 4 previous errors
[INFO] [stdout] 
[INFO] [stdout] 
[INFO] [stdout] For more information about this error, try `rustc --explain E0433`.
[INFO] [stdout] 
[INFO] [stderr] error: could not compile `keyword_extraction` (lib test) due to 5 previous errors
[INFO] running `Command { std: "docker" "inspect" "38a1caa12ce3bced39a757745975b1f4ece2ec05a43418e9ac73af40653bd8d2", kill_on_drop: false }`
[INFO] running `Command { std: "docker" "rm" "-f" "38a1caa12ce3bced39a757745975b1f4ece2ec05a43418e9ac73af40653bd8d2", kill_on_drop: false }`
[INFO] [stdout] 38a1caa12ce3bced39a757745975b1f4ece2ec05a43418e9ac73af40653bd8d2
