[INFO] fetching crate keel 0.0.1...
[INFO] testing keel-0.0.1 against 1.75.0 for beta-1.76-1
[INFO] extracting crate keel 0.0.1 into /workspace/builds/worker-3-tc1/source
[INFO] validating manifest of crates.io crate keel 0.0.1 on toolchain 1.75.0
[INFO] running `Command { std: CARGO_HOME="/workspace/cargo-home" RUSTUP_HOME="/workspace/rustup-home" "/workspace/cargo-home/bin/cargo" "+1.75.0" "metadata" "--manifest-path" "Cargo.toml" "--no-deps", kill_on_drop: false }`
[INFO] started tweaking crates.io crate keel 0.0.1
[INFO] removed 0 missing examples
[INFO] finished tweaking crates.io crate keel 0.0.1
[INFO] tweaked toml for crates.io crate keel 0.0.1 written to /workspace/builds/worker-3-tc1/source/Cargo.toml
[INFO] running `Command { std: CARGO_HOME="/workspace/cargo-home" RUSTUP_HOME="/workspace/rustup-home" "/workspace/cargo-home/bin/cargo" "+1.75.0" "generate-lockfile" "--manifest-path" "Cargo.toml", kill_on_drop: false }`
[INFO] [stderr]     Updating crates.io index
[INFO] running `Command { std: CARGO_HOME="/workspace/cargo-home" RUSTUP_HOME="/workspace/rustup-home" "/workspace/cargo-home/bin/cargo" "+1.75.0" "fetch" "--manifest-path" "Cargo.toml", kill_on_drop: false }`
[INFO] [stderr] warning: the cargo feature `edition` has been stabilized in the 1.31 release and is no longer necessary to be listed in the manifest
[INFO] [stderr]   See https://doc.rust-lang.org/cargo/reference/manifest.html#the-edition-field for more information about using this feature.
[INFO] [stderr]  Downloading crates ...
[INFO] [stderr]   Downloaded pretty_env_logger v0.2.5
[INFO] [stderr]   Downloaded serde_yaml v0.7.5
[INFO] [stderr]   Downloaded k8s-openapi v0.2.0
[INFO] running `Command { std: "docker" "create" "-v" "/var/lib/crater-agent-workspace/builds/worker-3-tc1/target:/opt/rustwide/target:rw,Z" "-v" "/var/lib/crater-agent-workspace/builds/worker-3-tc1/source:/opt/rustwide/workdir:ro,Z" "-v" "/var/lib/crater-agent-workspace/cargo-home:/opt/rustwide/cargo-home:ro,Z" "-v" "/var/lib/crater-agent-workspace/rustup-home:/opt/rustwide/rustup-home:ro,Z" "-e" "SOURCE_DIR=/opt/rustwide/workdir" "-e" "CARGO_TARGET_DIR=/opt/rustwide/target" "-e" "CARGO_HOME=/opt/rustwide/cargo-home" "-e" "RUSTUP_HOME=/opt/rustwide/rustup-home" "-w" "/opt/rustwide/workdir" "-m" "1610612736" "--user" "0:0" "--network" "none" "ghcr.io/rust-lang/crates-build-env/linux@sha256:2788e3201cd34a07e3172128adcd8b3090168a8e3bcc40d7c032b9dda1df7d1c" "/opt/rustwide/cargo-home/bin/cargo" "+1.75.0" "metadata" "--no-deps" "--format-version=1", kill_on_drop: false }`
[INFO] [stdout] 595c758f6b230f154f3b497e56d0d7e24f70f15f87bea730c092e83c8b416a2a
[INFO] running `Command { std: "docker" "start" "-a" "595c758f6b230f154f3b497e56d0d7e24f70f15f87bea730c092e83c8b416a2a", kill_on_drop: false }`
[INFO] running `Command { std: "docker" "inspect" "595c758f6b230f154f3b497e56d0d7e24f70f15f87bea730c092e83c8b416a2a", kill_on_drop: false }`
[INFO] running `Command { std: "docker" "rm" "-f" "595c758f6b230f154f3b497e56d0d7e24f70f15f87bea730c092e83c8b416a2a", kill_on_drop: false }`
[INFO] [stdout] 595c758f6b230f154f3b497e56d0d7e24f70f15f87bea730c092e83c8b416a2a
[INFO] running `Command { std: "docker" "create" "-v" "/var/lib/crater-agent-workspace/builds/worker-3-tc1/target:/opt/rustwide/target:rw,Z" "-v" "/var/lib/crater-agent-workspace/builds/worker-3-tc1/source:/opt/rustwide/workdir:ro,Z" "-v" "/var/lib/crater-agent-workspace/cargo-home:/opt/rustwide/cargo-home:ro,Z" "-v" "/var/lib/crater-agent-workspace/rustup-home:/opt/rustwide/rustup-home:ro,Z" "-e" "SOURCE_DIR=/opt/rustwide/workdir" "-e" "CARGO_TARGET_DIR=/opt/rustwide/target" "-e" "CARGO_INCREMENTAL=0" "-e" "RUST_BACKTRACE=full" "-e" "RUSTFLAGS=--cap-lints=warn" "-e" "RUSTDOCFLAGS=--cap-lints=warn" "-e" "CARGO_HOME=/opt/rustwide/cargo-home" "-e" "RUSTUP_HOME=/opt/rustwide/rustup-home" "-w" "/opt/rustwide/workdir" "-m" "1610612736" "--user" "0:0" "--network" "none" "ghcr.io/rust-lang/crates-build-env/linux@sha256:2788e3201cd34a07e3172128adcd8b3090168a8e3bcc40d7c032b9dda1df7d1c" "/opt/rustwide/cargo-home/bin/cargo" "+1.75.0" "build" "--frozen" "--message-format=json", kill_on_drop: false }`
[INFO] [stdout] 03acb19b52a6566ae81740ae71fd179133f7c26a6118f6f65107fdd2b19f5d7a
[INFO] running `Command { std: "docker" "start" "-a" "03acb19b52a6566ae81740ae71fd179133f7c26a6118f6f65107fdd2b19f5d7a", kill_on_drop: false }`
[INFO] [stderr] warning: the cargo feature `edition` has been stabilized in the 1.31 release and is no longer necessary to be listed in the manifest
[INFO] [stderr]   See https://doc.rust-lang.org/cargo/reference/manifest.html#the-edition-field for more information about using this feature.
[INFO] [stderr]    Compiling futures v0.1.31
[INFO] [stderr]    Compiling either v1.9.0
[INFO] [stderr]    Compiling vcpkg v0.2.15
[INFO] [stderr]    Compiling crossbeam-utils v0.7.2
[INFO] [stderr]    Compiling slab v0.4.9
[INFO] [stderr]    Compiling memoffset v0.5.6
[INFO] [stderr]    Compiling crossbeam-epoch v0.8.2
[INFO] [stderr]    Compiling lock_api v0.3.4
[INFO] [stderr]    Compiling itoa v0.4.8
[INFO] [stderr]    Compiling iovec v0.1.4
[INFO] [stderr]    Compiling cc v1.0.83
[INFO] [stderr]    Compiling num_cpus v1.16.0
[INFO] [stderr]    Compiling net2 v0.2.39
[INFO] [stderr]    Compiling parking_lot_core v0.6.3
[INFO] [stderr]    Compiling parking_lot v0.9.0
[INFO] [stderr]    Compiling smallvec v0.6.14
[INFO] [stderr]    Compiling openssl v0.10.62
[INFO] [stderr]    Compiling bytes v0.4.12
[INFO] [stderr]    Compiling openssl-macros v0.1.1
[INFO] [stderr]    Compiling hyper v0.12.36
[INFO] [stderr]    Compiling native-tls v0.2.11
[INFO] [stderr]    Compiling try-lock v0.2.5
[INFO] [stderr]    Compiling object v0.32.2
[INFO] [stderr]    Compiling time v0.1.45
[INFO] [stderr]    Compiling k8s-openapi v0.2.0
[INFO] [stderr]    Compiling dtoa v0.4.8
[INFO] [stderr]    Compiling openssl-probe v0.1.5
[INFO] [stderr]    Compiling mio v0.6.23
[INFO] [stderr]    Compiling http v0.1.21
[INFO] [stderr]    Compiling string v0.2.1
[INFO] [stderr]    Compiling chrono v0.4.31
[INFO] [stderr]    Compiling scoped-tls v0.1.2
[INFO] [stderr]    Compiling serde_yaml v0.7.5
[INFO] [stderr]    Compiling serde_urlencoded v0.5.5
[INFO] [stderr]    Compiling dirs v1.0.5
[INFO] [stderr]    Compiling crossbeam-queue v0.2.3
[INFO] [stderr]    Compiling crossbeam-deque v0.7.4
[INFO] [stderr]    Compiling mio-uds v0.6.8
[INFO] [stderr]    Compiling openssl-sys v0.9.98
[INFO] [stderr]    Compiling backtrace v0.3.69
[INFO] [stderr]    Compiling tokio-executor v0.1.10
[INFO] [stderr]    Compiling tokio-io v0.1.13
[INFO] [stderr]    Compiling tokio-sync v0.1.8
[INFO] [stderr]    Compiling tokio-buf v0.1.1
[INFO] [stderr]    Compiling futures-cpupool v0.1.8
[INFO] [stderr]    Compiling want v0.2.0
[INFO] [stderr]    Compiling tokio-threadpool v0.1.18
[INFO] [stderr]    Compiling tokio-timer v0.2.13
[INFO] [stderr]    Compiling tokio-current-thread v0.1.7
[INFO] [stderr]    Compiling tokio-codec v0.1.2
[INFO] [stderr]    Compiling tokio-reactor v0.1.12
[INFO] [stderr]    Compiling tokio-tcp v0.1.4
[INFO] [stderr]    Compiling tokio-uds v0.2.7
[INFO] [stderr]    Compiling tokio-udp v0.1.6
[INFO] [stderr]    Compiling tokio-fs v0.1.7
[INFO] [stderr]    Compiling tokio v0.1.22
[INFO] [stderr]    Compiling http-body v0.1.0
[INFO] [stderr]    Compiling h2 v0.1.26
[INFO] [stderr]    Compiling tokio-core v0.1.18
[INFO] [stderr]    Compiling failure v0.1.8
[INFO] [stderr]    Compiling hyper-tls v0.3.2
[INFO] [stderr]    Compiling keel v0.0.1 (/opt/rustwide/workdir)
[INFO] [stdout] error[E0557]: feature has been removed
[INFO] [stdout]  --> src/lib.rs:2:12
[INFO] [stdout]   |
[INFO] [stdout] 2 | #![feature(custom_attribute)]
[INFO] [stdout]   |            ^^^^^^^^^^^^^^^^ feature has been removed
[INFO] [stdout]   |
[INFO] [stdout]   = note: removed in favor of `#![register_tool]` and `#![register_attr]`
[INFO] [stdout] 
[INFO] [stdout] 
[INFO] [stdout] error[E0554]: `#![feature]` may not be used on the stable release channel
[INFO] [stdout]  --> src/lib.rs:1:1
[INFO] [stdout]   |
[INFO] [stdout] 1 | #![feature(uniform_paths)]
[INFO] [stdout]   | ^^^^^^^^^^^^^^^^^^^^^^^^^^ help: remove the attribute
[INFO] [stdout]   |
[INFO] [stdout]   = help: the feature `uniform_paths` has been stable since `1.32.0` and no longer requires an attribute to enable
[INFO] [stdout] 
[INFO] [stdout] 
[INFO] [stdout] error[E0554]: `#![feature]` may not be used on the stable release channel
[INFO] [stdout]  --> src/lib.rs:2:1
[INFO] [stdout]   |
[INFO] [stdout] 2 | #![feature(custom_attribute)]
[INFO] [stdout]   | ^^^^^^^^^^^^^^^^^^^^^^^^^^^^^
[INFO] [stdout] 
[INFO] [stdout] 
[INFO] [stdout] warning: the feature `uniform_paths` has been stable since 1.32.0 and no longer requires an attribute to enable
[INFO] [stdout]  --> src/lib.rs:1:12
[INFO] [stdout]   |
[INFO] [stdout] 1 | #![feature(uniform_paths)]
[INFO] [stdout]   |            ^^^^^^^^^^^^^
[INFO] [stdout]   |
[INFO] [stdout]   = note: `#[warn(stable_features)]` on by default
[INFO] [stdout] 
[INFO] [stdout] 
[INFO] [stdout] warning: trait objects without an explicit `dyn` are deprecated
[INFO] [stdout]    --> src/client/mod.rs:172:26
[INFO] [stdout]     |
[INFO] [stdout] 172 |     request_factory: Box<Fn(RequestOpts) -> K8sRequest<B> + Send>,
[INFO] [stdout]     |                          ^^^^^^^^^^^^^^^^^^^^^^^^^^^^^^^^^^^^^^^
[INFO] [stdout]     |
[INFO] [stdout]     = warning: this is accepted in the current edition (Rust 2018) but is a hard error in Rust 2021!
[INFO] [stdout]     = note: for more information, see <https://doc.rust-lang.org/nightly/edition-guide/rust-2021/warnings-promoted-to-error.html>
[INFO] [stdout]     = note: `#[warn(bare_trait_objects)]` on by default
[INFO] [stdout] help: use `dyn`
[INFO] [stdout]     |
[INFO] [stdout] 172 |     request_factory: Box<dyn Fn(RequestOpts) -> K8sRequest<B> + Send>,
[INFO] [stdout]     |                          +++
[INFO] [stdout] 
[INFO] [stdout] 
[INFO] [stdout] warning: trait objects without an explicit `dyn` are deprecated
[INFO] [stdout]    --> src/client/mod.rs:424:30
[INFO] [stdout]     |
[INFO] [stdout] 424 |         request_factory: Box<Fn(RequestOpts) -> K8sRequest<B> + Send>,
[INFO] [stdout]     |                              ^^^^^^^^^^^^^^^^^^^^^^^^^^^^^^^^^^^^^^^
[INFO] [stdout]     |
[INFO] [stdout]     = warning: this is accepted in the current edition (Rust 2018) but is a hard error in Rust 2021!
[INFO] [stdout]     = note: for more information, see <https://doc.rust-lang.org/nightly/edition-guide/rust-2021/warnings-promoted-to-error.html>
[INFO] [stdout] help: use `dyn`
[INFO] [stdout]     |
[INFO] [stdout] 424 |         request_factory: Box<dyn Fn(RequestOpts) -> K8sRequest<B> + Send>,
[INFO] [stdout]     |                              +++
[INFO] [stdout] 
[INFO] [stdout] 
[INFO] [stdout] warning: use of deprecated method `openssl::pkcs12::Pkcs12Builder::build`: Use Self::{name, pkey, cert, build2} instead.
[INFO] [stdout]   --> src/client/mod.rs:75:52
[INFO] [stdout]    |
[INFO] [stdout] 75 |                 openssl::pkcs12::Pkcs12::builder().build(password, "kubeconfig", &pkey, &cert)?;
[INFO] [stdout]    |                                                    ^^^^^
[INFO] [stdout]    |
[INFO] [stdout]    = note: `#[warn(deprecated)]` on by default
[INFO] [stdout] 
[INFO] [stdout] 
[INFO] [stdout] error: aborting due to 3 previous errors; 4 warnings emitted
[INFO] [stdout] 
[INFO] [stdout] 
[INFO] [stdout] Some errors have detailed explanations: E0554, E0557.
[INFO] [stdout] 
[INFO] [stdout] For more information about an error, try `rustc --explain E0554`.
[INFO] [stdout] 
[INFO] [stderr] error: could not compile `keel` (lib) due to 4 previous errors; 4 warnings emitted
[INFO] [stderr] warning: build failed, waiting for other jobs to finish...
[INFO] [stderr] error: could not compile `k8s-openapi` (lib)
[INFO] [stderr] 
[INFO] [stderr] Caused by:
[INFO] [stderr]   process didn't exit successfully: `/opt/rustwide/rustup-home/toolchains/1.75.0-x86_64-unknown-linux-gnu/bin/rustc --crate-name k8s_openapi /opt/rustwide/cargo-home/registry/src/index.crates.io-6f17d22bba15001f/k8s-openapi-0.2.0/src/lib.rs --error-format=json --json=diagnostic-rendered-ansi,artifacts,future-incompat --crate-type lib --emit=dep-info,metadata,link -C embed-bitcode=no -C debuginfo=2 --cfg 'feature="v1_11"' -C metadata=4e032528807b8859 -C extra-filename=-4e032528807b8859 --out-dir /opt/rustwide/target/debug/deps -L dependency=/opt/rustwide/target/debug/deps --extern base64=/opt/rustwide/target/debug/deps/libbase64-e6f1209c6d7b0dbb.rmeta --extern bytes=/opt/rustwide/target/debug/deps/libbytes-2c3443e881dd6e9d.rmeta --extern chrono=/opt/rustwide/target/debug/deps/libchrono-95061c3ec78f17b6.rmeta --extern http=/opt/rustwide/target/debug/deps/libhttp-03cb19406190c0d0.rmeta --extern serde=/opt/rustwide/target/debug/deps/libserde-8d72183392081d4f.rmeta --extern serde_json=/opt/rustwide/target/debug/deps/libserde_json-f7e7de9bae5c986c.rmeta --extern url=/opt/rustwide/target/debug/deps/liburl-5eb6abafa299dfb6.rmeta --cap-lints allow --cap-lints=warn` (signal: 9, SIGKILL: kill)
[INFO] running `Command { std: "docker" "inspect" "03acb19b52a6566ae81740ae71fd179133f7c26a6118f6f65107fdd2b19f5d7a", kill_on_drop: false }`
[INFO] running `Command { std: "docker" "rm" "-f" "03acb19b52a6566ae81740ae71fd179133f7c26a6118f6f65107fdd2b19f5d7a", kill_on_drop: false }`
[INFO] [stdout] 03acb19b52a6566ae81740ae71fd179133f7c26a6118f6f65107fdd2b19f5d7a
[INFO] testing keel-0.0.1 against beta-2023-12-22 for beta-1.76-1
[INFO] extracting crate keel 0.0.1 into /workspace/builds/worker-3-tc2/source
[INFO] validating manifest of crates.io crate keel 0.0.1 on toolchain beta-2023-12-22
[INFO] running `Command { std: CARGO_HOME="/workspace/cargo-home" RUSTUP_HOME="/workspace/rustup-home" "/workspace/cargo-home/bin/cargo" "+beta-2023-12-22" "metadata" "--manifest-path" "Cargo.toml" "--no-deps", kill_on_drop: false }`
[INFO] started tweaking crates.io crate keel 0.0.1
[INFO] removed 0 missing examples
[INFO] finished tweaking crates.io crate keel 0.0.1
[INFO] tweaked toml for crates.io crate keel 0.0.1 written to /workspace/builds/worker-3-tc2/source/Cargo.toml
[INFO] running `Command { std: CARGO_HOME="/workspace/cargo-home" RUSTUP_HOME="/workspace/rustup-home" "/workspace/cargo-home/bin/cargo" "+beta-2023-12-22" "generate-lockfile" "--manifest-path" "Cargo.toml", kill_on_drop: false }`
[INFO] [stderr]     Updating crates.io index
[INFO] running `Command { std: CARGO_HOME="/workspace/cargo-home" RUSTUP_HOME="/workspace/rustup-home" "/workspace/cargo-home/bin/cargo" "+beta-2023-12-22" "fetch" "--manifest-path" "Cargo.toml", kill_on_drop: false }`
[INFO] [stderr] warning: the cargo feature `edition` has been stabilized in the 1.31 release and is no longer necessary to be listed in the manifest
[INFO] [stderr]   See https://doc.rust-lang.org/beta/cargo/reference/manifest.html#the-edition-field for more information about using this feature.
[INFO] running `Command { std: "docker" "create" "-v" "/var/lib/crater-agent-workspace/builds/worker-3-tc2/target:/opt/rustwide/target:rw,Z" "-v" "/var/lib/crater-agent-workspace/builds/worker-3-tc2/source:/opt/rustwide/workdir:ro,Z" "-v" "/var/lib/crater-agent-workspace/cargo-home:/opt/rustwide/cargo-home:ro,Z" "-v" "/var/lib/crater-agent-workspace/rustup-home:/opt/rustwide/rustup-home:ro,Z" "-e" "SOURCE_DIR=/opt/rustwide/workdir" "-e" "CARGO_TARGET_DIR=/opt/rustwide/target" "-e" "CARGO_HOME=/opt/rustwide/cargo-home" "-e" "RUSTUP_HOME=/opt/rustwide/rustup-home" "-w" "/opt/rustwide/workdir" "-m" "1610612736" "--user" "0:0" "--network" "none" "ghcr.io/rust-lang/crates-build-env/linux@sha256:2788e3201cd34a07e3172128adcd8b3090168a8e3bcc40d7c032b9dda1df7d1c" "/opt/rustwide/cargo-home/bin/cargo" "+beta-2023-12-22" "metadata" "--no-deps" "--format-version=1", kill_on_drop: false }`
[INFO] [stdout] 19fa42161974060cd96ae7877131dd4a557ea48319af01bce467e6b5b64b2315
[INFO] running `Command { std: "docker" "start" "-a" "19fa42161974060cd96ae7877131dd4a557ea48319af01bce467e6b5b64b2315", kill_on_drop: false }`
[INFO] running `Command { std: "docker" "inspect" "19fa42161974060cd96ae7877131dd4a557ea48319af01bce467e6b5b64b2315", kill_on_drop: false }`
[INFO] running `Command { std: "docker" "rm" "-f" "19fa42161974060cd96ae7877131dd4a557ea48319af01bce467e6b5b64b2315", kill_on_drop: false }`
[INFO] [stdout] 19fa42161974060cd96ae7877131dd4a557ea48319af01bce467e6b5b64b2315
[INFO] running `Command { std: "docker" "create" "-v" "/var/lib/crater-agent-workspace/builds/worker-3-tc2/target:/opt/rustwide/target:rw,Z" "-v" "/var/lib/crater-agent-workspace/builds/worker-3-tc2/source:/opt/rustwide/workdir:ro,Z" "-v" "/var/lib/crater-agent-workspace/cargo-home:/opt/rustwide/cargo-home:ro,Z" "-v" "/var/lib/crater-agent-workspace/rustup-home:/opt/rustwide/rustup-home:ro,Z" "-e" "SOURCE_DIR=/opt/rustwide/workdir" "-e" "CARGO_TARGET_DIR=/opt/rustwide/target" "-e" "CARGO_INCREMENTAL=0" "-e" "RUST_BACKTRACE=full" "-e" "RUSTFLAGS=--cap-lints=warn" "-e" "RUSTDOCFLAGS=--cap-lints=warn" "-e" "CARGO_HOME=/opt/rustwide/cargo-home" "-e" "RUSTUP_HOME=/opt/rustwide/rustup-home" "-w" "/opt/rustwide/workdir" "-m" "1610612736" "--user" "0:0" "--network" "none" "ghcr.io/rust-lang/crates-build-env/linux@sha256:2788e3201cd34a07e3172128adcd8b3090168a8e3bcc40d7c032b9dda1df7d1c" "/opt/rustwide/cargo-home/bin/cargo" "+beta-2023-12-22" "build" "--frozen" "--message-format=json", kill_on_drop: false }`
[INFO] [stdout] cad603d5651d17b8355ce543d91daf1f17f856f31d84547200cfe95ebf1981fb
[INFO] running `Command { std: "docker" "start" "-a" "cad603d5651d17b8355ce543d91daf1f17f856f31d84547200cfe95ebf1981fb", kill_on_drop: false }`
[INFO] [stderr] warning: the cargo feature `edition` has been stabilized in the 1.31 release and is no longer necessary to be listed in the manifest
[INFO] [stderr]   See https://doc.rust-lang.org/beta/cargo/reference/manifest.html#the-edition-field for more information about using this feature.
[INFO] [stderr]    Compiling futures v0.1.31
[INFO] [stderr]    Compiling either v1.9.0
[INFO] [stderr]    Compiling vcpkg v0.2.15
[INFO] [stderr]    Compiling crossbeam-utils v0.7.2
[INFO] [stderr]    Compiling slab v0.4.9
[INFO] [stderr]    Compiling memoffset v0.5.6
[INFO] [stderr]    Compiling lock_api v0.3.4
[INFO] [stderr]    Compiling crossbeam-epoch v0.8.2
[INFO] [stderr]    Compiling itoa v0.4.8
[INFO] [stderr]    Compiling iovec v0.1.4
[INFO] [stderr]    Compiling cc v1.0.83
[INFO] [stderr]    Compiling num_cpus v1.16.0
[INFO] [stderr]    Compiling net2 v0.2.39
[INFO] [stderr]    Compiling parking_lot_core v0.6.3
[INFO] [stderr]    Compiling smallvec v0.6.14
[INFO] [stderr]    Compiling parking_lot v0.9.0
[INFO] [stderr]    Compiling openssl v0.10.62
[INFO] [stderr]    Compiling bytes v0.4.12
[INFO] [stderr]    Compiling openssl-macros v0.1.1
[INFO] [stderr]    Compiling hyper v0.12.36
[INFO] [stderr]    Compiling native-tls v0.2.11
[INFO] [stderr]    Compiling try-lock v0.2.5
[INFO] [stderr]    Compiling object v0.32.2
[INFO] [stderr]    Compiling mio v0.6.23
[INFO] [stderr]    Compiling time v0.1.45
[INFO] [stderr]    Compiling openssl-probe v0.1.5
[INFO] [stderr]    Compiling dtoa v0.4.8
[INFO] [stderr]    Compiling k8s-openapi v0.2.0
[INFO] [stderr]    Compiling http v0.1.21
[INFO] [stderr]    Compiling string v0.2.1
[INFO] [stderr]    Compiling chrono v0.4.31
[INFO] [stderr]    Compiling scoped-tls v0.1.2
[INFO] [stderr]    Compiling serde_yaml v0.7.5
[INFO] [stderr]    Compiling serde_urlencoded v0.5.5
[INFO] [stderr]    Compiling dirs v1.0.5
[INFO] [stderr]    Compiling crossbeam-queue v0.2.3
[INFO] [stderr]    Compiling mio-uds v0.6.8
[INFO] [stderr]    Compiling crossbeam-deque v0.7.4
[INFO] [stderr]    Compiling openssl-sys v0.9.98
[INFO] [stderr]    Compiling backtrace v0.3.69
[INFO] [stderr]    Compiling tokio-executor v0.1.10
[INFO] [stderr]    Compiling tokio-io v0.1.13
[INFO] [stderr]    Compiling tokio-sync v0.1.8
[INFO] [stderr]    Compiling tokio-buf v0.1.1
[INFO] [stderr]    Compiling want v0.2.0
[INFO] [stderr]    Compiling futures-cpupool v0.1.8
[INFO] [stderr]    Compiling tokio-threadpool v0.1.18
[INFO] [stderr]    Compiling tokio-timer v0.2.13
[INFO] [stderr]    Compiling tokio-current-thread v0.1.7
[INFO] [stderr]    Compiling tokio-codec v0.1.2
[INFO] [stderr]    Compiling tokio-reactor v0.1.12
[INFO] [stderr]    Compiling tokio-fs v0.1.7
[INFO] [stderr]    Compiling tokio-udp v0.1.6
[INFO] [stderr]    Compiling tokio-uds v0.2.7
[INFO] [stderr]    Compiling tokio-tcp v0.1.4
[INFO] [stderr]    Compiling tokio v0.1.22
[INFO] [stderr]    Compiling tokio-core v0.1.18
[INFO] [stderr]    Compiling h2 v0.1.26
[INFO] [stderr]    Compiling http-body v0.1.0
[INFO] [stderr]    Compiling failure v0.1.8
[INFO] [stderr]    Compiling hyper-tls v0.3.2
[INFO] [stderr]    Compiling keel v0.0.1 (/opt/rustwide/workdir)
[INFO] [stdout] error[E0557]: feature has been removed
[INFO] [stdout]  --> src/lib.rs:2:12
[INFO] [stdout]   |
[INFO] [stdout] 2 | #![feature(custom_attribute)]
[INFO] [stdout]   |            ^^^^^^^^^^^^^^^^ feature has been removed
[INFO] [stdout]   |
[INFO] [stdout]   = note: removed in favor of `#![register_tool]` and `#![register_attr]`
[INFO] [stdout] 
[INFO] [stdout] 
[INFO] [stdout] error[E0554]: `#![feature]` may not be used on the beta release channel
[INFO] [stdout]  --> src/lib.rs:1:1
[INFO] [stdout]   |
[INFO] [stdout] 1 | #![feature(uniform_paths)]
[INFO] [stdout]   | ^^^^^^^^^^^^^^^^^^^^^^^^^^ help: remove the attribute
[INFO] [stdout]   |
[INFO] [stdout]   = help: the feature `uniform_paths` has been stable since `1.32.0` and no longer requires an attribute to enable
[INFO] [stdout] 
[INFO] [stdout] 
[INFO] [stdout] error[E0554]: `#![feature]` may not be used on the beta release channel
[INFO] [stdout]  --> src/lib.rs:2:1
[INFO] [stdout]   |
[INFO] [stdout] 2 | #![feature(custom_attribute)]
[INFO] [stdout]   | ^^^^^^^^^^^^^^^^^^^^^^^^^^^^^
[INFO] [stdout] 
[INFO] [stdout] 
[INFO] [stdout] warning: the feature `uniform_paths` has been stable since 1.32.0 and no longer requires an attribute to enable
[INFO] [stdout]  --> src/lib.rs:1:12
[INFO] [stdout]   |
[INFO] [stdout] 1 | #![feature(uniform_paths)]
[INFO] [stdout]   |            ^^^^^^^^^^^^^
[INFO] [stdout]   |
[INFO] [stdout]   = note: `#[warn(stable_features)]` on by default
[INFO] [stdout] 
[INFO] [stdout] 
[INFO] [stdout] warning: trait objects without an explicit `dyn` are deprecated
[INFO] [stdout]    --> src/client/mod.rs:172:26
[INFO] [stdout]     |
[INFO] [stdout] 172 |     request_factory: Box<Fn(RequestOpts) -> K8sRequest<B> + Send>,
[INFO] [stdout]     |                          ^^^^^^^^^^^^^^^^^^^^^^^^^^^^^^^^^^^^^^^
[INFO] [stdout]     |
[INFO] [stdout]     = warning: this is accepted in the current edition (Rust 2018) but is a hard error in Rust 2021!
[INFO] [stdout]     = note: for more information, see <https://doc.rust-lang.org/nightly/edition-guide/rust-2021/warnings-promoted-to-error.html>
[INFO] [stdout]     = note: `#[warn(bare_trait_objects)]` on by default
[INFO] [stdout] help: use `dyn`
[INFO] [stdout]     |
[INFO] [stdout] 172 |     request_factory: Box<dyn Fn(RequestOpts) -> K8sRequest<B> + Send>,
[INFO] [stdout]     |                          +++
[INFO] [stdout] 
[INFO] [stdout] 
[INFO] [stdout] warning: trait objects without an explicit `dyn` are deprecated
[INFO] [stdout]    --> src/client/mod.rs:424:30
[INFO] [stdout]     |
[INFO] [stdout] 424 |         request_factory: Box<Fn(RequestOpts) -> K8sRequest<B> + Send>,
[INFO] [stdout]     |                              ^^^^^^^^^^^^^^^^^^^^^^^^^^^^^^^^^^^^^^^
[INFO] [stdout]     |
[INFO] [stdout]     = warning: this is accepted in the current edition (Rust 2018) but is a hard error in Rust 2021!
[INFO] [stdout]     = note: for more information, see <https://doc.rust-lang.org/nightly/edition-guide/rust-2021/warnings-promoted-to-error.html>
[INFO] [stdout] help: use `dyn`
[INFO] [stdout]     |
[INFO] [stdout] 424 |         request_factory: Box<dyn Fn(RequestOpts) -> K8sRequest<B> + Send>,
[INFO] [stdout]     |                              +++
[INFO] [stdout] 
[INFO] [stdout] 
[INFO] [stdout] warning: use of deprecated method `openssl::pkcs12::Pkcs12Builder::build`: Use Self::{name, pkey, cert, build2} instead.
[INFO] [stdout]   --> src/client/mod.rs:75:52
[INFO] [stdout]    |
[INFO] [stdout] 75 |                 openssl::pkcs12::Pkcs12::builder().build(password, "kubeconfig", &pkey, &cert)?;
[INFO] [stdout]    |                                                    ^^^^^
[INFO] [stdout]    |
[INFO] [stdout]    = note: `#[warn(deprecated)]` on by default
[INFO] [stdout] 
[INFO] [stdout] 
[INFO] [stdout] error: aborting due to 3 previous errors; 4 warnings emitted
[INFO] [stdout] 
[INFO] [stdout] 
[INFO] [stdout] Some errors have detailed explanations: E0554, E0557.
[INFO] [stdout] 
[INFO] [stdout] For more information about an error, try `rustc --explain E0554`.
[INFO] [stdout] 
[INFO] [stderr] error: could not compile `keel` (lib) due to 4 previous errors; 4 warnings emitted
[INFO] [stderr] warning: build failed, waiting for other jobs to finish...
[INFO] [stderr] error: could not compile `k8s-openapi` (lib)
[INFO] [stderr] 
[INFO] [stderr] Caused by:
[INFO] [stderr]   process didn't exit successfully: `/opt/rustwide/rustup-home/toolchains/beta-2023-12-22-x86_64-unknown-linux-gnu/bin/rustc --crate-name k8s_openapi /opt/rustwide/cargo-home/registry/src/index.crates.io-6f17d22bba15001f/k8s-openapi-0.2.0/src/lib.rs --error-format=json --json=diagnostic-rendered-ansi,artifacts,future-incompat --crate-type lib --emit=dep-info,metadata,link -C embed-bitcode=no -C debuginfo=2 --cfg 'feature="v1_11"' -C metadata=f4c625cf8eb61537 -C extra-filename=-f4c625cf8eb61537 --out-dir /opt/rustwide/target/debug/deps -L dependency=/opt/rustwide/target/debug/deps --extern base64=/opt/rustwide/target/debug/deps/libbase64-b8298140f750cd01.rmeta --extern bytes=/opt/rustwide/target/debug/deps/libbytes-16e0d6180091cd36.rmeta --extern chrono=/opt/rustwide/target/debug/deps/libchrono-9f64e3b072b09fe2.rmeta --extern http=/opt/rustwide/target/debug/deps/libhttp-8dcd2a5c4570e8ef.rmeta --extern serde=/opt/rustwide/target/debug/deps/libserde-43396d81f5c62e04.rmeta --extern serde_json=/opt/rustwide/target/debug/deps/libserde_json-4c7675d40885eab7.rmeta --extern url=/opt/rustwide/target/debug/deps/liburl-b7e8506f15bc6729.rmeta --cap-lints allow --cap-lints=warn` (signal: 9, SIGKILL: kill)
[INFO] running `Command { std: "docker" "inspect" "cad603d5651d17b8355ce543d91daf1f17f856f31d84547200cfe95ebf1981fb", kill_on_drop: false }`
[INFO] running `Command { std: "docker" "rm" "-f" "cad603d5651d17b8355ce543d91daf1f17f856f31d84547200cfe95ebf1981fb", kill_on_drop: false }`
[INFO] [stdout] cad603d5651d17b8355ce543d91daf1f17f856f31d84547200cfe95ebf1981fb
