[INFO] fetching crate kdmapi 0.1.0...
[INFO] testing kdmapi-0.1.0 against 1.75.0 for beta-1.76-1
[INFO] extracting crate kdmapi 0.1.0 into /workspace/builds/worker-4-tc1/source
[INFO] validating manifest of crates.io crate kdmapi 0.1.0 on toolchain 1.75.0
[INFO] running `Command { std: CARGO_HOME="/workspace/cargo-home" RUSTUP_HOME="/workspace/rustup-home" "/workspace/cargo-home/bin/cargo" "+1.75.0" "metadata" "--manifest-path" "Cargo.toml" "--no-deps", kill_on_drop: false }`
[INFO] started tweaking crates.io crate kdmapi 0.1.0
[INFO] finished tweaking crates.io crate kdmapi 0.1.0
[INFO] tweaked toml for crates.io crate kdmapi 0.1.0 written to /workspace/builds/worker-4-tc1/source/Cargo.toml
[INFO] running `Command { std: CARGO_HOME="/workspace/cargo-home" RUSTUP_HOME="/workspace/rustup-home" "/workspace/cargo-home/bin/cargo" "+1.75.0" "generate-lockfile" "--manifest-path" "Cargo.toml", kill_on_drop: false }`
[INFO] [stderr]     Blocking waiting for file lock on package cache
[INFO] [stderr]     Updating crates.io index
[INFO] running `Command { std: CARGO_HOME="/workspace/cargo-home" RUSTUP_HOME="/workspace/rustup-home" "/workspace/cargo-home/bin/cargo" "+1.75.0" "fetch" "--manifest-path" "Cargo.toml", kill_on_drop: false }`
[INFO] running `Command { std: "docker" "create" "-v" "/var/lib/crater-agent-workspace/builds/worker-4-tc1/target:/opt/rustwide/target:rw,Z" "-v" "/var/lib/crater-agent-workspace/builds/worker-4-tc1/source:/opt/rustwide/workdir:ro,Z" "-v" "/var/lib/crater-agent-workspace/cargo-home:/opt/rustwide/cargo-home:ro,Z" "-v" "/var/lib/crater-agent-workspace/rustup-home:/opt/rustwide/rustup-home:ro,Z" "-e" "SOURCE_DIR=/opt/rustwide/workdir" "-e" "CARGO_TARGET_DIR=/opt/rustwide/target" "-e" "CARGO_HOME=/opt/rustwide/cargo-home" "-e" "RUSTUP_HOME=/opt/rustwide/rustup-home" "-w" "/opt/rustwide/workdir" "-m" "1610612736" "--user" "0:0" "--network" "none" "ghcr.io/rust-lang/crates-build-env/linux@sha256:2788e3201cd34a07e3172128adcd8b3090168a8e3bcc40d7c032b9dda1df7d1c" "/opt/rustwide/cargo-home/bin/cargo" "+1.75.0" "metadata" "--no-deps" "--format-version=1", kill_on_drop: false }`
[INFO] [stdout] 985bd9200743dd1fb07f15c49a50e4d5ee1e52fdf85f75ce105de13002bb411c
[INFO] running `Command { std: "docker" "start" "-a" "985bd9200743dd1fb07f15c49a50e4d5ee1e52fdf85f75ce105de13002bb411c", kill_on_drop: false }`
[INFO] running `Command { std: "docker" "inspect" "985bd9200743dd1fb07f15c49a50e4d5ee1e52fdf85f75ce105de13002bb411c", kill_on_drop: false }`
[INFO] running `Command { std: "docker" "rm" "-f" "985bd9200743dd1fb07f15c49a50e4d5ee1e52fdf85f75ce105de13002bb411c", kill_on_drop: false }`
[INFO] [stdout] 985bd9200743dd1fb07f15c49a50e4d5ee1e52fdf85f75ce105de13002bb411c
[INFO] running `Command { std: "docker" "create" "-v" "/var/lib/crater-agent-workspace/builds/worker-4-tc1/target:/opt/rustwide/target:rw,Z" "-v" "/var/lib/crater-agent-workspace/builds/worker-4-tc1/source:/opt/rustwide/workdir:ro,Z" "-v" "/var/lib/crater-agent-workspace/cargo-home:/opt/rustwide/cargo-home:ro,Z" "-v" "/var/lib/crater-agent-workspace/rustup-home:/opt/rustwide/rustup-home:ro,Z" "-e" "SOURCE_DIR=/opt/rustwide/workdir" "-e" "CARGO_TARGET_DIR=/opt/rustwide/target" "-e" "CARGO_INCREMENTAL=0" "-e" "RUST_BACKTRACE=full" "-e" "RUSTFLAGS=--cap-lints=warn" "-e" "RUSTDOCFLAGS=--cap-lints=warn" "-e" "CARGO_HOME=/opt/rustwide/cargo-home" "-e" "RUSTUP_HOME=/opt/rustwide/rustup-home" "-w" "/opt/rustwide/workdir" "-m" "1610612736" "--user" "0:0" "--network" "none" "ghcr.io/rust-lang/crates-build-env/linux@sha256:2788e3201cd34a07e3172128adcd8b3090168a8e3bcc40d7c032b9dda1df7d1c" "/opt/rustwide/cargo-home/bin/cargo" "+1.75.0" "build" "--frozen" "--message-format=json", kill_on_drop: false }`
[INFO] [stdout] 16c328ed29e896f05f055bd4f42a9d29f894b64cfbc64dd4aefd38e4594e6aec
[INFO] running `Command { std: "docker" "start" "-a" "16c328ed29e896f05f055bd4f42a9d29f894b64cfbc64dd4aefd38e4594e6aec", kill_on_drop: false }`
[INFO] [stderr]    Compiling winapi v0.3.9
[INFO] [stderr]    Compiling kdmapi v0.1.0 (/opt/rustwide/workdir)
[INFO] [stdout] error[E0433]: failed to resolve: could not find `shared` in `winapi`
[INFO] [stdout]  --> src/lib.rs:4:13
[INFO] [stdout]   |
[INFO] [stdout] 4 | use winapi::shared::minwindef::*;
[INFO] [stdout]   |             ^^^^^^ could not find `shared` in `winapi`
[INFO] [stdout] 
[INFO] [stdout] 
[INFO] [stdout] error[E0433]: failed to resolve: could not find `um` in `winapi`
[INFO] [stdout]   --> src/lib.rs:40:28
[INFO] [stdout]    |
[INFO] [stdout] 40 |         let proc = winapi::um::libloaderapi::GetProcAddress(module, cstr_name.as_ptr() as *const i8).as_ref();
[INFO] [stdout]    |                            ^^ could not find `um` in `winapi`
[INFO] [stdout] 
[INFO] [stdout] 
[INFO] [stdout] error[E0433]: failed to resolve: could not find `um` in `winapi`
[INFO] [stdout]   --> src/lib.rs:43:33
[INFO] [stdout]    |
[INFO] [stdout] 43 |             None => Err(winapi::um::errhandlingapi::GetLastError())
[INFO] [stdout]    |                                 ^^ could not find `um` in `winapi`
[INFO] [stdout] 
[INFO] [stdout] 
[INFO] [stdout] error[E0433]: failed to resolve: could not find `um` in `winapi`
[INFO] [stdout]   --> src/lib.rs:56:34
[INFO] [stdout]    |
[INFO] [stdout] 56 |         let mut module = winapi::um::libloaderapi::LoadLibraryA(mod_name.as_ptr() as *const i8);
[INFO] [stdout]    |                                  ^^ could not find `um` in `winapi`
[INFO] [stdout] 
[INFO] [stdout] 
[INFO] [stdout] error[E0433]: failed to resolve: could not find `um` in `winapi`
[INFO] [stdout]   --> src/lib.rs:60:21
[INFO] [stdout]    |
[INFO] [stdout] 60 |             winapi::um::sysinfoapi::GetSystemDirectoryA(system_path.as_mut_ptr() as *mut i8, 260);
[INFO] [stdout]    |                     ^^ could not find `um` in `winapi`
[INFO] [stdout] 
[INFO] [stdout] 
[INFO] [stdout] error[E0433]: failed to resolve: could not find `um` in `winapi`
[INFO] [stdout]   --> src/lib.rs:72:30
[INFO] [stdout]    |
[INFO] [stdout] 72 |             module = winapi::um::libloaderapi::LoadLibraryA(new_path.as_ptr() as *const i8);
[INFO] [stdout]    |                              ^^ could not find `um` in `winapi`
[INFO] [stdout] 
[INFO] [stdout] 
[INFO] [stdout] error[E0433]: failed to resolve: could not find `um` in `winapi`
[INFO] [stdout]   --> src/lib.rs:74:86
[INFO] [stdout]    |
[INFO] [stdout] 74 |                 return Err(format!("Failed to load OmniMIDI.dll! GLE: {:x}", winapi::um::errhandlingapi::GetLastError()))
[INFO] [stdout]    |                                                                                      ^^ could not find `um` in `winapi`
[INFO] [stdout] 
[INFO] [stdout] 
[INFO] [stdout] error[E0412]: cannot find type `HMODULE` in this scope
[INFO] [stdout]   --> src/lib.rs:37:21
[INFO] [stdout]    |
[INFO] [stdout] 37 | fn get_func(module: HMODULE, name: &str) -> Result<&__some_function, u32> {
[INFO] [stdout]    |                     ^^^^^^^ not found in this scope
[INFO] [stdout] 
[INFO] [stdout] 
[INFO] [stdout] error[E0412]: cannot find type `__some_function` in this scope
[INFO] [stdout]   --> src/lib.rs:37:53
[INFO] [stdout]    |
[INFO] [stdout] 37 | fn get_func(module: HMODULE, name: &str) -> Result<&__some_function, u32> {
[INFO] [stdout]    |                                                     ^^^^^^^^^^^^^^^ not found in this scope
[INFO] [stdout]    |
[INFO] [stdout] help: you might be missing a type parameter
[INFO] [stdout]    |
[INFO] [stdout] 37 | fn get_func<__some_function>(module: HMODULE, name: &str) -> Result<&__some_function, u32> {
[INFO] [stdout]    |            +++++++++++++++++
[INFO] [stdout] 
[INFO] [stdout] 
[INFO] [stdout] error[E0554]: `#![feature]` may not be used on the stable release channel
[INFO] [stdout]  --> src/lib.rs:1:1
[INFO] [stdout]   |
[INFO] [stdout] 1 | #![feature(const_fn_fn_ptr_basics)]
[INFO] [stdout]   | ^^^^^^^^^^^^^^^^^^^^^^^^^^^^^^^^^^^ help: remove the attribute
[INFO] [stdout]   |
[INFO] [stdout]   = help: the feature `const_fn_fn_ptr_basics` has been stable since `1.61.0` and no longer requires an attribute to enable
[INFO] [stdout] 
[INFO] [stdout] 
[INFO] [stdout] warning: the feature `const_fn_fn_ptr_basics` has been stable since 1.61.0 and no longer requires an attribute to enable
[INFO] [stdout]  --> src/lib.rs:1:12
[INFO] [stdout]   |
[INFO] [stdout] 1 | #![feature(const_fn_fn_ptr_basics)]
[INFO] [stdout]   |            ^^^^^^^^^^^^^^^^^^^^^^
[INFO] [stdout]   |
[INFO] [stdout]   = note: `#[warn(stable_features)]` on by default
[INFO] [stdout] 
[INFO] [stdout] 
[INFO] [stdout] error: aborting due to 10 previous errors; 1 warning emitted
[INFO] [stdout] 
[INFO] [stdout] 
[INFO] [stdout] Some errors have detailed explanations: E0412, E0433, E0554.
[INFO] [stdout] 
[INFO] [stdout] For more information about an error, try `rustc --explain E0412`.
[INFO] [stdout] 
[INFO] [stderr] error: could not compile `kdmapi` (lib) due to 11 previous errors; 1 warning emitted
[INFO] running `Command { std: "docker" "inspect" "16c328ed29e896f05f055bd4f42a9d29f894b64cfbc64dd4aefd38e4594e6aec", kill_on_drop: false }`
[INFO] running `Command { std: "docker" "rm" "-f" "16c328ed29e896f05f055bd4f42a9d29f894b64cfbc64dd4aefd38e4594e6aec", kill_on_drop: false }`
[INFO] [stdout] 16c328ed29e896f05f055bd4f42a9d29f894b64cfbc64dd4aefd38e4594e6aec
[INFO] testing kdmapi-0.1.0 against beta-2023-12-22 for beta-1.76-1
[INFO] extracting crate kdmapi 0.1.0 into /workspace/builds/worker-4-tc2/source
[INFO] validating manifest of crates.io crate kdmapi 0.1.0 on toolchain beta-2023-12-22
[INFO] running `Command { std: CARGO_HOME="/workspace/cargo-home" RUSTUP_HOME="/workspace/rustup-home" "/workspace/cargo-home/bin/cargo" "+beta-2023-12-22" "metadata" "--manifest-path" "Cargo.toml" "--no-deps", kill_on_drop: false }`
[INFO] started tweaking crates.io crate kdmapi 0.1.0
[INFO] finished tweaking crates.io crate kdmapi 0.1.0
[INFO] tweaked toml for crates.io crate kdmapi 0.1.0 written to /workspace/builds/worker-4-tc2/source/Cargo.toml
[INFO] running `Command { std: CARGO_HOME="/workspace/cargo-home" RUSTUP_HOME="/workspace/rustup-home" "/workspace/cargo-home/bin/cargo" "+beta-2023-12-22" "generate-lockfile" "--manifest-path" "Cargo.toml", kill_on_drop: false }`
[INFO] [stderr]     Updating crates.io index
[INFO] running `Command { std: CARGO_HOME="/workspace/cargo-home" RUSTUP_HOME="/workspace/rustup-home" "/workspace/cargo-home/bin/cargo" "+beta-2023-12-22" "fetch" "--manifest-path" "Cargo.toml", kill_on_drop: false }`
[INFO] running `Command { std: "docker" "create" "-v" "/var/lib/crater-agent-workspace/builds/worker-4-tc2/target:/opt/rustwide/target:rw,Z" "-v" "/var/lib/crater-agent-workspace/builds/worker-4-tc2/source:/opt/rustwide/workdir:ro,Z" "-v" "/var/lib/crater-agent-workspace/cargo-home:/opt/rustwide/cargo-home:ro,Z" "-v" "/var/lib/crater-agent-workspace/rustup-home:/opt/rustwide/rustup-home:ro,Z" "-e" "SOURCE_DIR=/opt/rustwide/workdir" "-e" "CARGO_TARGET_DIR=/opt/rustwide/target" "-e" "CARGO_HOME=/opt/rustwide/cargo-home" "-e" "RUSTUP_HOME=/opt/rustwide/rustup-home" "-w" "/opt/rustwide/workdir" "-m" "1610612736" "--user" "0:0" "--network" "none" "ghcr.io/rust-lang/crates-build-env/linux@sha256:2788e3201cd34a07e3172128adcd8b3090168a8e3bcc40d7c032b9dda1df7d1c" "/opt/rustwide/cargo-home/bin/cargo" "+beta-2023-12-22" "metadata" "--no-deps" "--format-version=1", kill_on_drop: false }`
[INFO] [stdout] 8b02ebcf5663f17f078795d002947c72b88087a620886c9221f24e3d20fa23cb
[INFO] running `Command { std: "docker" "start" "-a" "8b02ebcf5663f17f078795d002947c72b88087a620886c9221f24e3d20fa23cb", kill_on_drop: false }`
[INFO] running `Command { std: "docker" "inspect" "8b02ebcf5663f17f078795d002947c72b88087a620886c9221f24e3d20fa23cb", kill_on_drop: false }`
[INFO] running `Command { std: "docker" "rm" "-f" "8b02ebcf5663f17f078795d002947c72b88087a620886c9221f24e3d20fa23cb", kill_on_drop: false }`
[INFO] [stdout] 8b02ebcf5663f17f078795d002947c72b88087a620886c9221f24e3d20fa23cb
[INFO] running `Command { std: "docker" "create" "-v" "/var/lib/crater-agent-workspace/builds/worker-4-tc2/target:/opt/rustwide/target:rw,Z" "-v" "/var/lib/crater-agent-workspace/builds/worker-4-tc2/source:/opt/rustwide/workdir:ro,Z" "-v" "/var/lib/crater-agent-workspace/cargo-home:/opt/rustwide/cargo-home:ro,Z" "-v" "/var/lib/crater-agent-workspace/rustup-home:/opt/rustwide/rustup-home:ro,Z" "-e" "SOURCE_DIR=/opt/rustwide/workdir" "-e" "CARGO_TARGET_DIR=/opt/rustwide/target" "-e" "CARGO_INCREMENTAL=0" "-e" "RUST_BACKTRACE=full" "-e" "RUSTFLAGS=--cap-lints=warn" "-e" "RUSTDOCFLAGS=--cap-lints=warn" "-e" "CARGO_HOME=/opt/rustwide/cargo-home" "-e" "RUSTUP_HOME=/opt/rustwide/rustup-home" "-w" "/opt/rustwide/workdir" "-m" "1610612736" "--user" "0:0" "--network" "none" "ghcr.io/rust-lang/crates-build-env/linux@sha256:2788e3201cd34a07e3172128adcd8b3090168a8e3bcc40d7c032b9dda1df7d1c" "/opt/rustwide/cargo-home/bin/cargo" "+beta-2023-12-22" "build" "--frozen" "--message-format=json", kill_on_drop: false }`
[INFO] [stdout] 21579c97a60eb3c170003329e7ae855721c8b097f7e667ad1a89c4cb4f8e5be8
[INFO] running `Command { std: "docker" "start" "-a" "21579c97a60eb3c170003329e7ae855721c8b097f7e667ad1a89c4cb4f8e5be8", kill_on_drop: false }`
[INFO] [stderr]    Compiling winapi v0.3.9
[INFO] [stderr]    Compiling kdmapi v0.1.0 (/opt/rustwide/workdir)
[INFO] [stdout] error[E0433]: failed to resolve: could not find `shared` in `winapi`
[INFO] [stdout]  --> src/lib.rs:4:13
[INFO] [stdout]   |
[INFO] [stdout] 4 | use winapi::shared::minwindef::*;
[INFO] [stdout]   |             ^^^^^^ could not find `shared` in `winapi`
[INFO] [stdout] 
[INFO] [stdout] 
[INFO] [stdout] error[E0433]: failed to resolve: could not find `um` in `winapi`
[INFO] [stdout]   --> src/lib.rs:40:28
[INFO] [stdout]    |
[INFO] [stdout] 40 |         let proc = winapi::um::libloaderapi::GetProcAddress(module, cstr_name.as_ptr() as *const i8).as_ref();
[INFO] [stdout]    |                            ^^ could not find `um` in `winapi`
[INFO] [stdout] 
[INFO] [stdout] 
[INFO] [stdout] error[E0433]: failed to resolve: could not find `um` in `winapi`
[INFO] [stdout]   --> src/lib.rs:43:33
[INFO] [stdout]    |
[INFO] [stdout] 43 |             None => Err(winapi::um::errhandlingapi::GetLastError())
[INFO] [stdout]    |                                 ^^ could not find `um` in `winapi`
[INFO] [stdout] 
[INFO] [stdout] 
[INFO] [stdout] error[E0433]: failed to resolve: could not find `um` in `winapi`
[INFO] [stdout]   --> src/lib.rs:56:34
[INFO] [stdout]    |
[INFO] [stdout] 56 |         let mut module = winapi::um::libloaderapi::LoadLibraryA(mod_name.as_ptr() as *const i8);
[INFO] [stdout]    |                                  ^^ could not find `um` in `winapi`
[INFO] [stdout] 
[INFO] [stdout] 
[INFO] [stdout] error[E0433]: failed to resolve: could not find `um` in `winapi`
[INFO] [stdout]   --> src/lib.rs:60:21
[INFO] [stdout]    |
[INFO] [stdout] 60 |             winapi::um::sysinfoapi::GetSystemDirectoryA(system_path.as_mut_ptr() as *mut i8, 260);
[INFO] [stdout]    |                     ^^ could not find `um` in `winapi`
[INFO] [stdout] 
[INFO] [stdout] 
[INFO] [stdout] error[E0433]: failed to resolve: could not find `um` in `winapi`
[INFO] [stdout]   --> src/lib.rs:72:30
[INFO] [stdout]    |
[INFO] [stdout] 72 |             module = winapi::um::libloaderapi::LoadLibraryA(new_path.as_ptr() as *const i8);
[INFO] [stdout]    |                              ^^ could not find `um` in `winapi`
[INFO] [stdout] 
[INFO] [stdout] 
[INFO] [stdout] error[E0433]: failed to resolve: could not find `um` in `winapi`
[INFO] [stdout]   --> src/lib.rs:74:86
[INFO] [stdout]    |
[INFO] [stdout] 74 |                 return Err(format!("Failed to load OmniMIDI.dll! GLE: {:x}", winapi::um::errhandlingapi::GetLastError()))
[INFO] [stdout]    |                                                                                      ^^ could not find `um` in `winapi`
[INFO] [stdout] 
[INFO] [stdout] 
[INFO] [stdout] error[E0412]: cannot find type `HMODULE` in this scope
[INFO] [stdout]   --> src/lib.rs:37:21
[INFO] [stdout]    |
[INFO] [stdout] 37 | fn get_func(module: HMODULE, name: &str) -> Result<&__some_function, u32> {
[INFO] [stdout]    |                     ^^^^^^^ not found in this scope
[INFO] [stdout] 
[INFO] [stdout] 
[INFO] [stdout] error[E0412]: cannot find type `__some_function` in this scope
[INFO] [stdout]   --> src/lib.rs:37:53
[INFO] [stdout]    |
[INFO] [stdout] 37 | fn get_func(module: HMODULE, name: &str) -> Result<&__some_function, u32> {
[INFO] [stdout]    |                                                     ^^^^^^^^^^^^^^^ not found in this scope
[INFO] [stdout]    |
[INFO] [stdout] help: you might be missing a type parameter
[INFO] [stdout]    |
[INFO] [stdout] 37 | fn get_func<__some_function>(module: HMODULE, name: &str) -> Result<&__some_function, u32> {
[INFO] [stdout]    |            +++++++++++++++++
[INFO] [stdout] 
[INFO] [stdout] 
[INFO] [stdout] error[E0554]: `#![feature]` may not be used on the beta release channel
[INFO] [stdout]  --> src/lib.rs:1:1
[INFO] [stdout]   |
[INFO] [stdout] 1 | #![feature(const_fn_fn_ptr_basics)]
[INFO] [stdout]   | ^^^^^^^^^^^^^^^^^^^^^^^^^^^^^^^^^^^ help: remove the attribute
[INFO] [stdout]   |
[INFO] [stdout]   = help: the feature `const_fn_fn_ptr_basics` has been stable since `1.61.0` and no longer requires an attribute to enable
[INFO] [stdout] 
[INFO] [stdout] 
[INFO] [stdout] warning: the feature `const_fn_fn_ptr_basics` has been stable since 1.61.0 and no longer requires an attribute to enable
[INFO] [stdout]  --> src/lib.rs:1:12
[INFO] [stdout]   |
[INFO] [stdout] 1 | #![feature(const_fn_fn_ptr_basics)]
[INFO] [stdout]   |            ^^^^^^^^^^^^^^^^^^^^^^
[INFO] [stdout]   |
[INFO] [stdout]   = note: `#[warn(stable_features)]` on by default
[INFO] [stdout] 
[INFO] [stdout] 
[INFO] [stdout] error: aborting due to 10 previous errors; 1 warning emitted
[INFO] [stdout] 
[INFO] [stdout] 
[INFO] [stdout] Some errors have detailed explanations: E0412, E0433, E0554.
[INFO] [stdout] 
[INFO] [stdout] For more information about an error, try `rustc --explain E0412`.
[INFO] [stdout] 
[INFO] [stderr] error: could not compile `kdmapi` (lib) due to 11 previous errors; 1 warning emitted
[INFO] running `Command { std: "docker" "inspect" "21579c97a60eb3c170003329e7ae855721c8b097f7e667ad1a89c4cb4f8e5be8", kill_on_drop: false }`
[INFO] running `Command { std: "docker" "rm" "-f" "21579c97a60eb3c170003329e7ae855721c8b097f7e667ad1a89c4cb4f8e5be8", kill_on_drop: false }`
[INFO] [stdout] 21579c97a60eb3c170003329e7ae855721c8b097f7e667ad1a89c4cb4f8e5be8
