[INFO] fetching crate kcl-lib 0.1.40...
[INFO] testing kcl-lib-0.1.40 against 1.75.0 for beta-1.76-1
[INFO] extracting crate kcl-lib 0.1.40 into /workspace/builds/worker-5-tc1/source
[INFO] validating manifest of crates.io crate kcl-lib 0.1.40 on toolchain 1.75.0
[INFO] running `Command { std: CARGO_HOME="/workspace/cargo-home" RUSTUP_HOME="/workspace/rustup-home" "/workspace/cargo-home/bin/cargo" "+1.75.0" "metadata" "--manifest-path" "Cargo.toml" "--no-deps", kill_on_drop: false }`
[INFO] started tweaking crates.io crate kcl-lib 0.1.40
[INFO] finished tweaking crates.io crate kcl-lib 0.1.40
[INFO] tweaked toml for crates.io crate kcl-lib 0.1.40 written to /workspace/builds/worker-5-tc1/source/Cargo.toml
[INFO] running `Command { std: CARGO_HOME="/workspace/cargo-home" RUSTUP_HOME="/workspace/rustup-home" "/workspace/cargo-home/bin/cargo" "+1.75.0" "generate-lockfile" "--manifest-path" "Cargo.toml", kill_on_drop: false }`
[INFO] [stderr]     Updating crates.io index
[INFO] running `Command { std: CARGO_HOME="/workspace/cargo-home" RUSTUP_HOME="/workspace/rustup-home" "/workspace/cargo-home/bin/cargo" "+1.75.0" "fetch" "--manifest-path" "Cargo.toml", kill_on_drop: false }`
[INFO] [stderr]     Blocking waiting for file lock on package cache
[INFO] [stderr]  Downloading crates ...
[INFO] [stderr]   Downloaded databake v0.1.7
[INFO] [stderr]   Downloaded newline-converter v0.3.0
[INFO] [stderr]   Downloaded tower-lsp-macros v0.9.0
[INFO] [stderr]   Downloaded oncemutex v0.1.1
[INFO] [stderr]   Downloaded derive-docs v0.1.5
[INFO] [stderr]   Downloaded regex-cache v0.2.1
[INFO] [stderr]   Downloaded async-codec-lite v0.0.2
[INFO] [stderr]   Downloaded databake-derive v0.1.7
[INFO] [stderr]   Downloaded serde_tokenstream v0.2.0
[INFO] [stderr]   Downloaded bson v2.8.1
[INFO] [stderr]   Downloaded expectorate v1.1.0
[INFO] [stderr]   Downloaded phonenumber v0.3.3+8.13.9
[INFO] [stderr]   Downloaded tower-lsp v0.20.0
[INFO] [stderr]   Downloaded ts-rs-macros-serde-json v7.0.1
[INFO] [stderr]   Downloaded ts-rs-json-value v7.0.3
[INFO] [stderr]   Downloaded kittycad v0.2.45
[INFO] running `Command { std: "docker" "create" "-v" "/var/lib/crater-agent-workspace/builds/worker-5-tc1/target:/opt/rustwide/target:rw,Z" "-v" "/var/lib/crater-agent-workspace/builds/worker-5-tc1/source:/opt/rustwide/workdir:ro,Z" "-v" "/var/lib/crater-agent-workspace/cargo-home:/opt/rustwide/cargo-home:ro,Z" "-v" "/var/lib/crater-agent-workspace/rustup-home:/opt/rustwide/rustup-home:ro,Z" "-e" "SOURCE_DIR=/opt/rustwide/workdir" "-e" "CARGO_TARGET_DIR=/opt/rustwide/target" "-e" "CARGO_HOME=/opt/rustwide/cargo-home" "-e" "RUSTUP_HOME=/opt/rustwide/rustup-home" "-w" "/opt/rustwide/workdir" "-m" "1610612736" "--user" "0:0" "--network" "none" "ghcr.io/rust-lang/crates-build-env/linux@sha256:2788e3201cd34a07e3172128adcd8b3090168a8e3bcc40d7c032b9dda1df7d1c" "/opt/rustwide/cargo-home/bin/cargo" "+1.75.0" "metadata" "--no-deps" "--format-version=1", kill_on_drop: false }`
[INFO] [stdout] 3b978f04c9e90d3680d65ce6ade58b7199a8a33e450d6d280f06ce4ff1558d47
[INFO] running `Command { std: "docker" "start" "-a" "3b978f04c9e90d3680d65ce6ade58b7199a8a33e450d6d280f06ce4ff1558d47", kill_on_drop: false }`
[INFO] running `Command { std: "docker" "inspect" "3b978f04c9e90d3680d65ce6ade58b7199a8a33e450d6d280f06ce4ff1558d47", kill_on_drop: false }`
[INFO] running `Command { std: "docker" "rm" "-f" "3b978f04c9e90d3680d65ce6ade58b7199a8a33e450d6d280f06ce4ff1558d47", kill_on_drop: false }`
[INFO] [stdout] 3b978f04c9e90d3680d65ce6ade58b7199a8a33e450d6d280f06ce4ff1558d47
[INFO] running `Command { std: "docker" "create" "-v" "/var/lib/crater-agent-workspace/builds/worker-5-tc1/target:/opt/rustwide/target:rw,Z" "-v" "/var/lib/crater-agent-workspace/builds/worker-5-tc1/source:/opt/rustwide/workdir:ro,Z" "-v" "/var/lib/crater-agent-workspace/cargo-home:/opt/rustwide/cargo-home:ro,Z" "-v" "/var/lib/crater-agent-workspace/rustup-home:/opt/rustwide/rustup-home:ro,Z" "-e" "SOURCE_DIR=/opt/rustwide/workdir" "-e" "CARGO_TARGET_DIR=/opt/rustwide/target" "-e" "CARGO_INCREMENTAL=0" "-e" "RUST_BACKTRACE=full" "-e" "RUSTFLAGS=--cap-lints=warn" "-e" "RUSTDOCFLAGS=--cap-lints=warn" "-e" "CARGO_HOME=/opt/rustwide/cargo-home" "-e" "RUSTUP_HOME=/opt/rustwide/rustup-home" "-w" "/opt/rustwide/workdir" "-m" "1610612736" "--user" "0:0" "--network" "none" "ghcr.io/rust-lang/crates-build-env/linux@sha256:2788e3201cd34a07e3172128adcd8b3090168a8e3bcc40d7c032b9dda1df7d1c" "/opt/rustwide/cargo-home/bin/cargo" "+1.75.0" "build" "--frozen" "--message-format=json", kill_on_drop: false }`
[INFO] [stdout] 856f0225c7ea6fc4af9fedd49e5e374cdc1ddf60f0c8e32f602a225fe5efa376
[INFO] running `Command { std: "docker" "start" "-a" "856f0225c7ea6fc4af9fedd49e5e374cdc1ddf60f0c8e32f602a225fe5efa376", kill_on_drop: false }`
[INFO] [stderr]    Compiling proc-macro2 v1.0.75
[INFO] [stderr]    Compiling unicode-ident v1.0.12
[INFO] [stderr]    Compiling libc v0.2.151
[INFO] [stderr]    Compiling serde v1.0.194
[INFO] [stderr]    Compiling version_check v0.9.4
[INFO] [stderr]    Compiling once_cell v1.19.0
[INFO] [stderr]    Compiling pin-project-lite v0.2.13
[INFO] [stderr]    Compiling log v0.4.20
[INFO] [stderr]    Compiling syn v1.0.109
[INFO] [stderr]    Compiling lock_api v0.4.11
[INFO] [stderr]    Compiling hashbrown v0.14.3
[INFO] [stderr]    Compiling parking_lot_core v0.9.9
[INFO] [stderr]    Compiling slab v0.4.9
[INFO] [stderr]    Compiling wasm-bindgen-shared v0.2.89
[INFO] [stderr]    Compiling futures-core v0.3.30
[INFO] [stderr]    Compiling scopeguard v1.2.0
[INFO] [stderr]    Compiling futures-sink v0.3.30
[INFO] [stderr]    Compiling num-traits v0.2.17
[INFO] [stderr]    Compiling futures-task v0.3.30
[INFO] [stderr]    Compiling futures-channel v0.3.30
[INFO] [stderr]    Compiling pin-utils v0.1.0
[INFO] [stderr]    Compiling typenum v1.17.0
[INFO] [stderr]    Compiling bumpalo v3.14.0
[INFO] [stderr]    Compiling futures-io v0.3.30
[INFO] [stderr]    Compiling thiserror v1.0.56
[INFO] [stderr]    Compiling serde_json v1.0.111
[INFO] [stderr]    Compiling num-integer v0.1.45
[INFO] [stderr]    Compiling generic-array v0.14.7
[INFO] [stderr]    Compiling httparse v1.8.0
[INFO] [stderr]    Compiling untrusted v0.9.0
[INFO] [stderr]    Compiling spin v0.9.8
[INFO] [stderr]    Compiling wasm-bindgen v0.2.89
[INFO] [stderr]    Compiling tracing-core v0.1.32
[INFO] [stderr]    Compiling num-bigint v0.4.4
[INFO] [stderr]    Compiling libm v0.2.8
[INFO] [stderr]    Compiling rustversion v1.0.14
[INFO] [stderr]    Compiling proc-macro-error-attr v1.0.4
[INFO] [stderr]    Compiling indexmap v2.1.0
[INFO] [stderr]    Compiling bigdecimal v0.4.2
[INFO] [stderr]    Compiling ppv-lite86 v0.2.17
[INFO] [stderr]    Compiling quote v1.0.35
[INFO] [stderr]    Compiling rustls v0.21.10
[INFO] [stderr]    Compiling atomic v0.5.3
[INFO] [stderr]    Compiling base64 v0.21.5
[INFO] [stderr]    Compiling cc v1.0.83
[INFO] [stderr]    Compiling syn v2.0.48
[INFO] [stderr]    Compiling proc-macro-error v1.0.4
[INFO] [stderr]    Compiling quick-xml v0.28.2
[INFO] [stderr]    Compiling tower-service v0.3.2
[INFO] [stderr]    Compiling adler v1.0.2
[INFO] [stderr]    Compiling getrandom v0.2.11
[INFO] [stderr]    Compiling num_cpus v1.16.0
[INFO] [stderr]    Compiling mio v0.8.10
[INFO] [stderr]    Compiling socket2 v0.5.5
[INFO] [stderr]    Compiling signal-hook-registry v1.4.1
[INFO] [stderr]    Compiling rand_core v0.6.4
[INFO] [stderr]    Compiling parking_lot v0.12.1
[INFO] [stderr]    Compiling rand_chacha v0.3.1
[INFO] [stderr]    Compiling linked-hash-map v0.5.6
[INFO] [stderr]    Compiling gimli v0.28.1
[INFO] [stderr]    Compiling radium v0.7.0
[INFO] [stderr]    Compiling either v1.9.0
[INFO] [stderr]    Compiling schemars v0.8.16
[INFO] [stderr]    Compiling lru-cache v0.1.2
[INFO] [stderr]    Compiling rand v0.8.5
[INFO] [stderr]    Compiling miniz_oxide v0.7.1
[INFO] [stderr]    Compiling ahash v0.8.7
[INFO] [stderr]    Compiling object v0.32.2
[INFO] [stderr]    Compiling indexmap v1.9.3
[INFO] [stderr]    Compiling oncemutex v0.1.1
[INFO] [stderr]    Compiling cpufeatures v0.2.12
[INFO] [stderr]    Compiling async-trait v0.1.77
[INFO] [stderr]    Compiling unicode-xid v0.2.4
[INFO] [stderr]    Compiling powerfmt v0.2.0
[INFO] [stderr]    Compiling regex-syntax v0.7.5
[INFO] [stderr]    Compiling dyn-clone v1.0.16
[INFO] [stderr]    Compiling rustc-demangle v0.1.23
[INFO] [stderr]    Compiling try-lock v0.2.5
[INFO] [stderr]    Compiling ring v0.17.7
[INFO] [stderr]    Compiling backtrace v0.3.69
[INFO] [stderr]    Compiling anyhow v1.0.79
[INFO] [stderr]    Compiling tap v1.0.1
[INFO] [stderr]    Compiling time-core v0.1.2
[INFO] [stderr]    Compiling minimal-lexical v0.2.1
[INFO] [stderr]    Compiling regex-syntax v0.6.29
[INFO] [stderr]    Compiling data-encoding v2.5.0
[INFO] [stderr]    Compiling wyz v0.5.1
[INFO] [stderr]    Compiling block-buffer v0.10.4
[INFO] [stderr]    Compiling crypto-common v0.1.6
[INFO] [stderr]    Compiling nom v7.1.3
[INFO] [stderr]    Compiling time-macros v0.2.16
[INFO] [stderr]    Compiling digest v0.10.7
[INFO] [stderr]    Compiling want v0.3.1
[INFO] [stderr]    Compiling deranged v0.3.11
[INFO] [stderr]    Compiling itertools v0.11.0
[INFO] [stderr]    Compiling sha1 v0.10.6
[INFO] [stderr]    Compiling rustls-pemfile v1.0.4
[INFO] [stderr]    Compiling hashbrown v0.12.3
[INFO] [stderr]    Compiling funty v2.0.0
[INFO] [stderr]    Compiling httpdate v1.0.3
[INFO] [stderr]    Compiling openssl-probe v0.1.5
[INFO] [stderr]    Compiling bitflags v1.3.2
[INFO] [stderr]    Compiling termcolor v1.4.0
[INFO] [stderr]    Compiling utf-8 v0.7.6
[INFO] [stderr]    Compiling addr2line v0.21.0
[INFO] [stderr]    Compiling zerocopy v0.7.32
[INFO] [stderr]    Compiling tower-layer v0.3.2
[INFO] [stderr]    Compiling Inflector v0.11.4
[INFO] [stderr]    Compiling unicode-segmentation v1.10.1
[INFO] [stderr]    Compiling bitvec v1.0.1
[INFO] [stderr]    Compiling rustls-native-certs v0.6.3
[INFO] [stderr]    Compiling regex-cache v0.2.1
[INFO] [stderr]    Compiling itertools v0.10.5
[INFO] [stderr]    Compiling convert_case v0.6.0
[INFO] [stderr]    Compiling dashmap v5.5.3
[INFO] [stderr]    Compiling encoding_rs v0.8.33
[INFO] [stderr]    Compiling hex v0.4.3
[INFO] [stderr]    Compiling ipnet v2.9.0
[INFO] [stderr]    Compiling base64 v0.13.1
[INFO] [stderr]    Compiling mime v0.3.17
[INFO] [stderr]    Compiling winnow v0.5.32
[INFO] [stderr]    Compiling wasm-bindgen-backend v0.2.89
[INFO] [stderr]    Compiling serde_derive_internals v0.26.0
[INFO] [stderr]    Compiling synstructure v0.13.0
[INFO] [stderr]    Compiling time v0.3.31
[INFO] [stderr]    Compiling wasm-bindgen-macro-support v0.2.89
[INFO] [stderr]    Compiling strum_macros v0.24.3
[INFO] [stderr]    Compiling schemars_derive v0.8.16
[INFO] [stderr]    Compiling auto_impl v1.1.0
[INFO] [stderr]    Compiling serde_derive v1.0.194
[INFO] [stderr]    Compiling futures-macro v0.3.30
[INFO] [stderr]    Compiling tokio-macros v2.2.0
[INFO] [stderr]    Compiling thiserror-impl v1.0.56
[INFO] [stderr]    Compiling tracing-attributes v0.1.27
[INFO] [stderr]    Compiling wasm-bindgen-macro v0.2.89
[INFO] [stderr]    Compiling structmeta-derive v0.2.0
[INFO] [stderr]    Compiling pin-project-internal v1.1.3
[INFO] [stderr]    Compiling serde_repr v0.1.18
[INFO] [stderr]    Compiling databake-derive v0.1.7
[INFO] [stderr]    Compiling rustls-webpki v0.101.7
[INFO] [stderr]    Compiling sct v0.7.1
[INFO] [stderr]    Compiling tower-lsp-macros v0.9.0
[INFO] [stderr]    Compiling ts-rs-macros-serde-json v7.0.1
[INFO] [stderr]    Compiling futures-util v0.3.30
[INFO] [stderr]    Compiling databake v0.1.7
[INFO] [stderr]    Compiling async-recursion v1.0.5
[INFO] [stderr]    Compiling structmeta v0.2.0
[INFO] [stderr]    Compiling pin-project v1.1.3
[INFO] [stderr]    Compiling tracing v0.1.40
[INFO] [stderr]    Compiling parse-display-derive v0.8.2
[INFO] [stderr]    Compiling strum v0.24.1
[INFO] [stderr]    Compiling futures-executor v0.3.30
[INFO] [stderr]    Compiling tower v0.4.13
[INFO] [stderr]    Compiling futures v0.3.30
[INFO] [stderr]    Compiling parse-display v0.8.2
[INFO] [stderr]    Compiling bytes v1.5.0
[INFO] [stderr]    Compiling url v2.5.0
[INFO] [stderr]    Compiling chrono v0.4.31
[INFO] [stderr]    Compiling uuid v1.6.1
[INFO] [stderr]    Compiling serde_bytes v0.11.14
[INFO] [stderr]    Compiling bincode v1.3.3
[INFO] [stderr]    Compiling serde_urlencoded v0.7.1
[INFO] [stderr]    Compiling serde_tokenstream v0.2.0
[INFO] [stderr]    Compiling derive-docs v0.1.5
[INFO] [stderr]    Compiling tokio v1.35.1
[INFO] [stderr]    Compiling http v0.2.11
[INFO] [stderr]    Compiling phonenumber v0.3.3+8.13.9
[INFO] [stderr]    Compiling lsp-types v0.94.1
[INFO] [stderr]    Compiling bson v2.8.1
[INFO] [stderr]    Compiling http-body v0.4.6
[INFO] [stderr]    Compiling tungstenite v0.20.1
[INFO] [stderr]    Compiling ts-rs-json-value v7.0.3
[INFO] [stderr]    Compiling kittycad v0.2.45
[INFO] [stderr]    Compiling tokio-util v0.7.10
[INFO] [stderr]    Compiling tokio-rustls v0.24.1
[INFO] [stderr]    Compiling tokio-tungstenite v0.20.1
[INFO] [stderr]    Compiling h2 v0.3.22
[INFO] [stderr]    Compiling hyper v0.14.28
[INFO] [stderr]    Compiling reqwest v0.11.23
[INFO] [stderr]    Compiling tower-lsp v0.20.0
[INFO] [stderr]    Compiling kcl-lib v0.1.40 (/opt/rustwide/workdir)
[INFO] [stderr] warning: failed to parse serde attribute
[INFO] [stderr]   | 
[INFO] [stderr]   | #[serde(rename = "XY", alias = "xy")]
[INFO] [stderr]   | 
[INFO] [stderr]   = note: ts-rs failed to parse this attribute. It will be ignored.
[INFO] [stderr] warning: failed to parse serde attribute
[INFO] [stderr]   | 
[INFO] [stderr]   | #[serde(rename = "XZ", alias = "xz")]
[INFO] [stderr]   | 
[INFO] [stderr]   = note: ts-rs failed to parse this attribute. It will be ignored.
[INFO] [stderr] warning: failed to parse serde attribute
[INFO] [stderr]   | 
[INFO] [stderr]   | #[serde(rename = "YZ", alias = "yz")]
[INFO] [stderr]   | 
[INFO] [stderr]   = note: ts-rs failed to parse this attribute. It will be ignored.
[INFO] [stderr] warning: failed to parse serde attribute
[INFO] [stderr]   | 
[INFO] [stderr]   | #[serde(rename = "XY", alias = "xy")]
[INFO] [stderr]   | 
[INFO] [stderr]   = note: ts-rs failed to parse this attribute. It will be ignored.
[INFO] [stderr] warning: failed to parse serde attribute
[INFO] [stderr]   | 
[INFO] [stderr]   | #[serde(rename = "-XY", alias = "-xy")]
[INFO] [stderr]   | 
[INFO] [stderr]   = note: ts-rs failed to parse this attribute. It will be ignored.
[INFO] [stderr] warning: failed to parse serde attribute
[INFO] [stderr]   | 
[INFO] [stderr]   | #[serde(rename = "XZ", alias = "xz")]
[INFO] [stderr]   | 
[INFO] [stderr]   = note: ts-rs failed to parse this attribute. It will be ignored.
[INFO] [stderr] warning: failed to parse serde attribute
[INFO] [stderr]   | 
[INFO] [stderr]   | #[serde(rename = "-XZ", alias = "-xz")]
[INFO] [stderr]   | 
[INFO] [stderr]   = note: ts-rs failed to parse this attribute. It will be ignored.
[INFO] [stderr] warning: failed to parse serde attribute
[INFO] [stderr]   | 
[INFO] [stderr]   | #[serde(rename = "YZ", alias = "yz")]
[INFO] [stderr]   | 
[INFO] [stderr]   = note: ts-rs failed to parse this attribute. It will be ignored.
[INFO] [stderr] warning: failed to parse serde attribute
[INFO] [stderr]   | 
[INFO] [stderr]   | #[serde(rename = "-YZ", alias = "-yz")]
[INFO] [stderr]   | 
[INFO] [stderr]   = note: ts-rs failed to parse this attribute. It will be ignored.
[INFO] [stdout] warning: use of deprecated function `winnow::token::take_till1`: Replaced with `take_till(1.., ...)`
[INFO] [stdout]  --> src/token/tokeniser.rs:7:35
[INFO] [stdout]   |
[INFO] [stdout] 7 |     token::{any, none_of, one_of, take_till1, take_until0},
[INFO] [stdout]   |                                   ^^^^^^^^^^
[INFO] [stdout]   |
[INFO] [stdout]   = note: `#[warn(deprecated)]` on by default
[INFO] [stdout] 
[INFO] [stdout] 
[INFO] [stdout] warning: use of deprecated function `winnow::token::take_till1`: Replaced with `take_till(1.., ...)`
[INFO] [stdout]   --> src/token/tokeniser.rs:56:27
[INFO] [stdout]    |
[INFO] [stdout] 56 |     let inner = (r#"//"#, take_till1(['\n', '\r'])).recognize();
[INFO] [stdout]    |                           ^^^^^^^^^^
[INFO] [stdout] 
[INFO] [stdout] 
[INFO] [stdout] error[E0559]: variant `PathSegment::Arc` has no field named `angle_start`
[INFO] [stdout]     --> src/std/sketch.rs:1033:17
[INFO] [stdout]      |
[INFO] [stdout] 1033 |                 angle_start: angle_start.degrees(),
[INFO] [stdout]      |                 ^^^^^^^^^^^ `PathSegment::Arc` does not have this field
[INFO] [stdout]      |
[INFO] [stdout]      = note: all struct fields are already assigned
[INFO] [stdout] 
[INFO] [stdout] 
[INFO] [stdout] error[E0559]: variant `PathSegment::Arc` has no field named `angle_end`
[INFO] [stdout]     --> src/std/sketch.rs:1034:17
[INFO] [stdout]      |
[INFO] [stdout] 1034 |                 angle_end: angle_end.degrees(),
[INFO] [stdout]      |                 ^^^^^^^^^ `PathSegment::Arc` does not have this field
[INFO] [stdout]      |
[INFO] [stdout]      = note: all struct fields are already assigned
[INFO] [stdout] 
[INFO] [stdout] 
[INFO] [stdout] error[E0308]: mismatched types
[INFO] [stdout]     --> src/std/sketch.rs:1035:24
[INFO] [stdout]      |
[INFO] [stdout] 1035 |                 start: Some(angle_start),
[INFO] [stdout]      |                        ^^^^^^^^^^^^^^^^^ expected `Angle`, found `Option<Angle>`
[INFO] [stdout]      |
[INFO] [stdout]      = note: expected struct `Angle`
[INFO] [stdout]                   found enum `std::option::Option<Angle>`
[INFO] [stdout] 
[INFO] [stdout] 
[INFO] [stdout] error[E0308]: mismatched types
[INFO] [stdout]     --> src/std/sketch.rs:1036:22
[INFO] [stdout]      |
[INFO] [stdout] 1036 |                 end: Some(angle_end),
[INFO] [stdout]      |                      ^^^^^^^^^^^^^^^ expected `Angle`, found `Option<Angle>`
[INFO] [stdout]      |
[INFO] [stdout]      = note: expected struct `Angle`
[INFO] [stdout]                   found enum `std::option::Option<Angle>`
[INFO] [stdout] 
[INFO] [stdout] 
[INFO] [stdout] error: aborting due to 4 previous errors; 2 warnings emitted
[INFO] [stdout] 
[INFO] [stdout] 
[INFO] [stdout] Some errors have detailed explanations: E0308, E0559.
[INFO] [stdout] 
[INFO] [stdout] For more information about an error, try `rustc --explain E0308`.
[INFO] [stdout] 
[INFO] [stderr] error: could not compile `kcl-lib` (lib) due to 5 previous errors; 2 warnings emitted
[INFO] [stderr] warning: build failed, waiting for other jobs to finish...
[INFO] running `Command { std: "docker" "inspect" "856f0225c7ea6fc4af9fedd49e5e374cdc1ddf60f0c8e32f602a225fe5efa376", kill_on_drop: false }`
[INFO] running `Command { std: "docker" "rm" "-f" "856f0225c7ea6fc4af9fedd49e5e374cdc1ddf60f0c8e32f602a225fe5efa376", kill_on_drop: false }`
[INFO] [stdout] 856f0225c7ea6fc4af9fedd49e5e374cdc1ddf60f0c8e32f602a225fe5efa376
