[INFO] fetching crate katatsuki 1.0.11...
[INFO] testing katatsuki-1.0.11 against 1.75.0 for beta-1.76-1
[INFO] extracting crate katatsuki 1.0.11 into /workspace/builds/worker-5-tc1/source
[INFO] validating manifest of crates.io crate katatsuki 1.0.11 on toolchain 1.75.0
[INFO] running `Command { std: CARGO_HOME="/workspace/cargo-home" RUSTUP_HOME="/workspace/rustup-home" "/workspace/cargo-home/bin/cargo" "+1.75.0" "metadata" "--manifest-path" "Cargo.toml" "--no-deps", kill_on_drop: false }`
[INFO] started tweaking crates.io crate katatsuki 1.0.11
[INFO] finished tweaking crates.io crate katatsuki 1.0.11
[INFO] tweaked toml for crates.io crate katatsuki 1.0.11 written to /workspace/builds/worker-5-tc1/source/Cargo.toml
[INFO] running `Command { std: CARGO_HOME="/workspace/cargo-home" RUSTUP_HOME="/workspace/rustup-home" "/workspace/cargo-home/bin/cargo" "+1.75.0" "generate-lockfile" "--manifest-path" "Cargo.toml", kill_on_drop: false }`
[INFO] [stderr]     Updating crates.io index
[INFO] running `Command { std: CARGO_HOME="/workspace/cargo-home" RUSTUP_HOME="/workspace/rustup-home" "/workspace/cargo-home/bin/cargo" "+1.75.0" "fetch" "--manifest-path" "Cargo.toml", kill_on_drop: false }`
[INFO] [stderr]  Downloading crates ...
[INFO] [stderr]   Downloaded enum-primitive-derive v0.2.2
[INFO] [stderr]   Downloaded imagesize v0.8.8
[INFO] [stderr]   Downloaded libkatatsuki-sys v1.0.11
[INFO] running `Command { std: "docker" "create" "-v" "/var/lib/crater-agent-workspace/builds/worker-5-tc1/target:/opt/rustwide/target:rw,Z" "-v" "/var/lib/crater-agent-workspace/builds/worker-5-tc1/source:/opt/rustwide/workdir:ro,Z" "-v" "/var/lib/crater-agent-workspace/cargo-home:/opt/rustwide/cargo-home:ro,Z" "-v" "/var/lib/crater-agent-workspace/rustup-home:/opt/rustwide/rustup-home:ro,Z" "-e" "SOURCE_DIR=/opt/rustwide/workdir" "-e" "CARGO_TARGET_DIR=/opt/rustwide/target" "-e" "CARGO_HOME=/opt/rustwide/cargo-home" "-e" "RUSTUP_HOME=/opt/rustwide/rustup-home" "-w" "/opt/rustwide/workdir" "-m" "1610612736" "--user" "0:0" "--network" "none" "ghcr.io/rust-lang/crates-build-env/linux@sha256:2788e3201cd34a07e3172128adcd8b3090168a8e3bcc40d7c032b9dda1df7d1c" "/opt/rustwide/cargo-home/bin/cargo" "+1.75.0" "metadata" "--no-deps" "--format-version=1", kill_on_drop: false }`
[INFO] [stdout] bb9bf90f05b8b6ccf2178cb461aa5b4ba09dece362e8e963b0b9138890661e02
[INFO] running `Command { std: "docker" "start" "-a" "bb9bf90f05b8b6ccf2178cb461aa5b4ba09dece362e8e963b0b9138890661e02", kill_on_drop: false }`
[INFO] running `Command { std: "docker" "inspect" "bb9bf90f05b8b6ccf2178cb461aa5b4ba09dece362e8e963b0b9138890661e02", kill_on_drop: false }`
[INFO] running `Command { std: "docker" "rm" "-f" "bb9bf90f05b8b6ccf2178cb461aa5b4ba09dece362e8e963b0b9138890661e02", kill_on_drop: false }`
[INFO] [stdout] bb9bf90f05b8b6ccf2178cb461aa5b4ba09dece362e8e963b0b9138890661e02
[INFO] running `Command { std: "docker" "create" "-v" "/var/lib/crater-agent-workspace/builds/worker-5-tc1/target:/opt/rustwide/target:rw,Z" "-v" "/var/lib/crater-agent-workspace/builds/worker-5-tc1/source:/opt/rustwide/workdir:ro,Z" "-v" "/var/lib/crater-agent-workspace/cargo-home:/opt/rustwide/cargo-home:ro,Z" "-v" "/var/lib/crater-agent-workspace/rustup-home:/opt/rustwide/rustup-home:ro,Z" "-e" "SOURCE_DIR=/opt/rustwide/workdir" "-e" "CARGO_TARGET_DIR=/opt/rustwide/target" "-e" "CARGO_INCREMENTAL=0" "-e" "RUST_BACKTRACE=full" "-e" "RUSTFLAGS=--cap-lints=warn" "-e" "RUSTDOCFLAGS=--cap-lints=warn" "-e" "CARGO_HOME=/opt/rustwide/cargo-home" "-e" "RUSTUP_HOME=/opt/rustwide/rustup-home" "-w" "/opt/rustwide/workdir" "-m" "1610612736" "--user" "0:0" "--network" "none" "ghcr.io/rust-lang/crates-build-env/linux@sha256:2788e3201cd34a07e3172128adcd8b3090168a8e3bcc40d7c032b9dda1df7d1c" "/opt/rustwide/cargo-home/bin/cargo" "+1.75.0" "build" "--frozen" "--message-format=json", kill_on_drop: false }`
[INFO] [stdout] fab5608739d7d7483ddb99c7a317c79af67f9787f34df60b429768cf09e18aa4
[INFO] running `Command { std: "docker" "start" "-a" "fab5608739d7d7483ddb99c7a317c79af67f9787f34df60b429768cf09e18aa4", kill_on_drop: false }`
[INFO] [stderr]    Compiling memchr v2.7.1
[INFO] [stderr]    Compiling glob v0.3.1
[INFO] [stderr]    Compiling regex-syntax v0.8.2
[INFO] [stderr]    Compiling cfg-if v1.0.0
[INFO] [stderr]    Compiling nom v5.1.3
[INFO] [stderr]    Compiling unicode-width v0.1.11
[INFO] [stderr]    Compiling bitflags v1.3.2
[INFO] [stderr]    Compiling log v0.4.20
[INFO] [stderr]    Compiling bindgen v0.56.0
[INFO] [stderr]    Compiling ansi_term v0.12.1
[INFO] [stderr]    Compiling humantime v2.1.0
[INFO] [stderr]    Compiling strsim v0.8.0
[INFO] [stderr]    Compiling termcolor v1.4.0
[INFO] [stderr]    Compiling atty v0.2.14
[INFO] [stderr]    Compiling vec_map v0.8.2
[INFO] [stderr]    Compiling num-traits v0.2.17
[INFO] [stderr]    Compiling libloading v0.8.1
[INFO] [stderr]    Compiling cc v1.0.83
[INFO] [stderr]    Compiling textwrap v0.11.0
[INFO] [stderr]    Compiling which v3.1.1
[INFO] [stderr]    Compiling shlex v0.1.1
[INFO] [stderr]    Compiling clap v2.34.0
[INFO] [stderr]    Compiling lazycell v1.3.0
[INFO] [stderr]    Compiling peeking_take_while v0.1.2
[INFO] [stderr]    Compiling rustc-hash v1.1.0
[INFO] [stderr]    Compiling lazy_static v1.4.0
[INFO] [stderr]    Compiling syn v1.0.109
[INFO] [stderr]    Compiling iana-time-zone v0.1.59
[INFO] [stderr]    Compiling imagesize v0.8.8
[INFO] [stderr]    Compiling clang-sys v1.7.0
[INFO] [stderr]    Compiling aho-corasick v1.1.2
[INFO] [stderr]    Compiling cmake v0.1.50
[INFO] [stderr]    Compiling chrono v0.4.31
[INFO] [stderr]    Compiling regex-automata v0.4.3
[INFO] [stderr]    Compiling cexpr v0.4.0
[INFO] [stderr]    Compiling enum-primitive-derive v0.2.2
[INFO] [stderr]    Compiling regex v1.10.2
[INFO] [stderr]    Compiling env_logger v0.8.4
[INFO] [stderr]    Compiling libkatatsuki-sys v1.0.11
[INFO] [stderr] error: failed to run custom build command for `libkatatsuki-sys v1.0.11`
[INFO] [stderr] note: To improve backtraces for build dependencies, set the CARGO_PROFILE_DEV_BUILD_OVERRIDE_DEBUG=true environment variable to enable debug information generation.
[INFO] [stderr] 
[INFO] [stderr] Caused by:
[INFO] [stderr]   process didn't exit successfully: `/opt/rustwide/target/debug/build/libkatatsuki-sys-182f9de0f0800e4e/build-script-build` (exit status: 101)
[INFO] [stderr]   --- stdout
[INFO] [stderr]   CMAKE_TOOLCHAIN_FILE_x86_64-unknown-linux-gnu = None
[INFO] [stderr]   CMAKE_TOOLCHAIN_FILE_x86_64_unknown_linux_gnu = None
[INFO] [stderr]   HOST_CMAKE_TOOLCHAIN_FILE = None
[INFO] [stderr]   CMAKE_TOOLCHAIN_FILE = None
[INFO] [stderr]   CMAKE_GENERATOR_x86_64-unknown-linux-gnu = None
[INFO] [stderr]   CMAKE_GENERATOR_x86_64_unknown_linux_gnu = None
[INFO] [stderr]   HOST_CMAKE_GENERATOR = None
[INFO] [stderr]   CMAKE_GENERATOR = None
[INFO] [stderr]   CMAKE_PREFIX_PATH_x86_64-unknown-linux-gnu = None
[INFO] [stderr]   CMAKE_PREFIX_PATH_x86_64_unknown_linux_gnu = None
[INFO] [stderr]   HOST_CMAKE_PREFIX_PATH = None
[INFO] [stderr]   CMAKE_PREFIX_PATH = None
[INFO] [stderr]   CMAKE_x86_64-unknown-linux-gnu = None
[INFO] [stderr]   CMAKE_x86_64_unknown_linux_gnu = None
[INFO] [stderr]   HOST_CMAKE = None
[INFO] [stderr]   CMAKE = None
[INFO] [stderr]   running: cd "/opt/rustwide/target/debug/build/libkatatsuki-sys-7d18975a877ab851/out/build" && CMAKE_PREFIX_PATH="" "cmake" "-Wdev" "--debug-output" "/opt/rustwide/cargo-home/registry/src/index.crates.io-6f17d22bba15001f/libkatatsuki-sys-1.0.11/libkatatsuki" "-DCMAKE_INSTALL_PREFIX=/opt/rustwide/target/debug/build/libkatatsuki-sys-7d18975a877ab851/out" "-DCMAKE_C_FLAGS= -lstdc++ -ffunction-sections -fdata-sections -fPIC -m64" "-DCMAKE_C_COMPILER=/usr/bin/cc" "-DCMAKE_CXX_FLAGS= -std=c++1z -lstdc++ -ffunction-sections -fdata-sections -fPIC -m64" "-DCMAKE_CXX_COMPILER=/usr/bin/c++" "-DCMAKE_ASM_FLAGS= -ffunction-sections -fdata-sections -fPIC -m64" "-DCMAKE_ASM_COMPILER=/usr/bin/cc" "-DCMAKE_BUILD_TYPE=Release" "-DCMAKE_VERBOSE_MAKEFILE:BOOL=ON"
[INFO] [stderr]   Running with debug output on.
[INFO] [stderr]   -- The C compiler identification is GNU 11.4.0
[INFO] [stderr]      Called from: [3]	/usr/share/cmake-3.22/Modules/CMakeDetermineCompilerId.cmake
[INFO] [stderr]                   [2]	/usr/share/cmake-3.22/Modules/CMakeDetermineCCompiler.cmake
[INFO] [stderr]                   [1]	/opt/rustwide/cargo-home/registry/src/index.crates.io-6f17d22bba15001f/libkatatsuki-sys-1.0.11/libkatatsuki/CMakeLists.txt
[INFO] [stderr]   -- The CXX compiler identification is GNU 11.4.0
[INFO] [stderr]      Called from: [3]	/usr/share/cmake-3.22/Modules/CMakeDetermineCompilerId.cmake
[INFO] [stderr]                   [2]	/usr/share/cmake-3.22/Modules/CMakeDetermineCXXCompiler.cmake
[INFO] [stderr]                   [1]	/opt/rustwide/cargo-home/registry/src/index.crates.io-6f17d22bba15001f/libkatatsuki-sys-1.0.11/libkatatsuki/CMakeLists.txt
[INFO] [stderr]   -- Detecting C compiler ABI info
[INFO] [stderr]      Called from: [3]	/usr/share/cmake-3.22/Modules/CMakeDetermineCompilerABI.cmake
[INFO] [stderr]                   [2]	/usr/share/cmake-3.22/Modules/CMakeTestCCompiler.cmake
[INFO] [stderr]                   [1]	/opt/rustwide/cargo-home/registry/src/index.crates.io-6f17d22bba15001f/libkatatsuki-sys-1.0.11/libkatatsuki/CMakeLists.txt
[INFO] [stderr]   -- Detecting C compiler ABI info - done
[INFO] [stderr]      Called from: [3]	/usr/share/cmake-3.22/Modules/CMakeDetermineCompilerABI.cmake
[INFO] [stderr]                   [2]	/usr/share/cmake-3.22/Modules/CMakeTestCCompiler.cmake
[INFO] [stderr]                   [1]	/opt/rustwide/cargo-home/registry/src/index.crates.io-6f17d22bba15001f/libkatatsuki-sys-1.0.11/libkatatsuki/CMakeLists.txt
[INFO] [stderr]   -- Check for working C compiler: /usr/bin/cc - skipped
[INFO] [stderr]      Called from: [2]	/usr/share/cmake-3.22/Modules/CMakeTestCCompiler.cmake
[INFO] [stderr]                   [1]	/opt/rustwide/cargo-home/registry/src/index.crates.io-6f17d22bba15001f/libkatatsuki-sys-1.0.11/libkatatsuki/CMakeLists.txt
[INFO] [stderr]   -- Detecting C compile features
[INFO] [stderr]      Called from: [3]	/usr/share/cmake-3.22/Modules/CMakeDetermineCompileFeatures.cmake
[INFO] [stderr]                   [2]	/usr/share/cmake-3.22/Modules/CMakeTestCCompiler.cmake
[INFO] [stderr]                   [1]	/opt/rustwide/cargo-home/registry/src/index.crates.io-6f17d22bba15001f/libkatatsuki-sys-1.0.11/libkatatsuki/CMakeLists.txt
[INFO] [stderr]   -- Detecting C compile features - done
[INFO] [stderr]      Called from: [3]	/usr/share/cmake-3.22/Modules/CMakeDetermineCompileFeatures.cmake
[INFO] [stderr]                   [2]	/usr/share/cmake-3.22/Modules/CMakeTestCCompiler.cmake
[INFO] [stderr]                   [1]	/opt/rustwide/cargo-home/registry/src/index.crates.io-6f17d22bba15001f/libkatatsuki-sys-1.0.11/libkatatsuki/CMakeLists.txt
[INFO] [stderr]   -- Detecting CXX compiler ABI info
[INFO] [stderr]      Called from: [3]	/usr/share/cmake-3.22/Modules/CMakeDetermineCompilerABI.cmake
[INFO] [stderr]                   [2]	/usr/share/cmake-3.22/Modules/CMakeTestCXXCompiler.cmake
[INFO] [stderr]                   [1]	/opt/rustwide/cargo-home/registry/src/index.crates.io-6f17d22bba15001f/libkatatsuki-sys-1.0.11/libkatatsuki/CMakeLists.txt
[INFO] [stderr]   -- Detecting CXX compiler ABI info - done
[INFO] [stderr]      Called from: [3]	/usr/share/cmake-3.22/Modules/CMakeDetermineCompilerABI.cmake
[INFO] [stderr]                   [2]	/usr/share/cmake-3.22/Modules/CMakeTestCXXCompiler.cmake
[INFO] [stderr]                   [1]	/opt/rustwide/cargo-home/registry/src/index.crates.io-6f17d22bba15001f/libkatatsuki-sys-1.0.11/libkatatsuki/CMakeLists.txt
[INFO] [stderr]   -- Check for working CXX compiler: /usr/bin/c++ - skipped
[INFO] [stderr]      Called from: [2]	/usr/share/cmake-3.22/Modules/CMakeTestCXXCompiler.cmake
[INFO] [stderr]                   [1]	/opt/rustwide/cargo-home/registry/src/index.crates.io-6f17d22bba15001f/libkatatsuki-sys-1.0.11/libkatatsuki/CMakeLists.txt
[INFO] [stderr]   -- Detecting CXX compile features
[INFO] [stderr]      Called from: [3]	/usr/share/cmake-3.22/Modules/CMakeDetermineCompileFeatures.cmake
[INFO] [stderr]                   [2]	/usr/share/cmake-3.22/Modules/CMakeTestCXXCompiler.cmake
[INFO] [stderr]                   [1]	/opt/rustwide/cargo-home/registry/src/index.crates.io-6f17d22bba15001f/libkatatsuki-sys-1.0.11/libkatatsuki/CMakeLists.txt
[INFO] [stderr]   -- Detecting CXX compile features - done
[INFO] [stderr]      Called from: [3]	/usr/share/cmake-3.22/Modules/CMakeDetermineCompileFeatures.cmake
[INFO] [stderr]                   [2]	/usr/share/cmake-3.22/Modules/CMakeTestCXXCompiler.cmake
[INFO] [stderr]                   [1]	/opt/rustwide/cargo-home/registry/src/index.crates.io-6f17d22bba15001f/libkatatsuki-sys-1.0.11/libkatatsuki/CMakeLists.txt
[INFO] [stderr]   -- Configuring done
[INFO] [stderr]   -- Generating /opt/rustwide/target/debug/build/libkatatsuki-sys-7d18975a877ab851/out/build
[INFO] [stderr]      Called from: [1]	/opt/rustwide/cargo-home/registry/src/index.crates.io-6f17d22bba15001f/libkatatsuki-sys-1.0.11/libkatatsuki/CMakeLists.txt
[INFO] [stderr]   -- Generating done
[INFO] [stderr]   -- Build files have been written to: /opt/rustwide/target/debug/build/libkatatsuki-sys-7d18975a877ab851/out/build
[INFO] [stderr]   running: cd "/opt/rustwide/target/debug/build/libkatatsuki-sys-7d18975a877ab851/out/build" && MAKEFLAGS="-j --jobserver-fds=7,8 --jobserver-auth=7,8" "cmake" "--build" "." "--target" "katatsuki" "--config" "Release"
[INFO] [stderr]   /usr/bin/cmake -S/opt/rustwide/cargo-home/registry/src/index.crates.io-6f17d22bba15001f/libkatatsuki-sys-1.0.11/libkatatsuki -B/opt/rustwide/target/debug/build/libkatatsuki-sys-7d18975a877ab851/out/build --check-build-system CMakeFiles/Makefile.cmake 0
[INFO] [stderr]   /usr/bin/gmake  -f CMakeFiles/Makefile2 katatsuki
[INFO] [stderr]   gmake[1]: Entering directory '/opt/rustwide/target/debug/build/libkatatsuki-sys-7d18975a877ab851/out/build'
[INFO] [stderr]   /usr/bin/cmake -S/opt/rustwide/cargo-home/registry/src/index.crates.io-6f17d22bba15001f/libkatatsuki-sys-1.0.11/libkatatsuki -B/opt/rustwide/target/debug/build/libkatatsuki-sys-7d18975a877ab851/out/build --check-build-system CMakeFiles/Makefile.cmake 0
[INFO] [stderr]   /usr/bin/cmake -E cmake_progress_start /opt/rustwide/target/debug/build/libkatatsuki-sys-7d18975a877ab851/out/build/CMakeFiles 12
[INFO] [stderr]   /usr/bin/gmake  -f CMakeFiles/Makefile2 CMakeFiles/katatsuki.dir/all
[INFO] [stderr]   gmake[2]: Entering directory '/opt/rustwide/target/debug/build/libkatatsuki-sys-7d18975a877ab851/out/build'
[INFO] [stderr]   /usr/bin/gmake  -f CMakeFiles/taglib.dir/build.make CMakeFiles/taglib.dir/depend
[INFO] [stderr]   gmake[3]: Entering directory '/opt/rustwide/target/debug/build/libkatatsuki-sys-7d18975a877ab851/out/build'
[INFO] [stderr]   cd /opt/rustwide/target/debug/build/libkatatsuki-sys-7d18975a877ab851/out/build && /usr/bin/cmake -E cmake_depends "Unix Makefiles" /opt/rustwide/cargo-home/registry/src/index.crates.io-6f17d22bba15001f/libkatatsuki-sys-1.0.11/libkatatsuki /opt/rustwide/cargo-home/registry/src/index.crates.io-6f17d22bba15001f/libkatatsuki-sys-1.0.11/libkatatsuki /opt/rustwide/target/debug/build/libkatatsuki-sys-7d18975a877ab851/out/build /opt/rustwide/target/debug/build/libkatatsuki-sys-7d18975a877ab851/out/build /opt/rustwide/target/debug/build/libkatatsuki-sys-7d18975a877ab851/out/build/CMakeFiles/taglib.dir/DependInfo.cmake --color=
[INFO] [stderr]   gmake[3]: Leaving directory '/opt/rustwide/target/debug/build/libkatatsuki-sys-7d18975a877ab851/out/build'
[INFO] [stderr]   /usr/bin/gmake  -f CMakeFiles/taglib.dir/build.make CMakeFiles/taglib.dir/build
[INFO] [stderr]   gmake[3]: Entering directory '/opt/rustwide/target/debug/build/libkatatsuki-sys-7d18975a877ab851/out/build'
[INFO] [stderr]   [  8%] Creating directories for 'taglib'
[INFO] [stderr]   /usr/bin/cmake -E make_directory /opt/rustwide/target/debug/build/libkatatsuki-sys-7d18975a877ab851/out/build/taglib/src/taglib
[INFO] [stderr]   /usr/bin/cmake -E make_directory /opt/rustwide/target/debug/build/libkatatsuki-sys-7d18975a877ab851/out/build/taglib/src/taglib-build
[INFO] [stderr]   /usr/bin/cmake -E make_directory /opt/rustwide/target/debug/build/libkatatsuki-sys-7d18975a877ab851/out/build/taglib
[INFO] [stderr]   /usr/bin/cmake -E make_directory /opt/rustwide/target/debug/build/libkatatsuki-sys-7d18975a877ab851/out/build/taglib/tmp
[INFO] [stderr]   /usr/bin/cmake -E make_directory /opt/rustwide/target/debug/build/libkatatsuki-sys-7d18975a877ab851/out/build/taglib/src/taglib-stamp
[INFO] [stderr]   /usr/bin/cmake -E make_directory /opt/rustwide/target/debug/build/libkatatsuki-sys-7d18975a877ab851/out/build/taglib/src
[INFO] [stderr]   /usr/bin/cmake -E make_directory /opt/rustwide/target/debug/build/libkatatsuki-sys-7d18975a877ab851/out/build/taglib/src/taglib-stamp
[INFO] [stderr]   /usr/bin/cmake -E touch /opt/rustwide/target/debug/build/libkatatsuki-sys-7d18975a877ab851/out/build/taglib/src/taglib-stamp/taglib-mkdir
[INFO] [stderr]   [ 16%] Performing download step (git clone) for 'taglib'
[INFO] [stderr]   cd /opt/rustwide/target/debug/build/libkatatsuki-sys-7d18975a877ab851/out/build/taglib/src && /usr/bin/cmake -P /opt/rustwide/target/debug/build/libkatatsuki-sys-7d18975a877ab851/out/build/taglib/tmp/taglib-gitclone.cmake
[INFO] [stderr]   -- Had to git clone more than once:
[INFO] [stderr]             3 times.
[INFO] [stderr]   gmake[3]: Leaving directory '/opt/rustwide/target/debug/build/libkatatsuki-sys-7d18975a877ab851/out/build'
[INFO] [stderr]   gmake[2]: Leaving directory '/opt/rustwide/target/debug/build/libkatatsuki-sys-7d18975a877ab851/out/build'
[INFO] [stderr]   gmake[1]: Leaving directory '/opt/rustwide/target/debug/build/libkatatsuki-sys-7d18975a877ab851/out/build'
[INFO] [stderr] 
[INFO] [stderr]   --- stderr
[INFO] [stderr]   CMake Warning (dev) at /usr/share/cmake-3.22/Modules/CMakeDetermineCompiler.cmake:143 (set):
[INFO] [stderr]     Policy CMP0126 is not set: set(CACHE) does not remove a normal variable of
[INFO] [stderr]     the same name.  Run "cmake --help-policy CMP0126" for policy details.  Use
[INFO] [stderr]     the cmake_policy command to set the policy and suppress this warning.
[INFO] [stderr] 
[INFO] [stderr]     For compatibility with older versions of CMake, normal variable
[INFO] [stderr]     "CMAKE_C_COMPILER" will be removed from the current scope.
[INFO] [stderr]   Call Stack (most recent call first):
[INFO] [stderr]     /usr/share/cmake-3.22/Modules/CMakeDetermineCCompiler.cmake:68 (_cmake_find_compiler_path)
[INFO] [stderr]     CMakeLists.txt:2 (project)
[INFO] [stderr]   This warning is for project developers.  Use -Wno-dev to suppress it.
[INFO] [stderr] 
[INFO] [stderr]      Called from: [3]	/usr/share/cmake-3.22/Modules/CMakeDetermineCompiler.cmake
[INFO] [stderr]                   [2]	/usr/share/cmake-3.22/Modules/CMakeDetermineCCompiler.cmake
[INFO] [stderr]                   [1]	/opt/rustwide/cargo-home/registry/src/index.crates.io-6f17d22bba15001f/libkatatsuki-sys-1.0.11/libkatatsuki/CMakeLists.txt
[INFO] [stderr]   CMake Warning (dev) at /usr/share/cmake-3.22/Modules/CMakeDetermineCompiler.cmake:143 (set):
[INFO] [stderr]     Policy CMP0126 is not set: set(CACHE) does not remove a normal variable of
[INFO] [stderr]     the same name.  Run "cmake --help-policy CMP0126" for policy details.  Use
[INFO] [stderr]     the cmake_policy command to set the policy and suppress this warning.
[INFO] [stderr] 
[INFO] [stderr]     For compatibility with older versions of CMake, normal variable
[INFO] [stderr]     "CMAKE_CXX_COMPILER" will be removed from the current scope.
[INFO] [stderr]   Call Stack (most recent call first):
[INFO] [stderr]     /usr/share/cmake-3.22/Modules/CMakeDetermineCXXCompiler.cmake:66 (_cmake_find_compiler_path)
[INFO] [stderr]     CMakeLists.txt:2 (project)
[INFO] [stderr]   This warning is for project developers.  Use -Wno-dev to suppress it.
[INFO] [stderr] 
[INFO] [stderr]      Called from: [3]	/usr/share/cmake-3.22/Modules/CMakeDetermineCompiler.cmake
[INFO] [stderr]                   [2]	/usr/share/cmake-3.22/Modules/CMakeDetermineCXXCompiler.cmake
[INFO] [stderr]                   [1]	/opt/rustwide/cargo-home/registry/src/index.crates.io-6f17d22bba15001f/libkatatsuki-sys-1.0.11/libkatatsuki/CMakeLists.txt
[INFO] [stderr]   CMake Warning at /usr/share/cmake-3.22/Modules/ExternalProject.cmake:1802 (message):
[INFO] [stderr]     Line 'BUILD_SHARED_LIBS=OFF' does not match regex.  Ignoring.
[INFO] [stderr]   Call Stack (most recent call first):
[INFO] [stderr]     /usr/share/cmake-3.22/Modules/ExternalProject.cmake:3243 (_ep_command_line_to_initial_cache)
[INFO] [stderr]     /usr/share/cmake-3.22/Modules/ExternalProject.cmake:3274 (_ep_extract_configure_command)
[INFO] [stderr]     /usr/share/cmake-3.22/Modules/ExternalProject.cmake:3719 (_ep_add_configure_command)
[INFO] [stderr]     CMakeLists.txt:37 (ExternalProject_Add)
[INFO] [stderr] 
[INFO] [stderr] 
[INFO] [stderr]      Called from: [5]	/usr/share/cmake-3.22/Modules/ExternalProject.cmake
[INFO] [stderr]                   [4]	/usr/share/cmake-3.22/Modules/ExternalProject.cmake
[INFO] [stderr]                   [3]	/usr/share/cmake-3.22/Modules/ExternalProject.cmake
[INFO] [stderr]                   [2]	/usr/share/cmake-3.22/Modules/ExternalProject.cmake
[INFO] [stderr]                   [1]	/opt/rustwide/cargo-home/registry/src/index.crates.io-6f17d22bba15001f/libkatatsuki-sys-1.0.11/libkatatsuki/CMakeLists.txt
[INFO] [stderr]   CMake Warning:
[INFO] [stderr]     Manually-specified variables were not used by the project:
[INFO] [stderr] 
[INFO] [stderr]       CMAKE_ASM_COMPILER
[INFO] [stderr]       CMAKE_ASM_FLAGS
[INFO] [stderr] 
[INFO] [stderr] 
[INFO] [stderr]   Cloning into 'taglib'...
[INFO] [stderr]   fatal: unable to access 'https://github.com/taglib/taglib/': Could not resolve host: github.com
[INFO] [stderr]   Cloning into 'taglib'...
[INFO] [stderr]   fatal: unable to access 'https://github.com/taglib/taglib/': Could not resolve host: github.com
[INFO] [stderr]   Cloning into 'taglib'...
[INFO] [stderr]   fatal: unable to access 'https://github.com/taglib/taglib/': Could not resolve host: github.com
[INFO] [stderr]   CMake Error at /opt/rustwide/target/debug/build/libkatatsuki-sys-7d18975a877ab851/out/build/taglib/tmp/taglib-gitclone.cmake:31 (message):
[INFO] [stderr]     Failed to clone repository: 'https://github.com/taglib/taglib'
[INFO] [stderr] 
[INFO] [stderr] 
[INFO] [stderr]   gmake[3]: *** [CMakeFiles/taglib.dir/build.make:101: taglib/src/taglib-stamp/taglib-download] Error 1
[INFO] [stderr]   gmake[2]: *** [CMakeFiles/Makefile2:85: CMakeFiles/taglib.dir/all] Error 2
[INFO] [stderr]   gmake[1]: *** [CMakeFiles/Makefile2:118: CMakeFiles/katatsuki.dir/rule] Error 2
[INFO] [stderr]   gmake: *** [Makefile:137: katatsuki] Error 2
[INFO] [stderr]   thread 'main' panicked at /opt/rustwide/cargo-home/registry/src/index.crates.io-6f17d22bba15001f/cmake-0.1.50/src/lib.rs:1098:5:
[INFO] [stderr] 
[INFO] [stderr]   command did not execute successfully, got: exit status: 2
[INFO] [stderr] 
[INFO] [stderr]   build script failed, must exit now
[INFO] [stderr]   stack backtrace:
[INFO] [stderr]      0:     0x55805b3e819c - std::backtrace_rs::backtrace::libunwind::trace::ha637c64ce894333a
[INFO] [stderr]                                  at /rustc/82e1608dfa6e0b5569232559e3d385fea5a93112/library/std/src/../../backtrace/src/backtrace/libunwind.rs:104:5
[INFO] [stderr]      1:     0x55805b3e819c - std::backtrace_rs::backtrace::trace_unsynchronized::h47f62dea28e0c88d
[INFO] [stderr]                                  at /rustc/82e1608dfa6e0b5569232559e3d385fea5a93112/library/std/src/../../backtrace/src/backtrace/mod.rs:66:5
[INFO] [stderr]      2:     0x55805b3e819c - std::sys_common::backtrace::_print_fmt::h9eef0abe20ede486
[INFO] [stderr]                                  at /rustc/82e1608dfa6e0b5569232559e3d385fea5a93112/library/std/src/sys_common/backtrace.rs:67:5
[INFO] [stderr]      3:     0x55805b3e819c - <std::sys_common::backtrace::_print::DisplayBacktrace as core::fmt::Display>::fmt::hed7f999df88cc644
[INFO] [stderr]                                  at /rustc/82e1608dfa6e0b5569232559e3d385fea5a93112/library/std/src/sys_common/backtrace.rs:44:22
[INFO] [stderr]      4:     0x55805b40e6a0 - core::fmt::rt::Argument::fmt::h1539a9308b8d058d
[INFO] [stderr]                                  at /rustc/82e1608dfa6e0b5569232559e3d385fea5a93112/library/core/src/fmt/rt.rs:142:9
[INFO] [stderr]      5:     0x55805b40e6a0 - core::fmt::write::h3a39390d8560d9c9
[INFO] [stderr]                                  at /rustc/82e1608dfa6e0b5569232559e3d385fea5a93112/library/core/src/fmt/mod.rs:1120:17
[INFO] [stderr]      6:     0x55805b3e582f - std::io::Write::write_fmt::h5fc9997dfe05f882
[INFO] [stderr]                                  at /rustc/82e1608dfa6e0b5569232559e3d385fea5a93112/library/std/src/io/mod.rs:1762:15
[INFO] [stderr]      7:     0x55805b3e7f84 - std::sys_common::backtrace::_print::h894006fb5c6f3d45
[INFO] [stderr]                                  at /rustc/82e1608dfa6e0b5569232559e3d385fea5a93112/library/std/src/sys_common/backtrace.rs:47:5
[INFO] [stderr]      8:     0x55805b3e7f84 - std::sys_common::backtrace::print::h23a2d212c6fff936
[INFO] [stderr]                                  at /rustc/82e1608dfa6e0b5569232559e3d385fea5a93112/library/std/src/sys_common/backtrace.rs:34:9
[INFO] [stderr]      9:     0x55805b3e9797 - std::panicking::default_hook::{{closure}}::h8a1d2ee00185001a
[INFO] [stderr]     10:     0x55805b3e94ff - std::panicking::default_hook::h6038f2eba384e475
[INFO] [stderr]                                  at /rustc/82e1608dfa6e0b5569232559e3d385fea5a93112/library/std/src/panicking.rs:292:9
[INFO] [stderr]     11:     0x55805b3e9c18 - std::panicking::rust_panic_with_hook::h2b5517d590cab22e
[INFO] [stderr]                                  at /rustc/82e1608dfa6e0b5569232559e3d385fea5a93112/library/std/src/panicking.rs:779:13
[INFO] [stderr]     12:     0x55805b3e9afe - std::panicking::begin_panic_handler::{{closure}}::h233112c06e0ef43e
[INFO] [stderr]                                  at /rustc/82e1608dfa6e0b5569232559e3d385fea5a93112/library/std/src/panicking.rs:657:13
[INFO] [stderr]     13:     0x55805b3e8666 - std::sys_common::backtrace::__rust_end_short_backtrace::h6e893f24d7ebbff8
[INFO] [stderr]                                  at /rustc/82e1608dfa6e0b5569232559e3d385fea5a93112/library/std/src/sys_common/backtrace.rs:170:18
[INFO] [stderr]     14:     0x55805b3e9862 - rust_begin_unwind
[INFO] [stderr]                                  at /rustc/82e1608dfa6e0b5569232559e3d385fea5a93112/library/std/src/panicking.rs:645:5
[INFO] [stderr]     15:     0x55805b369625 - core::panicking::panic_fmt::hbf0e066aabfa482c
[INFO] [stderr]                                  at /rustc/82e1608dfa6e0b5569232559e3d385fea5a93112/library/core/src/panicking.rs:72:14
[INFO] [stderr]     16:     0x55805b37e271 - cmake::fail::h1843160193bf402d
[INFO] [stderr]     17:     0x55805b37d9f7 - cmake::run::h8c9e6e8664a70025
[INFO] [stderr]     18:     0x55805b37a311 - cmake::Config::build::h6bf3790fdf8e8b77
[INFO] [stderr]     19:     0x55805b36b9c1 - build_script_build::main::h0d646776fa49d669
[INFO] [stderr]     20:     0x55805b36a293 - core::ops::function::FnOnce::call_once::hd8066512cd56f11d
[INFO] [stderr]     21:     0x55805b369e16 - std::sys_common::backtrace::__rust_begin_short_backtrace::h3059a18222a4c4ee
[INFO] [stderr]     22:     0x55805b369f59 - std::rt::lang_start::{{closure}}::hd8727cf6afe07cdf
[INFO] [stderr]     23:     0x55805b3e16f7 - core::ops::function::impls::<impl core::ops::function::FnOnce<A> for &F>::call_once::hd95060ecd5e1ca24
[INFO] [stderr]                                  at /rustc/82e1608dfa6e0b5569232559e3d385fea5a93112/library/core/src/ops/function.rs:284:13
[INFO] [stderr]     24:     0x55805b3e16f7 - std::panicking::try::do_call::h6e8cf51db32a6e4b
[INFO] [stderr]                                  at /rustc/82e1608dfa6e0b5569232559e3d385fea5a93112/library/std/src/panicking.rs:552:40
[INFO] [stderr]     25:     0x55805b3e16f7 - std::panicking::try::h3a52eefe24fe3c29
[INFO] [stderr]                                  at /rustc/82e1608dfa6e0b5569232559e3d385fea5a93112/library/std/src/panicking.rs:516:19
[INFO] [stderr]     26:     0x55805b3e16f7 - std::panic::catch_unwind::h24c28c23c02c3841
[INFO] [stderr]                                  at /rustc/82e1608dfa6e0b5569232559e3d385fea5a93112/library/std/src/panic.rs:142:14
[INFO] [stderr]     27:     0x55805b3e16f7 - std::rt::lang_start_internal::{{closure}}::h705d3c9cbc06ef47
[INFO] [stderr]                                  at /rustc/82e1608dfa6e0b5569232559e3d385fea5a93112/library/std/src/rt.rs:148:48
[INFO] [stderr]     28:     0x55805b3e16f7 - std::panicking::try::do_call::ha21f52ba13158470
[INFO] [stderr]                                  at /rustc/82e1608dfa6e0b5569232559e3d385fea5a93112/library/std/src/panicking.rs:552:40
[INFO] [stderr]     29:     0x55805b3e16f7 - std::panicking::try::h5581346bf6aeb1f8
[INFO] [stderr]                                  at /rustc/82e1608dfa6e0b5569232559e3d385fea5a93112/library/std/src/panicking.rs:516:19
[INFO] [stderr]     30:     0x55805b3e16f7 - std::panic::catch_unwind::h7919645a6b72e25b
[INFO] [stderr]                                  at /rustc/82e1608dfa6e0b5569232559e3d385fea5a93112/library/std/src/panic.rs:142:14
[INFO] [stderr]     31:     0x55805b3e16f7 - std::rt::lang_start_internal::h12de51168669836e
[INFO] [stderr]                                  at /rustc/82e1608dfa6e0b5569232559e3d385fea5a93112/library/std/src/rt.rs:148:20
[INFO] [stderr]     32:     0x55805b369f37 - std::rt::lang_start::h1764464ea4c4276f
[INFO] [stderr]     33:     0x55805b36c305 - main
[INFO] [stderr]     34:     0x7fa9a8856d90 - <unknown>
[INFO] [stderr]     35:     0x7fa9a8856e40 - __libc_start_main
[INFO] [stderr]     36:     0x55805b369d45 - _start
[INFO] [stderr]     37:                0x0 - <unknown>
[INFO] running `Command { std: "docker" "inspect" "fab5608739d7d7483ddb99c7a317c79af67f9787f34df60b429768cf09e18aa4", kill_on_drop: false }`
[INFO] running `Command { std: "docker" "rm" "-f" "fab5608739d7d7483ddb99c7a317c79af67f9787f34df60b429768cf09e18aa4", kill_on_drop: false }`
[INFO] [stdout] fab5608739d7d7483ddb99c7a317c79af67f9787f34df60b429768cf09e18aa4
[INFO] testing katatsuki-1.0.11 against beta-2023-12-22 for beta-1.76-1
[INFO] extracting crate katatsuki 1.0.11 into /workspace/builds/worker-5-tc2/source
[INFO] validating manifest of crates.io crate katatsuki 1.0.11 on toolchain beta-2023-12-22
[INFO] running `Command { std: CARGO_HOME="/workspace/cargo-home" RUSTUP_HOME="/workspace/rustup-home" "/workspace/cargo-home/bin/cargo" "+beta-2023-12-22" "metadata" "--manifest-path" "Cargo.toml" "--no-deps", kill_on_drop: false }`
[INFO] started tweaking crates.io crate katatsuki 1.0.11
[INFO] finished tweaking crates.io crate katatsuki 1.0.11
[INFO] tweaked toml for crates.io crate katatsuki 1.0.11 written to /workspace/builds/worker-5-tc2/source/Cargo.toml
[INFO] running `Command { std: CARGO_HOME="/workspace/cargo-home" RUSTUP_HOME="/workspace/rustup-home" "/workspace/cargo-home/bin/cargo" "+beta-2023-12-22" "generate-lockfile" "--manifest-path" "Cargo.toml", kill_on_drop: false }`
[INFO] [stderr]     Updating crates.io index
[INFO] running `Command { std: CARGO_HOME="/workspace/cargo-home" RUSTUP_HOME="/workspace/rustup-home" "/workspace/cargo-home/bin/cargo" "+beta-2023-12-22" "fetch" "--manifest-path" "Cargo.toml", kill_on_drop: false }`
[INFO] running `Command { std: "docker" "create" "-v" "/var/lib/crater-agent-workspace/builds/worker-5-tc2/target:/opt/rustwide/target:rw,Z" "-v" "/var/lib/crater-agent-workspace/builds/worker-5-tc2/source:/opt/rustwide/workdir:ro,Z" "-v" "/var/lib/crater-agent-workspace/cargo-home:/opt/rustwide/cargo-home:ro,Z" "-v" "/var/lib/crater-agent-workspace/rustup-home:/opt/rustwide/rustup-home:ro,Z" "-e" "SOURCE_DIR=/opt/rustwide/workdir" "-e" "CARGO_TARGET_DIR=/opt/rustwide/target" "-e" "CARGO_HOME=/opt/rustwide/cargo-home" "-e" "RUSTUP_HOME=/opt/rustwide/rustup-home" "-w" "/opt/rustwide/workdir" "-m" "1610612736" "--user" "0:0" "--network" "none" "ghcr.io/rust-lang/crates-build-env/linux@sha256:2788e3201cd34a07e3172128adcd8b3090168a8e3bcc40d7c032b9dda1df7d1c" "/opt/rustwide/cargo-home/bin/cargo" "+beta-2023-12-22" "metadata" "--no-deps" "--format-version=1", kill_on_drop: false }`
[INFO] [stdout] ffe6fe0da36b593addbd9118cdf64e16770b8461ed5202ff176799c43722f7b9
[INFO] running `Command { std: "docker" "start" "-a" "ffe6fe0da36b593addbd9118cdf64e16770b8461ed5202ff176799c43722f7b9", kill_on_drop: false }`
[INFO] running `Command { std: "docker" "inspect" "ffe6fe0da36b593addbd9118cdf64e16770b8461ed5202ff176799c43722f7b9", kill_on_drop: false }`
[INFO] running `Command { std: "docker" "rm" "-f" "ffe6fe0da36b593addbd9118cdf64e16770b8461ed5202ff176799c43722f7b9", kill_on_drop: false }`
[INFO] [stdout] ffe6fe0da36b593addbd9118cdf64e16770b8461ed5202ff176799c43722f7b9
[INFO] running `Command { std: "docker" "create" "-v" "/var/lib/crater-agent-workspace/builds/worker-5-tc2/target:/opt/rustwide/target:rw,Z" "-v" "/var/lib/crater-agent-workspace/builds/worker-5-tc2/source:/opt/rustwide/workdir:ro,Z" "-v" "/var/lib/crater-agent-workspace/cargo-home:/opt/rustwide/cargo-home:ro,Z" "-v" "/var/lib/crater-agent-workspace/rustup-home:/opt/rustwide/rustup-home:ro,Z" "-e" "SOURCE_DIR=/opt/rustwide/workdir" "-e" "CARGO_TARGET_DIR=/opt/rustwide/target" "-e" "CARGO_INCREMENTAL=0" "-e" "RUST_BACKTRACE=full" "-e" "RUSTFLAGS=--cap-lints=warn" "-e" "RUSTDOCFLAGS=--cap-lints=warn" "-e" "CARGO_HOME=/opt/rustwide/cargo-home" "-e" "RUSTUP_HOME=/opt/rustwide/rustup-home" "-w" "/opt/rustwide/workdir" "-m" "1610612736" "--user" "0:0" "--network" "none" "ghcr.io/rust-lang/crates-build-env/linux@sha256:2788e3201cd34a07e3172128adcd8b3090168a8e3bcc40d7c032b9dda1df7d1c" "/opt/rustwide/cargo-home/bin/cargo" "+beta-2023-12-22" "build" "--frozen" "--message-format=json", kill_on_drop: false }`
[INFO] [stdout] 9cc443e3be4483c81abbec7811f66ca538ea9f93a9a90782e8f8f7adad60c611
[INFO] running `Command { std: "docker" "start" "-a" "9cc443e3be4483c81abbec7811f66ca538ea9f93a9a90782e8f8f7adad60c611", kill_on_drop: false }`
[INFO] [stderr]    Compiling memchr v2.7.1
[INFO] [stderr]    Compiling glob v0.3.1
[INFO] [stderr]    Compiling regex-syntax v0.8.2
[INFO] [stderr]    Compiling cfg-if v1.0.0
[INFO] [stderr]    Compiling unicode-width v0.1.11
[INFO] [stderr]    Compiling log v0.4.20
[INFO] [stderr]    Compiling termcolor v1.4.0
[INFO] [stderr]    Compiling ansi_term v0.12.1
[INFO] [stderr]    Compiling bitflags v1.3.2
[INFO] [stderr]    Compiling strsim v0.8.0
[INFO] [stderr]    Compiling humantime v2.1.0
[INFO] [stderr]    Compiling nom v5.1.3
[INFO] [stderr]    Compiling vec_map v0.8.2
[INFO] [stderr]    Compiling bindgen v0.56.0
[INFO] [stderr]    Compiling atty v0.2.14
[INFO] [stderr]    Compiling cc v1.0.83
[INFO] [stderr]    Compiling libloading v0.8.1
[INFO] [stderr]    Compiling textwrap v0.11.0
[INFO] [stderr]    Compiling which v3.1.1
[INFO] [stderr]    Compiling num-traits v0.2.17
[INFO] [stderr]    Compiling rustc-hash v1.1.0
[INFO] [stderr]    Compiling clap v2.34.0
[INFO] [stderr]    Compiling lazycell v1.3.0
[INFO] [stderr]    Compiling lazy_static v1.4.0
[INFO] [stderr]    Compiling shlex v0.1.1
[INFO] [stderr]    Compiling peeking_take_while v0.1.2
[INFO] [stderr]    Compiling syn v1.0.109
[INFO] [stderr]    Compiling iana-time-zone v0.1.59
[INFO] [stderr]    Compiling imagesize v0.8.8
[INFO] [stderr]    Compiling clang-sys v1.7.0
[INFO] [stderr]    Compiling aho-corasick v1.1.2
[INFO] [stderr]    Compiling cmake v0.1.50
[INFO] [stderr]    Compiling chrono v0.4.31
[INFO] [stderr]    Compiling regex-automata v0.4.3
[INFO] [stderr]    Compiling cexpr v0.4.0
[INFO] [stderr]    Compiling enum-primitive-derive v0.2.2
[INFO] [stderr]    Compiling regex v1.10.2
[INFO] [stderr]    Compiling env_logger v0.8.4
[INFO] [stderr]    Compiling libkatatsuki-sys v1.0.11
[INFO] [stderr] error: failed to run custom build command for `libkatatsuki-sys v1.0.11`
[INFO] [stderr] note: To improve backtraces for build dependencies, set the CARGO_PROFILE_DEV_BUILD_OVERRIDE_DEBUG=true environment variable to enable debug information generation.
[INFO] [stderr] 
[INFO] [stderr] Caused by:
[INFO] [stderr]   process didn't exit successfully: `/opt/rustwide/target/debug/build/libkatatsuki-sys-cddf289906308a7b/build-script-build` (exit status: 101)
[INFO] [stderr]   --- stdout
[INFO] [stderr]   CMAKE_TOOLCHAIN_FILE_x86_64-unknown-linux-gnu = None
[INFO] [stderr]   CMAKE_TOOLCHAIN_FILE_x86_64_unknown_linux_gnu = None
[INFO] [stderr]   HOST_CMAKE_TOOLCHAIN_FILE = None
[INFO] [stderr]   CMAKE_TOOLCHAIN_FILE = None
[INFO] [stderr]   CMAKE_GENERATOR_x86_64-unknown-linux-gnu = None
[INFO] [stderr]   CMAKE_GENERATOR_x86_64_unknown_linux_gnu = None
[INFO] [stderr]   HOST_CMAKE_GENERATOR = None
[INFO] [stderr]   CMAKE_GENERATOR = None
[INFO] [stderr]   CMAKE_PREFIX_PATH_x86_64-unknown-linux-gnu = None
[INFO] [stderr]   CMAKE_PREFIX_PATH_x86_64_unknown_linux_gnu = None
[INFO] [stderr]   HOST_CMAKE_PREFIX_PATH = None
[INFO] [stderr]   CMAKE_PREFIX_PATH = None
[INFO] [stderr]   CMAKE_x86_64-unknown-linux-gnu = None
[INFO] [stderr]   CMAKE_x86_64_unknown_linux_gnu = None
[INFO] [stderr]   HOST_CMAKE = None
[INFO] [stderr]   CMAKE = None
[INFO] [stderr]   running: cd "/opt/rustwide/target/debug/build/libkatatsuki-sys-ac149d6e6cf88748/out/build" && CMAKE_PREFIX_PATH="" "cmake" "-Wdev" "--debug-output" "/opt/rustwide/cargo-home/registry/src/index.crates.io-6f17d22bba15001f/libkatatsuki-sys-1.0.11/libkatatsuki" "-DCMAKE_INSTALL_PREFIX=/opt/rustwide/target/debug/build/libkatatsuki-sys-ac149d6e6cf88748/out" "-DCMAKE_C_FLAGS= -lstdc++ -ffunction-sections -fdata-sections -fPIC -m64" "-DCMAKE_C_COMPILER=/usr/bin/cc" "-DCMAKE_CXX_FLAGS= -std=c++1z -lstdc++ -ffunction-sections -fdata-sections -fPIC -m64" "-DCMAKE_CXX_COMPILER=/usr/bin/c++" "-DCMAKE_ASM_FLAGS= -ffunction-sections -fdata-sections -fPIC -m64" "-DCMAKE_ASM_COMPILER=/usr/bin/cc" "-DCMAKE_BUILD_TYPE=Release" "-DCMAKE_VERBOSE_MAKEFILE:BOOL=ON"
[INFO] [stderr]   Running with debug output on.
[INFO] [stderr]   -- The C compiler identification is GNU 11.4.0
[INFO] [stderr]      Called from: [3]	/usr/share/cmake-3.22/Modules/CMakeDetermineCompilerId.cmake
[INFO] [stderr]                   [2]	/usr/share/cmake-3.22/Modules/CMakeDetermineCCompiler.cmake
[INFO] [stderr]                   [1]	/opt/rustwide/cargo-home/registry/src/index.crates.io-6f17d22bba15001f/libkatatsuki-sys-1.0.11/libkatatsuki/CMakeLists.txt
[INFO] [stderr]   -- The CXX compiler identification is GNU 11.4.0
[INFO] [stderr]      Called from: [3]	/usr/share/cmake-3.22/Modules/CMakeDetermineCompilerId.cmake
[INFO] [stderr]                   [2]	/usr/share/cmake-3.22/Modules/CMakeDetermineCXXCompiler.cmake
[INFO] [stderr]                   [1]	/opt/rustwide/cargo-home/registry/src/index.crates.io-6f17d22bba15001f/libkatatsuki-sys-1.0.11/libkatatsuki/CMakeLists.txt
[INFO] [stderr]   -- Detecting C compiler ABI info
[INFO] [stderr]      Called from: [3]	/usr/share/cmake-3.22/Modules/CMakeDetermineCompilerABI.cmake
[INFO] [stderr]                   [2]	/usr/share/cmake-3.22/Modules/CMakeTestCCompiler.cmake
[INFO] [stderr]                   [1]	/opt/rustwide/cargo-home/registry/src/index.crates.io-6f17d22bba15001f/libkatatsuki-sys-1.0.11/libkatatsuki/CMakeLists.txt
[INFO] [stderr]   -- Detecting C compiler ABI info - done
[INFO] [stderr]      Called from: [3]	/usr/share/cmake-3.22/Modules/CMakeDetermineCompilerABI.cmake
[INFO] [stderr]                   [2]	/usr/share/cmake-3.22/Modules/CMakeTestCCompiler.cmake
[INFO] [stderr]                   [1]	/opt/rustwide/cargo-home/registry/src/index.crates.io-6f17d22bba15001f/libkatatsuki-sys-1.0.11/libkatatsuki/CMakeLists.txt
[INFO] [stderr]   -- Check for working C compiler: /usr/bin/cc - skipped
[INFO] [stderr]      Called from: [2]	/usr/share/cmake-3.22/Modules/CMakeTestCCompiler.cmake
[INFO] [stderr]                   [1]	/opt/rustwide/cargo-home/registry/src/index.crates.io-6f17d22bba15001f/libkatatsuki-sys-1.0.11/libkatatsuki/CMakeLists.txt
[INFO] [stderr]   -- Detecting C compile features
[INFO] [stderr]      Called from: [3]	/usr/share/cmake-3.22/Modules/CMakeDetermineCompileFeatures.cmake
[INFO] [stderr]                   [2]	/usr/share/cmake-3.22/Modules/CMakeTestCCompiler.cmake
[INFO] [stderr]                   [1]	/opt/rustwide/cargo-home/registry/src/index.crates.io-6f17d22bba15001f/libkatatsuki-sys-1.0.11/libkatatsuki/CMakeLists.txt
[INFO] [stderr]   -- Detecting C compile features - done
[INFO] [stderr]      Called from: [3]	/usr/share/cmake-3.22/Modules/CMakeDetermineCompileFeatures.cmake
[INFO] [stderr]                   [2]	/usr/share/cmake-3.22/Modules/CMakeTestCCompiler.cmake
[INFO] [stderr]                   [1]	/opt/rustwide/cargo-home/registry/src/index.crates.io-6f17d22bba15001f/libkatatsuki-sys-1.0.11/libkatatsuki/CMakeLists.txt
[INFO] [stderr]   -- Detecting CXX compiler ABI info
[INFO] [stderr]      Called from: [3]	/usr/share/cmake-3.22/Modules/CMakeDetermineCompilerABI.cmake
[INFO] [stderr]                   [2]	/usr/share/cmake-3.22/Modules/CMakeTestCXXCompiler.cmake
[INFO] [stderr]                   [1]	/opt/rustwide/cargo-home/registry/src/index.crates.io-6f17d22bba15001f/libkatatsuki-sys-1.0.11/libkatatsuki/CMakeLists.txt
[INFO] [stderr]   -- Detecting CXX compiler ABI info - done
[INFO] [stderr]      Called from: [3]	/usr/share/cmake-3.22/Modules/CMakeDetermineCompilerABI.cmake
[INFO] [stderr]                   [2]	/usr/share/cmake-3.22/Modules/CMakeTestCXXCompiler.cmake
[INFO] [stderr]                   [1]	/opt/rustwide/cargo-home/registry/src/index.crates.io-6f17d22bba15001f/libkatatsuki-sys-1.0.11/libkatatsuki/CMakeLists.txt
[INFO] [stderr]   -- Check for working CXX compiler: /usr/bin/c++ - skipped
[INFO] [stderr]      Called from: [2]	/usr/share/cmake-3.22/Modules/CMakeTestCXXCompiler.cmake
[INFO] [stderr]                   [1]	/opt/rustwide/cargo-home/registry/src/index.crates.io-6f17d22bba15001f/libkatatsuki-sys-1.0.11/libkatatsuki/CMakeLists.txt
[INFO] [stderr]   -- Detecting CXX compile features
[INFO] [stderr]      Called from: [3]	/usr/share/cmake-3.22/Modules/CMakeDetermineCompileFeatures.cmake
[INFO] [stderr]                   [2]	/usr/share/cmake-3.22/Modules/CMakeTestCXXCompiler.cmake
[INFO] [stderr]                   [1]	/opt/rustwide/cargo-home/registry/src/index.crates.io-6f17d22bba15001f/libkatatsuki-sys-1.0.11/libkatatsuki/CMakeLists.txt
[INFO] [stderr]   -- Detecting CXX compile features - done
[INFO] [stderr]      Called from: [3]	/usr/share/cmake-3.22/Modules/CMakeDetermineCompileFeatures.cmake
[INFO] [stderr]                   [2]	/usr/share/cmake-3.22/Modules/CMakeTestCXXCompiler.cmake
[INFO] [stderr]                   [1]	/opt/rustwide/cargo-home/registry/src/index.crates.io-6f17d22bba15001f/libkatatsuki-sys-1.0.11/libkatatsuki/CMakeLists.txt
[INFO] [stderr]   -- Configuring done
[INFO] [stderr]   -- Generating /opt/rustwide/target/debug/build/libkatatsuki-sys-ac149d6e6cf88748/out/build
[INFO] [stderr]      Called from: [1]	/opt/rustwide/cargo-home/registry/src/index.crates.io-6f17d22bba15001f/libkatatsuki-sys-1.0.11/libkatatsuki/CMakeLists.txt
[INFO] [stderr]   -- Generating done
[INFO] [stderr]   -- Build files have been written to: /opt/rustwide/target/debug/build/libkatatsuki-sys-ac149d6e6cf88748/out/build
[INFO] [stderr]   running: cd "/opt/rustwide/target/debug/build/libkatatsuki-sys-ac149d6e6cf88748/out/build" && MAKEFLAGS="-j --jobserver-fds=7,8 --jobserver-auth=7,8" "cmake" "--build" "." "--target" "katatsuki" "--config" "Release"
[INFO] [stderr]   /usr/bin/cmake -S/opt/rustwide/cargo-home/registry/src/index.crates.io-6f17d22bba15001f/libkatatsuki-sys-1.0.11/libkatatsuki -B/opt/rustwide/target/debug/build/libkatatsuki-sys-ac149d6e6cf88748/out/build --check-build-system CMakeFiles/Makefile.cmake 0
[INFO] [stderr]   /usr/bin/gmake  -f CMakeFiles/Makefile2 katatsuki
[INFO] [stderr]   gmake[1]: Entering directory '/opt/rustwide/target/debug/build/libkatatsuki-sys-ac149d6e6cf88748/out/build'
[INFO] [stderr]   /usr/bin/cmake -S/opt/rustwide/cargo-home/registry/src/index.crates.io-6f17d22bba15001f/libkatatsuki-sys-1.0.11/libkatatsuki -B/opt/rustwide/target/debug/build/libkatatsuki-sys-ac149d6e6cf88748/out/build --check-build-system CMakeFiles/Makefile.cmake 0
[INFO] [stderr]   /usr/bin/cmake -E cmake_progress_start /opt/rustwide/target/debug/build/libkatatsuki-sys-ac149d6e6cf88748/out/build/CMakeFiles 12
[INFO] [stderr]   /usr/bin/gmake  -f CMakeFiles/Makefile2 CMakeFiles/katatsuki.dir/all
[INFO] [stderr]   gmake[2]: Entering directory '/opt/rustwide/target/debug/build/libkatatsuki-sys-ac149d6e6cf88748/out/build'
[INFO] [stderr]   /usr/bin/gmake  -f CMakeFiles/taglib.dir/build.make CMakeFiles/taglib.dir/depend
[INFO] [stderr]   gmake[3]: Entering directory '/opt/rustwide/target/debug/build/libkatatsuki-sys-ac149d6e6cf88748/out/build'
[INFO] [stderr]   cd /opt/rustwide/target/debug/build/libkatatsuki-sys-ac149d6e6cf88748/out/build && /usr/bin/cmake -E cmake_depends "Unix Makefiles" /opt/rustwide/cargo-home/registry/src/index.crates.io-6f17d22bba15001f/libkatatsuki-sys-1.0.11/libkatatsuki /opt/rustwide/cargo-home/registry/src/index.crates.io-6f17d22bba15001f/libkatatsuki-sys-1.0.11/libkatatsuki /opt/rustwide/target/debug/build/libkatatsuki-sys-ac149d6e6cf88748/out/build /opt/rustwide/target/debug/build/libkatatsuki-sys-ac149d6e6cf88748/out/build /opt/rustwide/target/debug/build/libkatatsuki-sys-ac149d6e6cf88748/out/build/CMakeFiles/taglib.dir/DependInfo.cmake --color=
[INFO] [stderr]   gmake[3]: Leaving directory '/opt/rustwide/target/debug/build/libkatatsuki-sys-ac149d6e6cf88748/out/build'
[INFO] [stderr]   /usr/bin/gmake  -f CMakeFiles/taglib.dir/build.make CMakeFiles/taglib.dir/build
[INFO] [stderr]   gmake[3]: Entering directory '/opt/rustwide/target/debug/build/libkatatsuki-sys-ac149d6e6cf88748/out/build'
[INFO] [stderr]   [  8%] Creating directories for 'taglib'
[INFO] [stderr]   /usr/bin/cmake -E make_directory /opt/rustwide/target/debug/build/libkatatsuki-sys-ac149d6e6cf88748/out/build/taglib/src/taglib
[INFO] [stderr]   /usr/bin/cmake -E make_directory /opt/rustwide/target/debug/build/libkatatsuki-sys-ac149d6e6cf88748/out/build/taglib/src/taglib-build
[INFO] [stderr]   /usr/bin/cmake -E make_directory /opt/rustwide/target/debug/build/libkatatsuki-sys-ac149d6e6cf88748/out/build/taglib
[INFO] [stderr]   /usr/bin/cmake -E make_directory /opt/rustwide/target/debug/build/libkatatsuki-sys-ac149d6e6cf88748/out/build/taglib/tmp
[INFO] [stderr]   /usr/bin/cmake -E make_directory /opt/rustwide/target/debug/build/libkatatsuki-sys-ac149d6e6cf88748/out/build/taglib/src/taglib-stamp
[INFO] [stderr]   /usr/bin/cmake -E make_directory /opt/rustwide/target/debug/build/libkatatsuki-sys-ac149d6e6cf88748/out/build/taglib/src
[INFO] [stderr]   /usr/bin/cmake -E make_directory /opt/rustwide/target/debug/build/libkatatsuki-sys-ac149d6e6cf88748/out/build/taglib/src/taglib-stamp
[INFO] [stderr]   /usr/bin/cmake -E touch /opt/rustwide/target/debug/build/libkatatsuki-sys-ac149d6e6cf88748/out/build/taglib/src/taglib-stamp/taglib-mkdir
[INFO] [stderr]   [ 16%] Performing download step (git clone) for 'taglib'
[INFO] [stderr]   cd /opt/rustwide/target/debug/build/libkatatsuki-sys-ac149d6e6cf88748/out/build/taglib/src && /usr/bin/cmake -P /opt/rustwide/target/debug/build/libkatatsuki-sys-ac149d6e6cf88748/out/build/taglib/tmp/taglib-gitclone.cmake
[INFO] [stderr]   -- Had to git clone more than once:
[INFO] [stderr]             3 times.
[INFO] [stderr]   gmake[3]: Leaving directory '/opt/rustwide/target/debug/build/libkatatsuki-sys-ac149d6e6cf88748/out/build'
[INFO] [stderr]   gmake[2]: Leaving directory '/opt/rustwide/target/debug/build/libkatatsuki-sys-ac149d6e6cf88748/out/build'
[INFO] [stderr]   gmake[1]: Leaving directory '/opt/rustwide/target/debug/build/libkatatsuki-sys-ac149d6e6cf88748/out/build'
[INFO] [stderr] 
[INFO] [stderr]   --- stderr
[INFO] [stderr]   CMake Warning (dev) at /usr/share/cmake-3.22/Modules/CMakeDetermineCompiler.cmake:143 (set):
[INFO] [stderr]     Policy CMP0126 is not set: set(CACHE) does not remove a normal variable of
[INFO] [stderr]     the same name.  Run "cmake --help-policy CMP0126" for policy details.  Use
[INFO] [stderr]     the cmake_policy command to set the policy and suppress this warning.
[INFO] [stderr] 
[INFO] [stderr]     For compatibility with older versions of CMake, normal variable
[INFO] [stderr]     "CMAKE_C_COMPILER" will be removed from the current scope.
[INFO] [stderr]   Call Stack (most recent call first):
[INFO] [stderr]     /usr/share/cmake-3.22/Modules/CMakeDetermineCCompiler.cmake:68 (_cmake_find_compiler_path)
[INFO] [stderr]     CMakeLists.txt:2 (project)
[INFO] [stderr]   This warning is for project developers.  Use -Wno-dev to suppress it.
[INFO] [stderr] 
[INFO] [stderr]      Called from: [3]	/usr/share/cmake-3.22/Modules/CMakeDetermineCompiler.cmake
[INFO] [stderr]                   [2]	/usr/share/cmake-3.22/Modules/CMakeDetermineCCompiler.cmake
[INFO] [stderr]                   [1]	/opt/rustwide/cargo-home/registry/src/index.crates.io-6f17d22bba15001f/libkatatsuki-sys-1.0.11/libkatatsuki/CMakeLists.txt
[INFO] [stderr]   CMake Warning (dev) at /usr/share/cmake-3.22/Modules/CMakeDetermineCompiler.cmake:143 (set):
[INFO] [stderr]     Policy CMP0126 is not set: set(CACHE) does not remove a normal variable of
[INFO] [stderr]     the same name.  Run "cmake --help-policy CMP0126" for policy details.  Use
[INFO] [stderr]     the cmake_policy command to set the policy and suppress this warning.
[INFO] [stderr] 
[INFO] [stderr]     For compatibility with older versions of CMake, normal variable
[INFO] [stderr]     "CMAKE_CXX_COMPILER" will be removed from the current scope.
[INFO] [stderr]   Call Stack (most recent call first):
[INFO] [stderr]     /usr/share/cmake-3.22/Modules/CMakeDetermineCXXCompiler.cmake:66 (_cmake_find_compiler_path)
[INFO] [stderr]     CMakeLists.txt:2 (project)
[INFO] [stderr]   This warning is for project developers.  Use -Wno-dev to suppress it.
[INFO] [stderr] 
[INFO] [stderr]      Called from: [3]	/usr/share/cmake-3.22/Modules/CMakeDetermineCompiler.cmake
[INFO] [stderr]                   [2]	/usr/share/cmake-3.22/Modules/CMakeDetermineCXXCompiler.cmake
[INFO] [stderr]                   [1]	/opt/rustwide/cargo-home/registry/src/index.crates.io-6f17d22bba15001f/libkatatsuki-sys-1.0.11/libkatatsuki/CMakeLists.txt
[INFO] [stderr]   CMake Warning at /usr/share/cmake-3.22/Modules/ExternalProject.cmake:1802 (message):
[INFO] [stderr]     Line 'BUILD_SHARED_LIBS=OFF' does not match regex.  Ignoring.
[INFO] [stderr]   Call Stack (most recent call first):
[INFO] [stderr]     /usr/share/cmake-3.22/Modules/ExternalProject.cmake:3243 (_ep_command_line_to_initial_cache)
[INFO] [stderr]     /usr/share/cmake-3.22/Modules/ExternalProject.cmake:3274 (_ep_extract_configure_command)
[INFO] [stderr]     /usr/share/cmake-3.22/Modules/ExternalProject.cmake:3719 (_ep_add_configure_command)
[INFO] [stderr]     CMakeLists.txt:37 (ExternalProject_Add)
[INFO] [stderr] 
[INFO] [stderr] 
[INFO] [stderr]      Called from: [5]	/usr/share/cmake-3.22/Modules/ExternalProject.cmake
[INFO] [stderr]                   [4]	/usr/share/cmake-3.22/Modules/ExternalProject.cmake
[INFO] [stderr]                   [3]	/usr/share/cmake-3.22/Modules/ExternalProject.cmake
[INFO] [stderr]                   [2]	/usr/share/cmake-3.22/Modules/ExternalProject.cmake
[INFO] [stderr]                   [1]	/opt/rustwide/cargo-home/registry/src/index.crates.io-6f17d22bba15001f/libkatatsuki-sys-1.0.11/libkatatsuki/CMakeLists.txt
[INFO] [stderr]   CMake Warning:
[INFO] [stderr]     Manually-specified variables were not used by the project:
[INFO] [stderr] 
[INFO] [stderr]       CMAKE_ASM_COMPILER
[INFO] [stderr]       CMAKE_ASM_FLAGS
[INFO] [stderr] 
[INFO] [stderr] 
[INFO] [stderr]   Cloning into 'taglib'...
[INFO] [stderr]   fatal: unable to access 'https://github.com/taglib/taglib/': Could not resolve host: github.com
[INFO] [stderr]   Cloning into 'taglib'...
[INFO] [stderr]   fatal: unable to access 'https://github.com/taglib/taglib/': Could not resolve host: github.com
[INFO] [stderr]   Cloning into 'taglib'...
[INFO] [stderr]   fatal: unable to access 'https://github.com/taglib/taglib/': Could not resolve host: github.com
[INFO] [stderr]   CMake Error at /opt/rustwide/target/debug/build/libkatatsuki-sys-ac149d6e6cf88748/out/build/taglib/tmp/taglib-gitclone.cmake:31 (message):
[INFO] [stderr]     Failed to clone repository: 'https://github.com/taglib/taglib'
[INFO] [stderr] 
[INFO] [stderr] 
[INFO] [stderr]   gmake[3]: *** [CMakeFiles/taglib.dir/build.make:101: taglib/src/taglib-stamp/taglib-download] Error 1
[INFO] [stderr]   gmake[2]: *** [CMakeFiles/Makefile2:85: CMakeFiles/taglib.dir/all] Error 2
[INFO] [stderr]   gmake[1]: *** [CMakeFiles/Makefile2:118: CMakeFiles/katatsuki.dir/rule] Error 2
[INFO] [stderr]   gmake: *** [Makefile:137: katatsuki] Error 2
[INFO] [stderr]   thread 'main' panicked at /opt/rustwide/cargo-home/registry/src/index.crates.io-6f17d22bba15001f/cmake-0.1.50/src/lib.rs:1098:5:
[INFO] [stderr] 
[INFO] [stderr]   command did not execute successfully, got: exit status: 2
[INFO] [stderr] 
[INFO] [stderr]   build script failed, must exit now
[INFO] [stderr]   stack backtrace:
[INFO] [stderr]      0:     0x56133c4fbb36 - std::backtrace_rs::backtrace::libunwind::trace::h261606ad26a499c1
[INFO] [stderr]                                  at /rustc/0e09125c6c3c2fd70d7de961bcf0e51575235fad/library/std/src/../../backtrace/src/backtrace/libunwind.rs:104:5
[INFO] [stderr]      1:     0x56133c4fbb36 - std::backtrace_rs::backtrace::trace_unsynchronized::hd183f0625477fb28
[INFO] [stderr]                                  at /rustc/0e09125c6c3c2fd70d7de961bcf0e51575235fad/library/std/src/../../backtrace/src/backtrace/mod.rs:66:5
[INFO] [stderr]      2:     0x56133c4fbb36 - std::sys_common::backtrace::_print_fmt::hd7f8fef21b4eda67
[INFO] [stderr]                                  at /rustc/0e09125c6c3c2fd70d7de961bcf0e51575235fad/library/std/src/sys_common/backtrace.rs:68:5
[INFO] [stderr]      3:     0x56133c4fbb36 - <std::sys_common::backtrace::_print::DisplayBacktrace as core::fmt::Display>::fmt::h623d9b51f2f453f1
[INFO] [stderr]                                  at /rustc/0e09125c6c3c2fd70d7de961bcf0e51575235fad/library/std/src/sys_common/backtrace.rs:44:22
[INFO] [stderr]      4:     0x56133c521400 - core::fmt::rt::Argument::fmt::h9f417ac76a86f368
[INFO] [stderr]                                  at /rustc/0e09125c6c3c2fd70d7de961bcf0e51575235fad/library/core/src/fmt/rt.rs:142:9
[INFO] [stderr]      5:     0x56133c521400 - core::fmt::write::hc9b6faf4ac2aeff7
[INFO] [stderr]                                  at /rustc/0e09125c6c3c2fd70d7de961bcf0e51575235fad/library/core/src/fmt/mod.rs:1120:17
[INFO] [stderr]      6:     0x56133c4f92af - std::io::Write::write_fmt::hfead1eee52c2e65e
[INFO] [stderr]                                  at /rustc/0e09125c6c3c2fd70d7de961bcf0e51575235fad/library/std/src/io/mod.rs:1810:15
[INFO] [stderr]      7:     0x56133c4fb914 - std::sys_common::backtrace::_print::hd5d66399c7df88a2
[INFO] [stderr]                                  at /rustc/0e09125c6c3c2fd70d7de961bcf0e51575235fad/library/std/src/sys_common/backtrace.rs:47:5
[INFO] [stderr]      8:     0x56133c4fb914 - std::sys_common::backtrace::print::he81ed2da642d37e5
[INFO] [stderr]                                  at /rustc/0e09125c6c3c2fd70d7de961bcf0e51575235fad/library/std/src/sys_common/backtrace.rs:34:9
[INFO] [stderr]      9:     0x56133c4fd1f7 - std::panicking::default_hook::{{closure}}::h85773f4fa117163d
[INFO] [stderr]     10:     0x56133c4fcf59 - std::panicking::default_hook::h6a1694a91d09b278
[INFO] [stderr]                                  at /rustc/0e09125c6c3c2fd70d7de961bcf0e51575235fad/library/std/src/panicking.rs:292:9
[INFO] [stderr]     11:     0x56133c4fd688 - std::panicking::rust_panic_with_hook::h0a7ad96e90f7145b
[INFO] [stderr]                                  at /rustc/0e09125c6c3c2fd70d7de961bcf0e51575235fad/library/std/src/panicking.rs:779:13
[INFO] [stderr]     12:     0x56133c4fd562 - std::panicking::begin_panic_handler::{{closure}}::h7919090525c6485e
[INFO] [stderr]                                  at /rustc/0e09125c6c3c2fd70d7de961bcf0e51575235fad/library/std/src/panicking.rs:657:13
[INFO] [stderr]     13:     0x56133c4fc036 - std::sys_common::backtrace::__rust_end_short_backtrace::hf3289479464f7dfe
[INFO] [stderr]                                  at /rustc/0e09125c6c3c2fd70d7de961bcf0e51575235fad/library/std/src/sys_common/backtrace.rs:171:18
[INFO] [stderr]     14:     0x56133c4fd2c0 - rust_begin_unwind
[INFO] [stderr]                                  at /rustc/0e09125c6c3c2fd70d7de961bcf0e51575235fad/library/std/src/panicking.rs:645:5
[INFO] [stderr]     15:     0x56133c47b635 - core::panicking::panic_fmt::hcc9f77c5c132af55
[INFO] [stderr]                                  at /rustc/0e09125c6c3c2fd70d7de961bcf0e51575235fad/library/core/src/panicking.rs:72:14
[INFO] [stderr]     16:     0x56133c4902d1 - cmake::fail::h21a81ab948e77449
[INFO] [stderr]     17:     0x56133c48fa67 - cmake::run::h6676511ec6b94cd8
[INFO] [stderr]     18:     0x56133c48c39d - cmake::Config::build::h26c735dd9425432a
[INFO] [stderr]     19:     0x56133c47d9f1 - build_script_build::main::h075337d192ad995e
[INFO] [stderr]     20:     0x56133c47c263 - core::ops::function::FnOnce::call_once::h402349f7fbd1f8d4
[INFO] [stderr]     21:     0x56133c47be36 - std::sys_common::backtrace::__rust_begin_short_backtrace::h9bea8ea37f29e71e
[INFO] [stderr]     22:     0x56133c47bf49 - std::rt::lang_start::{{closure}}::hb7323c751cb69c1d
[INFO] [stderr]     23:     0x56133c4f4ef1 - core::ops::function::impls::<impl core::ops::function::FnOnce<A> for &F>::call_once::h4eb4c5e1620f29b0
[INFO] [stderr]                                  at /rustc/0e09125c6c3c2fd70d7de961bcf0e51575235fad/library/core/src/ops/function.rs:284:13
[INFO] [stderr]     24:     0x56133c4f4ef1 - std::panicking::try::do_call::h73fd26535faffcdf
[INFO] [stderr]                                  at /rustc/0e09125c6c3c2fd70d7de961bcf0e51575235fad/library/std/src/panicking.rs:552:40
[INFO] [stderr]     25:     0x56133c4f4ef1 - std::panicking::try::h77ff1d98f0fb9f39
[INFO] [stderr]                                  at /rustc/0e09125c6c3c2fd70d7de961bcf0e51575235fad/library/std/src/panicking.rs:516:19
[INFO] [stderr]     26:     0x56133c4f4ef1 - std::panic::catch_unwind::hab3caf2448b95e37
[INFO] [stderr]                                  at /rustc/0e09125c6c3c2fd70d7de961bcf0e51575235fad/library/std/src/panic.rs:142:14
[INFO] [stderr]     27:     0x56133c4f4ef1 - std::rt::lang_start_internal::{{closure}}::h8086711f9c783f78
[INFO] [stderr]                                  at /rustc/0e09125c6c3c2fd70d7de961bcf0e51575235fad/library/std/src/rt.rs:148:48
[INFO] [stderr]     28:     0x56133c4f4ef1 - std::panicking::try::do_call::hf920d4dc291cd6ca
[INFO] [stderr]                                  at /rustc/0e09125c6c3c2fd70d7de961bcf0e51575235fad/library/std/src/panicking.rs:552:40
[INFO] [stderr]     29:     0x56133c4f4ef1 - std::panicking::try::h2b806ccc0a85db74
[INFO] [stderr]                                  at /rustc/0e09125c6c3c2fd70d7de961bcf0e51575235fad/library/std/src/panicking.rs:516:19
[INFO] [stderr]     30:     0x56133c4f4ef1 - std::panic::catch_unwind::h038489539c507df2
[INFO] [stderr]                                  at /rustc/0e09125c6c3c2fd70d7de961bcf0e51575235fad/library/std/src/panic.rs:142:14
[INFO] [stderr]     31:     0x56133c4f4ef1 - std::rt::lang_start_internal::h28503b88912e8a5c
[INFO] [stderr]                                  at /rustc/0e09125c6c3c2fd70d7de961bcf0e51575235fad/library/std/src/rt.rs:148:20
[INFO] [stderr]     32:     0x56133c47bf27 - std::rt::lang_start::hb456eaf4af372d55
[INFO] [stderr]     33:     0x56133c47e335 - main
[INFO] [stderr]     34:     0x7fc412b69d90 - <unknown>
[INFO] [stderr]     35:     0x7fc412b69e40 - __libc_start_main
[INFO] [stderr]     36:     0x56133c47bd65 - _start
[INFO] [stderr]     37:                0x0 - <unknown>
[INFO] running `Command { std: "docker" "inspect" "9cc443e3be4483c81abbec7811f66ca538ea9f93a9a90782e8f8f7adad60c611", kill_on_drop: false }`
[INFO] running `Command { std: "docker" "rm" "-f" "9cc443e3be4483c81abbec7811f66ca538ea9f93a9a90782e8f8f7adad60c611", kill_on_drop: false }`
[INFO] [stdout] 9cc443e3be4483c81abbec7811f66ca538ea9f93a9a90782e8f8f7adad60c611
