[INFO] fetching crate juggernaut_broker 0.1.0...
[INFO] testing juggernaut_broker-0.1.0 against 1.75.0 for beta-1.76-1
[INFO] extracting crate juggernaut_broker 0.1.0 into /workspace/builds/worker-3-tc1/source
[INFO] validating manifest of crates.io crate juggernaut_broker 0.1.0 on toolchain 1.75.0
[INFO] running `Command { std: CARGO_HOME="/workspace/cargo-home" RUSTUP_HOME="/workspace/rustup-home" "/workspace/cargo-home/bin/cargo" "+1.75.0" "metadata" "--manifest-path" "Cargo.toml" "--no-deps", kill_on_drop: false }`
[INFO] started tweaking crates.io crate juggernaut_broker 0.1.0
[INFO] finished tweaking crates.io crate juggernaut_broker 0.1.0
[INFO] tweaked toml for crates.io crate juggernaut_broker 0.1.0 written to /workspace/builds/worker-3-tc1/source/Cargo.toml
[INFO] crate crates.io crate juggernaut_broker 0.1.0 already has a lockfile, it will not be regenerated
[INFO] running `Command { std: CARGO_HOME="/workspace/cargo-home" RUSTUP_HOME="/workspace/rustup-home" "/workspace/cargo-home/bin/cargo" "+1.75.0" "fetch" "--manifest-path" "Cargo.toml", kill_on_drop: false }`
[INFO] [stderr]     Updating crates.io index
[INFO] [stderr]  Downloading crates ...
[INFO] [stderr]   Downloaded ts-rs v6.2.1
[INFO] [stderr]   Downloaded actix-rt v2.8.0
[INFO] [stderr]   Downloaded ts-rs-macros v6.2.0
[INFO] [stderr]   Downloaded bigdecimal v0.3.0
[INFO] [stderr]   Downloaded actix-router v0.5.1
[INFO] [stderr]   Downloaded tokio-macros v2.0.0
[INFO] [stderr]   Downloaded actix-cors v0.6.4
[INFO] [stderr]   Downloaded uuid v1.3.2
[INFO] [stderr]   Downloaded actix-web v4.3.1
[INFO] [stderr]   Downloaded actix-http v3.3.1
[INFO] [stderr]   Downloaded openssl v0.10.52
[INFO] [stderr]   Downloaded actix-server v2.2.0
[INFO] [stderr]   Downloaded actix-web-codegen v4.2.0
[INFO] running `Command { std: "docker" "create" "-v" "/var/lib/crater-agent-workspace/builds/worker-3-tc1/target:/opt/rustwide/target:rw,Z" "-v" "/var/lib/crater-agent-workspace/builds/worker-3-tc1/source:/opt/rustwide/workdir:ro,Z" "-v" "/var/lib/crater-agent-workspace/cargo-home:/opt/rustwide/cargo-home:ro,Z" "-v" "/var/lib/crater-agent-workspace/rustup-home:/opt/rustwide/rustup-home:ro,Z" "-e" "SOURCE_DIR=/opt/rustwide/workdir" "-e" "CARGO_TARGET_DIR=/opt/rustwide/target" "-e" "CARGO_HOME=/opt/rustwide/cargo-home" "-e" "RUSTUP_HOME=/opt/rustwide/rustup-home" "-w" "/opt/rustwide/workdir" "-m" "1610612736" "--user" "0:0" "--network" "none" "ghcr.io/rust-lang/crates-build-env/linux@sha256:2788e3201cd34a07e3172128adcd8b3090168a8e3bcc40d7c032b9dda1df7d1c" "/opt/rustwide/cargo-home/bin/cargo" "+1.75.0" "metadata" "--no-deps" "--format-version=1", kill_on_drop: false }`
[INFO] [stdout] 16b196af29e99d7b50840cae98944e856ca9d53e7930f4469419707d9ed77ce6
[INFO] running `Command { std: "docker" "start" "-a" "16b196af29e99d7b50840cae98944e856ca9d53e7930f4469419707d9ed77ce6", kill_on_drop: false }`
[INFO] running `Command { std: "docker" "inspect" "16b196af29e99d7b50840cae98944e856ca9d53e7930f4469419707d9ed77ce6", kill_on_drop: false }`
[INFO] running `Command { std: "docker" "rm" "-f" "16b196af29e99d7b50840cae98944e856ca9d53e7930f4469419707d9ed77ce6", kill_on_drop: false }`
[INFO] [stdout] 16b196af29e99d7b50840cae98944e856ca9d53e7930f4469419707d9ed77ce6
[INFO] running `Command { std: "docker" "create" "-v" "/var/lib/crater-agent-workspace/builds/worker-3-tc1/target:/opt/rustwide/target:rw,Z" "-v" "/var/lib/crater-agent-workspace/builds/worker-3-tc1/source:/opt/rustwide/workdir:ro,Z" "-v" "/var/lib/crater-agent-workspace/cargo-home:/opt/rustwide/cargo-home:ro,Z" "-v" "/var/lib/crater-agent-workspace/rustup-home:/opt/rustwide/rustup-home:ro,Z" "-e" "SOURCE_DIR=/opt/rustwide/workdir" "-e" "CARGO_TARGET_DIR=/opt/rustwide/target" "-e" "CARGO_INCREMENTAL=0" "-e" "RUST_BACKTRACE=full" "-e" "RUSTFLAGS=--cap-lints=warn" "-e" "RUSTDOCFLAGS=--cap-lints=warn" "-e" "CARGO_HOME=/opt/rustwide/cargo-home" "-e" "RUSTUP_HOME=/opt/rustwide/rustup-home" "-w" "/opt/rustwide/workdir" "-m" "1610612736" "--user" "0:0" "--network" "none" "ghcr.io/rust-lang/crates-build-env/linux@sha256:2788e3201cd34a07e3172128adcd8b3090168a8e3bcc40d7c032b9dda1df7d1c" "/opt/rustwide/cargo-home/bin/cargo" "+1.75.0" "build" "--frozen" "--message-format=json", kill_on_drop: false }`
[INFO] [stdout] be6ad05c79aec5f7b1b9944ebb037742d56f3a50503a2d2008a7424aede2111e
[INFO] running `Command { std: "docker" "start" "-a" "be6ad05c79aec5f7b1b9944ebb037742d56f3a50503a2d2008a7424aede2111e", kill_on_drop: false }`
[INFO] [stderr]    Compiling libc v0.2.142
[INFO] [stderr]    Compiling proc-macro2 v1.0.56
[INFO] [stderr]    Compiling unicode-ident v1.0.8
[INFO] [stderr]    Compiling quote v1.0.26
[INFO] [stderr]    Compiling pin-project-lite v0.2.9
[INFO] [stderr]    Compiling bytes v1.4.0
[INFO] [stderr]    Compiling once_cell v1.17.1
[INFO] [stderr]    Compiling futures-core v0.3.28
[INFO] [stderr]    Compiling log v0.4.17
[INFO] [stderr]    Compiling memchr v2.5.0
[INFO] [stderr]    Compiling parking_lot_core v0.9.7
[INFO] [stderr]    Compiling ahash v0.7.6
[INFO] [stderr]    Compiling typenum v1.16.0
[INFO] [stderr]    Compiling itoa v1.0.6
[INFO] [stderr]    Compiling tokio v1.27.0
[INFO] [stderr]    Compiling syn v1.0.109
[INFO] [stderr]    Compiling syn v2.0.15
[INFO] [stderr]    Compiling pkg-config v0.3.26
[INFO] [stderr]    Compiling jobserver v0.1.26
[INFO] [stderr]    Compiling spin v0.5.2
[INFO] [stderr]    Compiling untrusted v0.7.1
[INFO] [stderr]    Compiling cc v1.0.79
[INFO] [stderr]    Compiling mio v0.8.6
[INFO] [stderr]    Compiling parking_lot v0.12.1
[INFO] [stderr]    Compiling getrandom v0.2.9
[INFO] [stderr]    Compiling socket2 v0.4.9
[INFO] [stderr]    Compiling signal-hook-registry v1.4.1
[INFO] [stderr]    Compiling num_cpus v1.15.0
[INFO] [stderr]    Compiling generic-array v0.14.7
[INFO] [stderr]    Compiling serde_derive v1.0.160
[INFO] [stderr]    Compiling futures-sink v0.3.28
[INFO] [stderr]    Compiling slab v0.4.8
[INFO] [stderr]    Compiling serde v1.0.160
[INFO] [stderr]    Compiling futures-task v0.3.28
[INFO] [stderr]    Compiling ring v0.16.20
[INFO] [stderr]    Compiling futures-channel v0.3.28
[INFO] [stderr]    Compiling futures-util v0.3.28
[INFO] [stderr]    Compiling block-buffer v0.10.4
[INFO] [stderr]    Compiling crypto-common v0.1.6
[INFO] [stderr]    Compiling digest v0.10.6
[INFO] [stderr]    Compiling futures-io v0.3.28
[INFO] [stderr]    Compiling percent-encoding v2.2.0
[INFO] [stderr]    Compiling tracing-core v0.1.30
[INFO] [stderr]    Compiling http v0.2.9
[INFO] [stderr]    Compiling indexmap v1.9.3
[INFO] [stderr]    Compiling hashbrown v0.12.3
[INFO] [stderr]    Compiling cpufeatures v0.2.7
[INFO] [stderr]    Compiling parking_lot_core v0.8.6
[INFO] [stderr]    Compiling tracing v0.1.37
[INFO] [stderr]    Compiling unicode-bidi v0.3.13
[INFO] [stderr]    Compiling paste v1.0.12
[INFO] [stderr]    Compiling rustls v0.20.8
[INFO] [stderr]    Compiling form_urlencoded v1.1.0
[INFO] [stderr]    Compiling num-integer v0.1.45
[INFO] [stderr]    Compiling instant v0.1.12
[INFO] [stderr]    Compiling idna v0.3.0
[INFO] [stderr]    Compiling openssl-sys v0.9.87
[INFO] [stderr]    Compiling num-bigint v0.4.3
[INFO] [stderr]    Compiling serde_json v1.0.96
[INFO] [stderr]    Compiling base64 v0.21.0
[INFO] [stderr]    Compiling ryu v1.0.13
[INFO] [stderr]    Compiling zstd-sys v2.0.8+zstd.1.5.5
[INFO] [stderr]    Compiling rand_core v0.6.4
[INFO] [stderr]    Compiling rand_chacha v0.3.1
[INFO] [stderr]    Compiling tokio-macros v2.0.0
[INFO] [stderr]    Compiling futures-macro v0.3.28
[INFO] [stderr]    Compiling webpki v0.22.0
[INFO] [stderr]    Compiling aho-corasick v1.0.1
[INFO] [stderr]    Compiling crossbeam-utils v0.8.15
[INFO] [stderr]    Compiling regex-syntax v0.7.1
[INFO] [stderr]    Compiling thiserror v1.0.40
[INFO] [stderr]    Compiling sct v0.7.0
[INFO] [stderr]    Compiling rand v0.8.5
[INFO] [stderr]    Compiling thiserror-impl v1.0.40
[INFO] [stderr]    Compiling bytestring v1.3.0
[INFO] [stderr]    Compiling ident_case v1.0.1
[INFO] [stderr]    Compiling regex v1.8.1
[INFO] [stderr]    Compiling alloc-no-stdlib v2.0.4
[INFO] [stderr]    Compiling openssl v0.10.52
[INFO] [stderr]    Compiling local-waker v0.1.3
[INFO] [stderr]    Compiling tokio-util v0.7.8
[INFO] [stderr]    Compiling strsim v0.10.0
[INFO] [stderr]    Compiling foreign-types-shared v0.1.1
[INFO] [stderr]    Compiling minimal-lexical v0.2.1
[INFO] [stderr]    Compiling zstd-safe v6.0.5+zstd.1.5.4
[INFO] [stderr]    Compiling httpdate v1.0.2
[INFO] [stderr]    Compiling h2 v0.3.18
[INFO] [stderr]    Compiling crossbeam-queue v0.3.8
[INFO] [stderr]    Compiling nom v7.1.3
[INFO] [stderr]    Compiling darling_core v0.14.4
[INFO] [stderr]    Compiling foreign-types v0.3.2
[INFO] [stderr]    Compiling alloc-stdlib v0.2.2
[INFO] [stderr]    Compiling itertools v0.10.5
[INFO] [stderr]    Compiling openssl-macros v0.1.1
[INFO] [stderr]    Compiling url v2.3.1
[INFO] [stderr]    Compiling sha1 v0.10.5
[INFO] [stderr]    Compiling hmac v0.12.1
[INFO] [stderr]    Compiling ahash v0.8.3
[INFO] [stderr]    Compiling crc-catalog v2.2.0
[INFO] [stderr]    Compiling native-tls v0.2.11
[INFO] [stderr]    Compiling io-lifetimes v1.0.10
[INFO] [stderr]    Compiling unicode_categories v0.1.1
[INFO] [stderr]    Compiling time-core v0.1.0
[INFO] [stderr]    Compiling time-macros v0.2.8
[INFO] [stderr]    Compiling sqlformat v0.2.1
[INFO] [stderr]    Compiling crc v3.0.1
[INFO] [stderr]    Compiling hkdf v0.12.3
[INFO] [stderr]    Compiling tokio-rustls v0.23.4
[INFO] [stderr]    Compiling parking_lot v0.11.2
[INFO] [stderr]    Compiling darling_macro v0.14.4
[INFO] [stderr]    Compiling brotli-decompressor v2.3.4
[INFO] [stderr]    Compiling actix-rt v2.8.0
[INFO] [stderr]    Compiling actix-utils v3.0.1
[INFO] [stderr]    Compiling rustls-pemfile v1.0.2
[INFO] [stderr]    Compiling actix-service v2.0.2
[INFO] [stderr]    Compiling atoi v1.0.0
[INFO] [stderr]    Compiling stringprep v0.1.2
[INFO] [stderr]    Compiling md-5 v0.10.5
[INFO] [stderr]    Compiling dirs-sys v0.3.7
[INFO] [stderr]    Compiling cookie v0.16.2
[INFO] [stderr]    Compiling encoding_rs v0.8.32
[INFO] [stderr]    Compiling byteorder v1.4.3
[INFO] [stderr]    Compiling dotenvy v0.15.7
[INFO] [stderr]    Compiling rustix v0.37.19
[INFO] [stderr]    Compiling openssl-probe v0.1.5
[INFO] [stderr]    Compiling base64 v0.13.1
[INFO] [stderr]    Compiling hex v0.4.3
[INFO] [stderr]    Compiling whoami v1.4.0
[INFO] [stderr]    Compiling try-lock v0.2.4
[INFO] [stderr]    Compiling event-listener v2.5.3
[INFO] [stderr]    Compiling convert_case v0.4.0
[INFO] [stderr]    Compiling want v0.3.0
[INFO] [stderr]    Compiling dirs v4.0.0
[INFO] [stderr]    Compiling derive_more v0.99.17
[INFO] [stderr]    Compiling brotli v3.3.4
[INFO] [stderr]    Compiling time v0.3.20
[INFO] [stderr]    Compiling flate2 v1.0.26
[INFO] [stderr]    Compiling darling v0.14.4
[INFO] [stderr]    Compiling futures-intrusive v0.4.2
[INFO] [stderr]    Compiling sqlx-rt v0.6.3
[INFO] [stderr]    Compiling actix-router v0.5.1
[INFO] [stderr]    Compiling hashlink v0.8.1
[INFO] [stderr]    Compiling serde_urlencoded v0.7.1
[INFO] [stderr]    Compiling bigdecimal v0.3.0
[INFO] [stderr]    Compiling tokio-stream v0.1.14
[INFO] [stderr]    Compiling actix-codec v0.5.0
[INFO] [stderr]    Compiling local-channel v0.1.3
[INFO] [stderr]    Compiling webpki-roots v0.22.6
[INFO] [stderr]    Compiling http-body v0.4.5
[INFO] [stderr]    Compiling sha2 v0.10.6
[INFO] [stderr]    Compiling bitflags v1.3.2
[INFO] [stderr]    Compiling tower-service v0.3.2
[INFO] [stderr]    Compiling unicode-segmentation v1.10.1
[INFO] [stderr]    Compiling linux-raw-sys v0.3.7
[INFO] [stderr]    Compiling language-tags v0.3.2
[INFO] [stderr]    Compiling hyper v0.14.26
[INFO] [stderr]    Compiling heck v0.4.1
[INFO] [stderr]    Compiling sqlx-core v0.6.3
[INFO] [stderr]    Compiling actix-web-codegen v4.2.0
[INFO] [stderr]    Compiling derive_builder_core v0.12.0
[INFO] [stderr]    Compiling tokio-native-tls v0.3.1
[INFO] [stderr]    Compiling actix-server v2.2.0
[INFO] [stderr]    Compiling actix-macros v0.2.3
[INFO] [stderr]    Compiling Inflector v0.11.4
[INFO] [stderr]    Compiling anyhow v1.0.70
[INFO] [stderr]    Compiling async-trait v0.1.68
[INFO] [stderr]    Compiling ts-rs-macros v6.2.0
[INFO] [stderr]    Compiling hyper-tls v0.5.0
[INFO] [stderr]    Compiling derive_builder_macro v0.12.0
[INFO] [stderr]    Compiling is-terminal v0.4.7
[INFO] [stderr]    Compiling futures-executor v0.3.28
[INFO] [stderr]    Compiling ipnet v2.7.2
[INFO] [stderr]    Compiling juggernaut_broker v0.1.0 (/opt/rustwide/workdir)
[INFO] [stderr]    Compiling env_logger v0.10.0
[INFO] [stderr]    Compiling derive_builder v0.12.0
[INFO] [stderr]    Compiling reqwest v0.11.17
[INFO] [stderr]    Compiling futures v0.3.28
[INFO] [stderr]    Compiling ts-rs v6.2.1
[INFO] [stderr]    Compiling uuid v1.3.2
[INFO] [stderr]    Compiling typed-builder v0.14.0
[INFO] [stderr]    Compiling dotenv v0.15.0
[INFO] [stderr]    Compiling sqlx-macros v0.6.3
[INFO] [stderr]    Compiling zstd v0.12.3+zstd.1.5.2
[INFO] [stderr]    Compiling actix-http v3.3.1
[INFO] [stderr]    Compiling sqlx v0.6.3
[INFO] [stderr]    Compiling actix-web v4.3.1
[INFO] [stderr]    Compiling actix-cors v0.6.4
[INFO] [stdout] error: error communicating with database: Cannot assign requested address (os error 99)
[INFO] [stdout]   --> src/lib/db.rs:48:19
[INFO] [stdout]    |
[INFO] [stdout] 48 |         let row = sqlx::query!("select user_id, username from users where user_id = $1", id)
[INFO] [stdout]    |                   ^^^^^^^^^^^^^^^^^^^^^^^^^^^^^^^^^^^^^^^^^^^^^^^^^^^^^^^^^^^^^^^^^^^^^^^^^^
[INFO] [stdout]    |
[INFO] [stdout]    = note: this error originates in the macro `$crate::sqlx_macros::expand_query` which comes from the expansion of the macro `sqlx::query` (in Nightly builds, run with -Z macro-backtrace for more info)
[INFO] [stdout] 
[INFO] [stdout] 
[INFO] [stdout] error: error communicating with database: Cannot assign requested address (os error 99)
[INFO] [stdout]   --> src/lib/db.rs:75:19
[INFO] [stdout]    |
[INFO] [stdout] 75 |           let row = sqlx::query!(
[INFO] [stdout]    |  ___________________^
[INFO] [stdout] 76 | |             "select * from Resumes where resume_id = $1 and not deleted",
[INFO] [stdout] 77 | |             id
[INFO] [stdout] 78 | |         )
[INFO] [stdout]    | |_________^
[INFO] [stdout]    |
[INFO] [stdout]    = note: this error originates in the macro `$crate::sqlx_macros::expand_query` which comes from the expansion of the macro `sqlx::query` (in Nightly builds, run with -Z macro-backtrace for more info)
[INFO] [stdout] 
[INFO] [stdout] 
[INFO] [stdout] error: error communicating with database: Cannot assign requested address (os error 99)
[INFO] [stdout]    --> src/lib/db.rs:104:19
[INFO] [stdout]     |
[INFO] [stdout] 104 |           let row = sqlx::query!(
[INFO] [stdout]     |  ___________________^
[INFO] [stdout] 105 | |             "select * from SearchContexts where context_id = $1 and not deleted",
[INFO] [stdout] 106 | |             id,
[INFO] [stdout] 107 | |         )
[INFO] [stdout]     | |_________^
[INFO] [stdout]     |
[INFO] [stdout]     = note: this error originates in the macro `$crate::sqlx_macros::expand_query` which comes from the expansion of the macro `sqlx::query` (in Nightly builds, run with -Z macro-backtrace for more info)
[INFO] [stdout] 
[INFO] [stdout] 
[INFO] [stdout] error: error communicating with database: Cannot assign requested address (os error 99)
[INFO] [stdout]    --> src/lib/db.rs:134:19
[INFO] [stdout]     |
[INFO] [stdout] 134 |         let row = sqlx::query!("select * from Proposals where proposal_id = $1", id,)
[INFO] [stdout]     |                   ^^^^^^^^^^^^^^^^^^^^^^^^^^^^^^^^^^^^^^^^^^^^^^^^^^^^^^^^^^^^^^^^^^^
[INFO] [stdout]     |
[INFO] [stdout]     = note: this error originates in the macro `$crate::sqlx_macros::expand_query` which comes from the expansion of the macro `sqlx::query` (in Nightly builds, run with -Z macro-backtrace for more info)
[INFO] [stdout] 
[INFO] [stdout] 
[INFO] [stdout] error: error communicating with database: Cannot assign requested address (os error 99)
[INFO] [stdout]    --> src/lib/db.rs:167:19
[INFO] [stdout]     |
[INFO] [stdout] 167 |         let row = sqlx::query!("select * from jobs where job_id = $1", id)
[INFO] [stdout]     |                   ^^^^^^^^^^^^^^^^^^^^^^^^^^^^^^^^^^^^^^^^^^^^^^^^^^^^^^^^
[INFO] [stdout]     |
[INFO] [stdout]     = note: this error originates in the macro `$crate::sqlx_macros::expand_query` which comes from the expansion of the macro `sqlx::query` (in Nightly builds, run with -Z macro-backtrace for more info)
[INFO] [stdout] 
[INFO] [stdout] 
[INFO] [stdout] error: error communicating with database: Cannot assign requested address (os error 99)
[INFO] [stdout]    --> src/lib/db.rs:209:22
[INFO] [stdout]     |
[INFO] [stdout] 209 |           let record = sqlx::query!(
[INFO] [stdout]     |  ______________________^
[INFO] [stdout] 210 | |             "SELECT * FROM PendingJobs WHERE job_id = $1 AND user_id = $2",
[INFO] [stdout] 211 | |             id.0,
[INFO] [stdout] 212 | |             id.1,
[INFO] [stdout] 213 | |         )
[INFO] [stdout]     | |_________^
[INFO] [stdout]     |
[INFO] [stdout]     = note: this error originates in the macro `$crate::sqlx_macros::expand_query` which comes from the expansion of the macro `sqlx::query` (in Nightly builds, run with -Z macro-backtrace for more info)
[INFO] [stdout] 
[INFO] [stdout] 
[INFO] [stdout] error: error communicating with database: Cannot assign requested address (os error 99)
[INFO] [stdout]    --> src/lib/db.rs:258:22
[INFO] [stdout]     |
[INFO] [stdout] 258 |           let record = sqlx::query!(
[INFO] [stdout]     |  ______________________^
[INFO] [stdout] 259 | |             r" INSERT INTO Users (username, password_digest) VALUES ($1,crypt($2, gen_salt('bf'))) RETURNING user_id",
[INFO] [stdout] 260 | |             username,
[INFO] [stdout] 261 | |             password,
[INFO] [stdout] 262 | |         ).fetch_one(&mut conn).await?;
[INFO] [stdout]     | |_________^
[INFO] [stdout]     |
[INFO] [stdout]     = note: this error originates in the macro `$crate::sqlx_macros::expand_query` which comes from the expansion of the macro `sqlx::query` (in Nightly builds, run with -Z macro-backtrace for more info)
[INFO] [stdout] 
[INFO] [stdout] 
[INFO] [stdout] error: error communicating with database: Cannot assign requested address (os error 99)
[INFO] [stdout]    --> src/lib/db.rs:276:22
[INFO] [stdout]     |
[INFO] [stdout] 276 |           let record = sqlx::query!(
[INFO] [stdout]     |  ______________________^
[INFO] [stdout] 277 | |             r"SELECT user_id FROM Users WHERE username = $1 AND password_digest = crypt($2, password_digest)",
[INFO] [stdout] 278 | |             username,
[INFO] [stdout] 279 | |             password,
[INFO] [stdout] 280 | |         )
[INFO] [stdout]     | |_________^
[INFO] [stdout]     |
[INFO] [stdout]     = note: this error originates in the macro `$crate::sqlx_macros::expand_query` which comes from the expansion of the macro `sqlx::query` (in Nightly builds, run with -Z macro-backtrace for more info)
[INFO] [stdout] 
[INFO] [stdout] 
[INFO] [stdout] error: error communicating with database: Cannot assign requested address (os error 99)
[INFO] [stdout]    --> src/lib/db.rs:307:22
[INFO] [stdout]     |
[INFO] [stdout] 307 |           let record = sqlx::query_as!(
[INFO] [stdout]     |  ______________________^
[INFO] [stdout] 308 | |             Job,
[INFO] [stdout] 309 | |             r"INSERT INTO Jobs
[INFO] [stdout] 310 | |         (title, website, description, budget, hourly, post_url, summary)
[INFO] [stdout] ...   |
[INFO] [stdout] 318 | |             summary,
[INFO] [stdout] 319 | |         )
[INFO] [stdout]     | |_________^
[INFO] [stdout]     |
[INFO] [stdout]     = note: this error originates in the macro `$crate::sqlx_macros::expand_query` which comes from the expansion of the macro `sqlx::query_as` (in Nightly builds, run with -Z macro-backtrace for more info)
[INFO] [stdout] 
[INFO] [stdout] 
[INFO] [stdout] error: error communicating with database: Cannot assign requested address (os error 99)
[INFO] [stdout]    --> src/lib/db.rs:337:22
[INFO] [stdout]     |
[INFO] [stdout] 337 |           let record = sqlx::query!(
[INFO] [stdout]     |  ______________________^
[INFO] [stdout] 338 | |             r"WITH new_job AS (
[INFO] [stdout] 339 | |                 INSERT INTO Jobs (title, website, description, budget, hourly, post_url, summary)
[INFO] [stdout] 340 | |                 VALUES ($1, $2, $3, $4, $5, $6, $7)
[INFO] [stdout] ...   |
[INFO] [stdout] 357 | |             summary,
[INFO] [stdout] 358 | |         )
[INFO] [stdout]     | |_________^
[INFO] [stdout]     |
[INFO] [stdout]     = note: this error originates in the macro `$crate::sqlx_macros::expand_query` which comes from the expansion of the macro `sqlx::query` (in Nightly builds, run with -Z macro-backtrace for more info)
[INFO] [stdout] 
[INFO] [stdout] 
[INFO] [stdout] error: error communicating with database: Cannot assign requested address (os error 99)
[INFO] [stdout]    --> src/lib/db.rs:374:9
[INFO] [stdout]     |
[INFO] [stdout] 374 | /         sqlx::query!(
[INFO] [stdout] 375 | |             r"INSERT INTO DecidedJobs
[INFO] [stdout] 376 | |             (user_id, job_id, accepted)
[INFO] [stdout] 377 | |             VALUES ($1, $2, $3)",
[INFO] [stdout] ...   |
[INFO] [stdout] 380 | |             accepted,
[INFO] [stdout] 381 | |         )
[INFO] [stdout]     | |_________^
[INFO] [stdout]     |
[INFO] [stdout]     = note: this error originates in the macro `$crate::sqlx_macros::expand_query` which comes from the expansion of the macro `sqlx::query` (in Nightly builds, run with -Z macro-backtrace for more info)
[INFO] [stdout] 
[INFO] [stdout] 
[INFO] [stdout] error: error communicating with database: Cannot assign requested address (os error 99)
[INFO] [stdout]    --> src/lib/db.rs:443:20
[INFO] [stdout]     |
[INFO] [stdout] 443 |           let rows = sqlx::query_as!(
[INFO] [stdout]     |  ____________________^
[INFO] [stdout] 444 | |             Job,
[INFO] [stdout] 445 | |             "
[INFO] [stdout] 446 | |         SELECT j.*
[INFO] [stdout] ...   |
[INFO] [stdout] 452 | |             username
[INFO] [stdout] 453 | |         )
[INFO] [stdout]     | |_________^
[INFO] [stdout]     |
[INFO] [stdout]     = note: this error originates in the macro `$crate::sqlx_macros::expand_query` which comes from the expansion of the macro `sqlx::query_as` (in Nightly builds, run with -Z macro-backtrace for more info)
[INFO] [stdout] 
[INFO] [stdout] 
[INFO] [stdout] error: error communicating with database: Cannot assign requested address (os error 99)
[INFO] [stdout]    --> src/lib/db.rs:466:20
[INFO] [stdout]     |
[INFO] [stdout] 466 |           let rows = sqlx::query!(
[INFO] [stdout]     |  ____________________^
[INFO] [stdout] 467 | |             r#"
[INFO] [stdout] 468 | |         SELECT j.*
[INFO] [stdout] 469 | |         FROM Jobs j
[INFO] [stdout] ...   |
[INFO] [stdout] 474 | |             username,
[INFO] [stdout] 475 | |         )
[INFO] [stdout]     | |_________^
[INFO] [stdout]     |
[INFO] [stdout]     = note: this error originates in the macro `$crate::sqlx_macros::expand_query` which comes from the expansion of the macro `sqlx::query` (in Nightly builds, run with -Z macro-backtrace for more info)
[INFO] [stdout] 
[INFO] [stdout] 
[INFO] [stdout] error: error communicating with database: Cannot assign requested address (os error 99)
[INFO] [stdout]    --> src/lib/db.rs:513:20
[INFO] [stdout]     |
[INFO] [stdout] 513 |           let rows = sqlx::query!(
[INFO] [stdout]     |  ____________________^
[INFO] [stdout] 514 | |             r#"
[INFO] [stdout] 515 | |         SELECT j.*
[INFO] [stdout] 516 | |         FROM Jobs j
[INFO] [stdout] ...   |
[INFO] [stdout] 521 | |             username,
[INFO] [stdout] 522 | |         )
[INFO] [stdout]     | |_________^
[INFO] [stdout]     |
[INFO] [stdout]     = note: this error originates in the macro `$crate::sqlx_macros::expand_query` which comes from the expansion of the macro `sqlx::query` (in Nightly builds, run with -Z macro-backtrace for more info)
[INFO] [stdout] 
[INFO] [stdout] 
[INFO] [stdout] error: error communicating with database: Cannot assign requested address (os error 99)
[INFO] [stdout]    --> src/lib/db.rs:548:20
[INFO] [stdout]     |
[INFO] [stdout] 548 |           let rows = sqlx::query!(
[INFO] [stdout]     |  ____________________^
[INFO] [stdout] 549 | |             r#"
[INFO] [stdout] 550 | |             SELECT job_id, CASE
[INFO] [stdout] 551 | |             WHEN accepted THEN 1
[INFO] [stdout] ...   |
[INFO] [stdout] 557 | |             user_id,
[INFO] [stdout] 558 | |         )
[INFO] [stdout]     | |_________^
[INFO] [stdout]     |
[INFO] [stdout]     = note: this error originates in the macro `$crate::sqlx_macros::expand_query` which comes from the expansion of the macro `sqlx::query` (in Nightly builds, run with -Z macro-backtrace for more info)
[INFO] [stdout] 
[INFO] [stdout] 
[INFO] [stdout] error: error communicating with database: Cannot assign requested address (os error 99)
[INFO] [stdout]    --> src/lib/db.rs:592:21
[INFO] [stdout]     |
[INFO] [stdout] 592 |           let _rows = sqlx::query!(
[INFO] [stdout]     |  _____________________^
[INFO] [stdout] 593 | |             r#"
[INFO] [stdout] 594 | |         DELETE FROM PendingJobs
[INFO] [stdout] 595 | |         WHERE job_id = $2 AND user_id = $1;
[INFO] [stdout] ...   |
[INFO] [stdout] 598 | |             job_id,
[INFO] [stdout] 599 | |         )
[INFO] [stdout]     | |_________^
[INFO] [stdout]     |
[INFO] [stdout]     = note: this error originates in the macro `$crate::sqlx_macros::expand_query` which comes from the expansion of the macro `sqlx::query` (in Nightly builds, run with -Z macro-backtrace for more info)
[INFO] [stdout] 
[INFO] [stdout] 
[INFO] [stdout] error: error communicating with database: Cannot assign requested address (os error 99)
[INFO] [stdout]    --> src/lib/db.rs:612:25
[INFO] [stdout]     |
[INFO] [stdout] 612 |           let resume_id = sqlx::query!(
[INFO] [stdout]     |  _________________________^
[INFO] [stdout] 613 | |             "INSERT INTO Resumes (user_id, resume_text)
[INFO] [stdout] 614 | |             VALUES ($1, $2)
[INFO] [stdout] 615 | |             RETURNING resume_id
[INFO] [stdout] ...   |
[INFO] [stdout] 618 | |             resume_text
[INFO] [stdout] 619 | |         )
[INFO] [stdout]     | |_________^
[INFO] [stdout]     |
[INFO] [stdout]     = note: this error originates in the macro `$crate::sqlx_macros::expand_query` which comes from the expansion of the macro `sqlx::query` (in Nightly builds, run with -Z macro-backtrace for more info)
[INFO] [stdout] 
[INFO] [stdout] 
[INFO] [stdout] error: error communicating with database: Cannot assign requested address (os error 99)
[INFO] [stdout]    --> src/lib/db.rs:637:26
[INFO] [stdout]     |
[INFO] [stdout] 637 |           let _resume_id = sqlx::query!(
[INFO] [stdout]     |  __________________________^
[INFO] [stdout] 638 | |             "UPDATE Resumes
[INFO] [stdout] 639 | |             SET deleted = true
[INFO] [stdout] 640 | |             WHERE user_id = $1
[INFO] [stdout] ...   |
[INFO] [stdout] 643 | |             resume_id,
[INFO] [stdout] 644 | |         )
[INFO] [stdout]     | |_________^
[INFO] [stdout]     |
[INFO] [stdout]     = note: this error originates in the macro `$crate::sqlx_macros::expand_query` which comes from the expansion of the macro `sqlx::query` (in Nightly builds, run with -Z macro-backtrace for more info)
[INFO] [stdout] 
[INFO] [stdout] 
[INFO] [stdout] error: error communicating with database: Cannot assign requested address (os error 99)
[INFO] [stdout]    --> src/lib/db.rs:659:19
[INFO] [stdout]     |
[INFO] [stdout] 659 |           let row = sqlx::query!(
[INFO] [stdout]     |  ___________________^
[INFO] [stdout] 660 | |             "INSERT INTO Proposals (user_id, job_id, proposal)
[INFO] [stdout] 661 | |         VALUES ($1, $2, $3)
[INFO] [stdout] 662 | |         RETURNING proposal_id",
[INFO] [stdout] ...   |
[INFO] [stdout] 665 | |             proposal_text
[INFO] [stdout] 666 | |         )
[INFO] [stdout]     | |_________^
[INFO] [stdout]     |
[INFO] [stdout]     = note: this error originates in the macro `$crate::sqlx_macros::expand_query` which comes from the expansion of the macro `sqlx::query` (in Nightly builds, run with -Z macro-backtrace for more info)
[INFO] [stdout] 
[INFO] [stdout] 
[INFO] [stdout] error: error communicating with database: Cannot assign requested address (os error 99)
[INFO] [stdout]    --> src/lib/db.rs:686:22
[INFO] [stdout]     |
[INFO] [stdout] 686 |           let record = sqlx::query!(
[INFO] [stdout]     |  ______________________^
[INFO] [stdout] 687 | |             "INSERT INTO SearchContexts (resume_id, keywords, user_id)
[INFO] [stdout] 688 | |             VALUES ($1, $2, $3)
[INFO] [stdout] 689 | |             RETURNING context_id",
[INFO] [stdout] ...   |
[INFO] [stdout] 692 | |             user_id
[INFO] [stdout] 693 | |         )
[INFO] [stdout]     | |_________^
[INFO] [stdout]     |
[INFO] [stdout]     = note: this error originates in the macro `$crate::sqlx_macros::expand_query` which comes from the expansion of the macro `sqlx::query` (in Nightly builds, run with -Z macro-backtrace for more info)
[INFO] [stdout] 
[INFO] [stdout] 
[INFO] [stdout] error: error communicating with database: Cannot assign requested address (os error 99)
[INFO] [stdout]    --> src/lib/db.rs:712:23
[INFO] [stdout]     |
[INFO] [stdout] 712 |           let _record = sqlx::query!(
[INFO] [stdout]     |  _______________________^
[INFO] [stdout] 713 | |             "UPDATE SearchContexts
[INFO] [stdout] 714 | |             SET deleted = true
[INFO] [stdout] 715 | |             WHERE context_id = $1
[INFO] [stdout] ...   |
[INFO] [stdout] 720 | |             user_id,
[INFO] [stdout] 721 | |         )
[INFO] [stdout]     | |_________^
[INFO] [stdout]     |
[INFO] [stdout]     = note: this error originates in the macro `$crate::sqlx_macros::expand_query` which comes from the expansion of the macro `sqlx::query` (in Nightly builds, run with -Z macro-backtrace for more info)
[INFO] [stdout] 
[INFO] [stdout] 
[INFO] [stdout] error: error communicating with database: Cannot assign requested address (os error 99)
[INFO] [stdout]    --> src/lib/db.rs:731:32
[INFO] [stdout]     |
[INFO] [stdout] 731 |           let career_info_rows = sqlx::query!(
[INFO] [stdout]     |  ________________________________^
[INFO] [stdout] 732 | |             "SELECT context_id, resume_id, user_id, keywords FROM SearchContexts WHERE user_id = $1 AND deleted = false",
[INFO] [stdout] 733 | |             user_id.id()
[INFO] [stdout] 734 | |         )
[INFO] [stdout]     | |_________^
[INFO] [stdout]     |
[INFO] [stdout]     = note: this error originates in the macro `$crate::sqlx_macros::expand_query` which comes from the expansion of the macro `sqlx::query` (in Nightly builds, run with -Z macro-backtrace for more info)
[INFO] [stdout] 
[INFO] [stdout] 
[INFO] [stdout] error: error communicating with database: Cannot assign requested address (os error 99)
[INFO] [stdout]    --> src/lib/db.rs:781:9
[INFO] [stdout]     |
[INFO] [stdout] 781 |         sqlx::query!("DROP TABLE IF EXISTS DecidedJobs;")
[INFO] [stdout]     |         ^^^^^^^^^^^^^^^^^^^^^^^^^^^^^^^^^^^^^^^^^^^^^^^^^
[INFO] [stdout]     |
[INFO] [stdout]     = note: this error originates in the macro `$crate::sqlx_macros::expand_query` which comes from the expansion of the macro `sqlx::query` (in Nightly builds, run with -Z macro-backtrace for more info)
[INFO] [stdout] 
[INFO] [stdout] 
[INFO] [stdout] error: error communicating with database: Cannot assign requested address (os error 99)
[INFO] [stdout]    --> src/lib/db.rs:784:9
[INFO] [stdout]     |
[INFO] [stdout] 784 |         sqlx::query!("DROP TABLE IF EXISTS PendingJobs;")
[INFO] [stdout]     |         ^^^^^^^^^^^^^^^^^^^^^^^^^^^^^^^^^^^^^^^^^^^^^^^^^
[INFO] [stdout]     |
[INFO] [stdout]     = note: this error originates in the macro `$crate::sqlx_macros::expand_query` which comes from the expansion of the macro `sqlx::query` (in Nightly builds, run with -Z macro-backtrace for more info)
[INFO] [stdout] 
[INFO] [stdout] 
[INFO] [stdout] error: error communicating with database: Cannot assign requested address (os error 99)
[INFO] [stdout]    --> src/lib/db.rs:787:9
[INFO] [stdout]     |
[INFO] [stdout] 787 |         sqlx::query!("DROP TABLE IF EXISTS Proposals;")
[INFO] [stdout]     |         ^^^^^^^^^^^^^^^^^^^^^^^^^^^^^^^^^^^^^^^^^^^^^^^
[INFO] [stdout]     |
[INFO] [stdout]     = note: this error originates in the macro `$crate::sqlx_macros::expand_query` which comes from the expansion of the macro `sqlx::query` (in Nightly builds, run with -Z macro-backtrace for more info)
[INFO] [stdout] 
[INFO] [stdout] 
[INFO] [stdout] error: error communicating with database: Cannot assign requested address (os error 99)
[INFO] [stdout]    --> src/lib/db.rs:790:9
[INFO] [stdout]     |
[INFO] [stdout] 790 |         sqlx::query!("DROP TABLE IF EXISTS Jobs;")
[INFO] [stdout]     |         ^^^^^^^^^^^^^^^^^^^^^^^^^^^^^^^^^^^^^^^^^^
[INFO] [stdout]     |
[INFO] [stdout]     = note: this error originates in the macro `$crate::sqlx_macros::expand_query` which comes from the expansion of the macro `sqlx::query` (in Nightly builds, run with -Z macro-backtrace for more info)
[INFO] [stdout] 
[INFO] [stdout] 
[INFO] [stdout] warning: unused import: `anyhow::bail`
[INFO] [stdout]  --> src/lib/db_utils.rs:3:5
[INFO] [stdout]   |
[INFO] [stdout] 3 | use anyhow::bail;
[INFO] [stdout]   |     ^^^^^^^^^^^^
[INFO] [stdout]   |
[INFO] [stdout]   = note: `#[warn(unused_imports)]` on by default
[INFO] [stdout] 
[INFO] [stdout] 
[INFO] [stdout] warning: unused imports: `dev::Service`, `http::header`
[INFO] [stdout]  --> src/lib/http.rs:8:17
[INFO] [stdout]   |
[INFO] [stdout] 8 | use actix_web::{dev::Service, http::header}; // Add this line
[INFO] [stdout]   |                 ^^^^^^^^^^^^  ^^^^^^^^^^^^
[INFO] [stdout] 
[INFO] [stdout] 
[INFO] [stdout] warning: unused imports: `Form`, `web::Path`
[INFO] [stdout]   --> src/lib/http.rs:23:5
[INFO] [stdout]    |
[INFO] [stdout] 23 |     web::Path,
[INFO] [stdout]    |     ^^^^^^^^^
[INFO] [stdout] 24 |     web::{self, Data, Form, Json},
[INFO] [stdout]    |                       ^^^^
[INFO] [stdout] 
[INFO] [stdout] 
[INFO] [stdout] warning: unused imports: `Resume`, `db_utils::Id`
[INFO] [stdout]   --> src/lib/http.rs:34:25
[INFO] [stdout]    |
[INFO] [stdout] 34 |     db::{Database, Job, Resume, SearchContext, VerifiedUser},
[INFO] [stdout]    |                         ^^^^^^
[INFO] [stdout] 35 |     db_utils::Id,
[INFO] [stdout]    |     ^^^^^^^^^^^^
[INFO] [stdout] 
[INFO] [stdout] 
[INFO] [stdout] warning: unused variable: `login_cookie`
[INFO] [stdout]    --> src/lib/http.rs:165:9
[INFO] [stdout]     |
[INFO] [stdout] 165 |     let login_cookie = state.verify_user(req)?;
[INFO] [stdout]     |         ^^^^^^^^^^^^ help: if this is intentional, prefix it with an underscore: `_login_cookie`
[INFO] [stdout]     |
[INFO] [stdout]     = note: `#[warn(unused_variables)]` on by default
[INFO] [stdout] 
[INFO] [stdout] 
[INFO] [stdout] warning: unused variable: `e`
[INFO] [stdout]    --> src/lib/http.rs:364:31
[INFO] [stdout]     |
[INFO] [stdout] 364 |                     .map_err(|e| AppError::InternalError(anyhow!("Unable to fetch resume",)))?;
[INFO] [stdout]     |                               ^ help: if this is intentional, prefix it with an underscore: `_e`
[INFO] [stdout] 
[INFO] [stdout] 
[INFO] [stdout] warning: unused import: `anyhow::Context`
[INFO] [stdout]  --> src/lib/db.rs:4:5
[INFO] [stdout]   |
[INFO] [stdout] 4 | use anyhow::Context;
[INFO] [stdout]   |     ^^^^^^^^^^^^^^^
[INFO] [stdout] 
[INFO] [stdout] 
[INFO] [stdout] error: aborting due to 26 previous errors; 7 warnings emitted
[INFO] [stdout] 
[INFO] [stdout] 
[INFO] [stderr] error: could not compile `juggernaut_broker` (lib) due to 27 previous errors; 7 warnings emitted
[INFO] [stderr] warning: build failed, waiting for other jobs to finish...
[INFO] running `Command { std: "docker" "inspect" "be6ad05c79aec5f7b1b9944ebb037742d56f3a50503a2d2008a7424aede2111e", kill_on_drop: false }`
[INFO] running `Command { std: "docker" "rm" "-f" "be6ad05c79aec5f7b1b9944ebb037742d56f3a50503a2d2008a7424aede2111e", kill_on_drop: false }`
[INFO] [stdout] be6ad05c79aec5f7b1b9944ebb037742d56f3a50503a2d2008a7424aede2111e
[INFO] testing juggernaut_broker-0.1.0 against beta-2023-12-22 for beta-1.76-1
[INFO] extracting crate juggernaut_broker 0.1.0 into /workspace/builds/worker-3-tc2/source
[INFO] validating manifest of crates.io crate juggernaut_broker 0.1.0 on toolchain beta-2023-12-22
[INFO] running `Command { std: CARGO_HOME="/workspace/cargo-home" RUSTUP_HOME="/workspace/rustup-home" "/workspace/cargo-home/bin/cargo" "+beta-2023-12-22" "metadata" "--manifest-path" "Cargo.toml" "--no-deps", kill_on_drop: false }`
[INFO] started tweaking crates.io crate juggernaut_broker 0.1.0
[INFO] finished tweaking crates.io crate juggernaut_broker 0.1.0
[INFO] tweaked toml for crates.io crate juggernaut_broker 0.1.0 written to /workspace/builds/worker-3-tc2/source/Cargo.toml
[INFO] crate crates.io crate juggernaut_broker 0.1.0 already has a lockfile, it will not be regenerated
[INFO] running `Command { std: CARGO_HOME="/workspace/cargo-home" RUSTUP_HOME="/workspace/rustup-home" "/workspace/cargo-home/bin/cargo" "+beta-2023-12-22" "fetch" "--manifest-path" "Cargo.toml", kill_on_drop: false }`
[INFO] running `Command { std: "docker" "create" "-v" "/var/lib/crater-agent-workspace/builds/worker-3-tc2/target:/opt/rustwide/target:rw,Z" "-v" "/var/lib/crater-agent-workspace/builds/worker-3-tc2/source:/opt/rustwide/workdir:ro,Z" "-v" "/var/lib/crater-agent-workspace/cargo-home:/opt/rustwide/cargo-home:ro,Z" "-v" "/var/lib/crater-agent-workspace/rustup-home:/opt/rustwide/rustup-home:ro,Z" "-e" "SOURCE_DIR=/opt/rustwide/workdir" "-e" "CARGO_TARGET_DIR=/opt/rustwide/target" "-e" "CARGO_HOME=/opt/rustwide/cargo-home" "-e" "RUSTUP_HOME=/opt/rustwide/rustup-home" "-w" "/opt/rustwide/workdir" "-m" "1610612736" "--user" "0:0" "--network" "none" "ghcr.io/rust-lang/crates-build-env/linux@sha256:2788e3201cd34a07e3172128adcd8b3090168a8e3bcc40d7c032b9dda1df7d1c" "/opt/rustwide/cargo-home/bin/cargo" "+beta-2023-12-22" "metadata" "--no-deps" "--format-version=1", kill_on_drop: false }`
[INFO] [stdout] df379cae0df2eab01a0228785d1534a7fc96563df4f30e0a20da23dbd37c3984
[INFO] running `Command { std: "docker" "start" "-a" "df379cae0df2eab01a0228785d1534a7fc96563df4f30e0a20da23dbd37c3984", kill_on_drop: false }`
[INFO] running `Command { std: "docker" "inspect" "df379cae0df2eab01a0228785d1534a7fc96563df4f30e0a20da23dbd37c3984", kill_on_drop: false }`
[INFO] running `Command { std: "docker" "rm" "-f" "df379cae0df2eab01a0228785d1534a7fc96563df4f30e0a20da23dbd37c3984", kill_on_drop: false }`
[INFO] [stdout] df379cae0df2eab01a0228785d1534a7fc96563df4f30e0a20da23dbd37c3984
[INFO] running `Command { std: "docker" "create" "-v" "/var/lib/crater-agent-workspace/builds/worker-3-tc2/target:/opt/rustwide/target:rw,Z" "-v" "/var/lib/crater-agent-workspace/builds/worker-3-tc2/source:/opt/rustwide/workdir:ro,Z" "-v" "/var/lib/crater-agent-workspace/cargo-home:/opt/rustwide/cargo-home:ro,Z" "-v" "/var/lib/crater-agent-workspace/rustup-home:/opt/rustwide/rustup-home:ro,Z" "-e" "SOURCE_DIR=/opt/rustwide/workdir" "-e" "CARGO_TARGET_DIR=/opt/rustwide/target" "-e" "CARGO_INCREMENTAL=0" "-e" "RUST_BACKTRACE=full" "-e" "RUSTFLAGS=--cap-lints=warn" "-e" "RUSTDOCFLAGS=--cap-lints=warn" "-e" "CARGO_HOME=/opt/rustwide/cargo-home" "-e" "RUSTUP_HOME=/opt/rustwide/rustup-home" "-w" "/opt/rustwide/workdir" "-m" "1610612736" "--user" "0:0" "--network" "none" "ghcr.io/rust-lang/crates-build-env/linux@sha256:2788e3201cd34a07e3172128adcd8b3090168a8e3bcc40d7c032b9dda1df7d1c" "/opt/rustwide/cargo-home/bin/cargo" "+beta-2023-12-22" "build" "--frozen" "--message-format=json", kill_on_drop: false }`
[INFO] [stdout] 5f06283a181375aef3abd3fee813198e5fb92548d52232d163d34c51d23c3bdc
[INFO] running `Command { std: "docker" "start" "-a" "5f06283a181375aef3abd3fee813198e5fb92548d52232d163d34c51d23c3bdc", kill_on_drop: false }`
[INFO] [stderr]    Compiling libc v0.2.142
[INFO] [stderr]    Compiling proc-macro2 v1.0.56
[INFO] [stderr]    Compiling quote v1.0.26
[INFO] [stderr]    Compiling unicode-ident v1.0.8
[INFO] [stderr]    Compiling pin-project-lite v0.2.9
[INFO] [stderr]    Compiling once_cell v1.17.1
[INFO] [stderr]    Compiling bytes v1.4.0
[INFO] [stderr]    Compiling futures-core v0.3.28
[INFO] [stderr]    Compiling memchr v2.5.0
[INFO] [stderr]    Compiling log v0.4.17
[INFO] [stderr]    Compiling parking_lot_core v0.9.7
[INFO] [stderr]    Compiling ahash v0.7.6
[INFO] [stderr]    Compiling typenum v1.16.0
[INFO] [stderr]    Compiling itoa v1.0.6
[INFO] [stderr]    Compiling tokio v1.27.0
[INFO] [stderr]    Compiling pkg-config v0.3.26
[INFO] [stderr]    Compiling syn v2.0.15
[INFO] [stderr]    Compiling syn v1.0.109
[INFO] [stderr]    Compiling jobserver v0.1.26
[INFO] [stderr]    Compiling spin v0.5.2
[INFO] [stderr]    Compiling cc v1.0.79
[INFO] [stderr]    Compiling untrusted v0.7.1
[INFO] [stderr]    Compiling serde_derive v1.0.160
[INFO] [stderr]    Compiling futures-sink v0.3.28
[INFO] [stderr]    Compiling slab v0.4.8
[INFO] [stderr]    Compiling serde v1.0.160
[INFO] [stderr]    Compiling futures-task v0.3.28
[INFO] [stderr]    Compiling futures-channel v0.3.28
[INFO] [stderr]    Compiling futures-util v0.3.28
[INFO] [stderr]    Compiling generic-array v0.14.7
[INFO] [stderr]    Compiling mio v0.8.6
[INFO] [stderr]    Compiling getrandom v0.2.9
[INFO] [stderr]    Compiling num_cpus v1.15.0
[INFO] [stderr]    Compiling parking_lot v0.12.1
[INFO] [stderr]    Compiling signal-hook-registry v1.4.1
[INFO] [stderr]    Compiling ring v0.16.20
[INFO] [stderr]    Compiling socket2 v0.4.9
[INFO] [stderr]    Compiling block-buffer v0.10.4
[INFO] [stderr]    Compiling crypto-common v0.1.6
[INFO] [stderr]    Compiling digest v0.10.6
[INFO] [stderr]    Compiling futures-io v0.3.28
[INFO] [stderr]    Compiling percent-encoding v2.2.0
[INFO] [stderr]    Compiling tracing-core v0.1.30
[INFO] [stderr]    Compiling http v0.2.9
[INFO] [stderr]    Compiling indexmap v1.9.3
[INFO] [stderr]    Compiling hashbrown v0.12.3
[INFO] [stderr]    Compiling cpufeatures v0.2.7
[INFO] [stderr]    Compiling rustls v0.20.8
[INFO] [stderr]    Compiling parking_lot_core v0.8.6
[INFO] [stderr]    Compiling tracing v0.1.37
[INFO] [stderr]    Compiling unicode-bidi v0.3.13
[INFO] [stderr]    Compiling paste v1.0.12
[INFO] [stderr]    Compiling form_urlencoded v1.1.0
[INFO] [stderr]    Compiling num-integer v0.1.45
[INFO] [stderr]    Compiling instant v0.1.12
[INFO] [stderr]    Compiling idna v0.3.0
[INFO] [stderr]    Compiling openssl-sys v0.9.87
[INFO] [stderr]    Compiling num-bigint v0.4.3
[INFO] [stderr]    Compiling serde_json v1.0.96
[INFO] [stderr]    Compiling base64 v0.21.0
[INFO] [stderr]    Compiling ryu v1.0.13
[INFO] [stderr]    Compiling zstd-sys v2.0.8+zstd.1.5.5
[INFO] [stderr]    Compiling rand_core v0.6.4
[INFO] [stderr]    Compiling rand_chacha v0.3.1
[INFO] [stderr]    Compiling tokio-macros v2.0.0
[INFO] [stderr]    Compiling futures-macro v0.3.28
[INFO] [stderr]    Compiling webpki v0.22.0
[INFO] [stderr]    Compiling aho-corasick v1.0.1
[INFO] [stderr]    Compiling regex-syntax v0.7.1
[INFO] [stderr]    Compiling crossbeam-utils v0.8.15
[INFO] [stderr]    Compiling thiserror v1.0.40
[INFO] [stderr]    Compiling sct v0.7.0
[INFO] [stderr]    Compiling thiserror-impl v1.0.40
[INFO] [stderr]    Compiling rand v0.8.5
[INFO] [stderr]    Compiling bytestring v1.3.0
[INFO] [stderr]    Compiling local-waker v0.1.3
[INFO] [stderr]    Compiling regex v1.8.1
[INFO] [stderr]    Compiling ident_case v1.0.1
[INFO] [stderr]    Compiling strsim v0.10.0
[INFO] [stderr]    Compiling openssl v0.10.52
[INFO] [stderr]    Compiling minimal-lexical v0.2.1
[INFO] [stderr]    Compiling httpdate v1.0.2
[INFO] [stderr]    Compiling crossbeam-queue v0.3.8
[INFO] [stderr]    Compiling tokio-util v0.7.8
[INFO] [stderr]    Compiling zstd-safe v6.0.5+zstd.1.5.4
[INFO] [stderr]    Compiling foreign-types-shared v0.1.1
[INFO] [stderr]    Compiling alloc-no-stdlib v2.0.4
[INFO] [stderr]    Compiling alloc-stdlib v0.2.2
[INFO] [stderr]    Compiling foreign-types v0.3.2
[INFO] [stderr]    Compiling itertools v0.10.5
[INFO] [stderr]    Compiling nom v7.1.3
[INFO] [stderr]    Compiling h2 v0.3.18
[INFO] [stderr]    Compiling darling_core v0.14.4
[INFO] [stderr]    Compiling openssl-macros v0.1.1
[INFO] [stderr]    Compiling url v2.3.1
[INFO] [stderr]    Compiling sha1 v0.10.5
[INFO] [stderr]    Compiling hmac v0.12.1
[INFO] [stderr]    Compiling ahash v0.8.3
[INFO] [stderr]    Compiling native-tls v0.2.11
[INFO] [stderr]    Compiling time-core v0.1.0
[INFO] [stderr]    Compiling unicode_categories v0.1.1
[INFO] [stderr]    Compiling crc-catalog v2.2.0
[INFO] [stderr]    Compiling io-lifetimes v1.0.10
[INFO] [stderr]    Compiling crc v3.0.1
[INFO] [stderr]    Compiling sqlformat v0.2.1
[INFO] [stderr]    Compiling time-macros v0.2.8
[INFO] [stderr]    Compiling tokio-rustls v0.23.4
[INFO] [stderr]    Compiling hkdf v0.12.3
[INFO] [stderr]    Compiling darling_macro v0.14.4
[INFO] [stderr]    Compiling parking_lot v0.11.2
[INFO] [stderr]    Compiling brotli-decompressor v2.3.4
[INFO] [stderr]    Compiling actix-rt v2.8.0
[INFO] [stderr]    Compiling actix-utils v3.0.1
[INFO] [stderr]    Compiling rustls-pemfile v1.0.2
[INFO] [stderr]    Compiling actix-service v2.0.2
[INFO] [stderr]    Compiling atoi v1.0.0
[INFO] [stderr]    Compiling stringprep v0.1.2
[INFO] [stderr]    Compiling md-5 v0.10.5
[INFO] [stderr]    Compiling dirs-sys v0.3.7
[INFO] [stderr]    Compiling cookie v0.16.2
[INFO] [stderr]    Compiling encoding_rs v0.8.32
[INFO] [stderr]    Compiling try-lock v0.2.4
[INFO] [stderr]    Compiling event-listener v2.5.3
[INFO] [stderr]    Compiling dotenvy v0.15.7
[INFO] [stderr]    Compiling hex v0.4.3
[INFO] [stderr]    Compiling whoami v1.4.0
[INFO] [stderr]    Compiling rustix v0.37.19
[INFO] [stderr]    Compiling base64 v0.13.1
[INFO] [stderr]    Compiling byteorder v1.4.3
[INFO] [stderr]    Compiling openssl-probe v0.1.5
[INFO] [stderr]    Compiling convert_case v0.4.0
[INFO] [stderr]    Compiling want v0.3.0
[INFO] [stderr]    Compiling dirs v4.0.0
[INFO] [stderr]    Compiling time v0.3.20
[INFO] [stderr]    Compiling brotli v3.3.4
[INFO] [stderr]    Compiling darling v0.14.4
[INFO] [stderr]    Compiling flate2 v1.0.26
[INFO] [stderr]    Compiling derive_more v0.99.17
[INFO] [stderr]    Compiling futures-intrusive v0.4.2
[INFO] [stderr]    Compiling sqlx-rt v0.6.3
[INFO] [stderr]    Compiling actix-router v0.5.1
[INFO] [stderr]    Compiling serde_urlencoded v0.7.1
[INFO] [stderr]    Compiling bigdecimal v0.3.0
[INFO] [stderr]    Compiling hashlink v0.8.1
[INFO] [stderr]    Compiling tokio-stream v0.1.14
[INFO] [stderr]    Compiling actix-codec v0.5.0
[INFO] [stderr]    Compiling local-channel v0.1.3
[INFO] [stderr]    Compiling webpki-roots v0.22.6
[INFO] [stderr]    Compiling http-body v0.4.5
[INFO] [stderr]    Compiling sha2 v0.10.6
[INFO] [stderr]    Compiling language-tags v0.3.2
[INFO] [stderr]    Compiling unicode-segmentation v1.10.1
[INFO] [stderr]    Compiling bitflags v1.3.2
[INFO] [stderr]    Compiling tower-service v0.3.2
[INFO] [stderr]    Compiling linux-raw-sys v0.3.7
[INFO] [stderr]    Compiling sqlx-core v0.6.3
[INFO] [stderr]    Compiling hyper v0.14.26
[INFO] [stderr]    Compiling heck v0.4.1
[INFO] [stderr]    Compiling actix-web-codegen v4.2.0
[INFO] [stderr]    Compiling derive_builder_core v0.12.0
[INFO] [stderr]    Compiling tokio-native-tls v0.3.1
[INFO] [stderr]    Compiling actix-server v2.2.0
[INFO] [stderr]    Compiling actix-macros v0.2.3
[INFO] [stderr]    Compiling Inflector v0.11.4
[INFO] [stderr]    Compiling anyhow v1.0.70
[INFO] [stderr]    Compiling async-trait v0.1.68
[INFO] [stderr]    Compiling ts-rs-macros v6.2.0
[INFO] [stderr]    Compiling hyper-tls v0.5.0
[INFO] [stderr]    Compiling is-terminal v0.4.7
[INFO] [stderr]    Compiling derive_builder_macro v0.12.0
[INFO] [stderr]    Compiling futures-executor v0.3.28
[INFO] [stderr]    Compiling ipnet v2.7.2
[INFO] [stderr]    Compiling juggernaut_broker v0.1.0 (/opt/rustwide/workdir)
[INFO] [stderr]    Compiling derive_builder v0.12.0
[INFO] [stderr]    Compiling reqwest v0.11.17
[INFO] [stderr]    Compiling env_logger v0.10.0
[INFO] [stderr]    Compiling ts-rs v6.2.1
[INFO] [stderr]    Compiling futures v0.3.28
[INFO] [stderr]    Compiling uuid v1.3.2
[INFO] [stderr]    Compiling typed-builder v0.14.0
[INFO] [stderr]    Compiling dotenv v0.15.0
[INFO] [stderr]    Compiling sqlx-macros v0.6.3
[INFO] [stderr]    Compiling zstd v0.12.3+zstd.1.5.2
[INFO] [stderr]    Compiling actix-http v3.3.1
[INFO] [stderr]    Compiling sqlx v0.6.3
[INFO] [stderr]    Compiling actix-web v4.3.1
[INFO] [stderr]    Compiling actix-cors v0.6.4
[INFO] [stdout] error: error communicating with database: Cannot assign requested address (os error 99)
[INFO] [stdout]   --> src/lib/db.rs:48:19
[INFO] [stdout]    |
[INFO] [stdout] 48 |         let row = sqlx::query!("select user_id, username from users where user_id = $1", id)
[INFO] [stdout]    |                   ^^^^^^^^^^^^^^^^^^^^^^^^^^^^^^^^^^^^^^^^^^^^^^^^^^^^^^^^^^^^^^^^^^^^^^^^^^
[INFO] [stdout]    |
[INFO] [stdout]    = note: this error originates in the macro `$crate::sqlx_macros::expand_query` which comes from the expansion of the macro `sqlx::query` (in Nightly builds, run with -Z macro-backtrace for more info)
[INFO] [stdout] 
[INFO] [stdout] 
[INFO] [stdout] error: error communicating with database: Cannot assign requested address (os error 99)
[INFO] [stdout]   --> src/lib/db.rs:75:19
[INFO] [stdout]    |
[INFO] [stdout] 75 |           let row = sqlx::query!(
[INFO] [stdout]    |  ___________________^
[INFO] [stdout] 76 | |             "select * from Resumes where resume_id = $1 and not deleted",
[INFO] [stdout] 77 | |             id
[INFO] [stdout] 78 | |         )
[INFO] [stdout]    | |_________^
[INFO] [stdout]    |
[INFO] [stdout]    = note: this error originates in the macro `$crate::sqlx_macros::expand_query` which comes from the expansion of the macro `sqlx::query` (in Nightly builds, run with -Z macro-backtrace for more info)
[INFO] [stdout] 
[INFO] [stdout] 
[INFO] [stdout] error: error communicating with database: Cannot assign requested address (os error 99)
[INFO] [stdout]    --> src/lib/db.rs:104:19
[INFO] [stdout]     |
[INFO] [stdout] 104 |           let row = sqlx::query!(
[INFO] [stdout]     |  ___________________^
[INFO] [stdout] 105 | |             "select * from SearchContexts where context_id = $1 and not deleted",
[INFO] [stdout] 106 | |             id,
[INFO] [stdout] 107 | |         )
[INFO] [stdout]     | |_________^
[INFO] [stdout]     |
[INFO] [stdout]     = note: this error originates in the macro `$crate::sqlx_macros::expand_query` which comes from the expansion of the macro `sqlx::query` (in Nightly builds, run with -Z macro-backtrace for more info)
[INFO] [stdout] 
[INFO] [stdout] 
[INFO] [stdout] error: error communicating with database: Cannot assign requested address (os error 99)
[INFO] [stdout]    --> src/lib/db.rs:134:19
[INFO] [stdout]     |
[INFO] [stdout] 134 |         let row = sqlx::query!("select * from Proposals where proposal_id = $1", id,)
[INFO] [stdout]     |                   ^^^^^^^^^^^^^^^^^^^^^^^^^^^^^^^^^^^^^^^^^^^^^^^^^^^^^^^^^^^^^^^^^^^
[INFO] [stdout]     |
[INFO] [stdout]     = note: this error originates in the macro `$crate::sqlx_macros::expand_query` which comes from the expansion of the macro `sqlx::query` (in Nightly builds, run with -Z macro-backtrace for more info)
[INFO] [stdout] 
[INFO] [stdout] 
[INFO] [stdout] error: error communicating with database: Cannot assign requested address (os error 99)
[INFO] [stdout]    --> src/lib/db.rs:167:19
[INFO] [stdout]     |
[INFO] [stdout] 167 |         let row = sqlx::query!("select * from jobs where job_id = $1", id)
[INFO] [stdout]     |                   ^^^^^^^^^^^^^^^^^^^^^^^^^^^^^^^^^^^^^^^^^^^^^^^^^^^^^^^^
[INFO] [stdout]     |
[INFO] [stdout]     = note: this error originates in the macro `$crate::sqlx_macros::expand_query` which comes from the expansion of the macro `sqlx::query` (in Nightly builds, run with -Z macro-backtrace for more info)
[INFO] [stdout] 
[INFO] [stdout] 
[INFO] [stdout] error: error communicating with database: Cannot assign requested address (os error 99)
[INFO] [stdout]    --> src/lib/db.rs:209:22
[INFO] [stdout]     |
[INFO] [stdout] 209 |           let record = sqlx::query!(
[INFO] [stdout]     |  ______________________^
[INFO] [stdout] 210 | |             "SELECT * FROM PendingJobs WHERE job_id = $1 AND user_id = $2",
[INFO] [stdout] 211 | |             id.0,
[INFO] [stdout] 212 | |             id.1,
[INFO] [stdout] 213 | |         )
[INFO] [stdout]     | |_________^
[INFO] [stdout]     |
[INFO] [stdout]     = note: this error originates in the macro `$crate::sqlx_macros::expand_query` which comes from the expansion of the macro `sqlx::query` (in Nightly builds, run with -Z macro-backtrace for more info)
[INFO] [stdout] 
[INFO] [stdout] 
[INFO] [stdout] error: error communicating with database: Cannot assign requested address (os error 99)
[INFO] [stdout]    --> src/lib/db.rs:258:22
[INFO] [stdout]     |
[INFO] [stdout] 258 |           let record = sqlx::query!(
[INFO] [stdout]     |  ______________________^
[INFO] [stdout] 259 | |             r" INSERT INTO Users (username, password_digest) VALUES ($1,crypt($2, gen_salt('bf'))) RETURNING user_id",
[INFO] [stdout] 260 | |             username,
[INFO] [stdout] 261 | |             password,
[INFO] [stdout] 262 | |         ).fetch_one(&mut conn).await?;
[INFO] [stdout]     | |_________^
[INFO] [stdout]     |
[INFO] [stdout]     = note: this error originates in the macro `$crate::sqlx_macros::expand_query` which comes from the expansion of the macro `sqlx::query` (in Nightly builds, run with -Z macro-backtrace for more info)
[INFO] [stdout] 
[INFO] [stdout] 
[INFO] [stdout] error: error communicating with database: Cannot assign requested address (os error 99)
[INFO] [stdout]    --> src/lib/db.rs:276:22
[INFO] [stdout]     |
[INFO] [stdout] 276 |           let record = sqlx::query!(
[INFO] [stdout]     |  ______________________^
[INFO] [stdout] 277 | |             r"SELECT user_id FROM Users WHERE username = $1 AND password_digest = crypt($2, password_digest)",
[INFO] [stdout] 278 | |             username,
[INFO] [stdout] 279 | |             password,
[INFO] [stdout] 280 | |         )
[INFO] [stdout]     | |_________^
[INFO] [stdout]     |
[INFO] [stdout]     = note: this error originates in the macro `$crate::sqlx_macros::expand_query` which comes from the expansion of the macro `sqlx::query` (in Nightly builds, run with -Z macro-backtrace for more info)
[INFO] [stdout] 
[INFO] [stdout] 
[INFO] [stdout] error: error communicating with database: Cannot assign requested address (os error 99)
[INFO] [stdout]    --> src/lib/db.rs:307:22
[INFO] [stdout]     |
[INFO] [stdout] 307 |           let record = sqlx::query_as!(
[INFO] [stdout]     |  ______________________^
[INFO] [stdout] 308 | |             Job,
[INFO] [stdout] 309 | |             r"INSERT INTO Jobs
[INFO] [stdout] 310 | |         (title, website, description, budget, hourly, post_url, summary)
[INFO] [stdout] ...   |
[INFO] [stdout] 318 | |             summary,
[INFO] [stdout] 319 | |         )
[INFO] [stdout]     | |_________^
[INFO] [stdout]     |
[INFO] [stdout]     = note: this error originates in the macro `$crate::sqlx_macros::expand_query` which comes from the expansion of the macro `sqlx::query_as` (in Nightly builds, run with -Z macro-backtrace for more info)
[INFO] [stdout] 
[INFO] [stdout] 
[INFO] [stdout] error: error communicating with database: Cannot assign requested address (os error 99)
[INFO] [stdout]    --> src/lib/db.rs:337:22
[INFO] [stdout]     |
[INFO] [stdout] 337 |           let record = sqlx::query!(
[INFO] [stdout]     |  ______________________^
[INFO] [stdout] 338 | |             r"WITH new_job AS (
[INFO] [stdout] 339 | |                 INSERT INTO Jobs (title, website, description, budget, hourly, post_url, summary)
[INFO] [stdout] 340 | |                 VALUES ($1, $2, $3, $4, $5, $6, $7)
[INFO] [stdout] ...   |
[INFO] [stdout] 357 | |             summary,
[INFO] [stdout] 358 | |         )
[INFO] [stdout]     | |_________^
[INFO] [stdout]     |
[INFO] [stdout]     = note: this error originates in the macro `$crate::sqlx_macros::expand_query` which comes from the expansion of the macro `sqlx::query` (in Nightly builds, run with -Z macro-backtrace for more info)
[INFO] [stdout] 
[INFO] [stdout] 
[INFO] [stdout] error: error communicating with database: Cannot assign requested address (os error 99)
[INFO] [stdout]    --> src/lib/db.rs:374:9
[INFO] [stdout]     |
[INFO] [stdout] 374 | /         sqlx::query!(
[INFO] [stdout] 375 | |             r"INSERT INTO DecidedJobs
[INFO] [stdout] 376 | |             (user_id, job_id, accepted)
[INFO] [stdout] 377 | |             VALUES ($1, $2, $3)",
[INFO] [stdout] ...   |
[INFO] [stdout] 380 | |             accepted,
[INFO] [stdout] 381 | |         )
[INFO] [stdout]     | |_________^
[INFO] [stdout]     |
[INFO] [stdout]     = note: this error originates in the macro `$crate::sqlx_macros::expand_query` which comes from the expansion of the macro `sqlx::query` (in Nightly builds, run with -Z macro-backtrace for more info)
[INFO] [stdout] 
[INFO] [stdout] 
[INFO] [stdout] error: error communicating with database: Cannot assign requested address (os error 99)
[INFO] [stdout]    --> src/lib/db.rs:443:20
[INFO] [stdout]     |
[INFO] [stdout] 443 |           let rows = sqlx::query_as!(
[INFO] [stdout]     |  ____________________^
[INFO] [stdout] 444 | |             Job,
[INFO] [stdout] 445 | |             "
[INFO] [stdout] 446 | |         SELECT j.*
[INFO] [stdout] ...   |
[INFO] [stdout] 452 | |             username
[INFO] [stdout] 453 | |         )
[INFO] [stdout]     | |_________^
[INFO] [stdout]     |
[INFO] [stdout]     = note: this error originates in the macro `$crate::sqlx_macros::expand_query` which comes from the expansion of the macro `sqlx::query_as` (in Nightly builds, run with -Z macro-backtrace for more info)
[INFO] [stdout] 
[INFO] [stdout] 
[INFO] [stdout] error: error communicating with database: Cannot assign requested address (os error 99)
[INFO] [stdout]    --> src/lib/db.rs:466:20
[INFO] [stdout]     |
[INFO] [stdout] 466 |           let rows = sqlx::query!(
[INFO] [stdout]     |  ____________________^
[INFO] [stdout] 467 | |             r#"
[INFO] [stdout] 468 | |         SELECT j.*
[INFO] [stdout] 469 | |         FROM Jobs j
[INFO] [stdout] ...   |
[INFO] [stdout] 474 | |             username,
[INFO] [stdout] 475 | |         )
[INFO] [stdout]     | |_________^
[INFO] [stdout]     |
[INFO] [stdout]     = note: this error originates in the macro `$crate::sqlx_macros::expand_query` which comes from the expansion of the macro `sqlx::query` (in Nightly builds, run with -Z macro-backtrace for more info)
[INFO] [stdout] 
[INFO] [stdout] 
[INFO] [stdout] error: error communicating with database: Cannot assign requested address (os error 99)
[INFO] [stdout]    --> src/lib/db.rs:513:20
[INFO] [stdout]     |
[INFO] [stdout] 513 |           let rows = sqlx::query!(
[INFO] [stdout]     |  ____________________^
[INFO] [stdout] 514 | |             r#"
[INFO] [stdout] 515 | |         SELECT j.*
[INFO] [stdout] 516 | |         FROM Jobs j
[INFO] [stdout] ...   |
[INFO] [stdout] 521 | |             username,
[INFO] [stdout] 522 | |         )
[INFO] [stdout]     | |_________^
[INFO] [stdout]     |
[INFO] [stdout]     = note: this error originates in the macro `$crate::sqlx_macros::expand_query` which comes from the expansion of the macro `sqlx::query` (in Nightly builds, run with -Z macro-backtrace for more info)
[INFO] [stdout] 
[INFO] [stdout] 
[INFO] [stdout] error: error communicating with database: Cannot assign requested address (os error 99)
[INFO] [stdout]    --> src/lib/db.rs:548:20
[INFO] [stdout]     |
[INFO] [stdout] 548 |           let rows = sqlx::query!(
[INFO] [stdout]     |  ____________________^
[INFO] [stdout] 549 | |             r#"
[INFO] [stdout] 550 | |             SELECT job_id, CASE
[INFO] [stdout] 551 | |             WHEN accepted THEN 1
[INFO] [stdout] ...   |
[INFO] [stdout] 557 | |             user_id,
[INFO] [stdout] 558 | |         )
[INFO] [stdout]     | |_________^
[INFO] [stdout]     |
[INFO] [stdout]     = note: this error originates in the macro `$crate::sqlx_macros::expand_query` which comes from the expansion of the macro `sqlx::query` (in Nightly builds, run with -Z macro-backtrace for more info)
[INFO] [stdout] 
[INFO] [stdout] 
[INFO] [stdout] error: error communicating with database: Cannot assign requested address (os error 99)
[INFO] [stdout]    --> src/lib/db.rs:592:21
[INFO] [stdout]     |
[INFO] [stdout] 592 |           let _rows = sqlx::query!(
[INFO] [stdout]     |  _____________________^
[INFO] [stdout] 593 | |             r#"
[INFO] [stdout] 594 | |         DELETE FROM PendingJobs
[INFO] [stdout] 595 | |         WHERE job_id = $2 AND user_id = $1;
[INFO] [stdout] ...   |
[INFO] [stdout] 598 | |             job_id,
[INFO] [stdout] 599 | |         )
[INFO] [stdout]     | |_________^
[INFO] [stdout]     |
[INFO] [stdout]     = note: this error originates in the macro `$crate::sqlx_macros::expand_query` which comes from the expansion of the macro `sqlx::query` (in Nightly builds, run with -Z macro-backtrace for more info)
[INFO] [stdout] 
[INFO] [stdout] 
[INFO] [stdout] error: error communicating with database: Cannot assign requested address (os error 99)
[INFO] [stdout]    --> src/lib/db.rs:612:25
[INFO] [stdout]     |
[INFO] [stdout] 612 |           let resume_id = sqlx::query!(
[INFO] [stdout]     |  _________________________^
[INFO] [stdout] 613 | |             "INSERT INTO Resumes (user_id, resume_text)
[INFO] [stdout] 614 | |             VALUES ($1, $2)
[INFO] [stdout] 615 | |             RETURNING resume_id
[INFO] [stdout] ...   |
[INFO] [stdout] 618 | |             resume_text
[INFO] [stdout] 619 | |         )
[INFO] [stdout]     | |_________^
[INFO] [stdout]     |
[INFO] [stdout]     = note: this error originates in the macro `$crate::sqlx_macros::expand_query` which comes from the expansion of the macro `sqlx::query` (in Nightly builds, run with -Z macro-backtrace for more info)
[INFO] [stdout] 
[INFO] [stdout] 
[INFO] [stdout] error: error communicating with database: Cannot assign requested address (os error 99)
[INFO] [stdout]    --> src/lib/db.rs:637:26
[INFO] [stdout]     |
[INFO] [stdout] 637 |           let _resume_id = sqlx::query!(
[INFO] [stdout]     |  __________________________^
[INFO] [stdout] 638 | |             "UPDATE Resumes
[INFO] [stdout] 639 | |             SET deleted = true
[INFO] [stdout] 640 | |             WHERE user_id = $1
[INFO] [stdout] ...   |
[INFO] [stdout] 643 | |             resume_id,
[INFO] [stdout] 644 | |         )
[INFO] [stdout]     | |_________^
[INFO] [stdout]     |
[INFO] [stdout]     = note: this error originates in the macro `$crate::sqlx_macros::expand_query` which comes from the expansion of the macro `sqlx::query` (in Nightly builds, run with -Z macro-backtrace for more info)
[INFO] [stdout] 
[INFO] [stdout] 
[INFO] [stdout] error: error communicating with database: Cannot assign requested address (os error 99)
[INFO] [stdout]    --> src/lib/db.rs:659:19
[INFO] [stdout]     |
[INFO] [stdout] 659 |           let row = sqlx::query!(
[INFO] [stdout]     |  ___________________^
[INFO] [stdout] 660 | |             "INSERT INTO Proposals (user_id, job_id, proposal)
[INFO] [stdout] 661 | |         VALUES ($1, $2, $3)
[INFO] [stdout] 662 | |         RETURNING proposal_id",
[INFO] [stdout] ...   |
[INFO] [stdout] 665 | |             proposal_text
[INFO] [stdout] 666 | |         )
[INFO] [stdout]     | |_________^
[INFO] [stdout]     |
[INFO] [stdout]     = note: this error originates in the macro `$crate::sqlx_macros::expand_query` which comes from the expansion of the macro `sqlx::query` (in Nightly builds, run with -Z macro-backtrace for more info)
[INFO] [stdout] 
[INFO] [stdout] 
[INFO] [stdout] error: error communicating with database: Cannot assign requested address (os error 99)
[INFO] [stdout]    --> src/lib/db.rs:686:22
[INFO] [stdout]     |
[INFO] [stdout] 686 |           let record = sqlx::query!(
[INFO] [stdout]     |  ______________________^
[INFO] [stdout] 687 | |             "INSERT INTO SearchContexts (resume_id, keywords, user_id)
[INFO] [stdout] 688 | |             VALUES ($1, $2, $3)
[INFO] [stdout] 689 | |             RETURNING context_id",
[INFO] [stdout] ...   |
[INFO] [stdout] 692 | |             user_id
[INFO] [stdout] 693 | |         )
[INFO] [stdout]     | |_________^
[INFO] [stdout]     |
[INFO] [stdout]     = note: this error originates in the macro `$crate::sqlx_macros::expand_query` which comes from the expansion of the macro `sqlx::query` (in Nightly builds, run with -Z macro-backtrace for more info)
[INFO] [stdout] 
[INFO] [stdout] 
[INFO] [stdout] error: error communicating with database: Cannot assign requested address (os error 99)
[INFO] [stdout]    --> src/lib/db.rs:712:23
[INFO] [stdout]     |
[INFO] [stdout] 712 |           let _record = sqlx::query!(
[INFO] [stdout]     |  _______________________^
[INFO] [stdout] 713 | |             "UPDATE SearchContexts
[INFO] [stdout] 714 | |             SET deleted = true
[INFO] [stdout] 715 | |             WHERE context_id = $1
[INFO] [stdout] ...   |
[INFO] [stdout] 720 | |             user_id,
[INFO] [stdout] 721 | |         )
[INFO] [stdout]     | |_________^
[INFO] [stdout]     |
[INFO] [stdout]     = note: this error originates in the macro `$crate::sqlx_macros::expand_query` which comes from the expansion of the macro `sqlx::query` (in Nightly builds, run with -Z macro-backtrace for more info)
[INFO] [stdout] 
[INFO] [stdout] 
[INFO] [stdout] error: error communicating with database: Cannot assign requested address (os error 99)
[INFO] [stdout]    --> src/lib/db.rs:731:32
[INFO] [stdout]     |
[INFO] [stdout] 731 |           let career_info_rows = sqlx::query!(
[INFO] [stdout]     |  ________________________________^
[INFO] [stdout] 732 | |             "SELECT context_id, resume_id, user_id, keywords FROM SearchContexts WHERE user_id = $1 AND deleted = false",
[INFO] [stdout] 733 | |             user_id.id()
[INFO] [stdout] 734 | |         )
[INFO] [stdout]     | |_________^
[INFO] [stdout]     |
[INFO] [stdout]     = note: this error originates in the macro `$crate::sqlx_macros::expand_query` which comes from the expansion of the macro `sqlx::query` (in Nightly builds, run with -Z macro-backtrace for more info)
[INFO] [stdout] 
[INFO] [stdout] 
[INFO] [stdout] error: error communicating with database: Cannot assign requested address (os error 99)
[INFO] [stdout]    --> src/lib/db.rs:781:9
[INFO] [stdout]     |
[INFO] [stdout] 781 |         sqlx::query!("DROP TABLE IF EXISTS DecidedJobs;")
[INFO] [stdout]     |         ^^^^^^^^^^^^^^^^^^^^^^^^^^^^^^^^^^^^^^^^^^^^^^^^^
[INFO] [stdout]     |
[INFO] [stdout]     = note: this error originates in the macro `$crate::sqlx_macros::expand_query` which comes from the expansion of the macro `sqlx::query` (in Nightly builds, run with -Z macro-backtrace for more info)
[INFO] [stdout] 
[INFO] [stdout] 
[INFO] [stdout] error: error communicating with database: Cannot assign requested address (os error 99)
[INFO] [stdout]    --> src/lib/db.rs:784:9
[INFO] [stdout]     |
[INFO] [stdout] 784 |         sqlx::query!("DROP TABLE IF EXISTS PendingJobs;")
[INFO] [stdout]     |         ^^^^^^^^^^^^^^^^^^^^^^^^^^^^^^^^^^^^^^^^^^^^^^^^^
[INFO] [stdout]     |
[INFO] [stdout]     = note: this error originates in the macro `$crate::sqlx_macros::expand_query` which comes from the expansion of the macro `sqlx::query` (in Nightly builds, run with -Z macro-backtrace for more info)
[INFO] [stdout] 
[INFO] [stdout] 
[INFO] [stdout] error: error communicating with database: Cannot assign requested address (os error 99)
[INFO] [stdout]    --> src/lib/db.rs:787:9
[INFO] [stdout]     |
[INFO] [stdout] 787 |         sqlx::query!("DROP TABLE IF EXISTS Proposals;")
[INFO] [stdout]     |         ^^^^^^^^^^^^^^^^^^^^^^^^^^^^^^^^^^^^^^^^^^^^^^^
[INFO] [stdout]     |
[INFO] [stdout]     = note: this error originates in the macro `$crate::sqlx_macros::expand_query` which comes from the expansion of the macro `sqlx::query` (in Nightly builds, run with -Z macro-backtrace for more info)
[INFO] [stdout] 
[INFO] [stdout] 
[INFO] [stdout] error: error communicating with database: Cannot assign requested address (os error 99)
[INFO] [stdout]    --> src/lib/db.rs:790:9
[INFO] [stdout]     |
[INFO] [stdout] 790 |         sqlx::query!("DROP TABLE IF EXISTS Jobs;")
[INFO] [stdout]     |         ^^^^^^^^^^^^^^^^^^^^^^^^^^^^^^^^^^^^^^^^^^
[INFO] [stdout]     |
[INFO] [stdout]     = note: this error originates in the macro `$crate::sqlx_macros::expand_query` which comes from the expansion of the macro `sqlx::query` (in Nightly builds, run with -Z macro-backtrace for more info)
[INFO] [stdout] 
[INFO] [stdout] 
[INFO] [stdout] warning: unused import: `anyhow::bail`
[INFO] [stdout]  --> src/lib/db_utils.rs:3:5
[INFO] [stdout]   |
[INFO] [stdout] 3 | use anyhow::bail;
[INFO] [stdout]   |     ^^^^^^^^^^^^
[INFO] [stdout]   |
[INFO] [stdout]   = note: `#[warn(unused_imports)]` on by default
[INFO] [stdout] 
[INFO] [stdout] 
[INFO] [stdout] warning: unused imports: `dev::Service`, `http::header`
[INFO] [stdout]  --> src/lib/http.rs:8:17
[INFO] [stdout]   |
[INFO] [stdout] 8 | use actix_web::{dev::Service, http::header}; // Add this line
[INFO] [stdout]   |                 ^^^^^^^^^^^^  ^^^^^^^^^^^^
[INFO] [stdout] 
[INFO] [stdout] 
[INFO] [stdout] warning: unused imports: `Form`, `web::Path`
[INFO] [stdout]   --> src/lib/http.rs:23:5
[INFO] [stdout]    |
[INFO] [stdout] 23 |     web::Path,
[INFO] [stdout]    |     ^^^^^^^^^
[INFO] [stdout] 24 |     web::{self, Data, Form, Json},
[INFO] [stdout]    |                       ^^^^
[INFO] [stdout] 
[INFO] [stdout] 
[INFO] [stdout] warning: unused imports: `Resume`, `db_utils::Id`
[INFO] [stdout]   --> src/lib/http.rs:34:25
[INFO] [stdout]    |
[INFO] [stdout] 34 |     db::{Database, Job, Resume, SearchContext, VerifiedUser},
[INFO] [stdout]    |                         ^^^^^^
[INFO] [stdout] 35 |     db_utils::Id,
[INFO] [stdout]    |     ^^^^^^^^^^^^
[INFO] [stdout] 
[INFO] [stdout] 
[INFO] [stdout] warning: unused variable: `login_cookie`
[INFO] [stdout]    --> src/lib/http.rs:165:9
[INFO] [stdout]     |
[INFO] [stdout] 165 |     let login_cookie = state.verify_user(req)?;
[INFO] [stdout]     |         ^^^^^^^^^^^^ help: if this is intentional, prefix it with an underscore: `_login_cookie`
[INFO] [stdout]     |
[INFO] [stdout]     = note: `#[warn(unused_variables)]` on by default
[INFO] [stdout] 
[INFO] [stdout] 
[INFO] [stdout] warning: unused variable: `e`
[INFO] [stdout]    --> src/lib/http.rs:364:31
[INFO] [stdout]     |
[INFO] [stdout] 364 |                     .map_err(|e| AppError::InternalError(anyhow!("Unable to fetch resume",)))?;
[INFO] [stdout]     |                               ^ help: if this is intentional, prefix it with an underscore: `_e`
[INFO] [stdout] 
[INFO] [stdout] 
[INFO] [stdout] warning: unused import: `anyhow::Context`
[INFO] [stdout]  --> src/lib/db.rs:4:5
[INFO] [stdout]   |
[INFO] [stdout] 4 | use anyhow::Context;
[INFO] [stdout]   |     ^^^^^^^^^^^^^^^
[INFO] [stdout] 
[INFO] [stdout] 
[INFO] [stdout] error: aborting due to 26 previous errors; 7 warnings emitted
[INFO] [stdout] 
[INFO] [stdout] 
[INFO] [stderr] error: could not compile `juggernaut_broker` (lib) due to 27 previous errors; 7 warnings emitted
[INFO] [stderr] warning: build failed, waiting for other jobs to finish...
[INFO] running `Command { std: "docker" "inspect" "5f06283a181375aef3abd3fee813198e5fb92548d52232d163d34c51d23c3bdc", kill_on_drop: false }`
[INFO] running `Command { std: "docker" "rm" "-f" "5f06283a181375aef3abd3fee813198e5fb92548d52232d163d34c51d23c3bdc", kill_on_drop: false }`
[INFO] [stdout] 5f06283a181375aef3abd3fee813198e5fb92548d52232d163d34c51d23c3bdc
