[INFO] fetching crate jswm-con 0.2.0...
[INFO] testing jswm-con-0.2.0 against 1.75.0 for beta-1.76-1
[INFO] extracting crate jswm-con 0.2.0 into /workspace/builds/worker-6-tc1/source
[INFO] validating manifest of crates.io crate jswm-con 0.2.0 on toolchain 1.75.0
[INFO] running `Command { std: CARGO_HOME="/workspace/cargo-home" RUSTUP_HOME="/workspace/rustup-home" "/workspace/cargo-home/bin/cargo" "+1.75.0" "metadata" "--manifest-path" "Cargo.toml" "--no-deps", kill_on_drop: false }`
[INFO] started tweaking crates.io crate jswm-con 0.2.0
[INFO] finished tweaking crates.io crate jswm-con 0.2.0
[INFO] tweaked toml for crates.io crate jswm-con 0.2.0 written to /workspace/builds/worker-6-tc1/source/Cargo.toml
[INFO] running `Command { std: CARGO_HOME="/workspace/cargo-home" RUSTUP_HOME="/workspace/rustup-home" "/workspace/cargo-home/bin/cargo" "+1.75.0" "generate-lockfile" "--manifest-path" "Cargo.toml", kill_on_drop: false }`
[INFO] [stderr]     Updating crates.io index
[INFO] running `Command { std: CARGO_HOME="/workspace/cargo-home" RUSTUP_HOME="/workspace/rustup-home" "/workspace/cargo-home/bin/cargo" "+1.75.0" "fetch" "--manifest-path" "Cargo.toml", kill_on_drop: false }`
[INFO] [stderr]  Downloading crates ...
[INFO] [stderr]   Downloaded ipcon-sys v0.2.3
[INFO] [stderr]   Downloaded jlogger v0.1.7
[INFO] [stderr]   Downloaded jlogger-tracing v0.1.4
[INFO] [stderr]   Downloaded error-stack v0.4.1
[INFO] [stderr]   Downloaded error-stack v0.2.4
[INFO] running `Command { std: "docker" "create" "-v" "/var/lib/crater-agent-workspace/builds/worker-6-tc1/target:/opt/rustwide/target:rw,Z" "-v" "/var/lib/crater-agent-workspace/builds/worker-6-tc1/source:/opt/rustwide/workdir:ro,Z" "-v" "/var/lib/crater-agent-workspace/cargo-home:/opt/rustwide/cargo-home:ro,Z" "-v" "/var/lib/crater-agent-workspace/rustup-home:/opt/rustwide/rustup-home:ro,Z" "-e" "SOURCE_DIR=/opt/rustwide/workdir" "-e" "CARGO_TARGET_DIR=/opt/rustwide/target" "-e" "CARGO_HOME=/opt/rustwide/cargo-home" "-e" "RUSTUP_HOME=/opt/rustwide/rustup-home" "-w" "/opt/rustwide/workdir" "-m" "1610612736" "--user" "0:0" "--network" "none" "ghcr.io/rust-lang/crates-build-env/linux@sha256:2788e3201cd34a07e3172128adcd8b3090168a8e3bcc40d7c032b9dda1df7d1c" "/opt/rustwide/cargo-home/bin/cargo" "+1.75.0" "metadata" "--no-deps" "--format-version=1", kill_on_drop: false }`
[INFO] [stdout] 9bcbf87d712210988c44135c13cce22765dc9883fa327e8a65d63e6ea1a95f1c
[INFO] running `Command { std: "docker" "start" "-a" "9bcbf87d712210988c44135c13cce22765dc9883fa327e8a65d63e6ea1a95f1c", kill_on_drop: false }`
[INFO] running `Command { std: "docker" "inspect" "9bcbf87d712210988c44135c13cce22765dc9883fa327e8a65d63e6ea1a95f1c", kill_on_drop: false }`
[INFO] running `Command { std: "docker" "rm" "-f" "9bcbf87d712210988c44135c13cce22765dc9883fa327e8a65d63e6ea1a95f1c", kill_on_drop: false }`
[INFO] [stdout] 9bcbf87d712210988c44135c13cce22765dc9883fa327e8a65d63e6ea1a95f1c
[INFO] running `Command { std: "docker" "create" "-v" "/var/lib/crater-agent-workspace/builds/worker-6-tc1/target:/opt/rustwide/target:rw,Z" "-v" "/var/lib/crater-agent-workspace/builds/worker-6-tc1/source:/opt/rustwide/workdir:ro,Z" "-v" "/var/lib/crater-agent-workspace/cargo-home:/opt/rustwide/cargo-home:ro,Z" "-v" "/var/lib/crater-agent-workspace/rustup-home:/opt/rustwide/rustup-home:ro,Z" "-e" "SOURCE_DIR=/opt/rustwide/workdir" "-e" "CARGO_TARGET_DIR=/opt/rustwide/target" "-e" "CARGO_INCREMENTAL=0" "-e" "RUST_BACKTRACE=full" "-e" "RUSTFLAGS=--cap-lints=warn" "-e" "RUSTDOCFLAGS=--cap-lints=warn" "-e" "CARGO_HOME=/opt/rustwide/cargo-home" "-e" "RUSTUP_HOME=/opt/rustwide/rustup-home" "-w" "/opt/rustwide/workdir" "-m" "1610612736" "--user" "0:0" "--network" "none" "ghcr.io/rust-lang/crates-build-env/linux@sha256:2788e3201cd34a07e3172128adcd8b3090168a8e3bcc40d7c032b9dda1df7d1c" "/opt/rustwide/cargo-home/bin/cargo" "+1.75.0" "build" "--frozen" "--message-format=json", kill_on_drop: false }`
[INFO] [stdout] 3b0303162fd17f2918db5cd77dd996d5a87245bbe18ef4cdf5616af0b4efd521
[INFO] running `Command { std: "docker" "start" "-a" "3b0303162fd17f2918db5cd77dd996d5a87245bbe18ef4cdf5616af0b4efd521", kill_on_drop: false }`
[INFO] [stderr]    Compiling semver v1.0.21
[INFO] [stderr]    Compiling libc v0.2.151
[INFO] [stderr]    Compiling num-traits v0.2.17
[INFO] [stderr]    Compiling regex-syntax v0.8.2
[INFO] [stderr]    Compiling memoffset v0.6.5
[INFO] [stderr]    Compiling iana-time-zone v0.1.59
[INFO] [stderr]    Compiling overload v0.1.1
[INFO] [stderr]    Compiling tracing-core v0.1.32
[INFO] [stderr]    Compiling regex-automata v0.1.10
[INFO] [stderr]    Compiling thread_local v1.1.7
[INFO] [stderr]    Compiling sharded-slab v0.1.7
[INFO] [stderr]    Compiling is_ci v1.1.1
[INFO] [stderr]    Compiling syn v2.0.48
[INFO] [stderr]    Compiling nu-ansi-term v0.46.0
[INFO] [stderr]    Compiling tracing-log v0.2.0
[INFO] [stderr]    Compiling rustc_version v0.4.0
[INFO] [stderr]    Compiling error-stack v0.4.1
[INFO] [stderr]    Compiling error-stack v0.2.4
[INFO] [stderr]    Compiling matchers v0.1.0
[INFO] [stderr]    Compiling chrono v0.4.31
[INFO] [stderr]    Compiling regex-automata v0.4.3
[INFO] [stderr]    Compiling atty v0.2.14
[INFO] [stderr]    Compiling nix v0.22.3
[INFO] [stderr]    Compiling supports-color v1.3.1
[INFO] [stderr]    Compiling owo-colors v3.5.0
[INFO] [stderr]    Compiling jlogger v0.1.7
[INFO] [stderr]    Compiling regex v1.10.2
[INFO] [stderr]    Compiling tracing-attributes v0.1.27
[INFO] [stderr]    Compiling serde_derive v1.0.194
[INFO] [stderr]    Compiling tracing v0.1.40
[INFO] [stderr]    Compiling tracing-subscriber v0.3.18
[INFO] [stderr]    Compiling jlogger-tracing v0.1.4
[INFO] [stderr]    Compiling ipcon-sys v0.2.3
[INFO] [stderr]    Compiling jswm-con v0.2.0 (/opt/rustwide/workdir)
[INFO] [stdout] error[E0599]: no method named `change_context` found for enum `Result` in the current scope
[INFO] [stdout]    --> jswm-con/lib.rs:76:18
[INFO] [stdout]     |
[INFO] [stdout] 75  | /             ih.send_unicast_msg("Jswm", c_buf.as_bytes())
[INFO] [stdout] 76  | |                 .change_context(JswmConError::IOError)
[INFO] [stdout]     | |                 -^^^^^^^^^^^^^^ method not found in `Result<(), Report<IpconError>>`
[INFO] [stdout]     | |_________________|
[INFO] [stdout]     | 
[INFO] [stdout]     |
[INFO] [stdout] note: the method `change_context` exists on the type `error_stack::report::Report<IpconError>`
[INFO] [stdout]    --> /opt/rustwide/cargo-home/registry/src/index.crates.io-6f17d22bba15001f/error-stack-0.4.1/src/report.rs:462:5
[INFO] [stdout]     |
[INFO] [stdout] 462 | /     pub fn change_context<T>(mut self, context: T) -> Report<T>
[INFO] [stdout] 463 | |     where
[INFO] [stdout] 464 | |         T: Context,
[INFO] [stdout]     | |___________________^
[INFO] [stdout]     = help: items from traits can only be used if the trait is in scope
[INFO] [stdout] help: use the `?` operator to extract the `error_stack::report::Report<IpconError>` value, propagating a `Result::Err` value to the caller
[INFO] [stdout]     |
[INFO] [stdout] 75  |             ih.send_unicast_msg("Jswm", c_buf.as_bytes())?
[INFO] [stdout]     |                                                          +
[INFO] [stdout] help: the following trait is implemented but not in scope; perhaps add a `use` for it:
[INFO] [stdout]     |
[INFO] [stdout] 1   + use error_stack::result::ResultExt;
[INFO] [stdout]     |
[INFO] [stdout] 
[INFO] [stdout] 
[INFO] [stdout] error[E0599]: no method named `change_context` found for enum `Result` in the current scope
[INFO] [stdout]    --> jswm-con/lib.rs:78:57
[INFO] [stdout]     |
[INFO] [stdout] 78  |             let ih = Ipcon::new(None, Some(IPF_SND_IF)).change_context(JswmConError::IpconError)?;
[INFO] [stdout]     |                                                         ^^^^^^^^^^^^^^ method not found in `Result<Ipcon, Report<IpconError>>`
[INFO] [stdout]     |
[INFO] [stdout]    ::: /opt/rustwide/cargo-home/registry/src/index.crates.io-6f17d22bba15001f/error-stack-0.4.1/src/result.rs:96:8
[INFO] [stdout]     |
[INFO] [stdout] 96  |     fn change_context<C>(self, context: C) -> core::result::Result<Self::Ok, Report<C>>
[INFO] [stdout]     |        -------------- the method is available for `Result<Ipcon, error_stack::report::Report<IpconError>>` here
[INFO] [stdout]     |
[INFO] [stdout] note: the method `change_context` exists on the type `error_stack::report::Report<IpconError>`
[INFO] [stdout]    --> /opt/rustwide/cargo-home/registry/src/index.crates.io-6f17d22bba15001f/error-stack-0.4.1/src/report.rs:462:5
[INFO] [stdout]     |
[INFO] [stdout] 462 | /     pub fn change_context<T>(mut self, context: T) -> Report<T>
[INFO] [stdout] 463 | |     where
[INFO] [stdout] 464 | |         T: Context,
[INFO] [stdout]     | |___________________^
[INFO] [stdout]     = help: items from traits can only be used if the trait is in scope
[INFO] [stdout] help: use the `?` operator to extract the `error_stack::report::Report<IpconError>` value, propagating a `Result::Err` value to the caller
[INFO] [stdout]     |
[INFO] [stdout] 78  |             let ih = Ipcon::new(None, Some(IPF_SND_IF))?.change_context(JswmConError::IpconError)?;
[INFO] [stdout]     |                                                        +
[INFO] [stdout] help: the following trait is implemented but not in scope; perhaps add a `use` for it:
[INFO] [stdout]     |
[INFO] [stdout] 1   + use error_stack::result::ResultExt;
[INFO] [stdout]     |
[INFO] [stdout] 
[INFO] [stdout] 
[INFO] [stdout] error: aborting due to 2 previous errors
[INFO] [stdout] 
[INFO] [stdout] 
[INFO] [stdout] For more information about this error, try `rustc --explain E0599`.
[INFO] [stdout] 
[INFO] [stderr] error: could not compile `jswm-con` (lib) due to 3 previous errors
[INFO] running `Command { std: "docker" "inspect" "3b0303162fd17f2918db5cd77dd996d5a87245bbe18ef4cdf5616af0b4efd521", kill_on_drop: false }`
[INFO] running `Command { std: "docker" "rm" "-f" "3b0303162fd17f2918db5cd77dd996d5a87245bbe18ef4cdf5616af0b4efd521", kill_on_drop: false }`
[INFO] [stdout] 3b0303162fd17f2918db5cd77dd996d5a87245bbe18ef4cdf5616af0b4efd521
[INFO] testing jswm-con-0.2.0 against beta-2023-12-22 for beta-1.76-1
[INFO] extracting crate jswm-con 0.2.0 into /workspace/builds/worker-6-tc2/source
[INFO] validating manifest of crates.io crate jswm-con 0.2.0 on toolchain beta-2023-12-22
[INFO] running `Command { std: CARGO_HOME="/workspace/cargo-home" RUSTUP_HOME="/workspace/rustup-home" "/workspace/cargo-home/bin/cargo" "+beta-2023-12-22" "metadata" "--manifest-path" "Cargo.toml" "--no-deps", kill_on_drop: false }`
[INFO] started tweaking crates.io crate jswm-con 0.2.0
[INFO] finished tweaking crates.io crate jswm-con 0.2.0
[INFO] tweaked toml for crates.io crate jswm-con 0.2.0 written to /workspace/builds/worker-6-tc2/source/Cargo.toml
[INFO] running `Command { std: CARGO_HOME="/workspace/cargo-home" RUSTUP_HOME="/workspace/rustup-home" "/workspace/cargo-home/bin/cargo" "+beta-2023-12-22" "generate-lockfile" "--manifest-path" "Cargo.toml", kill_on_drop: false }`
[INFO] [stderr]     Updating crates.io index
[INFO] running `Command { std: CARGO_HOME="/workspace/cargo-home" RUSTUP_HOME="/workspace/rustup-home" "/workspace/cargo-home/bin/cargo" "+beta-2023-12-22" "fetch" "--manifest-path" "Cargo.toml", kill_on_drop: false }`
[INFO] running `Command { std: "docker" "create" "-v" "/var/lib/crater-agent-workspace/builds/worker-6-tc2/target:/opt/rustwide/target:rw,Z" "-v" "/var/lib/crater-agent-workspace/builds/worker-6-tc2/source:/opt/rustwide/workdir:ro,Z" "-v" "/var/lib/crater-agent-workspace/cargo-home:/opt/rustwide/cargo-home:ro,Z" "-v" "/var/lib/crater-agent-workspace/rustup-home:/opt/rustwide/rustup-home:ro,Z" "-e" "SOURCE_DIR=/opt/rustwide/workdir" "-e" "CARGO_TARGET_DIR=/opt/rustwide/target" "-e" "CARGO_HOME=/opt/rustwide/cargo-home" "-e" "RUSTUP_HOME=/opt/rustwide/rustup-home" "-w" "/opt/rustwide/workdir" "-m" "1610612736" "--user" "0:0" "--network" "none" "ghcr.io/rust-lang/crates-build-env/linux@sha256:2788e3201cd34a07e3172128adcd8b3090168a8e3bcc40d7c032b9dda1df7d1c" "/opt/rustwide/cargo-home/bin/cargo" "+beta-2023-12-22" "metadata" "--no-deps" "--format-version=1", kill_on_drop: false }`
[INFO] [stdout] efbf6d7c9170998477d1a793370d2a674e756537fe15d4c4033e3390ee072fc9
[INFO] running `Command { std: "docker" "start" "-a" "efbf6d7c9170998477d1a793370d2a674e756537fe15d4c4033e3390ee072fc9", kill_on_drop: false }`
[INFO] running `Command { std: "docker" "inspect" "efbf6d7c9170998477d1a793370d2a674e756537fe15d4c4033e3390ee072fc9", kill_on_drop: false }`
[INFO] running `Command { std: "docker" "rm" "-f" "efbf6d7c9170998477d1a793370d2a674e756537fe15d4c4033e3390ee072fc9", kill_on_drop: false }`
[INFO] [stdout] efbf6d7c9170998477d1a793370d2a674e756537fe15d4c4033e3390ee072fc9
[INFO] running `Command { std: "docker" "create" "-v" "/var/lib/crater-agent-workspace/builds/worker-6-tc2/target:/opt/rustwide/target:rw,Z" "-v" "/var/lib/crater-agent-workspace/builds/worker-6-tc2/source:/opt/rustwide/workdir:ro,Z" "-v" "/var/lib/crater-agent-workspace/cargo-home:/opt/rustwide/cargo-home:ro,Z" "-v" "/var/lib/crater-agent-workspace/rustup-home:/opt/rustwide/rustup-home:ro,Z" "-e" "SOURCE_DIR=/opt/rustwide/workdir" "-e" "CARGO_TARGET_DIR=/opt/rustwide/target" "-e" "CARGO_INCREMENTAL=0" "-e" "RUST_BACKTRACE=full" "-e" "RUSTFLAGS=--cap-lints=warn" "-e" "RUSTDOCFLAGS=--cap-lints=warn" "-e" "CARGO_HOME=/opt/rustwide/cargo-home" "-e" "RUSTUP_HOME=/opt/rustwide/rustup-home" "-w" "/opt/rustwide/workdir" "-m" "1610612736" "--user" "0:0" "--network" "none" "ghcr.io/rust-lang/crates-build-env/linux@sha256:2788e3201cd34a07e3172128adcd8b3090168a8e3bcc40d7c032b9dda1df7d1c" "/opt/rustwide/cargo-home/bin/cargo" "+beta-2023-12-22" "build" "--frozen" "--message-format=json", kill_on_drop: false }`
[INFO] [stdout] 4766f5aeb00890c356447e618dc9ad0a08f8d2b66c2d6eced7bcd8cb2058d5c3
[INFO] running `Command { std: "docker" "start" "-a" "4766f5aeb00890c356447e618dc9ad0a08f8d2b66c2d6eced7bcd8cb2058d5c3", kill_on_drop: false }`
[INFO] [stderr]    Compiling semver v1.0.21
[INFO] [stderr]    Compiling libc v0.2.151
[INFO] [stderr]    Compiling num-traits v0.2.17
[INFO] [stderr]    Compiling regex-syntax v0.8.2
[INFO] [stderr]    Compiling memoffset v0.6.5
[INFO] [stderr]    Compiling iana-time-zone v0.1.59
[INFO] [stderr]    Compiling overload v0.1.1
[INFO] [stderr]    Compiling tracing-core v0.1.32
[INFO] [stderr]    Compiling regex-automata v0.1.10
[INFO] [stderr]    Compiling sharded-slab v0.1.7
[INFO] [stderr]    Compiling thread_local v1.1.7
[INFO] [stderr]    Compiling is_ci v1.1.1
[INFO] [stderr]    Compiling syn v2.0.48
[INFO] [stderr]    Compiling nu-ansi-term v0.46.0
[INFO] [stderr]    Compiling tracing-log v0.2.0
[INFO] [stderr]    Compiling rustc_version v0.4.0
[INFO] [stderr]    Compiling error-stack v0.4.1
[INFO] [stderr]    Compiling error-stack v0.2.4
[INFO] [stderr]    Compiling matchers v0.1.0
[INFO] [stderr]    Compiling chrono v0.4.31
[INFO] [stderr]    Compiling regex-automata v0.4.3
[INFO] [stderr]    Compiling atty v0.2.14
[INFO] [stderr]    Compiling nix v0.22.3
[INFO] [stderr]    Compiling supports-color v1.3.1
[INFO] [stderr]    Compiling owo-colors v3.5.0
[INFO] [stderr]    Compiling jlogger v0.1.7
[INFO] [stderr]    Compiling regex v1.10.2
[INFO] [stderr]    Compiling tracing-attributes v0.1.27
[INFO] [stderr]    Compiling serde_derive v1.0.194
[INFO] [stderr]    Compiling tracing v0.1.40
[INFO] [stderr]    Compiling tracing-subscriber v0.3.18
[INFO] [stderr]    Compiling jlogger-tracing v0.1.4
[INFO] [stderr]    Compiling ipcon-sys v0.2.3
[INFO] [stderr]    Compiling jswm-con v0.2.0 (/opt/rustwide/workdir)
[INFO] [stdout] error[E0599]: no method named `change_context` found for enum `Result` in the current scope
[INFO] [stdout]    --> jswm-con/lib.rs:76:18
[INFO] [stdout]     |
[INFO] [stdout] 75  | /             ih.send_unicast_msg("Jswm", c_buf.as_bytes())
[INFO] [stdout] 76  | |                 .change_context(JswmConError::IOError)
[INFO] [stdout]     | |                 -^^^^^^^^^^^^^^ method not found in `Result<(), Report<IpconError>>`
[INFO] [stdout]     | |_________________|
[INFO] [stdout]     | 
[INFO] [stdout]     |
[INFO] [stdout] note: the method `change_context` exists on the type `error_stack::report::Report<IpconError>`
[INFO] [stdout]    --> /opt/rustwide/cargo-home/registry/src/index.crates.io-6f17d22bba15001f/error-stack-0.4.1/src/report.rs:462:5
[INFO] [stdout]     |
[INFO] [stdout] 462 | /     pub fn change_context<T>(mut self, context: T) -> Report<T>
[INFO] [stdout] 463 | |     where
[INFO] [stdout] 464 | |         T: Context,
[INFO] [stdout]     | |___________________^
[INFO] [stdout]     = help: items from traits can only be used if the trait is in scope
[INFO] [stdout] help: use the `?` operator to extract the `error_stack::report::Report<IpconError>` value, propagating a `Result::Err` value to the caller
[INFO] [stdout]     |
[INFO] [stdout] 75  |             ih.send_unicast_msg("Jswm", c_buf.as_bytes())?
[INFO] [stdout]     |                                                          +
[INFO] [stdout] help: the following trait is implemented but not in scope; perhaps add a `use` for it:
[INFO] [stdout]     |
[INFO] [stdout] 1   + use error_stack::result::ResultExt;
[INFO] [stdout]     |
[INFO] [stdout] 
[INFO] [stdout] 
[INFO] [stdout] error[E0599]: no method named `change_context` found for enum `Result` in the current scope
[INFO] [stdout]    --> jswm-con/lib.rs:78:57
[INFO] [stdout]     |
[INFO] [stdout] 78  |             let ih = Ipcon::new(None, Some(IPF_SND_IF)).change_context(JswmConError::IpconError)?;
[INFO] [stdout]     |                                                         ^^^^^^^^^^^^^^ method not found in `Result<Ipcon, Report<IpconError>>`
[INFO] [stdout]     |
[INFO] [stdout]    ::: /opt/rustwide/cargo-home/registry/src/index.crates.io-6f17d22bba15001f/error-stack-0.4.1/src/result.rs:96:8
[INFO] [stdout]     |
[INFO] [stdout] 96  |     fn change_context<C>(self, context: C) -> core::result::Result<Self::Ok, Report<C>>
[INFO] [stdout]     |        -------------- the method is available for `Result<Ipcon, error_stack::report::Report<IpconError>>` here
[INFO] [stdout]     |
[INFO] [stdout] note: the method `change_context` exists on the type `error_stack::report::Report<IpconError>`
[INFO] [stdout]    --> /opt/rustwide/cargo-home/registry/src/index.crates.io-6f17d22bba15001f/error-stack-0.4.1/src/report.rs:462:5
[INFO] [stdout]     |
[INFO] [stdout] 462 | /     pub fn change_context<T>(mut self, context: T) -> Report<T>
[INFO] [stdout] 463 | |     where
[INFO] [stdout] 464 | |         T: Context,
[INFO] [stdout]     | |___________________^
[INFO] [stdout]     = help: items from traits can only be used if the trait is in scope
[INFO] [stdout] help: use the `?` operator to extract the `error_stack::report::Report<IpconError>` value, propagating a `Result::Err` value to the caller
[INFO] [stdout]     |
[INFO] [stdout] 78  |             let ih = Ipcon::new(None, Some(IPF_SND_IF))?.change_context(JswmConError::IpconError)?;
[INFO] [stdout]     |                                                        +
[INFO] [stdout] help: the following trait is implemented but not in scope; perhaps add a `use` for it:
[INFO] [stdout]     |
[INFO] [stdout] 1   + use error_stack::result::ResultExt;
[INFO] [stdout]     |
[INFO] [stdout] 
[INFO] [stdout] 
[INFO] [stdout] error: aborting due to 2 previous errors
[INFO] [stdout] 
[INFO] [stdout] 
[INFO] [stdout] For more information about this error, try `rustc --explain E0599`.
[INFO] [stdout] 
[INFO] [stderr] error: could not compile `jswm-con` (lib) due to 3 previous errors
[INFO] running `Command { std: "docker" "inspect" "4766f5aeb00890c356447e618dc9ad0a08f8d2b66c2d6eced7bcd8cb2058d5c3", kill_on_drop: false }`
[INFO] running `Command { std: "docker" "rm" "-f" "4766f5aeb00890c356447e618dc9ad0a08f8d2b66c2d6eced7bcd8cb2058d5c3", kill_on_drop: false }`
[INFO] [stdout] 4766f5aeb00890c356447e618dc9ad0a08f8d2b66c2d6eced7bcd8cb2058d5c3
