[INFO] fetching crate jsonnet 0.1.0...
[INFO] testing jsonnet-0.1.0 against 1.75.0 for beta-1.76-1
[INFO] extracting crate jsonnet 0.1.0 into /workspace/builds/worker-6-tc1/source
[INFO] validating manifest of crates.io crate jsonnet 0.1.0 on toolchain 1.75.0
[INFO] running `Command { std: CARGO_HOME="/workspace/cargo-home" RUSTUP_HOME="/workspace/rustup-home" "/workspace/cargo-home/bin/cargo" "+1.75.0" "metadata" "--manifest-path" "Cargo.toml" "--no-deps", kill_on_drop: false }`
[INFO] started tweaking crates.io crate jsonnet 0.1.0
[INFO] removed 0 missing tests
[INFO] finished tweaking crates.io crate jsonnet 0.1.0
[INFO] tweaked toml for crates.io crate jsonnet 0.1.0 written to /workspace/builds/worker-6-tc1/source/Cargo.toml
[INFO] running `Command { std: CARGO_HOME="/workspace/cargo-home" RUSTUP_HOME="/workspace/rustup-home" "/workspace/cargo-home/bin/cargo" "+1.75.0" "generate-lockfile" "--manifest-path" "Cargo.toml", kill_on_drop: false }`
[INFO] [stderr]     Updating crates.io index
[INFO] running `Command { std: CARGO_HOME="/workspace/cargo-home" RUSTUP_HOME="/workspace/rustup-home" "/workspace/cargo-home/bin/cargo" "+1.75.0" "fetch" "--manifest-path" "Cargo.toml", kill_on_drop: false }`
[INFO] running `Command { std: "docker" "create" "-v" "/var/lib/crater-agent-workspace/builds/worker-6-tc1/target:/opt/rustwide/target:rw,Z" "-v" "/var/lib/crater-agent-workspace/builds/worker-6-tc1/source:/opt/rustwide/workdir:ro,Z" "-v" "/var/lib/crater-agent-workspace/cargo-home:/opt/rustwide/cargo-home:ro,Z" "-v" "/var/lib/crater-agent-workspace/rustup-home:/opt/rustwide/rustup-home:ro,Z" "-e" "SOURCE_DIR=/opt/rustwide/workdir" "-e" "CARGO_TARGET_DIR=/opt/rustwide/target" "-e" "CARGO_HOME=/opt/rustwide/cargo-home" "-e" "RUSTUP_HOME=/opt/rustwide/rustup-home" "-w" "/opt/rustwide/workdir" "-m" "1610612736" "--user" "0:0" "--network" "none" "ghcr.io/rust-lang/crates-build-env/linux@sha256:2788e3201cd34a07e3172128adcd8b3090168a8e3bcc40d7c032b9dda1df7d1c" "/opt/rustwide/cargo-home/bin/cargo" "+1.75.0" "metadata" "--no-deps" "--format-version=1", kill_on_drop: false }`
[INFO] [stdout] 303df272825ce40c28691ae539e75a4aa13f9805649c32968061ce813979694d
[INFO] running `Command { std: "docker" "start" "-a" "303df272825ce40c28691ae539e75a4aa13f9805649c32968061ce813979694d", kill_on_drop: false }`
[INFO] running `Command { std: "docker" "inspect" "303df272825ce40c28691ae539e75a4aa13f9805649c32968061ce813979694d", kill_on_drop: false }`
[INFO] running `Command { std: "docker" "rm" "-f" "303df272825ce40c28691ae539e75a4aa13f9805649c32968061ce813979694d", kill_on_drop: false }`
[INFO] [stdout] 303df272825ce40c28691ae539e75a4aa13f9805649c32968061ce813979694d
[INFO] running `Command { std: "docker" "create" "-v" "/var/lib/crater-agent-workspace/builds/worker-6-tc1/target:/opt/rustwide/target:rw,Z" "-v" "/var/lib/crater-agent-workspace/builds/worker-6-tc1/source:/opt/rustwide/workdir:ro,Z" "-v" "/var/lib/crater-agent-workspace/cargo-home:/opt/rustwide/cargo-home:ro,Z" "-v" "/var/lib/crater-agent-workspace/rustup-home:/opt/rustwide/rustup-home:ro,Z" "-e" "SOURCE_DIR=/opt/rustwide/workdir" "-e" "CARGO_TARGET_DIR=/opt/rustwide/target" "-e" "CARGO_INCREMENTAL=0" "-e" "RUST_BACKTRACE=full" "-e" "RUSTFLAGS=--cap-lints=warn" "-e" "RUSTDOCFLAGS=--cap-lints=warn" "-e" "CARGO_HOME=/opt/rustwide/cargo-home" "-e" "RUSTUP_HOME=/opt/rustwide/rustup-home" "-w" "/opt/rustwide/workdir" "-m" "1610612736" "--user" "0:0" "--network" "none" "ghcr.io/rust-lang/crates-build-env/linux@sha256:2788e3201cd34a07e3172128adcd8b3090168a8e3bcc40d7c032b9dda1df7d1c" "/opt/rustwide/cargo-home/bin/cargo" "+1.75.0" "build" "--frozen" "--message-format=json", kill_on_drop: false }`
[INFO] [stdout] 2396330dfef4377a26b4b7106effcfac91db406e1093e63166919e3ef92d76e8
[INFO] running `Command { std: "docker" "start" "-a" "2396330dfef4377a26b4b7106effcfac91db406e1093e63166919e3ef92d76e8", kill_on_drop: false }`
[INFO] [stderr]    Compiling libc v0.2.151
[INFO] [stderr]    Compiling jsonnet v0.1.0 (/opt/rustwide/workdir)
[INFO] [stdout] warning: lint `private_no_mangle_fns` has been removed: no longer a warning, `#[no_mangle]` functions always exported
[INFO] [stdout]   --> src/ffi/command.rs:21:8
[INFO] [stdout]    |
[INFO] [stdout] 21 | #[warn(private_no_mangle_fns)]
[INFO] [stdout]    |        ^^^^^^^^^^^^^^^^^^^^^
[INFO] [stdout]    |
[INFO] [stdout]    = note: `#[warn(renamed_and_removed_lints)]` on by default
[INFO] [stdout] 
[INFO] [stdout] 
[INFO] [stdout] warning: `extern` block uses type `JsonnetVm`, which is not FFI-safe
[INFO] [stdout]   --> src/ffi/command.rs:16:24
[INFO] [stdout]    |
[INFO] [stdout] 16 |     fn jsonnet_make()     -> *mut JsonnetVm;
[INFO] [stdout]    |                              ^^^^^^^^^^^^^^ not FFI-safe
[INFO] [stdout]    |
[INFO] [stdout]    = help: consider adding a member to this struct
[INFO] [stdout]    = note: this struct has no fields
[INFO] [stdout] note: the type is defined here
[INFO] [stdout]   --> src/ffi/command.rs:8:1
[INFO] [stdout]    |
[INFO] [stdout] 8  | struct JsonnetVm;
[INFO] [stdout]    | ^^^^^^^^^^^^^^^^
[INFO] [stdout]    = note: `#[warn(improper_ctypes)]` on by default
[INFO] [stdout] 
[INFO] [stdout] 
[INFO] [stdout] warning: `extern` block uses type `JsonnetVm`, which is not FFI-safe
[INFO] [stdout]   --> src/ffi/command.rs:17:31
[INFO] [stdout]    |
[INFO] [stdout] 17 |     fn jsonnet_evaluate_file(vm: *mut JsonnetVm,filename: *const c_char,error:*mut size_t) -> *const c_char; 
[INFO] [stdout]    |                                  ^^^^^^^^^^^^^^ not FFI-safe
[INFO] [stdout]    |
[INFO] [stdout]    = help: consider adding a member to this struct
[INFO] [stdout]    = note: this struct has no fields
[INFO] [stdout] note: the type is defined here
[INFO] [stdout]   --> src/ffi/command.rs:8:1
[INFO] [stdout]    |
[INFO] [stdout] 8  | struct JsonnetVm;
[INFO] [stdout]    | ^^^^^^^^^^^^^^^^
[INFO] [stdout] 
[INFO] [stdout] 
[INFO] [stdout] warning: `extern` block uses type `JsonnetVm`, which is not FFI-safe
[INFO] [stdout]   --> src/ffi/command.rs:18:34
[INFO] [stdout]    |
[INFO] [stdout] 18 |     fn jsonnet_evaluate_snippet(vm: *mut JsonnetVm,filename: *const c_char,snippet: *const c_char,error:*mut size_t) ->*const c_char; 
[INFO] [stdout]    |                                     ^^^^^^^^^^^^^^ not FFI-safe
[INFO] [stdout]    |
[INFO] [stdout]    = help: consider adding a member to this struct
[INFO] [stdout]    = note: this struct has no fields
[INFO] [stdout] note: the type is defined here
[INFO] [stdout]   --> src/ffi/command.rs:8:1
[INFO] [stdout]    |
[INFO] [stdout] 8  | struct JsonnetVm;
[INFO] [stdout]    | ^^^^^^^^^^^^^^^^
[INFO] [stdout] 
[INFO] [stdout] 
[INFO] [stdout] warning: `extern` block uses type `JsonnetVm`, which is not FFI-safe
[INFO] [stdout]   --> src/ffi/command.rs:19:25
[INFO] [stdout]    |
[INFO] [stdout] 19 |     fn jsonnet_destroy(vm: *mut JsonnetVm);
[INFO] [stdout]    |                            ^^^^^^^^^^^^^^ not FFI-safe
[INFO] [stdout]    |
[INFO] [stdout]    = help: consider adding a member to this struct
[INFO] [stdout]    = note: this struct has no fields
[INFO] [stdout] note: the type is defined here
[INFO] [stdout]   --> src/ffi/command.rs:8:1
[INFO] [stdout]    |
[INFO] [stdout] 8  | struct JsonnetVm;
[INFO] [stdout]    | ^^^^^^^^^^^^^^^^
[INFO] [stdout] 
[INFO] [stdout] 
[INFO] [stdout] warning: 5 warnings emitted
[INFO] [stdout] 
[INFO] [stdout] 
[INFO] [stderr]     Finished dev [unoptimized + debuginfo] target(s) in 0.67s
[INFO] running `Command { std: "docker" "inspect" "2396330dfef4377a26b4b7106effcfac91db406e1093e63166919e3ef92d76e8", kill_on_drop: false }`
[INFO] running `Command { std: "docker" "rm" "-f" "2396330dfef4377a26b4b7106effcfac91db406e1093e63166919e3ef92d76e8", kill_on_drop: false }`
[INFO] [stdout] 2396330dfef4377a26b4b7106effcfac91db406e1093e63166919e3ef92d76e8
[INFO] running `Command { std: "docker" "create" "-v" "/var/lib/crater-agent-workspace/builds/worker-6-tc1/target:/opt/rustwide/target:rw,Z" "-v" "/var/lib/crater-agent-workspace/builds/worker-6-tc1/source:/opt/rustwide/workdir:ro,Z" "-v" "/var/lib/crater-agent-workspace/cargo-home:/opt/rustwide/cargo-home:ro,Z" "-v" "/var/lib/crater-agent-workspace/rustup-home:/opt/rustwide/rustup-home:ro,Z" "-e" "SOURCE_DIR=/opt/rustwide/workdir" "-e" "CARGO_TARGET_DIR=/opt/rustwide/target" "-e" "CARGO_INCREMENTAL=0" "-e" "RUST_BACKTRACE=full" "-e" "RUSTFLAGS=--cap-lints=warn" "-e" "RUSTDOCFLAGS=--cap-lints=warn" "-e" "CARGO_HOME=/opt/rustwide/cargo-home" "-e" "RUSTUP_HOME=/opt/rustwide/rustup-home" "-w" "/opt/rustwide/workdir" "-m" "1610612736" "--user" "0:0" "--network" "none" "ghcr.io/rust-lang/crates-build-env/linux@sha256:2788e3201cd34a07e3172128adcd8b3090168a8e3bcc40d7c032b9dda1df7d1c" "/opt/rustwide/cargo-home/bin/cargo" "+1.75.0" "test" "--frozen" "--no-run" "--message-format=json", kill_on_drop: false }`
[INFO] [stdout] 731172d55080c54627e93404a79d6d4ac2ce0e6706d7984beb95485ccfba3fcc
[INFO] running `Command { std: "docker" "start" "-a" "731172d55080c54627e93404a79d6d4ac2ce0e6706d7984beb95485ccfba3fcc", kill_on_drop: false }`
[INFO] [stdout] warning: lint `private_no_mangle_fns` has been removed: no longer a warning, `#[no_mangle]` functions always exported
[INFO] [stdout]   --> src/ffi/command.rs:21:8
[INFO] [stdout]    |
[INFO] [stdout] 21 | #[warn(private_no_mangle_fns)]
[INFO] [stdout]    |        ^^^^^^^^^^^^^^^^^^^^^
[INFO] [stdout]    |
[INFO] [stdout]    = note: `#[warn(renamed_and_removed_lints)]` on by default
[INFO] [stdout] 
[INFO] [stdout] 
[INFO] [stdout] warning: `extern` block uses type `JsonnetVm`, which is not FFI-safe
[INFO] [stdout]   --> src/ffi/command.rs:16:24
[INFO] [stdout]    |
[INFO] [stdout] 16 |     fn jsonnet_make()     -> *mut JsonnetVm;
[INFO] [stdout]    |                              ^^^^^^^^^^^^^^ not FFI-safe
[INFO] [stdout]    |
[INFO] [stdout]    = help: consider adding a member to this struct
[INFO] [stdout]    = note: this struct has no fields
[INFO] [stdout] note: the type is defined here
[INFO] [stdout]   --> src/ffi/command.rs:8:1
[INFO] [stdout]    |
[INFO] [stdout] 8  | struct JsonnetVm;
[INFO] [stdout]    | ^^^^^^^^^^^^^^^^
[INFO] [stdout]    = note: `#[warn(improper_ctypes)]` on by default
[INFO] [stdout] 
[INFO] [stdout] 
[INFO] [stdout] warning: `extern` block uses type `JsonnetVm`, which is not FFI-safe
[INFO] [stdout]   --> src/ffi/command.rs:17:31
[INFO] [stdout]    |
[INFO] [stdout] 17 |     fn jsonnet_evaluate_file(vm: *mut JsonnetVm,filename: *const c_char,error:*mut size_t) -> *const c_char; 
[INFO] [stdout]    |                                  ^^^^^^^^^^^^^^ not FFI-safe
[INFO] [stdout]    |
[INFO] [stdout]    = help: consider adding a member to this struct
[INFO] [stdout]    = note: this struct has no fields
[INFO] [stdout] note: the type is defined here
[INFO] [stdout]   --> src/ffi/command.rs:8:1
[INFO] [stdout]    |
[INFO] [stdout] 8  | struct JsonnetVm;
[INFO] [stdout]    | ^^^^^^^^^^^^^^^^
[INFO] [stdout] 
[INFO] [stdout] 
[INFO] [stderr]    Compiling jsonnet v0.1.0 (/opt/rustwide/workdir)
[INFO] [stdout] warning: `extern` block uses type `JsonnetVm`, which is not FFI-safe
[INFO] [stdout]   --> src/ffi/command.rs:18:34
[INFO] [stdout]    |
[INFO] [stdout] 18 |     fn jsonnet_evaluate_snippet(vm: *mut JsonnetVm,filename: *const c_char,snippet: *const c_char,error:*mut size_t) ->*const c_char; 
[INFO] [stdout]    |                                     ^^^^^^^^^^^^^^ not FFI-safe
[INFO] [stdout]    |
[INFO] [stdout]    = help: consider adding a member to this struct
[INFO] [stdout]    = note: this struct has no fields
[INFO] [stdout] note: the type is defined here
[INFO] [stdout]   --> src/ffi/command.rs:8:1
[INFO] [stdout]    |
[INFO] [stdout] 8  | struct JsonnetVm;
[INFO] [stdout]    | ^^^^^^^^^^^^^^^^
[INFO] [stdout] 
[INFO] [stdout] 
[INFO] [stdout] warning: `extern` block uses type `JsonnetVm`, which is not FFI-safe
[INFO] [stdout]   --> src/ffi/command.rs:19:25
[INFO] [stdout]    |
[INFO] [stdout] 19 |     fn jsonnet_destroy(vm: *mut JsonnetVm);
[INFO] [stdout]    |                            ^^^^^^^^^^^^^^ not FFI-safe
[INFO] [stdout]    |
[INFO] [stdout]    = help: consider adding a member to this struct
[INFO] [stdout]    = note: this struct has no fields
[INFO] [stdout] note: the type is defined here
[INFO] [stdout]   --> src/ffi/command.rs:8:1
[INFO] [stdout]    |
[INFO] [stdout] 8  | struct JsonnetVm;
[INFO] [stdout]    | ^^^^^^^^^^^^^^^^
[INFO] [stdout] 
[INFO] [stdout] 
[INFO] [stdout] warning: 5 warnings emitted
[INFO] [stdout] 
[INFO] [stdout] 
[INFO] [stdout] warning: lint `private_no_mangle_fns` has been removed: no longer a warning, `#[no_mangle]` functions always exported
[INFO] [stdout]   --> src/ffi/command.rs:21:8
[INFO] [stdout]    |
[INFO] [stdout] 21 | #[warn(private_no_mangle_fns)]
[INFO] [stdout]    |        ^^^^^^^^^^^^^^^^^^^^^
[INFO] [stdout]    |
[INFO] [stdout]    = note: `#[warn(renamed_and_removed_lints)]` on by default
[INFO] [stdout] 
[INFO] [stdout] 
[INFO] [stdout] warning: unused variable: `msg`
[INFO] [stdout]  --> test/test.rs:8:6
[INFO] [stdout]   |
[INFO] [stdout] 8 |     let msg  : *const c_char = Jsonnet::version();
[INFO] [stdout]   |         ^^^ help: if this is intentional, prefix it with an underscore: `_msg`
[INFO] [stdout]   |
[INFO] [stdout]   = note: `#[warn(unused_variables)]` on by default
[INFO] [stdout] 
[INFO] [stdout] 
[INFO] [stdout] warning: `extern` block uses type `JsonnetVm`, which is not FFI-safe
[INFO] [stdout]   --> src/ffi/command.rs:16:24
[INFO] [stdout]    |
[INFO] [stdout] 16 |     fn jsonnet_make()     -> *mut JsonnetVm;
[INFO] [stdout]    |                              ^^^^^^^^^^^^^^ not FFI-safe
[INFO] [stdout]    |
[INFO] [stdout]    = help: consider adding a member to this struct
[INFO] [stdout]    = note: this struct has no fields
[INFO] [stdout] note: the type is defined here
[INFO] [stdout]   --> src/ffi/command.rs:8:1
[INFO] [stdout]    |
[INFO] [stdout] 8  | struct JsonnetVm;
[INFO] [stdout]    | ^^^^^^^^^^^^^^^^
[INFO] [stdout]    = note: `#[warn(improper_ctypes)]` on by default
[INFO] [stdout] 
[INFO] [stdout] 
[INFO] [stdout] warning: `extern` block uses type `JsonnetVm`, which is not FFI-safe
[INFO] [stdout]   --> src/ffi/command.rs:17:31
[INFO] [stdout]    |
[INFO] [stdout] 17 |     fn jsonnet_evaluate_file(vm: *mut JsonnetVm,filename: *const c_char,error:*mut size_t) -> *const c_char; 
[INFO] [stdout]    |                                  ^^^^^^^^^^^^^^ not FFI-safe
[INFO] [stdout]    |
[INFO] [stdout]    = help: consider adding a member to this struct
[INFO] [stdout]    = note: this struct has no fields
[INFO] [stdout] note: the type is defined here
[INFO] [stdout]   --> src/ffi/command.rs:8:1
[INFO] [stdout]    |
[INFO] [stdout] 8  | struct JsonnetVm;
[INFO] [stdout]    | ^^^^^^^^^^^^^^^^
[INFO] [stdout] 
[INFO] [stdout] 
[INFO] [stdout] warning: `extern` block uses type `JsonnetVm`, which is not FFI-safe
[INFO] [stdout]   --> src/ffi/command.rs:18:34
[INFO] [stdout]    |
[INFO] [stdout] 18 |     fn jsonnet_evaluate_snippet(vm: *mut JsonnetVm,filename: *const c_char,snippet: *const c_char,error:*mut size_t) ->*const c_char; 
[INFO] [stdout]    |                                     ^^^^^^^^^^^^^^ not FFI-safe
[INFO] [stdout]    |
[INFO] [stdout]    = help: consider adding a member to this struct
[INFO] [stdout]    = note: this struct has no fields
[INFO] [stdout] note: the type is defined here
[INFO] [stdout]   --> src/ffi/command.rs:8:1
[INFO] [stdout]    |
[INFO] [stdout] 8  | struct JsonnetVm;
[INFO] [stdout]    | ^^^^^^^^^^^^^^^^
[INFO] [stdout] 
[INFO] [stdout] 
[INFO] [stdout] warning: `extern` block uses type `JsonnetVm`, which is not FFI-safe
[INFO] [stdout]   --> src/ffi/command.rs:19:25
[INFO] [stdout]    |
[INFO] [stdout] 19 |     fn jsonnet_destroy(vm: *mut JsonnetVm);
[INFO] [stdout]    |                            ^^^^^^^^^^^^^^ not FFI-safe
[INFO] [stdout]    |
[INFO] [stdout]    = help: consider adding a member to this struct
[INFO] [stdout]    = note: this struct has no fields
[INFO] [stdout] note: the type is defined here
[INFO] [stdout]   --> src/ffi/command.rs:8:1
[INFO] [stdout]    |
[INFO] [stdout] 8  | struct JsonnetVm;
[INFO] [stdout]    | ^^^^^^^^^^^^^^^^
[INFO] [stdout] 
[INFO] [stdout] 
[INFO] [stdout] error: linking with `cc` failed: exit status: 1
[INFO] [stdout]   |
[INFO] [stdout]   = note: LC_ALL="C" PATH="/opt/rustwide/rustup-home/toolchains/1.75.0-x86_64-unknown-linux-gnu/lib/rustlib/x86_64-unknown-linux-gnu/bin:/opt/rustwide/cargo-home/bin:/usr/local/sbin:/usr/local/bin:/usr/sbin:/usr/bin:/sbin:/bin" VSLANG="1033" "cc" "-m64" "/tmp/rustc0aaFNf/symbols.o" "/opt/rustwide/target/debug/deps/test-a4e6ebc7f0852f02.test.c36f1d41b75f5b05-cgu.0.rcgu.o" "/opt/rustwide/target/debug/deps/test-a4e6ebc7f0852f02.4f74b3k930ucy8j0.rcgu.o" "-Wl,--as-needed" "-L" "/opt/rustwide/target/debug/deps" "-L" "/opt/rustwide/rustup-home/toolchains/1.75.0-x86_64-unknown-linux-gnu/lib/rustlib/x86_64-unknown-linux-gnu/lib" "-Wl,-Bstatic" "/opt/rustwide/rustup-home/toolchains/1.75.0-x86_64-unknown-linux-gnu/lib/rustlib/x86_64-unknown-linux-gnu/lib/libtest-3df1bed8075ce1de.rlib" "/opt/rustwide/rustup-home/toolchains/1.75.0-x86_64-unknown-linux-gnu/lib/rustlib/x86_64-unknown-linux-gnu/lib/libgetopts-2076fd86b325cb5d.rlib" "/opt/rustwide/rustup-home/toolchains/1.75.0-x86_64-unknown-linux-gnu/lib/rustlib/x86_64-unknown-linux-gnu/lib/libunicode_width-caa7152ee70c190f.rlib" "/opt/rustwide/rustup-home/toolchains/1.75.0-x86_64-unknown-linux-gnu/lib/rustlib/x86_64-unknown-linux-gnu/lib/librustc_std_workspace_std-04e6425e07f02a3c.rlib" "/opt/rustwide/target/debug/deps/libjsonnet-757d7b18b834216d.rlib" "/opt/rustwide/target/debug/deps/liblibc-f01c1240f7c859d0.rlib" "/opt/rustwide/rustup-home/toolchains/1.75.0-x86_64-unknown-linux-gnu/lib/rustlib/x86_64-unknown-linux-gnu/lib/libstd-90f6ddbf82de36ec.rlib" "/opt/rustwide/rustup-home/toolchains/1.75.0-x86_64-unknown-linux-gnu/lib/rustlib/x86_64-unknown-linux-gnu/lib/libpanic_unwind-480c41e9d4e1f677.rlib" "/opt/rustwide/rustup-home/toolchains/1.75.0-x86_64-unknown-linux-gnu/lib/rustlib/x86_64-unknown-linux-gnu/lib/libobject-db744c0ca03eed1d.rlib" "/opt/rustwide/rustup-home/toolchains/1.75.0-x86_64-unknown-linux-gnu/lib/rustlib/x86_64-unknown-linux-gnu/lib/libmemchr-8ba652dc7d4b285a.rlib" "/opt/rustwide/rustup-home/toolchains/1.75.0-x86_64-unknown-linux-gnu/lib/rustlib/x86_64-unknown-linux-gnu/lib/libaddr2line-d5f4520a9ebc0d58.rlib" "/opt/rustwide/rustup-home/toolchains/1.75.0-x86_64-unknown-linux-gnu/lib/rustlib/x86_64-unknown-linux-gnu/lib/libgimli-4ad84de58f0cb463.rlib" "/opt/rustwide/rustup-home/toolchains/1.75.0-x86_64-unknown-linux-gnu/lib/rustlib/x86_64-unknown-linux-gnu/lib/librustc_demangle-0d10aae2e0f38735.rlib" "/opt/rustwide/rustup-home/toolchains/1.75.0-x86_64-unknown-linux-gnu/lib/rustlib/x86_64-unknown-linux-gnu/lib/libstd_detect-0c17cff739e6745b.rlib" "/opt/rustwide/rustup-home/toolchains/1.75.0-x86_64-unknown-linux-gnu/lib/rustlib/x86_64-unknown-linux-gnu/lib/libhashbrown-b29e17139dde1aa8.rlib" "/opt/rustwide/rustup-home/toolchains/1.75.0-x86_64-unknown-linux-gnu/lib/rustlib/x86_64-unknown-linux-gnu/lib/librustc_std_workspace_alloc-1f975299829cc7bd.rlib" "/opt/rustwide/rustup-home/toolchains/1.75.0-x86_64-unknown-linux-gnu/lib/rustlib/x86_64-unknown-linux-gnu/lib/libminiz_oxide-86bae3bc3079f89b.rlib" "/opt/rustwide/rustup-home/toolchains/1.75.0-x86_64-unknown-linux-gnu/lib/rustlib/x86_64-unknown-linux-gnu/lib/libadler-321b82c30dffdf5f.rlib" "/opt/rustwide/rustup-home/toolchains/1.75.0-x86_64-unknown-linux-gnu/lib/rustlib/x86_64-unknown-linux-gnu/lib/libunwind-3dd8a6810a0bdfef.rlib" "/opt/rustwide/rustup-home/toolchains/1.75.0-x86_64-unknown-linux-gnu/lib/rustlib/x86_64-unknown-linux-gnu/lib/libcfg_if-eb39a61c0c879984.rlib" "/opt/rustwide/rustup-home/toolchains/1.75.0-x86_64-unknown-linux-gnu/lib/rustlib/x86_64-unknown-linux-gnu/lib/liblibc-aa769569f91c3548.rlib" "/opt/rustwide/rustup-home/toolchains/1.75.0-x86_64-unknown-linux-gnu/lib/rustlib/x86_64-unknown-linux-gnu/lib/liballoc-510a192a50a983ed.rlib" "/opt/rustwide/rustup-home/toolchains/1.75.0-x86_64-unknown-linux-gnu/lib/rustlib/x86_64-unknown-linux-gnu/lib/librustc_std_workspace_core-0577018320f99037.rlib" "/opt/rustwide/rustup-home/toolchains/1.75.0-x86_64-unknown-linux-gnu/lib/rustlib/x86_64-unknown-linux-gnu/lib/libcore-193cf992125ccd4c.rlib" "/opt/rustwide/rustup-home/toolchains/1.75.0-x86_64-unknown-linux-gnu/lib/rustlib/x86_64-unknown-linux-gnu/lib/libcompiler_builtins-8e138eaf26ebb4a8.rlib" "-Wl,-Bdynamic" "-ljsonnet" "-lgcc_s" "-lutil" "-lrt" "-lpthread" "-lm" "-ldl" "-lc" "-Wl,--eh-frame-hdr" "-Wl,-z,noexecstack" "-L" "/opt/rustwide/rustup-home/toolchains/1.75.0-x86_64-unknown-linux-gnu/lib/rustlib/x86_64-unknown-linux-gnu/lib" "-o" "/opt/rustwide/target/debug/deps/test-a4e6ebc7f0852f02" "-Wl,--gc-sections" "-pie" "-Wl,-z,relro,-z,now" "-nodefaultlibs"
[INFO] [stdout]   = note: /usr/bin/ld: cannot find -ljsonnet: No such file or directory
[INFO] [stdout]           collect2: error: ld returned 1 exit status
[INFO] [stdout]           
[INFO] [stdout] 
[INFO] [stdout] 
[INFO] [stdout] error: aborting due to previous error; 1 warning emitted
[INFO] [stdout] 
[INFO] [stdout] 
[INFO] [stderr] error: could not compile `jsonnet` (test "test") due to 2 previous errors; 1 warning emitted
[INFO] [stderr] warning: build failed, waiting for other jobs to finish...
[INFO] [stdout] error: linking with `cc` failed: exit status: 1
[INFO] [stdout]   |
[INFO] [stdout]   = note: LC_ALL="C" PATH="/opt/rustwide/rustup-home/toolchains/1.75.0-x86_64-unknown-linux-gnu/lib/rustlib/x86_64-unknown-linux-gnu/bin:/opt/rustwide/cargo-home/bin:/usr/local/sbin:/usr/local/bin:/usr/sbin:/usr/bin:/sbin:/bin" VSLANG="1033" "cc" "-m64" "/tmp/rustcncNVHR/symbols.o" "/opt/rustwide/target/debug/deps/jsonnet-8f5dd05c5d214474.jsonnet.b80a484f8080cc04-cgu.0.rcgu.o" "/opt/rustwide/target/debug/deps/jsonnet-8f5dd05c5d214474.32i4b7q3zx7z6r91.rcgu.o" "-Wl,--as-needed" "-L" "/opt/rustwide/target/debug/deps" "-L" "/opt/rustwide/rustup-home/toolchains/1.75.0-x86_64-unknown-linux-gnu/lib/rustlib/x86_64-unknown-linux-gnu/lib" "-Wl,-Bdynamic" "-ljsonnet" "-Wl,-Bstatic" "/opt/rustwide/rustup-home/toolchains/1.75.0-x86_64-unknown-linux-gnu/lib/rustlib/x86_64-unknown-linux-gnu/lib/libtest-3df1bed8075ce1de.rlib" "/opt/rustwide/rustup-home/toolchains/1.75.0-x86_64-unknown-linux-gnu/lib/rustlib/x86_64-unknown-linux-gnu/lib/libgetopts-2076fd86b325cb5d.rlib" "/opt/rustwide/rustup-home/toolchains/1.75.0-x86_64-unknown-linux-gnu/lib/rustlib/x86_64-unknown-linux-gnu/lib/libunicode_width-caa7152ee70c190f.rlib" "/opt/rustwide/rustup-home/toolchains/1.75.0-x86_64-unknown-linux-gnu/lib/rustlib/x86_64-unknown-linux-gnu/lib/librustc_std_workspace_std-04e6425e07f02a3c.rlib" "/opt/rustwide/target/debug/deps/liblibc-f01c1240f7c859d0.rlib" "/opt/rustwide/rustup-home/toolchains/1.75.0-x86_64-unknown-linux-gnu/lib/rustlib/x86_64-unknown-linux-gnu/lib/libstd-90f6ddbf82de36ec.rlib" "/opt/rustwide/rustup-home/toolchains/1.75.0-x86_64-unknown-linux-gnu/lib/rustlib/x86_64-unknown-linux-gnu/lib/libpanic_unwind-480c41e9d4e1f677.rlib" "/opt/rustwide/rustup-home/toolchains/1.75.0-x86_64-unknown-linux-gnu/lib/rustlib/x86_64-unknown-linux-gnu/lib/libobject-db744c0ca03eed1d.rlib" "/opt/rustwide/rustup-home/toolchains/1.75.0-x86_64-unknown-linux-gnu/lib/rustlib/x86_64-unknown-linux-gnu/lib/libmemchr-8ba652dc7d4b285a.rlib" "/opt/rustwide/rustup-home/toolchains/1.75.0-x86_64-unknown-linux-gnu/lib/rustlib/x86_64-unknown-linux-gnu/lib/libaddr2line-d5f4520a9ebc0d58.rlib" "/opt/rustwide/rustup-home/toolchains/1.75.0-x86_64-unknown-linux-gnu/lib/rustlib/x86_64-unknown-linux-gnu/lib/libgimli-4ad84de58f0cb463.rlib" "/opt/rustwide/rustup-home/toolchains/1.75.0-x86_64-unknown-linux-gnu/lib/rustlib/x86_64-unknown-linux-gnu/lib/librustc_demangle-0d10aae2e0f38735.rlib" "/opt/rustwide/rustup-home/toolchains/1.75.0-x86_64-unknown-linux-gnu/lib/rustlib/x86_64-unknown-linux-gnu/lib/libstd_detect-0c17cff739e6745b.rlib" "/opt/rustwide/rustup-home/toolchains/1.75.0-x86_64-unknown-linux-gnu/lib/rustlib/x86_64-unknown-linux-gnu/lib/libhashbrown-b29e17139dde1aa8.rlib" "/opt/rustwide/rustup-home/toolchains/1.75.0-x86_64-unknown-linux-gnu/lib/rustlib/x86_64-unknown-linux-gnu/lib/librustc_std_workspace_alloc-1f975299829cc7bd.rlib" "/opt/rustwide/rustup-home/toolchains/1.75.0-x86_64-unknown-linux-gnu/lib/rustlib/x86_64-unknown-linux-gnu/lib/libminiz_oxide-86bae3bc3079f89b.rlib" "/opt/rustwide/rustup-home/toolchains/1.75.0-x86_64-unknown-linux-gnu/lib/rustlib/x86_64-unknown-linux-gnu/lib/libadler-321b82c30dffdf5f.rlib" "/opt/rustwide/rustup-home/toolchains/1.75.0-x86_64-unknown-linux-gnu/lib/rustlib/x86_64-unknown-linux-gnu/lib/libunwind-3dd8a6810a0bdfef.rlib" "/opt/rustwide/rustup-home/toolchains/1.75.0-x86_64-unknown-linux-gnu/lib/rustlib/x86_64-unknown-linux-gnu/lib/libcfg_if-eb39a61c0c879984.rlib" "/opt/rustwide/rustup-home/toolchains/1.75.0-x86_64-unknown-linux-gnu/lib/rustlib/x86_64-unknown-linux-gnu/lib/liblibc-aa769569f91c3548.rlib" "/opt/rustwide/rustup-home/toolchains/1.75.0-x86_64-unknown-linux-gnu/lib/rustlib/x86_64-unknown-linux-gnu/lib/liballoc-510a192a50a983ed.rlib" "/opt/rustwide/rustup-home/toolchains/1.75.0-x86_64-unknown-linux-gnu/lib/rustlib/x86_64-unknown-linux-gnu/lib/librustc_std_workspace_core-0577018320f99037.rlib" "/opt/rustwide/rustup-home/toolchains/1.75.0-x86_64-unknown-linux-gnu/lib/rustlib/x86_64-unknown-linux-gnu/lib/libcore-193cf992125ccd4c.rlib" "/opt/rustwide/rustup-home/toolchains/1.75.0-x86_64-unknown-linux-gnu/lib/rustlib/x86_64-unknown-linux-gnu/lib/libcompiler_builtins-8e138eaf26ebb4a8.rlib" "-Wl,-Bdynamic" "-lgcc_s" "-lutil" "-lrt" "-lpthread" "-lm" "-ldl" "-lc" "-Wl,--eh-frame-hdr" "-Wl,-z,noexecstack" "-L" "/opt/rustwide/rustup-home/toolchains/1.75.0-x86_64-unknown-linux-gnu/lib/rustlib/x86_64-unknown-linux-gnu/lib" "-o" "/opt/rustwide/target/debug/deps/jsonnet-8f5dd05c5d214474" "-Wl,--gc-sections" "-pie" "-Wl,-z,relro,-z,now" "-nodefaultlibs"
[INFO] [stdout]   = note: /usr/bin/ld: cannot find -ljsonnet: No such file or directory
[INFO] [stdout]           collect2: error: ld returned 1 exit status
[INFO] [stdout]           
[INFO] [stdout] 
[INFO] [stdout] 
[INFO] [stdout] error: aborting due to previous error; 5 warnings emitted
[INFO] [stdout] 
[INFO] [stdout] 
[INFO] [stderr] error: could not compile `jsonnet` (lib test) due to 2 previous errors; 5 warnings emitted
[INFO] running `Command { std: "docker" "inspect" "731172d55080c54627e93404a79d6d4ac2ce0e6706d7984beb95485ccfba3fcc", kill_on_drop: false }`
[INFO] running `Command { std: "docker" "rm" "-f" "731172d55080c54627e93404a79d6d4ac2ce0e6706d7984beb95485ccfba3fcc", kill_on_drop: false }`
[INFO] [stdout] 731172d55080c54627e93404a79d6d4ac2ce0e6706d7984beb95485ccfba3fcc
[INFO] testing jsonnet-0.1.0 against beta-2023-12-22 for beta-1.76-1
[INFO] extracting crate jsonnet 0.1.0 into /workspace/builds/worker-6-tc2/source
[INFO] validating manifest of crates.io crate jsonnet 0.1.0 on toolchain beta-2023-12-22
[INFO] running `Command { std: CARGO_HOME="/workspace/cargo-home" RUSTUP_HOME="/workspace/rustup-home" "/workspace/cargo-home/bin/cargo" "+beta-2023-12-22" "metadata" "--manifest-path" "Cargo.toml" "--no-deps", kill_on_drop: false }`
[INFO] started tweaking crates.io crate jsonnet 0.1.0
[INFO] removed 0 missing tests
[INFO] finished tweaking crates.io crate jsonnet 0.1.0
[INFO] tweaked toml for crates.io crate jsonnet 0.1.0 written to /workspace/builds/worker-6-tc2/source/Cargo.toml
[INFO] running `Command { std: CARGO_HOME="/workspace/cargo-home" RUSTUP_HOME="/workspace/rustup-home" "/workspace/cargo-home/bin/cargo" "+beta-2023-12-22" "generate-lockfile" "--manifest-path" "Cargo.toml", kill_on_drop: false }`
[INFO] [stderr]     Updating crates.io index
[INFO] running `Command { std: CARGO_HOME="/workspace/cargo-home" RUSTUP_HOME="/workspace/rustup-home" "/workspace/cargo-home/bin/cargo" "+beta-2023-12-22" "fetch" "--manifest-path" "Cargo.toml", kill_on_drop: false }`
[INFO] running `Command { std: "docker" "create" "-v" "/var/lib/crater-agent-workspace/builds/worker-6-tc2/target:/opt/rustwide/target:rw,Z" "-v" "/var/lib/crater-agent-workspace/builds/worker-6-tc2/source:/opt/rustwide/workdir:ro,Z" "-v" "/var/lib/crater-agent-workspace/cargo-home:/opt/rustwide/cargo-home:ro,Z" "-v" "/var/lib/crater-agent-workspace/rustup-home:/opt/rustwide/rustup-home:ro,Z" "-e" "SOURCE_DIR=/opt/rustwide/workdir" "-e" "CARGO_TARGET_DIR=/opt/rustwide/target" "-e" "CARGO_HOME=/opt/rustwide/cargo-home" "-e" "RUSTUP_HOME=/opt/rustwide/rustup-home" "-w" "/opt/rustwide/workdir" "-m" "1610612736" "--user" "0:0" "--network" "none" "ghcr.io/rust-lang/crates-build-env/linux@sha256:2788e3201cd34a07e3172128adcd8b3090168a8e3bcc40d7c032b9dda1df7d1c" "/opt/rustwide/cargo-home/bin/cargo" "+beta-2023-12-22" "metadata" "--no-deps" "--format-version=1", kill_on_drop: false }`
[INFO] [stdout] f7b09fbd55d09be4118b44f1e6f0e4108e472f268d7b3c8cdaa98be1868ba0be
[INFO] running `Command { std: "docker" "start" "-a" "f7b09fbd55d09be4118b44f1e6f0e4108e472f268d7b3c8cdaa98be1868ba0be", kill_on_drop: false }`
[INFO] running `Command { std: "docker" "inspect" "f7b09fbd55d09be4118b44f1e6f0e4108e472f268d7b3c8cdaa98be1868ba0be", kill_on_drop: false }`
[INFO] running `Command { std: "docker" "rm" "-f" "f7b09fbd55d09be4118b44f1e6f0e4108e472f268d7b3c8cdaa98be1868ba0be", kill_on_drop: false }`
[INFO] [stdout] f7b09fbd55d09be4118b44f1e6f0e4108e472f268d7b3c8cdaa98be1868ba0be
[INFO] running `Command { std: "docker" "create" "-v" "/var/lib/crater-agent-workspace/builds/worker-6-tc2/target:/opt/rustwide/target:rw,Z" "-v" "/var/lib/crater-agent-workspace/builds/worker-6-tc2/source:/opt/rustwide/workdir:ro,Z" "-v" "/var/lib/crater-agent-workspace/cargo-home:/opt/rustwide/cargo-home:ro,Z" "-v" "/var/lib/crater-agent-workspace/rustup-home:/opt/rustwide/rustup-home:ro,Z" "-e" "SOURCE_DIR=/opt/rustwide/workdir" "-e" "CARGO_TARGET_DIR=/opt/rustwide/target" "-e" "CARGO_INCREMENTAL=0" "-e" "RUST_BACKTRACE=full" "-e" "RUSTFLAGS=--cap-lints=warn" "-e" "RUSTDOCFLAGS=--cap-lints=warn" "-e" "CARGO_HOME=/opt/rustwide/cargo-home" "-e" "RUSTUP_HOME=/opt/rustwide/rustup-home" "-w" "/opt/rustwide/workdir" "-m" "1610612736" "--user" "0:0" "--network" "none" "ghcr.io/rust-lang/crates-build-env/linux@sha256:2788e3201cd34a07e3172128adcd8b3090168a8e3bcc40d7c032b9dda1df7d1c" "/opt/rustwide/cargo-home/bin/cargo" "+beta-2023-12-22" "build" "--frozen" "--message-format=json", kill_on_drop: false }`
[INFO] [stdout] 4ac4b6a93d2f441cf7371aee77104b31c53b037390379e6bcfe7b5d869cb3091
[INFO] running `Command { std: "docker" "start" "-a" "4ac4b6a93d2f441cf7371aee77104b31c53b037390379e6bcfe7b5d869cb3091", kill_on_drop: false }`
[INFO] [stderr]    Compiling libc v0.2.151
[INFO] [stderr]    Compiling jsonnet v0.1.0 (/opt/rustwide/workdir)
[INFO] [stdout] warning: lint `private_no_mangle_fns` has been removed: no longer a warning, `#[no_mangle]` functions always exported
[INFO] [stdout]   --> src/ffi/command.rs:21:8
[INFO] [stdout]    |
[INFO] [stdout] 21 | #[warn(private_no_mangle_fns)]
[INFO] [stdout]    |        ^^^^^^^^^^^^^^^^^^^^^
[INFO] [stdout]    |
[INFO] [stdout]    = note: `#[warn(renamed_and_removed_lints)]` on by default
[INFO] [stdout] 
[INFO] [stdout] 
[INFO] [stdout] warning: `extern` block uses type `JsonnetVm`, which is not FFI-safe
[INFO] [stdout]   --> src/ffi/command.rs:16:24
[INFO] [stdout]    |
[INFO] [stdout] 16 |     fn jsonnet_make()     -> *mut JsonnetVm;
[INFO] [stdout]    |                              ^^^^^^^^^^^^^^ not FFI-safe
[INFO] [stdout]    |
[INFO] [stdout]    = help: consider adding a member to this struct
[INFO] [stdout]    = note: this struct has no fields
[INFO] [stdout] note: the type is defined here
[INFO] [stdout]   --> src/ffi/command.rs:8:1
[INFO] [stdout]    |
[INFO] [stdout] 8  | struct JsonnetVm;
[INFO] [stdout]    | ^^^^^^^^^^^^^^^^
[INFO] [stdout]    = note: `#[warn(improper_ctypes)]` on by default
[INFO] [stdout] 
[INFO] [stdout] 
[INFO] [stdout] warning: `extern` block uses type `JsonnetVm`, which is not FFI-safe
[INFO] [stdout]   --> src/ffi/command.rs:17:31
[INFO] [stdout]    |
[INFO] [stdout] 17 |     fn jsonnet_evaluate_file(vm: *mut JsonnetVm,filename: *const c_char,error:*mut size_t) -> *const c_char; 
[INFO] [stdout]    |                                  ^^^^^^^^^^^^^^ not FFI-safe
[INFO] [stdout]    |
[INFO] [stdout]    = help: consider adding a member to this struct
[INFO] [stdout]    = note: this struct has no fields
[INFO] [stdout] note: the type is defined here
[INFO] [stdout]   --> src/ffi/command.rs:8:1
[INFO] [stdout]    |
[INFO] [stdout] 8  | struct JsonnetVm;
[INFO] [stdout]    | ^^^^^^^^^^^^^^^^
[INFO] [stdout] 
[INFO] [stdout] 
[INFO] [stdout] warning: `extern` block uses type `JsonnetVm`, which is not FFI-safe
[INFO] [stdout]   --> src/ffi/command.rs:18:34
[INFO] [stdout]    |
[INFO] [stdout] 18 |     fn jsonnet_evaluate_snippet(vm: *mut JsonnetVm,filename: *const c_char,snippet: *const c_char,error:*mut size_t) ->*const c_char; 
[INFO] [stdout]    |                                     ^^^^^^^^^^^^^^ not FFI-safe
[INFO] [stdout]    |
[INFO] [stdout]    = help: consider adding a member to this struct
[INFO] [stdout]    = note: this struct has no fields
[INFO] [stdout] note: the type is defined here
[INFO] [stdout]   --> src/ffi/command.rs:8:1
[INFO] [stdout]    |
[INFO] [stdout] 8  | struct JsonnetVm;
[INFO] [stdout]    | ^^^^^^^^^^^^^^^^
[INFO] [stdout] 
[INFO] [stdout] 
[INFO] [stdout] warning: `extern` block uses type `JsonnetVm`, which is not FFI-safe
[INFO] [stdout]   --> src/ffi/command.rs:19:25
[INFO] [stdout]    |
[INFO] [stdout] 19 |     fn jsonnet_destroy(vm: *mut JsonnetVm);
[INFO] [stdout]    |                            ^^^^^^^^^^^^^^ not FFI-safe
[INFO] [stdout]    |
[INFO] [stdout]    = help: consider adding a member to this struct
[INFO] [stdout]    = note: this struct has no fields
[INFO] [stdout] note: the type is defined here
[INFO] [stdout]   --> src/ffi/command.rs:8:1
[INFO] [stdout]    |
[INFO] [stdout] 8  | struct JsonnetVm;
[INFO] [stdout]    | ^^^^^^^^^^^^^^^^
[INFO] [stdout] 
[INFO] [stdout] 
[INFO] [stdout] warning: 5 warnings emitted
[INFO] [stdout] 
[INFO] [stdout] 
[INFO] [stderr]     Finished dev [unoptimized + debuginfo] target(s) in 0.65s
[INFO] running `Command { std: "docker" "inspect" "4ac4b6a93d2f441cf7371aee77104b31c53b037390379e6bcfe7b5d869cb3091", kill_on_drop: false }`
[INFO] running `Command { std: "docker" "rm" "-f" "4ac4b6a93d2f441cf7371aee77104b31c53b037390379e6bcfe7b5d869cb3091", kill_on_drop: false }`
[INFO] [stdout] 4ac4b6a93d2f441cf7371aee77104b31c53b037390379e6bcfe7b5d869cb3091
[INFO] running `Command { std: "docker" "create" "-v" "/var/lib/crater-agent-workspace/builds/worker-6-tc2/target:/opt/rustwide/target:rw,Z" "-v" "/var/lib/crater-agent-workspace/builds/worker-6-tc2/source:/opt/rustwide/workdir:ro,Z" "-v" "/var/lib/crater-agent-workspace/cargo-home:/opt/rustwide/cargo-home:ro,Z" "-v" "/var/lib/crater-agent-workspace/rustup-home:/opt/rustwide/rustup-home:ro,Z" "-e" "SOURCE_DIR=/opt/rustwide/workdir" "-e" "CARGO_TARGET_DIR=/opt/rustwide/target" "-e" "CARGO_INCREMENTAL=0" "-e" "RUST_BACKTRACE=full" "-e" "RUSTFLAGS=--cap-lints=warn" "-e" "RUSTDOCFLAGS=--cap-lints=warn" "-e" "CARGO_HOME=/opt/rustwide/cargo-home" "-e" "RUSTUP_HOME=/opt/rustwide/rustup-home" "-w" "/opt/rustwide/workdir" "-m" "1610612736" "--user" "0:0" "--network" "none" "ghcr.io/rust-lang/crates-build-env/linux@sha256:2788e3201cd34a07e3172128adcd8b3090168a8e3bcc40d7c032b9dda1df7d1c" "/opt/rustwide/cargo-home/bin/cargo" "+beta-2023-12-22" "test" "--frozen" "--no-run" "--message-format=json", kill_on_drop: false }`
[INFO] [stdout] 890d1eb4aabe7be257e25fe29cf87de44dc7faf606d2d3c31b59b5340b156c0c
[INFO] running `Command { std: "docker" "start" "-a" "890d1eb4aabe7be257e25fe29cf87de44dc7faf606d2d3c31b59b5340b156c0c", kill_on_drop: false }`
[INFO] [stdout] warning: lint `private_no_mangle_fns` has been removed: no longer a warning, `#[no_mangle]` functions always exported
[INFO] [stdout]   --> src/ffi/command.rs:21:8
[INFO] [stdout]    |
[INFO] [stdout] 21 | #[warn(private_no_mangle_fns)]
[INFO] [stdout]    |        ^^^^^^^^^^^^^^^^^^^^^
[INFO] [stdout]    |
[INFO] [stdout]    = note: `#[warn(renamed_and_removed_lints)]` on by default
[INFO] [stdout] 
[INFO] [stdout] 
[INFO] [stdout] warning: `extern` block uses type `JsonnetVm`, which is not FFI-safe
[INFO] [stdout]   --> src/ffi/command.rs:16:24
[INFO] [stdout]    |
[INFO] [stdout] 16 |     fn jsonnet_make()     -> *mut JsonnetVm;
[INFO] [stdout]    |                              ^^^^^^^^^^^^^^ not FFI-safe
[INFO] [stdout]    |
[INFO] [stdout]    = help: consider adding a member to this struct
[INFO] [stdout]    = note: this struct has no fields
[INFO] [stdout] note: the type is defined here
[INFO] [stdout]   --> src/ffi/command.rs:8:1
[INFO] [stdout]    |
[INFO] [stdout] 8  | struct JsonnetVm;
[INFO] [stdout]    | ^^^^^^^^^^^^^^^^
[INFO] [stdout]    = note: `#[warn(improper_ctypes)]` on by default
[INFO] [stdout] 
[INFO] [stdout] 
[INFO] [stdout] warning: `extern` block uses type `JsonnetVm`, which is not FFI-safe
[INFO] [stdout]   --> src/ffi/command.rs:17:31
[INFO] [stdout]    |
[INFO] [stdout] 17 |     fn jsonnet_evaluate_file(vm: *mut JsonnetVm,filename: *const c_char,error:*mut size_t) -> *const c_char; 
[INFO] [stdout]    |                                  ^^^^^^^^^^^^^^ not FFI-safe
[INFO] [stdout]    |
[INFO] [stdout]    = help: consider adding a member to this struct
[INFO] [stdout]    = note: this struct has no fields
[INFO] [stdout] note: the type is defined here
[INFO] [stdout]   --> src/ffi/command.rs:8:1
[INFO] [stdout]    |
[INFO] [stdout] 8  | struct JsonnetVm;
[INFO] [stdout]    | ^^^^^^^^^^^^^^^^
[INFO] [stdout] 
[INFO] [stdout] 
[INFO] [stdout] warning: `extern` block uses type `JsonnetVm`, which is not FFI-safe
[INFO] [stdout]   --> src/ffi/command.rs:18:34
[INFO] [stdout]    |
[INFO] [stdout] 18 |     fn jsonnet_evaluate_snippet(vm: *mut JsonnetVm,filename: *const c_char,snippet: *const c_char,error:*mut size_t) ->*const c_char; 
[INFO] [stdout]    |                                     ^^^^^^^^^^^^^^ not FFI-safe
[INFO] [stdout]    |
[INFO] [stdout]    = help: consider adding a member to this struct
[INFO] [stdout]    = note: this struct has no fields
[INFO] [stdout] note: the type is defined here
[INFO] [stdout]   --> src/ffi/command.rs:8:1
[INFO] [stdout]    |
[INFO] [stdout] 8  | struct JsonnetVm;
[INFO] [stdout]    | ^^^^^^^^^^^^^^^^
[INFO] [stdout] 
[INFO] [stdout] 
[INFO] [stderr]    Compiling jsonnet v0.1.0 (/opt/rustwide/workdir)
[INFO] [stdout] warning: `extern` block uses type `JsonnetVm`, which is not FFI-safe
[INFO] [stdout]   --> src/ffi/command.rs:19:25
[INFO] [stdout]    |
[INFO] [stdout] 19 |     fn jsonnet_destroy(vm: *mut JsonnetVm);
[INFO] [stdout]    |                            ^^^^^^^^^^^^^^ not FFI-safe
[INFO] [stdout]    |
[INFO] [stdout]    = help: consider adding a member to this struct
[INFO] [stdout]    = note: this struct has no fields
[INFO] [stdout] note: the type is defined here
[INFO] [stdout]   --> src/ffi/command.rs:8:1
[INFO] [stdout]    |
[INFO] [stdout] 8  | struct JsonnetVm;
[INFO] [stdout]    | ^^^^^^^^^^^^^^^^
[INFO] [stdout] 
[INFO] [stdout] 
[INFO] [stdout] warning: 5 warnings emitted
[INFO] [stdout] 
[INFO] [stdout] 
[INFO] [stdout] warning: lint `private_no_mangle_fns` has been removed: no longer a warning, `#[no_mangle]` functions always exported
[INFO] [stdout]   --> src/ffi/command.rs:21:8
[INFO] [stdout]    |
[INFO] [stdout] 21 | #[warn(private_no_mangle_fns)]
[INFO] [stdout]    |        ^^^^^^^^^^^^^^^^^^^^^
[INFO] [stdout]    |
[INFO] [stdout]    = note: `#[warn(renamed_and_removed_lints)]` on by default
[INFO] [stdout] 
[INFO] [stdout] 
[INFO] [stdout] warning: unused variable: `msg`
[INFO] [stdout]  --> test/test.rs:8:6
[INFO] [stdout]   |
[INFO] [stdout] 8 |     let msg  : *const c_char = Jsonnet::version();
[INFO] [stdout]   |         ^^^ help: if this is intentional, prefix it with an underscore: `_msg`
[INFO] [stdout]   |
[INFO] [stdout]   = note: `#[warn(unused_variables)]` on by default
[INFO] [stdout] 
[INFO] [stdout] 
[INFO] [stdout] warning: `extern` block uses type `JsonnetVm`, which is not FFI-safe
[INFO] [stdout]   --> src/ffi/command.rs:16:24
[INFO] [stdout]    |
[INFO] [stdout] 16 |     fn jsonnet_make()     -> *mut JsonnetVm;
[INFO] [stdout]    |                              ^^^^^^^^^^^^^^ not FFI-safe
[INFO] [stdout]    |
[INFO] [stdout]    = help: consider adding a member to this struct
[INFO] [stdout]    = note: this struct has no fields
[INFO] [stdout] note: the type is defined here
[INFO] [stdout]   --> src/ffi/command.rs:8:1
[INFO] [stdout]    |
[INFO] [stdout] 8  | struct JsonnetVm;
[INFO] [stdout]    | ^^^^^^^^^^^^^^^^
[INFO] [stdout]    = note: `#[warn(improper_ctypes)]` on by default
[INFO] [stdout] 
[INFO] [stdout] 
[INFO] [stdout] warning: `extern` block uses type `JsonnetVm`, which is not FFI-safe
[INFO] [stdout]   --> src/ffi/command.rs:17:31
[INFO] [stdout]    |
[INFO] [stdout] 17 |     fn jsonnet_evaluate_file(vm: *mut JsonnetVm,filename: *const c_char,error:*mut size_t) -> *const c_char; 
[INFO] [stdout]    |                                  ^^^^^^^^^^^^^^ not FFI-safe
[INFO] [stdout]    |
[INFO] [stdout]    = help: consider adding a member to this struct
[INFO] [stdout]    = note: this struct has no fields
[INFO] [stdout] note: the type is defined here
[INFO] [stdout]   --> src/ffi/command.rs:8:1
[INFO] [stdout]    |
[INFO] [stdout] 8  | struct JsonnetVm;
[INFO] [stdout]    | ^^^^^^^^^^^^^^^^
[INFO] [stdout] 
[INFO] [stdout] 
[INFO] [stdout] warning: `extern` block uses type `JsonnetVm`, which is not FFI-safe
[INFO] [stdout]   --> src/ffi/command.rs:18:34
[INFO] [stdout]    |
[INFO] [stdout] 18 |     fn jsonnet_evaluate_snippet(vm: *mut JsonnetVm,filename: *const c_char,snippet: *const c_char,error:*mut size_t) ->*const c_char; 
[INFO] [stdout]    |                                     ^^^^^^^^^^^^^^ not FFI-safe
[INFO] [stdout]    |
[INFO] [stdout]    = help: consider adding a member to this struct
[INFO] [stdout]    = note: this struct has no fields
[INFO] [stdout] note: the type is defined here
[INFO] [stdout]   --> src/ffi/command.rs:8:1
[INFO] [stdout]    |
[INFO] [stdout] 8  | struct JsonnetVm;
[INFO] [stdout]    | ^^^^^^^^^^^^^^^^
[INFO] [stdout] 
[INFO] [stdout] 
[INFO] [stdout] warning: `extern` block uses type `JsonnetVm`, which is not FFI-safe
[INFO] [stdout]   --> src/ffi/command.rs:19:25
[INFO] [stdout]    |
[INFO] [stdout] 19 |     fn jsonnet_destroy(vm: *mut JsonnetVm);
[INFO] [stdout]    |                            ^^^^^^^^^^^^^^ not FFI-safe
[INFO] [stdout]    |
[INFO] [stdout]    = help: consider adding a member to this struct
[INFO] [stdout]    = note: this struct has no fields
[INFO] [stdout] note: the type is defined here
[INFO] [stdout]   --> src/ffi/command.rs:8:1
[INFO] [stdout]    |
[INFO] [stdout] 8  | struct JsonnetVm;
[INFO] [stdout]    | ^^^^^^^^^^^^^^^^
[INFO] [stdout] 
[INFO] [stdout] 
[INFO] [stdout] error: linking with `cc` failed: exit status: 1
[INFO] [stdout]   |
[INFO] [stdout]   = note: LC_ALL="C" PATH="/opt/rustwide/rustup-home/toolchains/beta-2023-12-22-x86_64-unknown-linux-gnu/lib/rustlib/x86_64-unknown-linux-gnu/bin:/opt/rustwide/cargo-home/bin:/usr/local/sbin:/usr/local/bin:/usr/sbin:/usr/bin:/sbin:/bin" VSLANG="1033" "cc" "-m64" "/tmp/rustcfGeCYH/symbols.o" "/opt/rustwide/target/debug/deps/test-85ab22f3dd97d8fb.test.753a6a6d7a96c3b-cgu.0.rcgu.o" "/opt/rustwide/target/debug/deps/test-85ab22f3dd97d8fb.1xmtggihlkhdx801.rcgu.o" "-Wl,--as-needed" "-L" "/opt/rustwide/target/debug/deps" "-L" "/opt/rustwide/rustup-home/toolchains/beta-2023-12-22-x86_64-unknown-linux-gnu/lib/rustlib/x86_64-unknown-linux-gnu/lib" "-Wl,-Bstatic" "/opt/rustwide/rustup-home/toolchains/beta-2023-12-22-x86_64-unknown-linux-gnu/lib/rustlib/x86_64-unknown-linux-gnu/lib/libtest-cbab71697df97b00.rlib" "/opt/rustwide/rustup-home/toolchains/beta-2023-12-22-x86_64-unknown-linux-gnu/lib/rustlib/x86_64-unknown-linux-gnu/lib/libgetopts-2a2cf8f16c536007.rlib" "/opt/rustwide/rustup-home/toolchains/beta-2023-12-22-x86_64-unknown-linux-gnu/lib/rustlib/x86_64-unknown-linux-gnu/lib/libunicode_width-c5f3cc3cceaf9070.rlib" "/opt/rustwide/rustup-home/toolchains/beta-2023-12-22-x86_64-unknown-linux-gnu/lib/rustlib/x86_64-unknown-linux-gnu/lib/librustc_std_workspace_std-a31324ec815b09db.rlib" "/opt/rustwide/target/debug/deps/libjsonnet-f506ad86ec70d0dc.rlib" "/opt/rustwide/target/debug/deps/liblibc-9bdc13f38078ecbe.rlib" "/opt/rustwide/rustup-home/toolchains/beta-2023-12-22-x86_64-unknown-linux-gnu/lib/rustlib/x86_64-unknown-linux-gnu/lib/libstd-0672489a78b613de.rlib" "/opt/rustwide/rustup-home/toolchains/beta-2023-12-22-x86_64-unknown-linux-gnu/lib/rustlib/x86_64-unknown-linux-gnu/lib/libpanic_unwind-7eb3ffc34a49f675.rlib" "/opt/rustwide/rustup-home/toolchains/beta-2023-12-22-x86_64-unknown-linux-gnu/lib/rustlib/x86_64-unknown-linux-gnu/lib/libobject-6478a9daa4bee8e2.rlib" "/opt/rustwide/rustup-home/toolchains/beta-2023-12-22-x86_64-unknown-linux-gnu/lib/rustlib/x86_64-unknown-linux-gnu/lib/libmemchr-0c75d871a5c3923d.rlib" "/opt/rustwide/rustup-home/toolchains/beta-2023-12-22-x86_64-unknown-linux-gnu/lib/rustlib/x86_64-unknown-linux-gnu/lib/libaddr2line-d163ef63ad37bb71.rlib" "/opt/rustwide/rustup-home/toolchains/beta-2023-12-22-x86_64-unknown-linux-gnu/lib/rustlib/x86_64-unknown-linux-gnu/lib/libgimli-8a3fd810a85b9f4c.rlib" "/opt/rustwide/rustup-home/toolchains/beta-2023-12-22-x86_64-unknown-linux-gnu/lib/rustlib/x86_64-unknown-linux-gnu/lib/librustc_demangle-462a2cde8c5dfc10.rlib" "/opt/rustwide/rustup-home/toolchains/beta-2023-12-22-x86_64-unknown-linux-gnu/lib/rustlib/x86_64-unknown-linux-gnu/lib/libstd_detect-cb06ac9f54713f71.rlib" "/opt/rustwide/rustup-home/toolchains/beta-2023-12-22-x86_64-unknown-linux-gnu/lib/rustlib/x86_64-unknown-linux-gnu/lib/libhashbrown-f20bfd1f8e59b393.rlib" "/opt/rustwide/rustup-home/toolchains/beta-2023-12-22-x86_64-unknown-linux-gnu/lib/rustlib/x86_64-unknown-linux-gnu/lib/librustc_std_workspace_alloc-1ef460949b49da4b.rlib" "/opt/rustwide/rustup-home/toolchains/beta-2023-12-22-x86_64-unknown-linux-gnu/lib/rustlib/x86_64-unknown-linux-gnu/lib/libminiz_oxide-2cb0c0ffe4f87514.rlib" "/opt/rustwide/rustup-home/toolchains/beta-2023-12-22-x86_64-unknown-linux-gnu/lib/rustlib/x86_64-unknown-linux-gnu/lib/libadler-58d841eb322a11a2.rlib" "/opt/rustwide/rustup-home/toolchains/beta-2023-12-22-x86_64-unknown-linux-gnu/lib/rustlib/x86_64-unknown-linux-gnu/lib/libunwind-aa2ae0b0a9d11533.rlib" "/opt/rustwide/rustup-home/toolchains/beta-2023-12-22-x86_64-unknown-linux-gnu/lib/rustlib/x86_64-unknown-linux-gnu/lib/libcfg_if-23874e15830ed336.rlib" "/opt/rustwide/rustup-home/toolchains/beta-2023-12-22-x86_64-unknown-linux-gnu/lib/rustlib/x86_64-unknown-linux-gnu/lib/liblibc-e47cddc003bce885.rlib" "/opt/rustwide/rustup-home/toolchains/beta-2023-12-22-x86_64-unknown-linux-gnu/lib/rustlib/x86_64-unknown-linux-gnu/lib/liballoc-c22b13b48a8f128e.rlib" "/opt/rustwide/rustup-home/toolchains/beta-2023-12-22-x86_64-unknown-linux-gnu/lib/rustlib/x86_64-unknown-linux-gnu/lib/librustc_std_workspace_core-e46bc3da6d7c462f.rlib" "/opt/rustwide/rustup-home/toolchains/beta-2023-12-22-x86_64-unknown-linux-gnu/lib/rustlib/x86_64-unknown-linux-gnu/lib/libcore-8d1ac131d3cb2645.rlib" "/opt/rustwide/rustup-home/toolchains/beta-2023-12-22-x86_64-unknown-linux-gnu/lib/rustlib/x86_64-unknown-linux-gnu/lib/libcompiler_builtins-a1b43df8c6899c1f.rlib" "-Wl,-Bdynamic" "-ljsonnet" "-lgcc_s" "-lutil" "-lrt" "-lpthread" "-lm" "-ldl" "-lc" "-Wl,--eh-frame-hdr" "-Wl,-z,noexecstack" "-L" "/opt/rustwide/rustup-home/toolchains/beta-2023-12-22-x86_64-unknown-linux-gnu/lib/rustlib/x86_64-unknown-linux-gnu/lib" "-o" "/opt/rustwide/target/debug/deps/test-85ab22f3dd97d8fb" "-Wl,--gc-sections" "-pie" "-Wl,-z,relro,-z,now" "-nodefaultlibs"
[INFO] [stdout]   = note: /usr/bin/ld: cannot find -ljsonnet: No such file or directory
[INFO] [stdout]           collect2: error: ld returned 1 exit status
[INFO] [stdout]           
[INFO] [stdout] 
[INFO] [stdout] 
[INFO] [stdout] error: aborting due to 1 previous error; 1 warning emitted
[INFO] [stdout] 
[INFO] [stdout] 
[INFO] [stderr] error: could not compile `jsonnet` (test "test") due to 2 previous errors; 1 warning emitted
[INFO] [stderr] warning: build failed, waiting for other jobs to finish...
[INFO] [stdout] error: linking with `cc` failed: exit status: 1
[INFO] [stdout]   |
[INFO] [stdout]   = note: LC_ALL="C" PATH="/opt/rustwide/rustup-home/toolchains/beta-2023-12-22-x86_64-unknown-linux-gnu/lib/rustlib/x86_64-unknown-linux-gnu/bin:/opt/rustwide/cargo-home/bin:/usr/local/sbin:/usr/local/bin:/usr/sbin:/usr/bin:/sbin:/bin" VSLANG="1033" "cc" "-m64" "/tmp/rustcS7CMvR/symbols.o" "/opt/rustwide/target/debug/deps/jsonnet-f218e54ec09ffa2f.jsonnet.af8be77bccfd776c-cgu.0.rcgu.o" "/opt/rustwide/target/debug/deps/jsonnet-f218e54ec09ffa2f.16s5amacbdrgxlqm.rcgu.o" "-Wl,--as-needed" "-L" "/opt/rustwide/target/debug/deps" "-L" "/opt/rustwide/rustup-home/toolchains/beta-2023-12-22-x86_64-unknown-linux-gnu/lib/rustlib/x86_64-unknown-linux-gnu/lib" "-Wl,-Bdynamic" "-ljsonnet" "-Wl,-Bstatic" "/opt/rustwide/rustup-home/toolchains/beta-2023-12-22-x86_64-unknown-linux-gnu/lib/rustlib/x86_64-unknown-linux-gnu/lib/libtest-cbab71697df97b00.rlib" "/opt/rustwide/rustup-home/toolchains/beta-2023-12-22-x86_64-unknown-linux-gnu/lib/rustlib/x86_64-unknown-linux-gnu/lib/libgetopts-2a2cf8f16c536007.rlib" "/opt/rustwide/rustup-home/toolchains/beta-2023-12-22-x86_64-unknown-linux-gnu/lib/rustlib/x86_64-unknown-linux-gnu/lib/libunicode_width-c5f3cc3cceaf9070.rlib" "/opt/rustwide/rustup-home/toolchains/beta-2023-12-22-x86_64-unknown-linux-gnu/lib/rustlib/x86_64-unknown-linux-gnu/lib/librustc_std_workspace_std-a31324ec815b09db.rlib" "/opt/rustwide/target/debug/deps/liblibc-9bdc13f38078ecbe.rlib" "/opt/rustwide/rustup-home/toolchains/beta-2023-12-22-x86_64-unknown-linux-gnu/lib/rustlib/x86_64-unknown-linux-gnu/lib/libstd-0672489a78b613de.rlib" "/opt/rustwide/rustup-home/toolchains/beta-2023-12-22-x86_64-unknown-linux-gnu/lib/rustlib/x86_64-unknown-linux-gnu/lib/libpanic_unwind-7eb3ffc34a49f675.rlib" "/opt/rustwide/rustup-home/toolchains/beta-2023-12-22-x86_64-unknown-linux-gnu/lib/rustlib/x86_64-unknown-linux-gnu/lib/libobject-6478a9daa4bee8e2.rlib" "/opt/rustwide/rustup-home/toolchains/beta-2023-12-22-x86_64-unknown-linux-gnu/lib/rustlib/x86_64-unknown-linux-gnu/lib/libmemchr-0c75d871a5c3923d.rlib" "/opt/rustwide/rustup-home/toolchains/beta-2023-12-22-x86_64-unknown-linux-gnu/lib/rustlib/x86_64-unknown-linux-gnu/lib/libaddr2line-d163ef63ad37bb71.rlib" "/opt/rustwide/rustup-home/toolchains/beta-2023-12-22-x86_64-unknown-linux-gnu/lib/rustlib/x86_64-unknown-linux-gnu/lib/libgimli-8a3fd810a85b9f4c.rlib" "/opt/rustwide/rustup-home/toolchains/beta-2023-12-22-x86_64-unknown-linux-gnu/lib/rustlib/x86_64-unknown-linux-gnu/lib/librustc_demangle-462a2cde8c5dfc10.rlib" "/opt/rustwide/rustup-home/toolchains/beta-2023-12-22-x86_64-unknown-linux-gnu/lib/rustlib/x86_64-unknown-linux-gnu/lib/libstd_detect-cb06ac9f54713f71.rlib" "/opt/rustwide/rustup-home/toolchains/beta-2023-12-22-x86_64-unknown-linux-gnu/lib/rustlib/x86_64-unknown-linux-gnu/lib/libhashbrown-f20bfd1f8e59b393.rlib" "/opt/rustwide/rustup-home/toolchains/beta-2023-12-22-x86_64-unknown-linux-gnu/lib/rustlib/x86_64-unknown-linux-gnu/lib/librustc_std_workspace_alloc-1ef460949b49da4b.rlib" "/opt/rustwide/rustup-home/toolchains/beta-2023-12-22-x86_64-unknown-linux-gnu/lib/rustlib/x86_64-unknown-linux-gnu/lib/libminiz_oxide-2cb0c0ffe4f87514.rlib" "/opt/rustwide/rustup-home/toolchains/beta-2023-12-22-x86_64-unknown-linux-gnu/lib/rustlib/x86_64-unknown-linux-gnu/lib/libadler-58d841eb322a11a2.rlib" "/opt/rustwide/rustup-home/toolchains/beta-2023-12-22-x86_64-unknown-linux-gnu/lib/rustlib/x86_64-unknown-linux-gnu/lib/libunwind-aa2ae0b0a9d11533.rlib" "/opt/rustwide/rustup-home/toolchains/beta-2023-12-22-x86_64-unknown-linux-gnu/lib/rustlib/x86_64-unknown-linux-gnu/lib/libcfg_if-23874e15830ed336.rlib" "/opt/rustwide/rustup-home/toolchains/beta-2023-12-22-x86_64-unknown-linux-gnu/lib/rustlib/x86_64-unknown-linux-gnu/lib/liblibc-e47cddc003bce885.rlib" "/opt/rustwide/rustup-home/toolchains/beta-2023-12-22-x86_64-unknown-linux-gnu/lib/rustlib/x86_64-unknown-linux-gnu/lib/liballoc-c22b13b48a8f128e.rlib" "/opt/rustwide/rustup-home/toolchains/beta-2023-12-22-x86_64-unknown-linux-gnu/lib/rustlib/x86_64-unknown-linux-gnu/lib/librustc_std_workspace_core-e46bc3da6d7c462f.rlib" "/opt/rustwide/rustup-home/toolchains/beta-2023-12-22-x86_64-unknown-linux-gnu/lib/rustlib/x86_64-unknown-linux-gnu/lib/libcore-8d1ac131d3cb2645.rlib" "/opt/rustwide/rustup-home/toolchains/beta-2023-12-22-x86_64-unknown-linux-gnu/lib/rustlib/x86_64-unknown-linux-gnu/lib/libcompiler_builtins-a1b43df8c6899c1f.rlib" "-Wl,-Bdynamic" "-lgcc_s" "-lutil" "-lrt" "-lpthread" "-lm" "-ldl" "-lc" "-Wl,--eh-frame-hdr" "-Wl,-z,noexecstack" "-L" "/opt/rustwide/rustup-home/toolchains/beta-2023-12-22-x86_64-unknown-linux-gnu/lib/rustlib/x86_64-unknown-linux-gnu/lib" "-o" "/opt/rustwide/target/debug/deps/jsonnet-f218e54ec09ffa2f" "-Wl,--gc-sections" "-pie" "-Wl,-z,relro,-z,now" "-nodefaultlibs"
[INFO] [stdout]   = note: /usr/bin/ld: cannot find -ljsonnet: No such file or directory
[INFO] [stdout]           collect2: error: ld returned 1 exit status
[INFO] [stdout]           
[INFO] [stdout] 
[INFO] [stdout] 
[INFO] [stdout] error: aborting due to 1 previous error; 5 warnings emitted
[INFO] [stdout] 
[INFO] [stdout] 
[INFO] [stderr] error: could not compile `jsonnet` (lib test) due to 2 previous errors; 5 warnings emitted
[INFO] running `Command { std: "docker" "inspect" "890d1eb4aabe7be257e25fe29cf87de44dc7faf606d2d3c31b59b5340b156c0c", kill_on_drop: false }`
[INFO] running `Command { std: "docker" "rm" "-f" "890d1eb4aabe7be257e25fe29cf87de44dc7faf606d2d3c31b59b5340b156c0c", kill_on_drop: false }`
[INFO] [stdout] 890d1eb4aabe7be257e25fe29cf87de44dc7faf606d2d3c31b59b5340b156c0c
