[INFO] fetching crate jj-lib 0.11.0...
[INFO] testing jj-lib-0.11.0 against 1.75.0 for beta-1.76-1
[INFO] extracting crate jj-lib 0.11.0 into /workspace/builds/worker-4-tc1/source
[INFO] validating manifest of crates.io crate jj-lib 0.11.0 on toolchain 1.75.0
[INFO] running `Command { std: CARGO_HOME="/workspace/cargo-home" RUSTUP_HOME="/workspace/rustup-home" "/workspace/cargo-home/bin/cargo" "+1.75.0" "metadata" "--manifest-path" "Cargo.toml" "--no-deps", kill_on_drop: false }`
[INFO] started tweaking crates.io crate jj-lib 0.11.0
[INFO] finished tweaking crates.io crate jj-lib 0.11.0
[INFO] tweaked toml for crates.io crate jj-lib 0.11.0 written to /workspace/builds/worker-4-tc1/source/Cargo.toml
[INFO] running `Command { std: CARGO_HOME="/workspace/cargo-home" RUSTUP_HOME="/workspace/rustup-home" "/workspace/cargo-home/bin/cargo" "+1.75.0" "generate-lockfile" "--manifest-path" "Cargo.toml", kill_on_drop: false }`
[INFO] [stderr]     Blocking waiting for file lock on package cache
[INFO] [stderr]     Updating crates.io index
[INFO] running `Command { std: CARGO_HOME="/workspace/cargo-home" RUSTUP_HOME="/workspace/rustup-home" "/workspace/cargo-home/bin/cargo" "+1.75.0" "fetch" "--manifest-path" "Cargo.toml", kill_on_drop: false }`
[INFO] [stderr]     Blocking waiting for file lock on package cache
[INFO] [stderr]     Blocking waiting for file lock on package cache
[INFO] [stderr]  Downloading crates ...
[INFO] [stderr]   Downloaded watchman_client v0.8.0
[INFO] [stderr]   Downloaded serde_bser v0.3.1
[INFO] running `Command { std: "docker" "create" "-v" "/var/lib/crater-agent-workspace/builds/worker-4-tc1/target:/opt/rustwide/target:rw,Z" "-v" "/var/lib/crater-agent-workspace/builds/worker-4-tc1/source:/opt/rustwide/workdir:ro,Z" "-v" "/var/lib/crater-agent-workspace/cargo-home:/opt/rustwide/cargo-home:ro,Z" "-v" "/var/lib/crater-agent-workspace/rustup-home:/opt/rustwide/rustup-home:ro,Z" "-e" "SOURCE_DIR=/opt/rustwide/workdir" "-e" "CARGO_TARGET_DIR=/opt/rustwide/target" "-e" "CARGO_HOME=/opt/rustwide/cargo-home" "-e" "RUSTUP_HOME=/opt/rustwide/rustup-home" "-w" "/opt/rustwide/workdir" "-m" "1610612736" "--user" "0:0" "--network" "none" "ghcr.io/rust-lang/crates-build-env/linux@sha256:2788e3201cd34a07e3172128adcd8b3090168a8e3bcc40d7c032b9dda1df7d1c" "/opt/rustwide/cargo-home/bin/cargo" "+1.75.0" "metadata" "--no-deps" "--format-version=1", kill_on_drop: false }`
[INFO] [stdout] dbb3e874cb0b40265240c6c78fb1ce5ae4c7a8cbab515c05eb714e0bf97e999a
[INFO] running `Command { std: "docker" "start" "-a" "dbb3e874cb0b40265240c6c78fb1ce5ae4c7a8cbab515c05eb714e0bf97e999a", kill_on_drop: false }`
[INFO] running `Command { std: "docker" "inspect" "dbb3e874cb0b40265240c6c78fb1ce5ae4c7a8cbab515c05eb714e0bf97e999a", kill_on_drop: false }`
[INFO] running `Command { std: "docker" "rm" "-f" "dbb3e874cb0b40265240c6c78fb1ce5ae4c7a8cbab515c05eb714e0bf97e999a", kill_on_drop: false }`
[INFO] [stdout] dbb3e874cb0b40265240c6c78fb1ce5ae4c7a8cbab515c05eb714e0bf97e999a
[INFO] running `Command { std: "docker" "create" "-v" "/var/lib/crater-agent-workspace/builds/worker-4-tc1/target:/opt/rustwide/target:rw,Z" "-v" "/var/lib/crater-agent-workspace/builds/worker-4-tc1/source:/opt/rustwide/workdir:ro,Z" "-v" "/var/lib/crater-agent-workspace/cargo-home:/opt/rustwide/cargo-home:ro,Z" "-v" "/var/lib/crater-agent-workspace/rustup-home:/opt/rustwide/rustup-home:ro,Z" "-e" "SOURCE_DIR=/opt/rustwide/workdir" "-e" "CARGO_TARGET_DIR=/opt/rustwide/target" "-e" "CARGO_INCREMENTAL=0" "-e" "RUST_BACKTRACE=full" "-e" "RUSTFLAGS=--cap-lints=warn" "-e" "RUSTDOCFLAGS=--cap-lints=warn" "-e" "CARGO_HOME=/opt/rustwide/cargo-home" "-e" "RUSTUP_HOME=/opt/rustwide/rustup-home" "-w" "/opt/rustwide/workdir" "-m" "1610612736" "--user" "0:0" "--network" "none" "ghcr.io/rust-lang/crates-build-env/linux@sha256:2788e3201cd34a07e3172128adcd8b3090168a8e3bcc40d7c032b9dda1df7d1c" "/opt/rustwide/cargo-home/bin/cargo" "+1.75.0" "build" "--frozen" "--message-format=json", kill_on_drop: false }`
[INFO] [stdout] 98e0690b65665f0b4e25cb4f5b6dc8a670f3df8192caf514b1dcb87c07893726
[INFO] running `Command { std: "docker" "start" "-a" "98e0690b65665f0b4e25cb4f5b6dc8a670f3df8192caf514b1dcb87c07893726", kill_on_drop: false }`
[INFO] [stderr]    Compiling typenum v1.17.0
[INFO] [stderr]    Compiling generic-array v0.14.7
[INFO] [stderr]    Compiling syn v1.0.109
[INFO] [stderr]    Compiling ucd-trie v0.1.6
[INFO] [stderr]    Compiling num-traits v0.2.17
[INFO] [stderr]    Compiling percent-encoding v2.3.1
[INFO] [stderr]    Compiling anyhow v1.0.79
[INFO] [stderr]    Compiling unicode-normalization v0.1.22
[INFO] [stderr]    Compiling either v1.9.0
[INFO] [stderr]    Compiling syn v2.0.48
[INFO] [stderr]    Compiling openssl-sys v0.9.98
[INFO] [stderr]    Compiling libz-sys v1.1.12
[INFO] [stderr]    Compiling libssh2-sys v0.3.0
[INFO] [stderr]    Compiling zstd-sys v2.0.9+zstd.1.5.5
[INFO] [stderr]    Compiling libgit2-sys v0.15.2+1.6.4
[INFO] [stderr]    Compiling zstd-safe v6.0.6
[INFO] [stderr]    Compiling async-trait v0.1.77
[INFO] [stderr]    Compiling itertools v0.10.5
[INFO] [stderr]    Compiling form_urlencoded v1.2.1
[INFO] [stderr]    Compiling rand_chacha v0.3.1
[INFO] [stderr]    Compiling minimal-lexical v0.2.1
[INFO] [stderr]    Compiling subtle v2.5.0
[INFO] [stderr]    Compiling rustix v0.38.28
[INFO] [stderr]    Compiling idna v0.5.0
[INFO] [stderr]    Compiling nom v7.1.3
[INFO] [stderr]    Compiling rand v0.8.5
[INFO] [stderr]    Compiling tracing-core v0.1.32
[INFO] [stderr]    Compiling instant v0.1.12
[INFO] [stderr]    Compiling pathdiff v0.2.1
[INFO] [stderr]    Compiling rayon v1.8.0
[INFO] [stderr]    Compiling itertools v0.11.0
[INFO] [stderr]    Compiling glob v0.3.1
[INFO] [stderr]    Compiling maplit v1.0.2
[INFO] [stderr]    Compiling whoami v1.4.1
[INFO] [stderr]    Compiling smallvec v1.11.2
[INFO] [stderr]    Compiling url v2.5.0
[INFO] [stderr]    Compiling backoff v0.4.0
[INFO] [stderr]    Compiling chrono v0.4.31
[INFO] [stderr]    Compiling tempfile v3.9.0
[INFO] [stderr]    Compiling block-buffer v0.10.4
[INFO] [stderr]    Compiling crypto-common v0.1.6
[INFO] [stderr]    Compiling digest v0.10.7
[INFO] [stderr]    Compiling blake2 v0.10.6
[INFO] [stderr]    Compiling prost-derive v0.11.9
[INFO] [stderr]    Compiling thiserror-impl v1.0.56
[INFO] [stderr]    Compiling serde_derive v1.0.194
[INFO] [stderr]    Compiling futures-macro v0.3.30
[INFO] [stderr]    Compiling tracing-attributes v0.1.27
[INFO] [stderr]    Compiling prost v0.11.9
[INFO] [stderr]    Compiling futures-util v0.3.30
[INFO] [stderr]    Compiling thiserror v1.0.56
[INFO] [stderr]    Compiling pest v2.7.6
[INFO] [stderr]    Compiling tracing v0.1.40
[INFO] [stderr]    Compiling zstd v0.12.4
[INFO] [stderr]    Compiling pest_meta v2.7.6
[INFO] [stderr]    Compiling serde v1.0.194
[INFO] [stderr]    Compiling pest_generator v2.7.6
[INFO] [stderr]    Compiling futures-executor v0.3.30
[INFO] [stderr]    Compiling git2 v0.17.2
[INFO] [stderr]    Compiling futures v0.3.30
[INFO] [stderr]    Compiling pest_derive v2.7.6
[INFO] [stderr]    Compiling toml v0.5.11
[INFO] [stderr]    Compiling serde_json v1.0.111
[INFO] [stderr]    Compiling config v0.13.4
[INFO] [stderr]    Compiling jj-lib v0.11.0 (/opt/rustwide/workdir)
[INFO] [stderr]     Finished dev [unoptimized + debuginfo] target(s) in 35.81s
[INFO] running `Command { std: "docker" "inspect" "98e0690b65665f0b4e25cb4f5b6dc8a670f3df8192caf514b1dcb87c07893726", kill_on_drop: false }`
[INFO] running `Command { std: "docker" "rm" "-f" "98e0690b65665f0b4e25cb4f5b6dc8a670f3df8192caf514b1dcb87c07893726", kill_on_drop: false }`
[INFO] [stdout] 98e0690b65665f0b4e25cb4f5b6dc8a670f3df8192caf514b1dcb87c07893726
[INFO] running `Command { std: "docker" "create" "-v" "/var/lib/crater-agent-workspace/builds/worker-4-tc1/target:/opt/rustwide/target:rw,Z" "-v" "/var/lib/crater-agent-workspace/builds/worker-4-tc1/source:/opt/rustwide/workdir:ro,Z" "-v" "/var/lib/crater-agent-workspace/cargo-home:/opt/rustwide/cargo-home:ro,Z" "-v" "/var/lib/crater-agent-workspace/rustup-home:/opt/rustwide/rustup-home:ro,Z" "-e" "SOURCE_DIR=/opt/rustwide/workdir" "-e" "CARGO_TARGET_DIR=/opt/rustwide/target" "-e" "CARGO_INCREMENTAL=0" "-e" "RUST_BACKTRACE=full" "-e" "RUSTFLAGS=--cap-lints=warn" "-e" "RUSTDOCFLAGS=--cap-lints=warn" "-e" "CARGO_HOME=/opt/rustwide/cargo-home" "-e" "RUSTUP_HOME=/opt/rustwide/rustup-home" "-w" "/opt/rustwide/workdir" "-m" "1610612736" "--user" "0:0" "--network" "none" "ghcr.io/rust-lang/crates-build-env/linux@sha256:2788e3201cd34a07e3172128adcd8b3090168a8e3bcc40d7c032b9dda1df7d1c" "/opt/rustwide/cargo-home/bin/cargo" "+1.75.0" "test" "--frozen" "--no-run" "--message-format=json", kill_on_drop: false }`
[INFO] [stdout] 260db802947bf763140122f3824efa150ceeb69cd0c55525b3b26134c5e09308
[INFO] running `Command { std: "docker" "start" "-a" "260db802947bf763140122f3824efa150ceeb69cd0c55525b3b26134c5e09308", kill_on_drop: false }`
[INFO] [stderr]    Compiling serde v1.0.194
[INFO] [stderr]    Compiling rustix v0.38.28
[INFO] [stderr]    Compiling itertools v0.10.5
[INFO] [stderr]    Compiling ciborium-io v0.2.1
[INFO] [stderr]    Compiling clap_lex v0.6.0
[INFO] [stderr]    Compiling parking_lot_core v0.9.9
[INFO] [stderr]    Compiling test-case-core v3.3.1
[INFO] [stderr]    Compiling linked-hash-map v0.5.6
[INFO] [stderr]    Compiling chrono v0.4.31
[INFO] [stderr]    Compiling console v0.15.7
[INFO] [stderr]    Compiling tokio-macros v2.2.0
[INFO] [stderr]    Compiling num_cpus v1.16.0
[INFO] [stderr]    Compiling socket2 v0.5.5
[INFO] [stderr]    Compiling signal-hook-registry v1.4.1
[INFO] [stderr]    Compiling mio v0.8.10
[INFO] [stderr]    Compiling anes v0.1.6
[INFO] [stderr]    Compiling ciborium-ll v0.2.1
[INFO] [stderr]    Compiling clap_builder v4.4.12
[INFO] [stderr]    Compiling yaml-rust v0.4.5
[INFO] [stderr]    Compiling parking_lot v0.12.1
[INFO] [stderr]    Compiling similar v2.4.0
[INFO] [stderr]    Compiling pretty_assertions v1.4.0
[INFO] [stderr]    Compiling assert_matches v1.5.0
[INFO] [stderr]    Compiling insta v1.34.0
[INFO] [stderr]    Compiling test-case-macros v3.3.1
[INFO] [stderr]    Compiling tokio v1.35.1
[INFO] [stderr]    Compiling criterion-plot v0.5.0
[INFO] [stderr]    Compiling esl01-renderdag v0.3.0
[INFO] [stderr]    Compiling test-case v3.3.1
[INFO] [stderr]    Compiling clap v4.4.13
[INFO] [stderr]    Compiling tempfile v3.9.0
[INFO] [stderr]    Compiling is-terminal v0.4.10
[INFO] [stderr]    Compiling serde_json v1.0.111
[INFO] [stderr]    Compiling toml v0.5.11
[INFO] [stderr]    Compiling ciborium v0.2.1
[INFO] [stderr]    Compiling tinytemplate v1.2.1
[INFO] [stderr]    Compiling config v0.13.4
[INFO] [stderr]    Compiling criterion v0.5.1
[INFO] [stderr]    Compiling jj-lib v0.11.0 (/opt/rustwide/workdir)
[INFO] [stdout] error[E0433]: failed to resolve: use of undeclared crate or module `testutils`
[INFO] [stdout]     --> src/default_index_store.rs:2013:24
[INFO] [stdout]      |
[INFO] [stdout] 2013 |         let temp_dir = testutils::new_temp_dir();
[INFO] [stdout]      |                        ^^^^^^^^^ use of undeclared crate or module `testutils`
[INFO] [stdout] 
[INFO] [stdout] 
[INFO] [stdout] error[E0433]: failed to resolve: use of undeclared crate or module `testutils`
[INFO] [stdout]     --> src/default_index_store.rs:2040:24
[INFO] [stdout]      |
[INFO] [stdout] 2040 |         let temp_dir = testutils::new_temp_dir();
[INFO] [stdout]      |                        ^^^^^^^^^ use of undeclared crate or module `testutils`
[INFO] [stdout] 
[INFO] [stdout] 
[INFO] [stdout] error[E0433]: failed to resolve: use of undeclared crate or module `testutils`
[INFO] [stdout]     --> src/default_index_store.rs:2092:24
[INFO] [stdout]      |
[INFO] [stdout] 2092 |         let temp_dir = testutils::new_temp_dir();
[INFO] [stdout]      |                        ^^^^^^^^^ use of undeclared crate or module `testutils`
[INFO] [stdout] 
[INFO] [stdout] 
[INFO] [stdout] error[E0433]: failed to resolve: use of undeclared crate or module `testutils`
[INFO] [stdout]     --> src/default_index_store.rs:2204:24
[INFO] [stdout]      |
[INFO] [stdout] 2204 |         let temp_dir = testutils::new_temp_dir();
[INFO] [stdout]      |                        ^^^^^^^^^ use of undeclared crate or module `testutils`
[INFO] [stdout] 
[INFO] [stdout] 
[INFO] [stdout] error[E0433]: failed to resolve: use of undeclared crate or module `testutils`
[INFO] [stdout]     --> src/default_index_store.rs:2268:24
[INFO] [stdout]      |
[INFO] [stdout] 2268 |         let temp_dir = testutils::new_temp_dir();
[INFO] [stdout]      |                        ^^^^^^^^^ use of undeclared crate or module `testutils`
[INFO] [stdout] 
[INFO] [stdout] 
[INFO] [stdout] error[E0433]: failed to resolve: use of undeclared crate or module `testutils`
[INFO] [stdout]     --> src/default_index_store.rs:2338:24
[INFO] [stdout]      |
[INFO] [stdout] 2338 |         let temp_dir = testutils::new_temp_dir();
[INFO] [stdout]      |                        ^^^^^^^^^ use of undeclared crate or module `testutils`
[INFO] [stdout] 
[INFO] [stdout] 
[INFO] [stdout] error[E0433]: failed to resolve: use of undeclared crate or module `testutils`
[INFO] [stdout]     --> src/default_index_store.rs:2466:24
[INFO] [stdout]      |
[INFO] [stdout] 2466 |         let temp_dir = testutils::new_temp_dir();
[INFO] [stdout]      |                        ^^^^^^^^^ use of undeclared crate or module `testutils`
[INFO] [stdout] 
[INFO] [stdout] 
[INFO] [stdout] error[E0433]: failed to resolve: use of undeclared crate or module `testutils`
[INFO] [stdout]    --> src/file_util.rs:135:24
[INFO] [stdout]     |
[INFO] [stdout] 135 |         let temp_dir = testutils::new_temp_dir();
[INFO] [stdout]     |                        ^^^^^^^^^ use of undeclared crate or module `testutils`
[INFO] [stdout] 
[INFO] [stdout] 
[INFO] [stdout] error[E0433]: failed to resolve: use of undeclared crate or module `testutils`
[INFO] [stdout]    --> src/file_util.rs:145:24
[INFO] [stdout]     |
[INFO] [stdout] 145 |         let temp_dir = testutils::new_temp_dir();
[INFO] [stdout]     |                        ^^^^^^^^^ use of undeclared crate or module `testutils`
[INFO] [stdout] 
[INFO] [stdout] 
[INFO] [stdout] error[E0433]: failed to resolve: use of undeclared crate or module `testutils`
[INFO] [stdout]    --> src/git_backend.rs:956:24
[INFO] [stdout]     |
[INFO] [stdout] 956 |         let temp_dir = testutils::new_temp_dir();
[INFO] [stdout]     |                        ^^^^^^^^^ use of undeclared crate or module `testutils`
[INFO] [stdout] 
[INFO] [stdout] 
[INFO] [stdout] error[E0433]: failed to resolve: use of undeclared crate or module `testutils`
[INFO] [stdout]     --> src/git_backend.rs:1112:24
[INFO] [stdout]      |
[INFO] [stdout] 1112 |         let temp_dir = testutils::new_temp_dir();
[INFO] [stdout]      |                        ^^^^^^^^^ use of undeclared crate or module `testutils`
[INFO] [stdout] 
[INFO] [stdout] 
[INFO] [stdout] error[E0433]: failed to resolve: use of undeclared crate or module `testutils`
[INFO] [stdout]     --> src/git_backend.rs:1199:24
[INFO] [stdout]      |
[INFO] [stdout] 1199 |         let temp_dir = testutils::new_temp_dir();
[INFO] [stdout]      |                        ^^^^^^^^^ use of undeclared crate or module `testutils`
[INFO] [stdout] 
[INFO] [stdout] 
[INFO] [stdout] error[E0433]: failed to resolve: use of undeclared crate or module `testutils`
[INFO] [stdout]     --> src/git_backend.rs:1262:24
[INFO] [stdout]      |
[INFO] [stdout] 1262 |         let temp_dir = testutils::new_temp_dir();
[INFO] [stdout]      |                        ^^^^^^^^^ use of undeclared crate or module `testutils`
[INFO] [stdout] 
[INFO] [stdout] 
[INFO] [stdout] error[E0433]: failed to resolve: use of undeclared crate or module `testutils`
[INFO] [stdout]     --> src/git_backend.rs:1336:24
[INFO] [stdout]      |
[INFO] [stdout] 1336 |         let temp_dir = testutils::new_temp_dir();
[INFO] [stdout]      |                        ^^^^^^^^^ use of undeclared crate or module `testutils`
[INFO] [stdout] 
[INFO] [stdout] 
[INFO] [stdout] error[E0433]: failed to resolve: use of undeclared crate or module `testutils`
[INFO] [stdout]     --> src/git_backend.rs:1367:24
[INFO] [stdout]      |
[INFO] [stdout] 1367 |         let temp_dir = testutils::new_temp_dir();
[INFO] [stdout]      |                        ^^^^^^^^^ use of undeclared crate or module `testutils`
[INFO] [stdout] 
[INFO] [stdout] 
[INFO] [stdout] error[E0433]: failed to resolve: use of undeclared crate or module `testutils`
[INFO] [stdout]    --> src/local_backend.rs:472:24
[INFO] [stdout]     |
[INFO] [stdout] 472 |         let temp_dir = testutils::new_temp_dir();
[INFO] [stdout]     |                        ^^^^^^^^^ use of undeclared crate or module `testutils`
[INFO] [stdout] 
[INFO] [stdout] 
[INFO] [stdout] error[E0433]: failed to resolve: use of undeclared crate or module `testutils`
[INFO] [stdout]   --> src/lock.rs:36:24
[INFO] [stdout]    |
[INFO] [stdout] 36 |         let temp_dir = testutils::new_temp_dir();
[INFO] [stdout]    |                        ^^^^^^^^^ use of undeclared crate or module `testutils`
[INFO] [stdout] 
[INFO] [stdout] 
[INFO] [stdout] error[E0433]: failed to resolve: use of undeclared crate or module `testutils`
[INFO] [stdout]   --> src/lock.rs:48:24
[INFO] [stdout]    |
[INFO] [stdout] 48 |         let temp_dir = testutils::new_temp_dir();
[INFO] [stdout]    |                        ^^^^^^^^^ use of undeclared crate or module `testutils`
[INFO] [stdout] 
[INFO] [stdout] 
[INFO] [stdout] error[E0433]: failed to resolve: use of undeclared crate or module `testutils`
[INFO] [stdout]    --> src/repo_path.rs:324:24
[INFO] [stdout]     |
[INFO] [stdout] 324 |         let temp_dir = testutils::new_temp_dir();
[INFO] [stdout]     |                        ^^^^^^^^^ use of undeclared crate or module `testutils`
[INFO] [stdout] 
[INFO] [stdout] 
[INFO] [stdout] error[E0433]: failed to resolve: use of undeclared crate or module `testutils`
[INFO] [stdout]    --> src/repo_path.rs:378:24
[INFO] [stdout]     |
[INFO] [stdout] 378 |         let temp_dir = testutils::new_temp_dir();
[INFO] [stdout]     |                        ^^^^^^^^^ use of undeclared crate or module `testutils`
[INFO] [stdout] 
[INFO] [stdout] 
[INFO] [stdout] error[E0433]: failed to resolve: use of undeclared crate or module `testutils`
[INFO] [stdout]    --> src/repo_path.rs:414:24
[INFO] [stdout]     |
[INFO] [stdout] 414 |         let temp_dir = testutils::new_temp_dir();
[INFO] [stdout]     |                        ^^^^^^^^^ use of undeclared crate or module `testutils`
[INFO] [stdout] 
[INFO] [stdout] 
[INFO] [stdout] error[E0433]: failed to resolve: use of undeclared crate or module `testutils`
[INFO] [stdout]    --> src/simple_op_heads_store.rs:150:24
[INFO] [stdout]     |
[INFO] [stdout] 150 |         let test_dir = testutils::new_temp_dir();
[INFO] [stdout]     |                        ^^^^^^^^^ use of undeclared crate or module `testutils`
[INFO] [stdout] 
[INFO] [stdout] 
[INFO] [stdout] error[E0433]: failed to resolve: use of undeclared crate or module `testutils`
[INFO] [stdout]    --> src/simple_op_heads_store.rs:189:24
[INFO] [stdout]     |
[INFO] [stdout] 189 |         let test_dir = testutils::new_temp_dir();
[INFO] [stdout]     |                        ^^^^^^^^^ use of undeclared crate or module `testutils`
[INFO] [stdout] 
[INFO] [stdout] 
[INFO] [stdout] error[E0433]: failed to resolve: use of undeclared crate or module `testutils`
[INFO] [stdout]    --> src/simple_op_store.rs:643:24
[INFO] [stdout]     |
[INFO] [stdout] 643 |         let temp_dir = testutils::new_temp_dir();
[INFO] [stdout]     |                        ^^^^^^^^^ use of undeclared crate or module `testutils`
[INFO] [stdout] 
[INFO] [stdout] 
[INFO] [stdout] error[E0433]: failed to resolve: use of undeclared crate or module `testutils`
[INFO] [stdout]    --> src/simple_op_store.rs:653:24
[INFO] [stdout]     |
[INFO] [stdout] 653 |         let temp_dir = testutils::new_temp_dir();
[INFO] [stdout]     |                        ^^^^^^^^^ use of undeclared crate or module `testutils`
[INFO] [stdout] 
[INFO] [stdout] 
[INFO] [stdout] error[E0433]: failed to resolve: use of undeclared crate or module `testutils`
[INFO] [stdout]    --> src/stacked_table.rs:524:24
[INFO] [stdout]     |
[INFO] [stdout] 524 |         let temp_dir = testutils::new_temp_dir();
[INFO] [stdout]     |                        ^^^^^^^^^ use of undeclared crate or module `testutils`
[INFO] [stdout] 
[INFO] [stdout] 
[INFO] [stdout] error[E0433]: failed to resolve: use of undeclared crate or module `testutils`
[INFO] [stdout]    --> src/stacked_table.rs:544:24
[INFO] [stdout]     |
[INFO] [stdout] 544 |         let temp_dir = testutils::new_temp_dir();
[INFO] [stdout]     |                        ^^^^^^^^^ use of undeclared crate or module `testutils`
[INFO] [stdout] 
[INFO] [stdout] 
[INFO] [stdout] error[E0433]: failed to resolve: use of undeclared crate or module `testutils`
[INFO] [stdout]    --> src/stacked_table.rs:565:24
[INFO] [stdout]     |
[INFO] [stdout] 565 |         let temp_dir = testutils::new_temp_dir();
[INFO] [stdout]     |                        ^^^^^^^^^ use of undeclared crate or module `testutils`
[INFO] [stdout] 
[INFO] [stdout] 
[INFO] [stdout] error[E0433]: failed to resolve: use of undeclared crate or module `testutils`
[INFO] [stdout]    --> src/stacked_table.rs:591:24
[INFO] [stdout]     |
[INFO] [stdout] 591 |         let temp_dir = testutils::new_temp_dir();
[INFO] [stdout]     |                        ^^^^^^^^^ use of undeclared crate or module `testutils`
[INFO] [stdout] 
[INFO] [stdout] 
[INFO] [stdout] error[E0433]: failed to resolve: use of undeclared crate or module `testutils`
[INFO] [stdout]    --> src/stacked_table.rs:621:24
[INFO] [stdout]     |
[INFO] [stdout] 621 |         let temp_dir = testutils::new_temp_dir();
[INFO] [stdout]     |                        ^^^^^^^^^ use of undeclared crate or module `testutils`
[INFO] [stdout] 
[INFO] [stdout] 
[INFO] [stdout] error[E0433]: failed to resolve: use of undeclared crate or module `testutils`
[INFO] [stdout]    --> src/stacked_table.rs:654:24
[INFO] [stdout]     |
[INFO] [stdout] 654 |         let temp_dir = testutils::new_temp_dir();
[INFO] [stdout]     |                        ^^^^^^^^^ use of undeclared crate or module `testutils`
[INFO] [stdout] 
[INFO] [stdout] 
[INFO] [stdout] error[E0433]: failed to resolve: use of undeclared crate or module `testutils`
[INFO] [stdout]    --> src/stacked_table.rs:691:24
[INFO] [stdout]     |
[INFO] [stdout] 691 |         let temp_dir = testutils::new_temp_dir();
[INFO] [stdout]     |                        ^^^^^^^^^ use of undeclared crate or module `testutils`
[INFO] [stdout] 
[INFO] [stdout] 
[INFO] [stdout] error: aborting due to 32 previous errors
[INFO] [stdout] 
[INFO] [stdout] 
[INFO] [stdout] For more information about this error, try `rustc --explain E0433`.
[INFO] [stdout] 
[INFO] [stderr] error: could not compile `jj-lib` (lib test) due to 33 previous errors
[INFO] [stderr] warning: build failed, waiting for other jobs to finish...
[INFO] running `Command { std: "docker" "inspect" "260db802947bf763140122f3824efa150ceeb69cd0c55525b3b26134c5e09308", kill_on_drop: false }`
[INFO] running `Command { std: "docker" "rm" "-f" "260db802947bf763140122f3824efa150ceeb69cd0c55525b3b26134c5e09308", kill_on_drop: false }`
[INFO] [stdout] 260db802947bf763140122f3824efa150ceeb69cd0c55525b3b26134c5e09308
