[INFO] fetching crate jj-cli 0.11.0...
[INFO] testing jj-cli-0.11.0 against 1.75.0 for beta-1.76-1
[INFO] extracting crate jj-cli 0.11.0 into /workspace/builds/worker-5-tc1/source
[INFO] validating manifest of crates.io crate jj-cli 0.11.0 on toolchain 1.75.0
[INFO] running `Command { std: CARGO_HOME="/workspace/cargo-home" RUSTUP_HOME="/workspace/rustup-home" "/workspace/cargo-home/bin/cargo" "+1.75.0" "metadata" "--manifest-path" "Cargo.toml" "--no-deps", kill_on_drop: false }`
[INFO] started tweaking crates.io crate jj-cli 0.11.0
[INFO] finished tweaking crates.io crate jj-cli 0.11.0
[INFO] tweaked toml for crates.io crate jj-cli 0.11.0 written to /workspace/builds/worker-5-tc1/source/Cargo.toml
[INFO] crate crates.io crate jj-cli 0.11.0 already has a lockfile, it will not be regenerated
[INFO] running `Command { std: CARGO_HOME="/workspace/cargo-home" RUSTUP_HOME="/workspace/rustup-home" "/workspace/cargo-home/bin/cargo" "+1.75.0" "fetch" "--manifest-path" "Cargo.toml", kill_on_drop: false }`
[INFO] [stderr]     Updating crates.io index
[INFO] [stderr]  Downloading crates ...
[INFO] [stderr]   Downloaded rtoolbox v0.0.1
[INFO] [stderr]   Downloaded tracing-chrome v0.7.1
[INFO] [stderr]   Downloaded config v0.13.3
[INFO] [stderr]   Downloaded timeago v0.4.2
[INFO] [stderr]   Downloaded cargo_metadata v0.17.0
[INFO] [stderr]   Downloaded anstream v0.6.3
[INFO] [stderr]   Downloaded serde_bser v0.3.1
[INFO] [stderr]   Downloaded clap_mangen v0.2.14
[INFO] [stderr]   Downloaded rpassword v7.2.0
[INFO] [stderr]   Downloaded watchman_client v0.8.0
[INFO] [stderr]   Downloaded openssl-src v300.1.5+3.1.3
[INFO] [stderr]   Downloaded jj-lib v0.11.0
[INFO] running `Command { std: "docker" "create" "-v" "/var/lib/crater-agent-workspace/builds/worker-5-tc1/target:/opt/rustwide/target:rw,Z" "-v" "/var/lib/crater-agent-workspace/builds/worker-5-tc1/source:/opt/rustwide/workdir:ro,Z" "-v" "/var/lib/crater-agent-workspace/cargo-home:/opt/rustwide/cargo-home:ro,Z" "-v" "/var/lib/crater-agent-workspace/rustup-home:/opt/rustwide/rustup-home:ro,Z" "-e" "SOURCE_DIR=/opt/rustwide/workdir" "-e" "CARGO_TARGET_DIR=/opt/rustwide/target" "-e" "CARGO_HOME=/opt/rustwide/cargo-home" "-e" "RUSTUP_HOME=/opt/rustwide/rustup-home" "-w" "/opt/rustwide/workdir" "-m" "1610612736" "--user" "0:0" "--network" "none" "ghcr.io/rust-lang/crates-build-env/linux@sha256:2788e3201cd34a07e3172128adcd8b3090168a8e3bcc40d7c032b9dda1df7d1c" "/opt/rustwide/cargo-home/bin/cargo" "+1.75.0" "metadata" "--no-deps" "--format-version=1", kill_on_drop: false }`
[INFO] [stdout] bcbf898abc7afdd0de475156bdbcd1191ad30ff21df4bc5d26cea5bba4fadc92
[INFO] running `Command { std: "docker" "start" "-a" "bcbf898abc7afdd0de475156bdbcd1191ad30ff21df4bc5d26cea5bba4fadc92", kill_on_drop: false }`
[INFO] running `Command { std: "docker" "inspect" "bcbf898abc7afdd0de475156bdbcd1191ad30ff21df4bc5d26cea5bba4fadc92", kill_on_drop: false }`
[INFO] running `Command { std: "docker" "rm" "-f" "bcbf898abc7afdd0de475156bdbcd1191ad30ff21df4bc5d26cea5bba4fadc92", kill_on_drop: false }`
[INFO] [stdout] bcbf898abc7afdd0de475156bdbcd1191ad30ff21df4bc5d26cea5bba4fadc92
[INFO] running `Command { std: "docker" "create" "-v" "/var/lib/crater-agent-workspace/builds/worker-5-tc1/target:/opt/rustwide/target:rw,Z" "-v" "/var/lib/crater-agent-workspace/builds/worker-5-tc1/source:/opt/rustwide/workdir:ro,Z" "-v" "/var/lib/crater-agent-workspace/cargo-home:/opt/rustwide/cargo-home:ro,Z" "-v" "/var/lib/crater-agent-workspace/rustup-home:/opt/rustwide/rustup-home:ro,Z" "-e" "SOURCE_DIR=/opt/rustwide/workdir" "-e" "CARGO_TARGET_DIR=/opt/rustwide/target" "-e" "CARGO_INCREMENTAL=0" "-e" "RUST_BACKTRACE=full" "-e" "RUSTFLAGS=--cap-lints=warn" "-e" "RUSTDOCFLAGS=--cap-lints=warn" "-e" "CARGO_HOME=/opt/rustwide/cargo-home" "-e" "RUSTUP_HOME=/opt/rustwide/rustup-home" "-w" "/opt/rustwide/workdir" "-m" "1610612736" "--user" "0:0" "--network" "none" "ghcr.io/rust-lang/crates-build-env/linux@sha256:2788e3201cd34a07e3172128adcd8b3090168a8e3bcc40d7c032b9dda1df7d1c" "/opt/rustwide/cargo-home/bin/cargo" "+1.75.0" "build" "--frozen" "--message-format=json", kill_on_drop: false }`
[INFO] [stdout] 8e51619eeb009c7debce0f3b83ce5f28d899cc1736fef6fa395b44e86ed807d9
[INFO] running `Command { std: "docker" "start" "-a" "8e51619eeb009c7debce0f3b83ce5f28d899cc1736fef6fa395b44e86ed807d9", kill_on_drop: false }`
[INFO] [stderr]    Compiling libc v0.2.149
[INFO] [stderr]    Compiling proc-macro2 v1.0.67
[INFO] [stderr]    Compiling pkg-config v0.3.27
[INFO] [stderr]    Compiling serde v1.0.190
[INFO] [stderr]    Compiling memchr v2.6.3
[INFO] [stderr]    Compiling log v0.4.20
[INFO] [stderr]    Compiling thiserror v1.0.50
[INFO] [stderr]    Compiling smallvec v1.11.1
[INFO] [stderr]    Compiling pin-project-lite v0.2.13
[INFO] [stderr]    Compiling parking_lot_core v0.9.8
[INFO] [stderr]    Compiling lock_api v0.4.10
[INFO] [stderr]    Compiling rustix v0.38.21
[INFO] [stderr]    Compiling futures-core v0.3.29
[INFO] [stderr]    Compiling typenum v1.17.0
[INFO] [stderr]    Compiling bitflags v2.4.0
[INFO] [stderr]    Compiling linux-raw-sys v0.4.8
[INFO] [stderr]    Compiling generic-array v0.14.7
[INFO] [stderr]    Compiling anyhow v1.0.75
[INFO] [stderr]    Compiling futures-task v0.3.29
[INFO] [stderr]    Compiling signal-hook v0.3.17
[INFO] [stderr]    Compiling futures-sink v0.3.29
[INFO] [stderr]    Compiling futures-channel v0.3.29
[INFO] [stderr]    Compiling tracing-core v0.1.32
[INFO] [stderr]    Compiling futures-util v0.3.29
[INFO] [stderr]    Compiling futures-io v0.3.29
[INFO] [stderr]    Compiling utf8parse v0.2.1
[INFO] [stderr]    Compiling anstyle-parse v0.2.1
[INFO] [stderr]    Compiling aho-corasick v1.1.1
[INFO] [stderr]    Compiling strsim v0.10.0
[INFO] [stderr]    Compiling anstyle v1.0.3
[INFO] [stderr]    Compiling serde_json v1.0.108
[INFO] [stderr]    Compiling ucd-trie v0.1.6
[INFO] [stderr]    Compiling pin-utils v0.1.0
[INFO] [stderr]    Compiling anstyle-query v1.0.0
[INFO] [stderr]    Compiling colorchoice v1.0.0
[INFO] [stderr]    Compiling semver v1.0.19
[INFO] [stderr]    Compiling syn v1.0.109
[INFO] [stderr]    Compiling camino v1.1.6
[INFO] [stderr]    Compiling quote v1.0.33
[INFO] [stderr]    Compiling anstream v0.6.3
[INFO] [stderr]    Compiling syn v2.0.37
[INFO] [stderr]    Compiling unicode-normalization v0.1.22
[INFO] [stderr]    Compiling ppv-lite86 v0.2.17
[INFO] [stderr]    Compiling unicode-bidi v0.3.13
[INFO] [stderr]    Compiling async-trait v0.1.74
[INFO] [stderr]    Compiling clap_lex v0.6.0
[INFO] [stderr]    Compiling jobserver v0.1.26
[INFO] [stderr]    Compiling signal-hook-registry v1.4.1
[INFO] [stderr]    Compiling mio v0.8.8
[INFO] [stderr]    Compiling getrandom v0.2.10
[INFO] [stderr]    Compiling iovec v0.1.4
[INFO] [stderr]    Compiling socket2 v0.5.4
[INFO] [stderr]    Compiling cc v1.0.83
[INFO] [stderr]    Compiling parking_lot v0.12.1
[INFO] [stderr]    Compiling rand_core v0.6.4
[INFO] [stderr]    Compiling num_cpus v1.16.0
[INFO] [stderr]    Compiling either v1.9.0
[INFO] [stderr]    Compiling regex-syntax v0.6.29
[INFO] [stderr]    Compiling signal-hook-mio v0.2.3
[INFO] [stderr]    Compiling percent-encoding v2.3.0
[INFO] [stderr]    Compiling zstd-safe v6.0.6
[INFO] [stderr]    Compiling heck v0.4.1
[INFO] [stderr]    Compiling regex-automata v0.4.3
[INFO] [stderr]    Compiling bytes v0.4.12
[INFO] [stderr]    Compiling form_urlencoded v1.2.0
[INFO] [stderr]    Compiling itertools v0.10.5
[INFO] [stderr]    Compiling rand_chacha v0.3.1
[INFO] [stderr]    Compiling idna v0.4.0
[INFO] [stderr]    Compiling subtle v2.5.0
[INFO] [stderr]    Compiling overload v0.1.1
[INFO] [stderr]    Compiling nom v7.1.3
[INFO] [stderr]    Compiling nu-ansi-term v0.46.0
[INFO] [stderr]    Compiling rayon-core v1.12.0
[INFO] [stderr]    Compiling rand v0.8.5
[INFO] [stderr]    Compiling crypto-common v0.1.6
[INFO] [stderr]    Compiling block-buffer v0.10.4
[INFO] [stderr]    Compiling digest v0.10.7
[INFO] [stderr]    Compiling url v2.4.1
[INFO] [stderr]    Compiling crossterm v0.25.0
[INFO] [stderr]    Compiling tracing-log v0.1.3
[INFO] [stderr]    Compiling sharded-slab v0.1.4
[INFO] [stderr]    Compiling openssl-sys v0.9.93
[INFO] [stderr]    Compiling libz-sys v1.1.12
[INFO] [stderr]    Compiling libssh2-sys v0.3.0
[INFO] [stderr]    Compiling zstd-sys v2.0.8+zstd.1.5.5
[INFO] [stderr]    Compiling libgit2-sys v0.15.2+1.6.4
[INFO] [stderr]    Compiling terminal_size v0.3.0
[INFO] [stderr]    Compiling clap_builder v4.4.7
[INFO] [stderr]    Compiling thread_local v1.1.7
[INFO] [stderr]    Compiling instant v0.1.12
[INFO] [stderr]    Compiling fastrand v2.0.0
[INFO] [stderr]    Compiling regex-automata v0.1.10
[INFO] [stderr]    Compiling equivalent v1.0.1
[INFO] [stderr]    Compiling unicode-segmentation v1.10.1
[INFO] [stderr]    Compiling iana-time-zone v0.1.57
[INFO] [stderr]    Compiling cassowary v0.3.0
[INFO] [stderr]    Compiling hashbrown v0.14.1
[INFO] [stderr]    Compiling pathdiff v0.2.1
[INFO] [stderr]    Compiling option-ext v0.2.0
[INFO] [stderr]    Compiling maplit v1.0.2
[INFO] [stderr]    Compiling chrono v0.4.31
[INFO] [stderr]    Compiling tui v0.19.0
[INFO] [stderr]    Compiling dirs-sys v0.4.1
[INFO] [stderr]    Compiling tempfile v3.8.1
[INFO] [stderr]    Compiling backoff v0.4.0
[INFO] [stderr]    Compiling rayon v1.8.0
[INFO] [stderr]    Compiling regex v1.10.2
[INFO] [stderr]    Compiling blake2 v0.10.6
[INFO] [stderr]    Compiling indexmap v2.1.0
[INFO] [stderr]    Compiling matchers v0.1.0
[INFO] [stderr]    Compiling crossterm v0.26.1
[INFO] [stderr]    Compiling rtoolbox v0.0.1
[INFO] [stderr]    Compiling itertools v0.11.0
[INFO] [stderr]    Compiling unicode-linebreak v0.1.5
[INFO] [stderr]    Compiling roff v0.2.1
[INFO] [stderr]    Compiling winnow v0.5.15
[INFO] [stderr]    Compiling hex v0.4.3
[INFO] [stderr]    Compiling whoami v1.4.1
[INFO] [stderr]    Compiling smawk v0.3.2
[INFO] [stderr]    Compiling glob v0.3.1
[INFO] [stderr]    Compiling textwrap v0.16.0
[INFO] [stderr]    Compiling rpassword v7.2.0
[INFO] [stderr]    Compiling dirs v5.0.1
[INFO] [stderr]    Compiling timeago v0.4.2
[INFO] [stderr]    Compiling prost-derive v0.11.9
[INFO] [stderr]    Compiling esl01-renderdag v0.3.0
[INFO] [stderr]    Compiling serde_derive v1.0.190
[INFO] [stderr]    Compiling thiserror-impl v1.0.50
[INFO] [stderr]    Compiling tracing-attributes v0.1.27
[INFO] [stderr]    Compiling futures-macro v0.3.29
[INFO] [stderr]    Compiling tokio-macros v2.1.0
[INFO] [stderr]    Compiling clap_derive v4.4.7
[INFO] [stderr]    Compiling pest v2.7.5
[INFO] [stderr]    Compiling tracing v0.1.40
[INFO] [stderr]    Compiling tracing-subscriber v0.3.17
[INFO] [stderr]    Compiling clap v4.4.7
[INFO] [stderr]    Compiling clap_complete v4.4.4
[INFO] [stderr]    Compiling clap_mangen v0.2.14
[INFO] [stderr]    Compiling pest_meta v2.7.5
[INFO] [stderr]    Compiling pest_generator v2.7.5
[INFO] [stderr]    Compiling zstd v0.12.4
[INFO] [stderr]    Compiling pest_derive v2.7.5
[INFO] [stderr]    Compiling futures-executor v0.3.29
[INFO] [stderr]    Compiling futures v0.3.29
[INFO] [stderr]    Compiling cargo-platform v0.1.3
[INFO] [stderr]    Compiling bytes v1.5.0
[INFO] [stderr]    Compiling serde_bser v0.3.1
[INFO] [stderr]    Compiling toml v0.5.11
[INFO] [stderr]    Compiling toml_datetime v0.6.3
[INFO] [stderr]    Compiling serde_spanned v0.6.3
[INFO] [stderr]    Compiling toml_edit v0.19.15
[INFO] [stderr]    Compiling tokio v1.33.0
[INFO] [stderr]    Compiling prost v0.11.9
[INFO] [stderr]    Compiling git2 v0.17.2
[INFO] [stderr]    Compiling cargo_metadata v0.17.0
[INFO] [stderr]    Compiling tracing-chrome v0.7.1
[INFO] [stderr]    Compiling scm-record v0.1.0
[INFO] [stderr]    Compiling config v0.13.3
[INFO] [stderr]    Compiling jj-cli v0.11.0 (/opt/rustwide/workdir)
[INFO] [stderr]    Compiling tokio-util v0.6.10
[INFO] [stderr]    Compiling watchman_client v0.8.0
[INFO] [stderr]    Compiling jj-lib v0.11.0
[INFO] [stderr]     Finished dev [unoptimized + debuginfo] target(s) in 40.54s
[INFO] running `Command { std: "docker" "inspect" "8e51619eeb009c7debce0f3b83ce5f28d899cc1736fef6fa395b44e86ed807d9", kill_on_drop: false }`
[INFO] running `Command { std: "docker" "rm" "-f" "8e51619eeb009c7debce0f3b83ce5f28d899cc1736fef6fa395b44e86ed807d9", kill_on_drop: false }`
[INFO] [stdout] 8e51619eeb009c7debce0f3b83ce5f28d899cc1736fef6fa395b44e86ed807d9
[INFO] running `Command { std: "docker" "create" "-v" "/var/lib/crater-agent-workspace/builds/worker-5-tc1/target:/opt/rustwide/target:rw,Z" "-v" "/var/lib/crater-agent-workspace/builds/worker-5-tc1/source:/opt/rustwide/workdir:ro,Z" "-v" "/var/lib/crater-agent-workspace/cargo-home:/opt/rustwide/cargo-home:ro,Z" "-v" "/var/lib/crater-agent-workspace/rustup-home:/opt/rustwide/rustup-home:ro,Z" "-e" "SOURCE_DIR=/opt/rustwide/workdir" "-e" "CARGO_TARGET_DIR=/opt/rustwide/target" "-e" "CARGO_INCREMENTAL=0" "-e" "RUST_BACKTRACE=full" "-e" "RUSTFLAGS=--cap-lints=warn" "-e" "RUSTDOCFLAGS=--cap-lints=warn" "-e" "CARGO_HOME=/opt/rustwide/cargo-home" "-e" "RUSTUP_HOME=/opt/rustwide/rustup-home" "-w" "/opt/rustwide/workdir" "-m" "1610612736" "--user" "0:0" "--network" "none" "ghcr.io/rust-lang/crates-build-env/linux@sha256:2788e3201cd34a07e3172128adcd8b3090168a8e3bcc40d7c032b9dda1df7d1c" "/opt/rustwide/cargo-home/bin/cargo" "+1.75.0" "test" "--frozen" "--no-run" "--message-format=json", kill_on_drop: false }`
[INFO] [stdout] b612057472ce617e07b4dff61e6254df0cff1689eb6fe9947bd57a239f1c088b
[INFO] running `Command { std: "docker" "start" "-a" "b612057472ce617e07b4dff61e6254df0cff1689eb6fe9947bd57a239f1c088b", kill_on_drop: false }`
[INFO] [stderr]    Compiling proc-macro-error-attr v1.0.4
[INFO] [stderr]    Compiling proc-macro-error v1.0.4
[INFO] [stderr]    Compiling predicates-core v1.0.6
[INFO] [stderr]    Compiling doc-comment v0.3.3
[INFO] [stderr]    Compiling linked-hash-map v0.5.6
[INFO] [stderr]    Compiling termtree v0.4.1
[INFO] [stderr]    Compiling regex-automata v0.3.9
[INFO] [stderr]    Compiling difflib v0.4.0
[INFO] [stderr]    Compiling console v0.15.7
[INFO] [stderr]    Compiling wait-timeout v0.2.0
[INFO] [stderr]    Compiling similar v2.2.1
[INFO] [stderr]    Compiling assert_matches v1.5.0
[INFO] [stderr]    Compiling predicates-tree v1.0.9
[INFO] [stderr]    Compiling yaml-rust v0.4.5
[INFO] [stderr]    Compiling predicates v3.0.4
[INFO] [stderr]    Compiling insta v1.34.0
[INFO] [stderr]    Compiling test-case-core v3.2.1
[INFO] [stderr]    Compiling bstr v1.6.2
[INFO] [stderr]    Compiling assert_cmd v2.0.12
[INFO] [stderr]    Compiling test-case-macros v3.2.1
[INFO] [stderr]    Compiling test-case v3.2.1
[INFO] [stderr]    Compiling jj-cli v0.11.0 (/opt/rustwide/workdir)
[INFO] [stdout] error[E0432]: unresolved import `testutils`
[INFO] [stdout]   --> tests/common/mod.rs:22:5
[INFO] [stdout]    |
[INFO] [stdout] 22 | use testutils;
[INFO] [stdout]    |     ^^^^^^^^^ no external crate `testutils`
[INFO] [stdout] 
[INFO] [stdout] 
[INFO] [stdout] error[E0432]: unresolved import `testutils`
[INFO] [stdout]   --> tests/common/mod.rs:22:5
[INFO] [stdout]    |
[INFO] [stdout] 22 | use testutils;
[INFO] [stdout]    |     ^^^^^^^^^ no external crate `testutils`
[INFO] [stdout] 
[INFO] [stdout] 
[INFO] [stdout] error[E0432]: unresolved import `testutils`
[INFO] [stdout]   --> tests/common/mod.rs:22:5
[INFO] [stdout]    |
[INFO] [stdout] 22 | use testutils;
[INFO] [stdout]    |     ^^^^^^^^^ no external crate `testutils`
[INFO] [stdout] 
[INFO] [stdout] 
[INFO] [stdout] error[E0432]: unresolved import `testutils`
[INFO] [stdout]   --> tests/common/mod.rs:22:5
[INFO] [stdout]    |
[INFO] [stdout] 22 | use testutils;
[INFO] [stdout]    |     ^^^^^^^^^ no external crate `testutils`
[INFO] [stdout] 
[INFO] [stdout] 
[INFO] [stdout] error[E0432]: unresolved import `testutils`
[INFO] [stdout]   --> tests/common/mod.rs:22:5
[INFO] [stdout]    |
[INFO] [stdout] 22 | use testutils;
[INFO] [stdout]    |     ^^^^^^^^^ no external crate `testutils`
[INFO] [stdout] 
[INFO] [stdout] 
[INFO] [stdout] error[E0432]: unresolved import `testutils`
[INFO] [stdout]   --> tests/common/mod.rs:22:5
[INFO] [stdout]    |
[INFO] [stdout] 22 | use testutils;
[INFO] [stdout]    |     ^^^^^^^^^ no external crate `testutils`
[INFO] [stdout] 
[INFO] [stdout] 
[INFO] [stdout] error[E0432]: unresolved import `testutils`
[INFO] [stdout]   --> tests/common/mod.rs:22:5
[INFO] [stdout]    |
[INFO] [stdout] 22 | use testutils;
[INFO] [stdout]    |     ^^^^^^^^^ no external crate `testutils`
[INFO] [stdout] 
[INFO] [stdout] 
[INFO] [stdout] error[E0432]: unresolved import `testutils`
[INFO] [stdout]   --> tests/common/mod.rs:22:5
[INFO] [stdout]    |
[INFO] [stdout] 22 | use testutils;
[INFO] [stdout]    |     ^^^^^^^^^ no external crate `testutils`
[INFO] [stdout] 
[INFO] [stdout] 
[INFO] [stdout] error[E0432]: unresolved import `testutils`
[INFO] [stdout]   --> tests/common/mod.rs:22:5
[INFO] [stdout]    |
[INFO] [stdout] 22 | use testutils;
[INFO] [stdout]    |     ^^^^^^^^^ no external crate `testutils`
[INFO] [stdout] 
[INFO] [stdout] 
[INFO] [stdout] error[E0432]: unresolved import `testutils`
[INFO] [stdout]   --> tests/common/mod.rs:22:5
[INFO] [stdout]    |
[INFO] [stdout] 22 | use testutils;
[INFO] [stdout]    |     ^^^^^^^^^ no external crate `testutils`
[INFO] [stdout] 
[INFO] [stdout] 
[INFO] [stdout] error[E0432]: unresolved import `testutils`
[INFO] [stdout]   --> tests/common/mod.rs:22:5
[INFO] [stdout]    |
[INFO] [stdout] 22 | use testutils;
[INFO] [stdout]    |     ^^^^^^^^^ no external crate `testutils`
[INFO] [stdout] 
[INFO] [stdout] 
[INFO] [stdout] error[E0432]: unresolved import `testutils`
[INFO] [stdout]   --> tests/common/mod.rs:22:5
[INFO] [stdout]    |
[INFO] [stdout] 22 | use testutils;
[INFO] [stdout]    |     ^^^^^^^^^ no external crate `testutils`
[INFO] [stdout] 
[INFO] [stdout] 
[INFO] [stdout] error[E0432]: unresolved import `testutils`
[INFO] [stdout]   --> tests/common/mod.rs:22:5
[INFO] [stdout]    |
[INFO] [stdout] 22 | use testutils;
[INFO] [stdout]    |     ^^^^^^^^^ no external crate `testutils`
[INFO] [stdout] 
[INFO] [stdout] 
[INFO] [stdout] error[E0432]: unresolved import `testutils`
[INFO] [stdout]   --> tests/common/mod.rs:22:5
[INFO] [stdout]    |
[INFO] [stdout] 22 | use testutils;
[INFO] [stdout]    |     ^^^^^^^^^ no external crate `testutils`
[INFO] [stdout] 
[INFO] [stdout] 
[INFO] [stdout] error: aborting due to previous error
[INFO] [stdout] 
[INFO] [stdout] 
[INFO] [stdout] For more information about this error, try `rustc --explain E0432`.
[INFO] [stdout] 
[INFO] [stdout] error: aborting due to previous error
[INFO] [stdout] 
[INFO] [stdout] 
[INFO] [stdout] For more information about this error, try `rustc --explain E0432`.
[INFO] [stdout] 
[INFO] [stdout] error: aborting due to previous error
[INFO] [stdout] 
[INFO] [stdout] 
[INFO] [stdout] For more information about this error, try `rustc --explain E0432`.
[INFO] [stdout] 
[INFO] [stderr] error: could not compile `jj-cli` (test "test_status_command") due to 2 previous errors
[INFO] [stderr] warning: build failed, waiting for other jobs to finish...
[INFO] [stdout] error: aborting due to previous error
[INFO] [stdout] 
[INFO] [stdout] 
[INFO] [stdout] For more information about this error, try `rustc --explain E0432`.
[INFO] [stdout] 
[INFO] [stdout] error: aborting due to previous error
[INFO] [stdout] 
[INFO] [stdout] 
[INFO] [stdout] For more information about this error, try `rustc --explain E0432`.
[INFO] [stdout] 
[INFO] [stdout] error: aborting due to previous error
[INFO] [stdout] 
[INFO] [stdout] 
[INFO] [stdout] For more information about this error, try `rustc --explain E0432`.
[INFO] [stdout] 
[INFO] [stdout] error: aborting due to previous error
[INFO] [stdout] 
[INFO] [stdout] 
[INFO] [stdout] For more information about this error, try `rustc --explain E0432`.
[INFO] [stdout] 
[INFO] [stderr] error: could not compile `jj-cli` (test "test_git_submodule") due to 2 previous errors
[INFO] [stderr] error: could not compile `jj-cli` (test "test_next_prev_commands") due to 2 previous errors
[INFO] [stdout] error: aborting due to previous error
[INFO] [stdout] 
[INFO] [stdout] 
[INFO] [stdout] For more information about this error, try `rustc --explain E0432`.
[INFO] [stdout] 
[INFO] [stderr] error: could not compile `jj-cli` (test "test_obslog_command") due to 2 previous errors
[INFO] [stderr] error: could not compile `jj-cli` (test "test_templater") due to 2 previous errors
[INFO] [stderr] error: could not compile `jj-cli` (test "test_untrack_command") due to 2 previous errors
[INFO] [stderr] error: could not compile `jj-cli` (test "test_sparse_command") due to 2 previous errors
[INFO] [stderr] error: could not compile `jj-cli` (test "test_immutable_commits") due to 2 previous errors
[INFO] [stdout] error: aborting due to previous error
[INFO] [stdout] 
[INFO] [stdout] 
[INFO] [stdout] For more information about this error, try `rustc --explain E0432`.
[INFO] [stdout] 
[INFO] [stdout] error: aborting due to previous error
[INFO] [stdout] 
[INFO] [stdout] 
[INFO] [stdout] For more information about this error, try `rustc --explain E0432`.
[INFO] [stdout] 
[INFO] [stdout] error: aborting due to previous error
[INFO] [stdout] 
[INFO] [stdout] 
[INFO] [stdout] For more information about this error, try `rustc --explain E0432`.
[INFO] [stdout] 
[INFO] [stdout] error: aborting due to previous error
[INFO] [stdout] 
[INFO] [stdout] 
[INFO] [stdout] For more information about this error, try `rustc --explain E0432`.
[INFO] [stdout] 
[INFO] [stderr] error: could not compile `jj-cli` (test "test_rebase_command") due to 2 previous errors
[INFO] [stderr] error: could not compile `jj-cli` (test "test_diffedit_command") due to 2 previous errors
[INFO] [stderr] error: could not compile `jj-cli` (test "test_config_command") due to 2 previous errors
[INFO] [stdout] error: aborting due to previous error
[INFO] [stdout] 
[INFO] [stdout] 
[INFO] [stdout] For more information about this error, try `rustc --explain E0432`.
[INFO] [stdout] 
[INFO] [stderr] error: could not compile `jj-cli` (test "test_move_command") due to 2 previous errors
[INFO] [stdout] error: aborting due to previous error
[INFO] [stdout] 
[INFO] [stdout] 
[INFO] [stdout] For more information about this error, try `rustc --explain E0432`.
[INFO] [stdout] 
[INFO] [stderr] error: could not compile `jj-cli` (test "test_git_colocated") due to 2 previous errors
[INFO] [stderr] error: could not compile `jj-cli` (test "test_operations") due to 2 previous errors
[INFO] [stdout] error: linking with `cc` failed: exit status: 1
[INFO] [stdout]   |
[INFO] [stdout]   = note: LC_ALL="C" PATH="/opt/rustwide/rustup-home/toolchains/1.75.0-x86_64-unknown-linux-gnu/lib/rustlib/x86_64-unknown-linux-gnu/bin:/opt/rustwide/cargo-home/bin:/usr/local/sbin:/usr/local/bin:/usr/sbin:/usr/bin:/sbin:/bin" VSLANG="1033" "cc" "-m64" "/tmp/rustcmrxjn2/symbols.o" "/opt/rustwide/target/debug/examples/custom_working_copy-db1eb02f176cba50.custom_working_copy.6cf1734dba8f0c4a-cgu.0.rcgu.o" "/opt/rustwide/target/debug/examples/custom_working_copy-db1eb02f176cba50.2dwwlla3t31blvw.rcgu.o" "-Wl,--as-needed" "-L" "/opt/rustwide/target/debug/deps" "-L" "/opt/rustwide/target/debug/build/libgit2-sys-caeee3aec1a30584/out/build" "-L" "/opt/rustwide/target/debug/build/libssh2-sys-99943dd3f9ad2fe2/out/build" "-L" "/opt/rustwide/target/debug/build/zstd-sys-09381f995ae7a574/out" "-L" "/opt/rustwide/rustup-home/toolchains/1.75.0-x86_64-unknown-linux-gnu/lib/rustlib/x86_64-unknown-linux-gnu/lib" "-Wl,-Bstatic" "/opt/rustwide/target/debug/deps/libjj_cli-b89c985a03f0af03.rlib" "/opt/rustwide/target/debug/deps/librpassword-855944400d288617.rlib" "/opt/rustwide/target/debug/deps/librtoolbox-8923f5493c7870cd.rlib" "/opt/rustwide/target/debug/deps/libtimeago-c95054fc713b8139.rlib" "/opt/rustwide/target/debug/deps/libscm_record-f728f17e3eaeae47.rlib" "/opt/rustwide/target/debug/deps/libtui-9751faa75f6b2113.rlib" "/opt/rustwide/target/debug/deps/libunicode_segmentation-7a669f4e93299c6a.rlib" "/opt/rustwide/target/debug/deps/libcrossterm-0cf1c4a017fca6dd.rlib" "/opt/rustwide/target/debug/deps/libcassowary-ab592a3a0bc59035.rlib" "/opt/rustwide/target/debug/deps/libclap_mangen-21020366861563c5.rlib" "/opt/rustwide/target/debug/deps/libroff-ca18d4467d8b2920.rlib" "/opt/rustwide/target/debug/deps/libclap_complete-2b87253830123108.rlib" "/opt/rustwide/target/debug/deps/libtextwrap-6545cadd659e5066.rlib" "/opt/rustwide/target/debug/deps/libunicode_linebreak-c81817bfce72f5f3.rlib" "/opt/rustwide/target/debug/deps/libsmawk-8ebeab629f8845e9.rlib" "/opt/rustwide/target/debug/deps/libdirs-5c049bea18f167ec.rlib" "/opt/rustwide/target/debug/deps/libdirs_sys-4ec94e411918bcb4.rlib" "/opt/rustwide/target/debug/deps/liboption_ext-717066e46f7d0c41.rlib" "/opt/rustwide/target/debug/deps/librenderdag-20e138df334ffe9b.rlib" "/opt/rustwide/target/debug/deps/libitertools-6cb14deec1f5a3d6.rlib" "/opt/rustwide/target/debug/deps/libcrossterm-f1706858eee5fce4.rlib" "/opt/rustwide/target/debug/deps/libsignal_hook_mio-4be15b1fc615dbcd.rlib" "/opt/rustwide/target/debug/deps/libsignal_hook-f02ecede4cf5c80e.rlib" "/opt/rustwide/target/debug/deps/libunicode_width-a645f17db2f885de.rlib" "/opt/rustwide/target/debug/deps/libtracing_chrome-40ac8aafe4a2f6d8.rlib" "/opt/rustwide/target/debug/deps/libtracing_subscriber-1eed0cb58c751572.rlib" "/opt/rustwide/target/debug/deps/libnu_ansi_term-3e05c43b33054704.rlib" "/opt/rustwide/target/debug/deps/liboverload-ed04f4baf105cbd4.rlib" "/opt/rustwide/target/debug/deps/libsharded_slab-02c3102eff4edbd9.rlib" "/opt/rustwide/target/debug/deps/libmatchers-09eec00427944fa1.rlib" "/opt/rustwide/target/debug/deps/libregex_automata-4c60e2b0ad265c6c.rlib" "/opt/rustwide/target/debug/deps/libregex_syntax-0dc2d12e01b76027.rlib" "/opt/rustwide/target/debug/deps/libthread_local-37974e86c33cb31d.rlib" "/opt/rustwide/target/debug/deps/libtracing_log-6038d2acc42032d0.rlib" "/opt/rustwide/target/debug/deps/libtoml_edit-5e98a3c73d22c7f3.rlib" "/opt/rustwide/target/debug/deps/libserde_spanned-ec519fdb4b7d40ae.rlib" "/opt/rustwide/target/debug/deps/libwinnow-bea9f5ec6ff93ab5.rlib" "/opt/rustwide/target/debug/deps/libtoml_datetime-62d346a8061e1aa1.rlib" "/opt/rustwide/target/debug/deps/libjj_lib-c79b3cb2de89e0bc.rlib" "/opt/rustwide/target/debug/deps/libglob-3226d7be9b3043db.rlib" "/opt/rustwide/target/debug/deps/libwhoami-bad082908af03114.rlib" "/opt/rustwide/target/debug/deps/libzstd-96a94f1aa9fea042.rlib" "/opt/rustwide/target/debug/deps/libzstd_safe-25bcafff3cd101f8.rlib" "/opt/rustwide/target/debug/deps/libzstd_sys-552e9d34953e4fa2.rlib" "/opt/rustwide/target/debug/deps/libconfig-86317af27854d9c5.rlib" "/opt/rustwide/target/debug/deps/libpathdiff-6c08473d05f2998e.rlib" "/opt/rustwide/target/debug/deps/libtoml-10632be06bbc6d22.rlib" "/opt/rustwide/target/debug/deps/libnom-de10636b76d029ce.rlib" "/opt/rustwide/target/debug/deps/liblazy_static-591486ebcb9a7ead.rlib" "/opt/rustwide/target/debug/deps/libhex-05644b5497b79c5b.rlib" "/opt/rustwide/target/debug/deps/libserde_json-481888d63a422415.rlib" "/opt/rustwide/target/debug/deps/libryu-f8e8abf733224b36.rlib" "/opt/rustwide/target/debug/deps/libitoa-05fb7c91ffbc0a79.rlib" "/opt/rustwide/target/debug/deps/librand-66da120260783462.rlib" "/opt/rustwide/target/debug/deps/librand_chacha-8b67a0eb19dc1188.rlib" "/opt/rustwide/target/debug/deps/libppv_lite86-9f808eb911999ef2.rlib" "/opt/rustwide/target/debug/deps/librand_core-0e83ad49b3b3e1d5.rlib" "/opt/rustwide/target/debug/deps/libgetrandom-7b0dce5ca8148ac4.rlib" "/opt/rustwide/target/debug/deps/libchrono-8da4d7971d8cb8bd.rlib" "/opt/rustwide/target/debug/deps/libnum_traits-c9cb8d08fcbd8ea8.rlib" "/opt/rustwide/target/debug/deps/libiana_time_zone-4d940f736806fce6.rlib" "/opt/rustwide/target/debug/deps/libpest-e5adb15386bf15f6.rlib" "/opt/rustwide/target/debug/deps/libucd_trie-6132939a2ce7db4c.rlib" "/opt/rustwide/target/debug/deps/librayon-25395b100df50dd0.rlib" "/opt/rustwide/target/debug/deps/librayon_core-5681fcc877879a3b.rlib" "/opt/rustwide/target/debug/deps/libcrossbeam_deque-3c30e5c2dd729e94.rlib" "/opt/rustwide/target/debug/deps/libcrossbeam_epoch-198626cf7ff8295f.rlib" "/opt/rustwide/target/debug/deps/libmemoffset-77b9fc6eaa51883f.rlib" "/opt/rustwide/target/debug/deps/libcrossbeam_utils-c927984e5b3dbee5.rlib" "/opt/rustwide/target/debug/deps/libregex-12bf73277c05e3ec.rlib" "/opt/rustwide/target/debug/deps/libregex_automata-aa6f67965a9c1dc0.rlib" "/opt/rustwide/target/debug/deps/libaho_corasick-55fa5d0d87606d18.rlib" "/opt/rustwide/target/debug/deps/libregex_syntax-e4dd3c3a3cb10e1d.rlib" "/opt/rustwide/target/debug/deps/libprost-7914c37b61ebaf67.rlib" "/opt/rustwide/target/debug/deps/libwatchman_client-27c131c35f121802.rlib" "/opt/rustwide/target/debug/deps/libtokio_util-2c601fe931355ae7.rlib" "/opt/rustwide/target/debug/deps/libtokio-a7ae0bdde1eba091.rlib" "/opt/rustwide/target/debug/deps/libsignal_hook_registry-01a0d96a3c282908.rlib" "/opt/rustwide/target/debug/deps/libnum_cpus-73d2f04fa192560a.rlib" "/opt/rustwide/target/debug/deps/libsocket2-57e62e3ab7aa7d13.rlib" "/opt/rustwide/target/debug/deps/libmio-61f348bf30318d04.rlib" "/opt/rustwide/target/debug/deps/libparking_lot-b541cc75d1407d1a.rlib" "/opt/rustwide/target/debug/deps/libparking_lot_core-98fcca109a699618.rlib" "/opt/rustwide/target/debug/deps/liblock_api-6d695fe916f3ef34.rlib" "/opt/rustwide/target/debug/deps/libscopeguard-012e5ed929fc2fe6.rlib" "/opt/rustwide/target/debug/deps/libbytes-51398372a9843979.rlib" "/opt/rustwide/target/debug/deps/libserde_bser-7dae8f21f9bfdb63.rlib" "/opt/rustwide/target/debug/deps/libbytes-86fe639a672fe080.rlib" "/opt/rustwide/target/debug/deps/libiovec-13cac9a183c43bba.rlib" "/opt/rustwide/target/debug/deps/libanyhow-477edb6dbb409be2.rlib" "/opt/rustwide/target/debug/deps/libserde-7607d0f7dd929fcc.rlib" "/opt/rustwide/target/debug/deps/libmaplit-3eddd30150f5540e.rlib" "/opt/rustwide/target/debug/deps/libtempfile-e84e43da6f4f6fc8.rlib" "/opt/rustwide/target/debug/deps/libfastrand-d107eca59cf81e96.rlib" "/opt/rustwide/target/debug/deps/libcfg_if-61dc7a6799e72b18.rlib" "/opt/rustwide/target/debug/deps/libsmallvec-741ef914ebb8fdfc.rlib" "/opt/rustwide/target/debug/deps/libbyteorder-e9468b374a0c0c11.rlib" "/opt/rustwide/target/debug/deps/libfutures-45ab71d24c83b449.rlib" "/opt/rustwide/target/debug/deps/libfutures_executor-a89aa6b6fb7535f4.rlib" "/opt/rustwide/target/debug/deps/libfutures_util-0b1e31e4948510c2.rlib" "/opt/rustwide/target/debug/deps/libmemchr-a76ee3fe84a5d757.rlib" "/opt/rustwide/target/debug/deps/libfutures-8d8915a23f05644b.rlib" "/opt/rustwide/target/debug/deps/libfutures_io-7c5aca59eb0c68a4.rlib" "/opt/rustwide/target/debug/deps/libfutures_channel-5093ee0b724ba9f0.rlib" "/opt/rustwide/target/debug/deps/libfutures_sink-ca415c0607e47a6c.rlib" "/opt/rustwide/target/debug/deps/libfutures_task-b197dd02e3eb7463.rlib" "/opt/rustwide/target/debug/deps/libpin_utils-741f7d9d160e4a16.rlib" "/opt/rustwide/target/debug/deps/libfutures_core-17b45303463871aa.rlib" "/opt/rustwide/target/debug/deps/libthiserror-592824f19717737e.rlib" "/opt/rustwide/target/debug/deps/libblake2-4b5e6b268ebdd94e.rlib" "/opt/rustwide/target/debug/deps/libdigest-68278d6a0ee6afac.rlib" "/opt/rustwide/target/debug/deps/libsubtle-32983fc17c133a89.rlib" "/opt/rustwide/target/debug/deps/libblock_buffer-7e9270fb9b7ff635.rlib" "/opt/rustwide/target/debug/deps/libcrypto_common-145014adf1649651.rlib" "/opt/rustwide/target/debug/deps/libgeneric_array-18b3188a0c567140.rlib" "/opt/rustwide/target/debug/deps/libtypenum-da95465dc70d2c95.rlib" "/opt/rustwide/target/debug/deps/libindexmap-c5f7824311064a5b.rlib" "/opt/rustwide/target/debug/deps/libequivalent-daf5c71f5fc642dd.rlib" "/opt/rustwide/target/debug/deps/libhashbrown-4868080fa3833897.rlib" "/opt/rustwide/target/debug/deps/libgit2-1260a4767c8b2fca.rlib" "/opt/rustwide/target/debug/deps/libopenssl_probe-d850575132083d7c.rlib" "/opt/rustwide/target/debug/deps/liburl-bc0661a5141cbab3.rlib" "/opt/rustwide/target/debug/deps/libidna-35e3e2f202e10859.rlib" "/opt/rustwide/target/debug/deps/libunicode_normalization-e04a0b39935fba30.rlib" "/opt/rustwide/target/debug/deps/libtinyvec-cf6c9f6b792a5507.rlib" "/opt/rustwide/target/debug/deps/libtinyvec_macros-b1cb7f53f58c9f87.rlib" "/opt/rustwide/target/debug/deps/libunicode_bidi-020370784786e57d.rlib" "/opt/rustwide/target/debug/deps/libform_urlencoded-a39e5ffbd9c88c0c.rlib" "/opt/rustwide/target/debug/deps/libpercent_encoding-5d42724fd4d173a7.rlib" "/opt/rustwide/target/debug/deps/liblog-e491f2c1d0b13538.rlib" "/opt/rustwide/target/debug/deps/liblibgit2_sys-d7594d6378df81cc.rlib" "/opt/rustwide/target/debug/deps/liblibssh2_sys-c9cccc7fcf9f7d64.rlib" "/opt/rustwide/target/debug/deps/libopenssl_sys-090262e00ea26bd4.rlib" "/opt/rustwide/target/debug/deps/liblibz_sys-49b3cf0d9fe3c4d0.rlib" "/opt/rustwide/target/debug/deps/libbitflags-b7cee2ca4fb438d0.rlib" "/opt/rustwide/target/debug/deps/libclap-396db4ffcefc844e.rlib" "/opt/rustwide/target/debug/deps/libclap_builder-9eacd22f09ac69d1.rlib" "/opt/rustwide/target/debug/deps/libterminal_size-c7fc98e007f1b6ee.rlib" "/opt/rustwide/target/debug/deps/librustix-f8ab118a66e1de3b.rlib" "/opt/rustwide/target/debug/deps/libbitflags-78da337a9db99d1b.rlib" "/opt/rustwide/target/debug/deps/liblinux_raw_sys-07a189b4f0dc2326.rlib" "/opt/rustwide/target/debug/deps/libstrsim-dec2701ee913c7f9.rlib" "/opt/rustwide/target/debug/deps/libanstream-5cdd9e85df45ff5b.rlib" "/opt/rustwide/target/debug/deps/libanstyle_query-9fb873a726e53dec.rlib" "/opt/rustwide/target/debug/deps/libcolorchoice-ebf3275943dd81c6.rlib" "/opt/rustwide/target/debug/deps/libanstyle_parse-b4832556a33e56d7.rlib" "/opt/rustwide/target/debug/deps/libutf8parse-c12dc29a62b15885.rlib" "/opt/rustwide/target/debug/deps/libclap_lex-2b6602b27cbb9708.rlib" "/opt/rustwide/target/debug/deps/libanstyle-a7f69254cd4c6352.rlib" "/opt/rustwide/target/debug/deps/liblibc-02f888d7762819c3.rlib" "/opt/rustwide/target/debug/deps/libtracing-26378cb7e8c9a207.rlib" "/opt/rustwide/target/debug/deps/libpin_project_lite-e0757e0deaa2f8a0.rlib" "/opt/rustwide/target/debug/deps/libtracing_core-15f5428010a2bc83.rlib" "/opt/rustwide/target/debug/deps/libonce_cell-865e1c5018a0303a.rlib" "/opt/rustwide/target/debug/deps/libslab-6eb39baadbe9101c.rlib" "/opt/rustwide/target/debug/deps/libitertools-7d9fd8b7e7b518ae.rlib" "/opt/rustwide/target/debug/deps/libeither-ff4e6ab7d60eb8c1.rlib" "/opt/rustwide/rustup-home/toolchains/1.75.0-x86_64-unknown-linux-gnu/lib/rustlib/x86_64-unknown-linux-gnu/lib/libstd-90f6ddbf82de36ec.rlib" "/opt/rustwide/rustup-home/toolchains/1.75.0-x86_64-unknown-linux-gnu/lib/rustlib/x86_64-unknown-linux-gnu/lib/libpanic_unwind-480c41e9d4e1f677.rlib" "/opt/rustwide/rustup-home/toolchains/1.75.0-x86_64-unknown-linux-gnu/lib/rustlib/x86_64-unknown-linux-gnu/lib/libobject-db744c0ca03eed1d.rlib" "/opt/rustwide/rustup-home/toolchains/1.75.0-x86_64-unknown-linux-gnu/lib/rustlib/x86_64-unknown-linux-gnu/lib/libmemchr-8ba652dc7d4b285a.rlib" "/opt/rustwide/rustup-home/toolchains/1.75.0-x86_64-unknown-linux-gnu/lib/rustlib/x86_64-unknown-linux-gnu/lib/libaddr2line-d5f4520a9ebc0d58.rlib" "/opt/rustwide/rustup-home/toolchains/1.75.0-x86_64-unknown-linux-gnu/lib/rustlib/x86_64-unknown-linux-gnu/lib/libgimli-4ad84de58f0cb463.rlib" "/opt/rustwide/rustup-home/toolchains/1.75.0-x86_64-unknown-linux-gnu/lib/rustlib/x86_64-unknown-linux-gnu/lib/librustc_demangle-0d10aae2e0f38735.rlib" "/opt/rustwide/rustup-home/toolchains/1.75.0-x86_64-unknown-linux-gnu/lib/rustlib/x86_64-unknown-linux-gnu/lib/libstd_detect-0c17cff739e6745b.rlib" "/opt/rustwide/rustup-home/toolchains/1.75.0-x86_64-unknown-linux-gnu/lib/rustlib/x86_64-unknown-linux-gnu/lib/libhashbrown-b29e17139dde1aa8.rlib" "/opt/rustwide/rustup-home/toolchains/1.75.0-x86_64-unknown-linux-gnu/lib/rustlib/x86_64-unknown-linux-gnu/lib/librustc_std_workspace_alloc-1f975299829cc7bd.rlib" "/opt/rustwide/rustup-home/toolchains/1.75.0-x86_64-unknown-linux-gnu/lib/rustlib/x86_64-unknown-linux-gnu/lib/libminiz_oxide-86bae3bc3079f89b.rlib" "/opt/rustwide/rustup-home/toolchains/1.75.0-x86_64-unknown-linux-gnu/lib/rustlib/x86_64-unknown-linux-gnu/lib/libadler-321b82c30dffdf5f.rlib" "/opt/rustwide/rustup-home/toolchains/1.75.0-x86_64-unknown-linux-gnu/lib/rustlib/x86_64-unknown-linux-gnu/lib/libunwind-3dd8a6810a0bdfef.rlib" "/opt/rustwide/rustup-home/toolchains/1.75.0-x86_64-unknown-linux-gnu/lib/rustlib/x86_64-unknown-linux-gnu/lib/libcfg_if-eb39a61c0c879984.rlib" "/opt/rustwide/rustup-home/toolchains/1.75.0-x86_64-unknown-linux-gnu/lib/rustlib/x86_64-unknown-linux-gnu/lib/liblibc-aa769569f91c3548.rlib" "/opt/rustwide/rustup-home/toolchains/1.75.0-x86_64-unknown-linux-gnu/lib/rustlib/x86_64-unknown-linux-gnu/lib/liballoc-510a192a50a983ed.rlib" "/opt/rustwide/rustup-home/toolchains/1.75.0-x86_64-unknown-linux-gnu/lib/rustlib/x86_64-unknown-linux-gnu/lib/librustc_std_workspace_core-0577018320f99037.rlib" "/opt/rustwide/rustup-home/toolchains/1.75.0-x86_64-unknown-linux-gnu/lib/rustlib/x86_64-unknown-linux-gnu/lib/libcore-193cf992125ccd4c.rlib" "/opt/rustwide/rustup-home/toolchains/1.75.0-x86_64-unknown-linux-gnu/lib/rustlib/x86_64-unknown-linux-gnu/lib/libcompiler_builtins-8e138eaf26ebb4a8.rlib" "-Wl,-Bdynamic" "-lssl" "-lcrypto" "-lz" "-lgcc_s" "-lutil" "-lrt" "-lpthread" "-lm" "-ldl" "-lc" "-Wl,--eh-frame-hdr" "-Wl,-z,noexecstack" "-L" "/opt/rustwide/rustup-home/toolchains/1.75.0-x86_64-unknown-linux-gnu/lib/rustlib/x86_64-unknown-linux-gnu/lib" "-o" "/opt/rustwide/target/debug/examples/custom_working_copy-db1eb02f176cba50" "-Wl,--gc-sections" "-pie" "-Wl,-z,relro,-z,now" "-nodefaultlibs"
[INFO] [stdout]   = note: collect2: fatal error: ld terminated with signal 9 [Killed]
[INFO] [stdout]           compilation terminated.
[INFO] [stdout]           
[INFO] [stdout] 
[INFO] [stdout] 
[INFO] [stdout] error: aborting due to previous error
[INFO] [stdout] 
[INFO] [stdout] 
[INFO] [stderr] error: could not compile `jj-cli` (example "custom-working-copy") due to 2 previous errors
[INFO] running `Command { std: "docker" "inspect" "b612057472ce617e07b4dff61e6254df0cff1689eb6fe9947bd57a239f1c088b", kill_on_drop: false }`
[INFO] running `Command { std: "docker" "rm" "-f" "b612057472ce617e07b4dff61e6254df0cff1689eb6fe9947bd57a239f1c088b", kill_on_drop: false }`
[INFO] [stdout] b612057472ce617e07b4dff61e6254df0cff1689eb6fe9947bd57a239f1c088b
