[INFO] fetching crate j-api-derive 0.1.0...
[INFO] testing j-api-derive-0.1.0 against 1.75.0 for beta-1.76-1
[INFO] extracting crate j-api-derive 0.1.0 into /workspace/builds/worker-7-tc1/source
[INFO] validating manifest of crates.io crate j-api-derive 0.1.0 on toolchain 1.75.0
[INFO] running `Command { std: CARGO_HOME="/workspace/cargo-home" RUSTUP_HOME="/workspace/rustup-home" "/workspace/cargo-home/bin/cargo" "+1.75.0" "metadata" "--manifest-path" "Cargo.toml" "--no-deps", kill_on_drop: false }`
[INFO] started tweaking crates.io crate j-api-derive 0.1.0
[INFO] finished tweaking crates.io crate j-api-derive 0.1.0
[INFO] tweaked toml for crates.io crate j-api-derive 0.1.0 written to /workspace/builds/worker-7-tc1/source/Cargo.toml
[INFO] running `Command { std: CARGO_HOME="/workspace/cargo-home" RUSTUP_HOME="/workspace/rustup-home" "/workspace/cargo-home/bin/cargo" "+1.75.0" "generate-lockfile" "--manifest-path" "Cargo.toml", kill_on_drop: false }`
[INFO] [stderr]     Updating crates.io index
[INFO] running `Command { std: CARGO_HOME="/workspace/cargo-home" RUSTUP_HOME="/workspace/rustup-home" "/workspace/cargo-home/bin/cargo" "+1.75.0" "fetch" "--manifest-path" "Cargo.toml", kill_on_drop: false }`
[INFO] running `Command { std: "docker" "create" "-v" "/var/lib/crater-agent-workspace/builds/worker-7-tc1/target:/opt/rustwide/target:rw,Z" "-v" "/var/lib/crater-agent-workspace/builds/worker-7-tc1/source:/opt/rustwide/workdir:ro,Z" "-v" "/var/lib/crater-agent-workspace/cargo-home:/opt/rustwide/cargo-home:ro,Z" "-v" "/var/lib/crater-agent-workspace/rustup-home:/opt/rustwide/rustup-home:ro,Z" "-e" "SOURCE_DIR=/opt/rustwide/workdir" "-e" "CARGO_TARGET_DIR=/opt/rustwide/target" "-e" "CARGO_HOME=/opt/rustwide/cargo-home" "-e" "RUSTUP_HOME=/opt/rustwide/rustup-home" "-w" "/opt/rustwide/workdir" "-m" "1610612736" "--user" "0:0" "--network" "none" "ghcr.io/rust-lang/crates-build-env/linux@sha256:2788e3201cd34a07e3172128adcd8b3090168a8e3bcc40d7c032b9dda1df7d1c" "/opt/rustwide/cargo-home/bin/cargo" "+1.75.0" "metadata" "--no-deps" "--format-version=1", kill_on_drop: false }`
[INFO] [stdout] 9cc8f0c6bfb8b70c32b6082e0a565c66e0e3baaa9893ddd256295ed222f765ff
[INFO] running `Command { std: "docker" "start" "-a" "9cc8f0c6bfb8b70c32b6082e0a565c66e0e3baaa9893ddd256295ed222f765ff", kill_on_drop: false }`
[INFO] running `Command { std: "docker" "inspect" "9cc8f0c6bfb8b70c32b6082e0a565c66e0e3baaa9893ddd256295ed222f765ff", kill_on_drop: false }`
[INFO] running `Command { std: "docker" "rm" "-f" "9cc8f0c6bfb8b70c32b6082e0a565c66e0e3baaa9893ddd256295ed222f765ff", kill_on_drop: false }`
[INFO] [stdout] 9cc8f0c6bfb8b70c32b6082e0a565c66e0e3baaa9893ddd256295ed222f765ff
[INFO] running `Command { std: "docker" "create" "-v" "/var/lib/crater-agent-workspace/builds/worker-7-tc1/target:/opt/rustwide/target:rw,Z" "-v" "/var/lib/crater-agent-workspace/builds/worker-7-tc1/source:/opt/rustwide/workdir:ro,Z" "-v" "/var/lib/crater-agent-workspace/cargo-home:/opt/rustwide/cargo-home:ro,Z" "-v" "/var/lib/crater-agent-workspace/rustup-home:/opt/rustwide/rustup-home:ro,Z" "-e" "SOURCE_DIR=/opt/rustwide/workdir" "-e" "CARGO_TARGET_DIR=/opt/rustwide/target" "-e" "CARGO_INCREMENTAL=0" "-e" "RUST_BACKTRACE=full" "-e" "RUSTFLAGS=--cap-lints=warn" "-e" "RUSTDOCFLAGS=--cap-lints=warn" "-e" "CARGO_HOME=/opt/rustwide/cargo-home" "-e" "RUSTUP_HOME=/opt/rustwide/rustup-home" "-w" "/opt/rustwide/workdir" "-m" "1610612736" "--user" "0:0" "--network" "none" "ghcr.io/rust-lang/crates-build-env/linux@sha256:2788e3201cd34a07e3172128adcd8b3090168a8e3bcc40d7c032b9dda1df7d1c" "/opt/rustwide/cargo-home/bin/cargo" "+1.75.0" "build" "--frozen" "--message-format=json", kill_on_drop: false }`
[INFO] [stdout] f7b97c9511d033e95cf501d3dcbc1d8507e395d82a4ccf0404a61904f6d0c5ef
[INFO] running `Command { std: "docker" "start" "-a" "f7b97c9511d033e95cf501d3dcbc1d8507e395d82a4ccf0404a61904f6d0c5ef", kill_on_drop: false }`
[INFO] [stderr]    Compiling syn v1.0.109
[INFO] [stderr]    Compiling serde v1.0.194
[INFO] [stderr]    Compiling j-api-derive v0.1.0 (/opt/rustwide/workdir)
[INFO] [stdout] error[E0432]: unresolved import `syn::export`
[INFO] [stdout]  --> src/context/mod.rs:6:10
[INFO] [stdout]   |
[INFO] [stdout] 6 | use syn::export::ToTokens;
[INFO] [stdout]   |          ^^^^^^ could not find `export` in `syn`
[INFO] [stdout] 
[INFO] [stdout] 
[INFO] [stdout] error[E0599]: no method named `to_token_stream` found for reference `&DeriveInput` in the current scope
[INFO] [stdout]    --> src/context/mod.rs:133:25
[INFO] [stdout]     |
[INFO] [stdout] 133 |                     ast.to_token_stream(),
[INFO] [stdout]     |                         ^^^^^^^^^^^^^^^ method not found in `&DeriveInput`
[INFO] [stdout]     |
[INFO] [stdout]     = help: items from traits can only be used if the trait is in scope
[INFO] [stdout] help: the following trait is implemented but not in scope; perhaps add a `use` for it:
[INFO] [stdout]     |
[INFO] [stdout] 1   + use quote::ToTokens;
[INFO] [stdout]     |
[INFO] [stdout] 
[INFO] [stdout] 
[INFO] [stdout] error[E0599]: no method named `to_token_stream` found for reference `&syn::Field` in the current scope
[INFO] [stdout]    --> src/context/mod.rs:158:47
[INFO] [stdout]     |
[INFO] [stdout] 158 | ...                   field.to_token_stream(),
[INFO] [stdout]     |                             ^^^^^^^^^^^^^^^ method not found in `&Field`
[INFO] [stdout]     |
[INFO] [stdout]     = help: items from traits can only be used if the trait is in scope
[INFO] [stdout] help: the following trait is implemented but not in scope; perhaps add a `use` for it:
[INFO] [stdout]     |
[INFO] [stdout] 1   + use quote::ToTokens;
[INFO] [stdout]     |
[INFO] [stdout] 
[INFO] [stdout] 
[INFO] [stdout] error: aborting due to 3 previous errors
[INFO] [stdout] 
[INFO] [stdout] 
[INFO] [stdout] Some errors have detailed explanations: E0432, E0599.
[INFO] [stdout] 
[INFO] [stdout] For more information about an error, try `rustc --explain E0432`.
[INFO] [stdout] 
[INFO] [stderr] error: could not compile `j-api-derive` (lib) due to 4 previous errors
[INFO] running `Command { std: "docker" "inspect" "f7b97c9511d033e95cf501d3dcbc1d8507e395d82a4ccf0404a61904f6d0c5ef", kill_on_drop: false }`
[INFO] running `Command { std: "docker" "rm" "-f" "f7b97c9511d033e95cf501d3dcbc1d8507e395d82a4ccf0404a61904f6d0c5ef", kill_on_drop: false }`
[INFO] [stdout] f7b97c9511d033e95cf501d3dcbc1d8507e395d82a4ccf0404a61904f6d0c5ef
[INFO] testing j-api-derive-0.1.0 against beta-2023-12-22 for beta-1.76-1
[INFO] extracting crate j-api-derive 0.1.0 into /workspace/builds/worker-7-tc2/source
[INFO] validating manifest of crates.io crate j-api-derive 0.1.0 on toolchain beta-2023-12-22
[INFO] running `Command { std: CARGO_HOME="/workspace/cargo-home" RUSTUP_HOME="/workspace/rustup-home" "/workspace/cargo-home/bin/cargo" "+beta-2023-12-22" "metadata" "--manifest-path" "Cargo.toml" "--no-deps", kill_on_drop: false }`
[INFO] started tweaking crates.io crate j-api-derive 0.1.0
[INFO] finished tweaking crates.io crate j-api-derive 0.1.0
[INFO] tweaked toml for crates.io crate j-api-derive 0.1.0 written to /workspace/builds/worker-7-tc2/source/Cargo.toml
[INFO] running `Command { std: CARGO_HOME="/workspace/cargo-home" RUSTUP_HOME="/workspace/rustup-home" "/workspace/cargo-home/bin/cargo" "+beta-2023-12-22" "generate-lockfile" "--manifest-path" "Cargo.toml", kill_on_drop: false }`
[INFO] [stderr]     Updating crates.io index
[INFO] running `Command { std: CARGO_HOME="/workspace/cargo-home" RUSTUP_HOME="/workspace/rustup-home" "/workspace/cargo-home/bin/cargo" "+beta-2023-12-22" "fetch" "--manifest-path" "Cargo.toml", kill_on_drop: false }`
[INFO] running `Command { std: "docker" "create" "-v" "/var/lib/crater-agent-workspace/builds/worker-7-tc2/target:/opt/rustwide/target:rw,Z" "-v" "/var/lib/crater-agent-workspace/builds/worker-7-tc2/source:/opt/rustwide/workdir:ro,Z" "-v" "/var/lib/crater-agent-workspace/cargo-home:/opt/rustwide/cargo-home:ro,Z" "-v" "/var/lib/crater-agent-workspace/rustup-home:/opt/rustwide/rustup-home:ro,Z" "-e" "SOURCE_DIR=/opt/rustwide/workdir" "-e" "CARGO_TARGET_DIR=/opt/rustwide/target" "-e" "CARGO_HOME=/opt/rustwide/cargo-home" "-e" "RUSTUP_HOME=/opt/rustwide/rustup-home" "-w" "/opt/rustwide/workdir" "-m" "1610612736" "--user" "0:0" "--network" "none" "ghcr.io/rust-lang/crates-build-env/linux@sha256:2788e3201cd34a07e3172128adcd8b3090168a8e3bcc40d7c032b9dda1df7d1c" "/opt/rustwide/cargo-home/bin/cargo" "+beta-2023-12-22" "metadata" "--no-deps" "--format-version=1", kill_on_drop: false }`
[INFO] [stdout] de235e369f370b037ed40ebc0f82105cc07a2cd8378adeb6ecab076f3e9dd45f
[INFO] running `Command { std: "docker" "start" "-a" "de235e369f370b037ed40ebc0f82105cc07a2cd8378adeb6ecab076f3e9dd45f", kill_on_drop: false }`
[INFO] running `Command { std: "docker" "inspect" "de235e369f370b037ed40ebc0f82105cc07a2cd8378adeb6ecab076f3e9dd45f", kill_on_drop: false }`
[INFO] running `Command { std: "docker" "rm" "-f" "de235e369f370b037ed40ebc0f82105cc07a2cd8378adeb6ecab076f3e9dd45f", kill_on_drop: false }`
[INFO] [stdout] de235e369f370b037ed40ebc0f82105cc07a2cd8378adeb6ecab076f3e9dd45f
[INFO] running `Command { std: "docker" "create" "-v" "/var/lib/crater-agent-workspace/builds/worker-7-tc2/target:/opt/rustwide/target:rw,Z" "-v" "/var/lib/crater-agent-workspace/builds/worker-7-tc2/source:/opt/rustwide/workdir:ro,Z" "-v" "/var/lib/crater-agent-workspace/cargo-home:/opt/rustwide/cargo-home:ro,Z" "-v" "/var/lib/crater-agent-workspace/rustup-home:/opt/rustwide/rustup-home:ro,Z" "-e" "SOURCE_DIR=/opt/rustwide/workdir" "-e" "CARGO_TARGET_DIR=/opt/rustwide/target" "-e" "CARGO_INCREMENTAL=0" "-e" "RUST_BACKTRACE=full" "-e" "RUSTFLAGS=--cap-lints=warn" "-e" "RUSTDOCFLAGS=--cap-lints=warn" "-e" "CARGO_HOME=/opt/rustwide/cargo-home" "-e" "RUSTUP_HOME=/opt/rustwide/rustup-home" "-w" "/opt/rustwide/workdir" "-m" "1610612736" "--user" "0:0" "--network" "none" "ghcr.io/rust-lang/crates-build-env/linux@sha256:2788e3201cd34a07e3172128adcd8b3090168a8e3bcc40d7c032b9dda1df7d1c" "/opt/rustwide/cargo-home/bin/cargo" "+beta-2023-12-22" "build" "--frozen" "--message-format=json", kill_on_drop: false }`
[INFO] [stdout] fdb8c5a5ed127171ecac2028f3b03b78662f095762dbc8015ae0f0d0c51c9482
[INFO] running `Command { std: "docker" "start" "-a" "fdb8c5a5ed127171ecac2028f3b03b78662f095762dbc8015ae0f0d0c51c9482", kill_on_drop: false }`
[INFO] [stderr]    Compiling syn v1.0.109
[INFO] [stderr]    Compiling serde v1.0.194
[INFO] [stderr]    Compiling j-api-derive v0.1.0 (/opt/rustwide/workdir)
[INFO] [stdout] error[E0432]: unresolved import `syn::export`
[INFO] [stdout]  --> src/context/mod.rs:6:10
[INFO] [stdout]   |
[INFO] [stdout] 6 | use syn::export::ToTokens;
[INFO] [stdout]   |          ^^^^^^ could not find `export` in `syn`
[INFO] [stdout] 
[INFO] [stdout] 
[INFO] [stdout] error[E0599]: no method named `to_token_stream` found for reference `&DeriveInput` in the current scope
[INFO] [stdout]    --> src/context/mod.rs:133:25
[INFO] [stdout]     |
[INFO] [stdout] 133 |                     ast.to_token_stream(),
[INFO] [stdout]     |                         ^^^^^^^^^^^^^^^ method not found in `&DeriveInput`
[INFO] [stdout]     |
[INFO] [stdout]     = help: items from traits can only be used if the trait is in scope
[INFO] [stdout] help: the following trait is implemented but not in scope; perhaps add a `use` for it:
[INFO] [stdout]     |
[INFO] [stdout] 1   + use quote::ToTokens;
[INFO] [stdout]     |
[INFO] [stdout] 
[INFO] [stdout] 
[INFO] [stdout] error[E0599]: no method named `to_token_stream` found for reference `&syn::Field` in the current scope
[INFO] [stdout]    --> src/context/mod.rs:158:47
[INFO] [stdout]     |
[INFO] [stdout] 158 | ...                   field.to_token_stream(),
[INFO] [stdout]     |                             ^^^^^^^^^^^^^^^ method not found in `&Field`
[INFO] [stdout]     |
[INFO] [stdout]     = help: items from traits can only be used if the trait is in scope
[INFO] [stdout] help: the following trait is implemented but not in scope; perhaps add a `use` for it:
[INFO] [stdout]     |
[INFO] [stdout] 1   + use quote::ToTokens;
[INFO] [stdout]     |
[INFO] [stdout] 
[INFO] [stdout] 
[INFO] [stdout] error: aborting due to 3 previous errors
[INFO] [stdout] 
[INFO] [stdout] 
[INFO] [stdout] Some errors have detailed explanations: E0432, E0599.
[INFO] [stdout] 
[INFO] [stdout] For more information about an error, try `rustc --explain E0432`.
[INFO] [stdout] 
[INFO] [stderr] error: could not compile `j-api-derive` (lib) due to 4 previous errors
[INFO] running `Command { std: "docker" "inspect" "fdb8c5a5ed127171ecac2028f3b03b78662f095762dbc8015ae0f0d0c51c9482", kill_on_drop: false }`
[INFO] running `Command { std: "docker" "rm" "-f" "fdb8c5a5ed127171ecac2028f3b03b78662f095762dbc8015ae0f0d0c51c9482", kill_on_drop: false }`
[INFO] [stdout] fdb8c5a5ed127171ecac2028f3b03b78662f095762dbc8015ae0f0d0c51c9482
