[INFO] fetching crate ivy-input 0.10.3...
[INFO] testing ivy-input-0.10.3 against 1.75.0 for beta-1.76-1
[INFO] extracting crate ivy-input 0.10.3 into /workspace/builds/worker-5-tc1/source
[INFO] validating manifest of crates.io crate ivy-input 0.10.3 on toolchain 1.75.0
[INFO] running `Command { std: CARGO_HOME="/workspace/cargo-home" RUSTUP_HOME="/workspace/rustup-home" "/workspace/cargo-home/bin/cargo" "+1.75.0" "metadata" "--manifest-path" "Cargo.toml" "--no-deps", kill_on_drop: false }`
[INFO] started tweaking crates.io crate ivy-input 0.10.3
[INFO] finished tweaking crates.io crate ivy-input 0.10.3
[INFO] tweaked toml for crates.io crate ivy-input 0.10.3 written to /workspace/builds/worker-5-tc1/source/Cargo.toml
[INFO] running `Command { std: CARGO_HOME="/workspace/cargo-home" RUSTUP_HOME="/workspace/rustup-home" "/workspace/cargo-home/bin/cargo" "+1.75.0" "generate-lockfile" "--manifest-path" "Cargo.toml", kill_on_drop: false }`
[INFO] [stderr]     Updating crates.io index
[INFO] running `Command { std: CARGO_HOME="/workspace/cargo-home" RUSTUP_HOME="/workspace/rustup-home" "/workspace/cargo-home/bin/cargo" "+1.75.0" "fetch" "--manifest-path" "Cargo.toml", kill_on_drop: false }`
[INFO] [stderr]  Downloading crates ...
[INFO] [stderr]   Downloaded derive-for v1.2.2
[INFO] [stderr]   Downloaded ivy-image v0.10.0
[INFO] [stderr]   Downloaded ivy-base v0.10.3
[INFO] [stderr]   Downloaded records v0.1.1
[INFO] [stderr]   Downloaded ivy-random v0.10.3
[INFO] [stderr]   Downloaded hecs-macros v0.8.2
[INFO] [stderr]   Downloaded gpu-allocator v0.15.1
[INFO] [stderr]   Downloaded hecs-schedule v0.5.1
[INFO] [stderr]   Downloaded ivy-resources v0.10.3
[INFO] [stderr]   Downloaded palette_derive v0.6.1
[INFO] [stderr]   Downloaded hecs v0.7.7
[INFO] [stderr]   Downloaded glfw v0.43.0
[INFO] [stderr]   Downloaded palette v0.6.1
[INFO] [stderr]   Downloaded vk-sys v0.4.0
[INFO] [stderr]   Downloaded ivy-window v0.10.3
[INFO] [stderr]   Downloaded ivy-vulkan v0.10.3
[INFO] [stderr]   Downloaded ash v0.35.2+1.2.203
[INFO] running `Command { std: "docker" "create" "-v" "/var/lib/crater-agent-workspace/builds/worker-5-tc1/target:/opt/rustwide/target:rw,Z" "-v" "/var/lib/crater-agent-workspace/builds/worker-5-tc1/source:/opt/rustwide/workdir:ro,Z" "-v" "/var/lib/crater-agent-workspace/cargo-home:/opt/rustwide/cargo-home:ro,Z" "-v" "/var/lib/crater-agent-workspace/rustup-home:/opt/rustwide/rustup-home:ro,Z" "-e" "SOURCE_DIR=/opt/rustwide/workdir" "-e" "CARGO_TARGET_DIR=/opt/rustwide/target" "-e" "CARGO_HOME=/opt/rustwide/cargo-home" "-e" "RUSTUP_HOME=/opt/rustwide/rustup-home" "-w" "/opt/rustwide/workdir" "-m" "1610612736" "--user" "0:0" "--network" "none" "ghcr.io/rust-lang/crates-build-env/linux@sha256:2788e3201cd34a07e3172128adcd8b3090168a8e3bcc40d7c032b9dda1df7d1c" "/opt/rustwide/cargo-home/bin/cargo" "+1.75.0" "metadata" "--no-deps" "--format-version=1", kill_on_drop: false }`
[INFO] [stdout] aee05a66380d7d95c858282c9643ef327934a04eeeb24b6405c000d77ef0957b
[INFO] running `Command { std: "docker" "start" "-a" "aee05a66380d7d95c858282c9643ef327934a04eeeb24b6405c000d77ef0957b", kill_on_drop: false }`
[INFO] running `Command { std: "docker" "inspect" "aee05a66380d7d95c858282c9643ef327934a04eeeb24b6405c000d77ef0957b", kill_on_drop: false }`
[INFO] running `Command { std: "docker" "rm" "-f" "aee05a66380d7d95c858282c9643ef327934a04eeeb24b6405c000d77ef0957b", kill_on_drop: false }`
[INFO] [stdout] aee05a66380d7d95c858282c9643ef327934a04eeeb24b6405c000d77ef0957b
[INFO] running `Command { std: "docker" "create" "-v" "/var/lib/crater-agent-workspace/builds/worker-5-tc1/target:/opt/rustwide/target:rw,Z" "-v" "/var/lib/crater-agent-workspace/builds/worker-5-tc1/source:/opt/rustwide/workdir:ro,Z" "-v" "/var/lib/crater-agent-workspace/cargo-home:/opt/rustwide/cargo-home:ro,Z" "-v" "/var/lib/crater-agent-workspace/rustup-home:/opt/rustwide/rustup-home:ro,Z" "-e" "SOURCE_DIR=/opt/rustwide/workdir" "-e" "CARGO_TARGET_DIR=/opt/rustwide/target" "-e" "CARGO_INCREMENTAL=0" "-e" "RUST_BACKTRACE=full" "-e" "RUSTFLAGS=--cap-lints=warn" "-e" "RUSTDOCFLAGS=--cap-lints=warn" "-e" "CARGO_HOME=/opt/rustwide/cargo-home" "-e" "RUSTUP_HOME=/opt/rustwide/rustup-home" "-w" "/opt/rustwide/workdir" "-m" "1610612736" "--user" "0:0" "--network" "none" "ghcr.io/rust-lang/crates-build-env/linux@sha256:2788e3201cd34a07e3172128adcd8b3090168a8e3bcc40d7c032b9dda1df7d1c" "/opt/rustwide/cargo-home/bin/cargo" "+1.75.0" "build" "--frozen" "--message-format=json", kill_on_drop: false }`
[INFO] [stdout] 5e9b09f2bee21e14215ca27d5e1a878e9a781db4f4334081356949a5f9be0a0d
[INFO] running `Command { std: "docker" "start" "-a" "5e9b09f2bee21e14215ca27d5e1a878e9a781db4f4334081356949a5f9be0a0d", kill_on_drop: false }`
[INFO] [stderr]    Compiling libc v0.2.151
[INFO] [stderr]    Compiling cfg-if v1.0.0
[INFO] [stderr]    Compiling autocfg v1.1.0
[INFO] [stderr]    Compiling version_check v0.9.4
[INFO] [stderr]    Compiling syn v1.0.109
[INFO] [stderr]    Compiling crossbeam-utils v0.8.18
[INFO] [stderr]    Compiling ppv-lite86 v0.2.17
[INFO] [stderr]    Compiling serde v1.0.194
[INFO] [stderr]    Compiling scopeguard v1.2.0
[INFO] [stderr]    Compiling thiserror v1.0.56
[INFO] [stderr]    Compiling once_cell v1.19.0
[INFO] [stderr]    Compiling rayon-core v1.12.0
[INFO] [stderr]    Compiling smallvec v1.11.2
[INFO] [stderr]    Compiling phf_shared v0.11.2
[INFO] [stderr]    Compiling parking_lot_core v0.8.6
[INFO] [stderr]    Compiling syn v2.0.48
[INFO] [stderr]    Compiling spin v0.5.2
[INFO] [stderr]    Compiling instant v0.1.12
[INFO] [stderr]    Compiling lazy_static v1.4.0
[INFO] [stderr]    Compiling either v1.9.0
[INFO] [stderr]    Compiling convert_case v0.4.0
[INFO] [stderr]    Compiling atomic_refcell v0.1.13
[INFO] [stderr]    Compiling palette v0.6.1
[INFO] [stderr]    Compiling memchr v2.7.1
[INFO] [stderr]    Compiling ash v0.35.2+1.2.203
[INFO] [stderr]    Compiling adler v1.0.2
[INFO] [stderr]    Compiling gimli v0.28.1
[INFO] [stderr]    Compiling libloading v0.7.4
[INFO] [stderr]    Compiling lock_api v0.4.11
[INFO] [stderr]    Compiling ahash v0.7.7
[INFO] [stderr]    Compiling num-traits v0.2.17
[INFO] [stderr]    Compiling slotmap v1.0.7
[INFO] [stderr]    Compiling miniz_oxide v0.7.1
[INFO] [stderr]    Compiling rustc-demangle v0.1.23
[INFO] [stderr]    Compiling futures-sink v0.3.30
[INFO] [stderr]    Compiling futures-core v0.3.30
[INFO] [stderr]    Compiling cty v0.2.2
[INFO] [stderr]    Compiling glam v0.20.5
[INFO] [stderr]    Compiling log v0.4.20
[INFO] [stderr]    Compiling raw-window-handle v0.4.3
[INFO] [stderr]    Compiling object v0.32.2
[INFO] [stderr]    Compiling crossbeam-epoch v0.9.17
[INFO] [stderr]    Compiling spin v0.9.8
[INFO] [stderr]    Compiling derive-for v1.2.2
[INFO] [stderr]    Compiling downcast-rs v1.2.0
[INFO] [stderr]    Compiling vk-sys v0.4.0
[INFO] [stderr]    Compiling getrandom v0.2.11
[INFO] [stderr]    Compiling cc v1.0.83
[INFO] [stderr]    Compiling crossbeam-deque v0.8.4
[INFO] [stderr]    Compiling rand_core v0.6.4
[INFO] [stderr]    Compiling nanorand v0.7.0
[INFO] [stderr]    Compiling rand_chacha v0.3.1
[INFO] [stderr]    Compiling hashbrown v0.12.3
[INFO] [stderr]    Compiling parking_lot v0.11.2
[INFO] [stderr]    Compiling rand v0.8.5
[INFO] [stderr]    Compiling cmake v0.1.50
[INFO] [stderr]    Compiling rayon v1.8.0
[INFO] [stderr]    Compiling approx v0.5.1
[INFO] [stderr]    Compiling spirv_headers v1.5.0
[INFO] [stderr]    Compiling backtrace v0.3.69
[INFO] [stderr]    Compiling glfw-sys v3.3.5
[INFO] [stderr]    Compiling ivy-image v0.10.0
[INFO] [stderr]    Compiling spirv-reflect v0.2.3
[INFO] [stderr]    Compiling phf_generator v0.11.2
[INFO] [stderr]    Compiling addr2line v0.21.0
[INFO] [stderr]    Compiling ivy-random v0.10.3
[INFO] [stderr]    Compiling toml v0.5.11
[INFO] [stderr]    Compiling thiserror-impl v1.0.56
[INFO] [stderr]    Compiling pin-project-internal v1.1.3
[INFO] [stderr]    Compiling phf_macros v0.11.2
[INFO] [stderr]    Compiling serde_derive v1.0.194
[INFO] [stderr]    Compiling find-crate v0.6.3
[INFO] [stderr]    Compiling hecs-macros v0.8.2
[INFO] [stderr]    Compiling phf v0.11.2
[INFO] [stderr]    Compiling derive_more v0.99.17
[INFO] [stderr]    Compiling records v0.1.1
[INFO] [stderr]    Compiling palette_derive v0.6.1
[INFO] [stderr]    Compiling glfw v0.43.0
[INFO] [stderr]    Compiling pin-project v1.1.3
[INFO] [stderr]    Compiling flume v0.10.14
[INFO] [stderr]    Compiling hecs v0.7.7
[INFO] [stderr]    Compiling hecs-schedule v0.5.1
[INFO] [stdout] error[E0599]: the method `par_bridge` exists for struct `BatchedIter<'_, Q>`, but its trait bounds were not satisfied
[INFO] [stdout]    --> /opt/rustwide/cargo-home/registry/src/index.crates.io-6f17d22bba15001f/hecs-schedule-0.5.1/src/traits.rs:55:14
[INFO] [stdout]     |
[INFO] [stdout] 54  | /         self.iter_batched(batch_size)
[INFO] [stdout] 55  | |             .par_bridge()
[INFO] [stdout]     | |             -^^^^^^^^^^ method cannot be called on `BatchedIter<'_, Q>` due to unsatisfied trait bounds
[INFO] [stdout]     | |_____________|
[INFO] [stdout]     | 
[INFO] [stdout]     |
[INFO] [stdout]    ::: /opt/rustwide/cargo-home/registry/src/index.crates.io-6f17d22bba15001f/hecs-0.7.7/src/query.rs:887:1
[INFO] [stdout]     |
[INFO] [stdout] 887 |   pub struct BatchedIter<'q, Q: Query> {
[INFO] [stdout]     |   ------------------------------------
[INFO] [stdout]     |   |
[INFO] [stdout]     |   doesn't satisfy `BatchedIter<'_, Q>: ParallelBridge`
[INFO] [stdout]     |   doesn't satisfy `BatchedIter<'_, Q>: Send`
[INFO] [stdout] ...
[INFO] [stdout] 957 |   pub struct Batch<'q, Q: Query> {
[INFO] [stdout]     |   ------------------------------ doesn't satisfy `hecs::Batch<'_, Q>: Send`
[INFO] [stdout]     |
[INFO] [stdout]     = note: the following trait bounds were not satisfied:
[INFO] [stdout]             `BatchedIter<'_, Q>: Send`
[INFO] [stdout]             which is required by `BatchedIter<'_, Q>: ParallelBridge`
[INFO] [stdout]             `hecs::Batch<'_, Q>: Send`
[INFO] [stdout]             which is required by `BatchedIter<'_, Q>: ParallelBridge`
[INFO] [stdout]             `&BatchedIter<'_, Q>: Iterator`
[INFO] [stdout]             which is required by `&BatchedIter<'_, Q>: ParallelBridge`
[INFO] [stdout]             `&BatchedIter<'_, Q>: Send`
[INFO] [stdout]             which is required by `&BatchedIter<'_, Q>: ParallelBridge`
[INFO] [stdout]             `&mut BatchedIter<'_, Q>: Send`
[INFO] [stdout]             which is required by `&mut BatchedIter<'_, Q>: ParallelBridge`
[INFO] [stdout]             `hecs::Batch<'_, Q>: Send`
[INFO] [stdout]             which is required by `&mut BatchedIter<'_, Q>: ParallelBridge`
[INFO] [stdout] 
[INFO] [stdout] 
[INFO] [stdout] error[E0599]: the method `par_bridge` exists for struct `BatchedIter<'_, Q>`, but its trait bounds were not satisfied
[INFO] [stdout]    --> /opt/rustwide/cargo-home/registry/src/index.crates.io-6f17d22bba15001f/hecs-schedule-0.5.1/src/traits.rs:65:14
[INFO] [stdout]     |
[INFO] [stdout] 64  | /         self.iter_batched(batch_size)
[INFO] [stdout] 65  | |             .par_bridge()
[INFO] [stdout]     | |             -^^^^^^^^^^ method cannot be called on `BatchedIter<'_, Q>` due to unsatisfied trait bounds
[INFO] [stdout]     | |_____________|
[INFO] [stdout]     | 
[INFO] [stdout]     |
[INFO] [stdout]    ::: /opt/rustwide/cargo-home/registry/src/index.crates.io-6f17d22bba15001f/hecs-0.7.7/src/query.rs:887:1
[INFO] [stdout]     |
[INFO] [stdout] 887 |   pub struct BatchedIter<'q, Q: Query> {
[INFO] [stdout]     |   ------------------------------------
[INFO] [stdout]     |   |
[INFO] [stdout]     |   doesn't satisfy `BatchedIter<'_, Q>: ParallelBridge`
[INFO] [stdout]     |   doesn't satisfy `BatchedIter<'_, Q>: Send`
[INFO] [stdout] ...
[INFO] [stdout] 957 |   pub struct Batch<'q, Q: Query> {
[INFO] [stdout]     |   ------------------------------ doesn't satisfy `hecs::Batch<'_, Q>: Send`
[INFO] [stdout]     |
[INFO] [stdout]     = note: the following trait bounds were not satisfied:
[INFO] [stdout]             `BatchedIter<'_, Q>: Send`
[INFO] [stdout]             which is required by `BatchedIter<'_, Q>: ParallelBridge`
[INFO] [stdout]             `hecs::Batch<'_, Q>: Send`
[INFO] [stdout]             which is required by `BatchedIter<'_, Q>: ParallelBridge`
[INFO] [stdout]             `&BatchedIter<'_, Q>: Iterator`
[INFO] [stdout]             which is required by `&BatchedIter<'_, Q>: ParallelBridge`
[INFO] [stdout]             `&BatchedIter<'_, Q>: Send`
[INFO] [stdout]             which is required by `&BatchedIter<'_, Q>: ParallelBridge`
[INFO] [stdout]             `&mut BatchedIter<'_, Q>: Send`
[INFO] [stdout]             which is required by `&mut BatchedIter<'_, Q>: ParallelBridge`
[INFO] [stdout]             `hecs::Batch<'_, Q>: Send`
[INFO] [stdout]             which is required by `&mut BatchedIter<'_, Q>: ParallelBridge`
[INFO] [stdout] 
[INFO] [stdout] 
[INFO] [stdout] error: aborting due to 2 previous errors
[INFO] [stdout] 
[INFO] [stdout] 
[INFO] [stdout] For more information about this error, try `rustc --explain E0599`.
[INFO] [stdout] 
[INFO] [stderr] error: could not compile `hecs-schedule` (lib) due to 3 previous errors
[INFO] [stderr] warning: build failed, waiting for other jobs to finish...
[INFO] running `Command { std: "docker" "inspect" "5e9b09f2bee21e14215ca27d5e1a878e9a781db4f4334081356949a5f9be0a0d", kill_on_drop: false }`
[INFO] running `Command { std: "docker" "rm" "-f" "5e9b09f2bee21e14215ca27d5e1a878e9a781db4f4334081356949a5f9be0a0d", kill_on_drop: false }`
[INFO] [stdout] 5e9b09f2bee21e14215ca27d5e1a878e9a781db4f4334081356949a5f9be0a0d
[INFO] testing ivy-input-0.10.3 against beta-2023-12-22 for beta-1.76-1
[INFO] extracting crate ivy-input 0.10.3 into /workspace/builds/worker-5-tc2/source
[INFO] validating manifest of crates.io crate ivy-input 0.10.3 on toolchain beta-2023-12-22
[INFO] running `Command { std: CARGO_HOME="/workspace/cargo-home" RUSTUP_HOME="/workspace/rustup-home" "/workspace/cargo-home/bin/cargo" "+beta-2023-12-22" "metadata" "--manifest-path" "Cargo.toml" "--no-deps", kill_on_drop: false }`
[INFO] started tweaking crates.io crate ivy-input 0.10.3
[INFO] finished tweaking crates.io crate ivy-input 0.10.3
[INFO] tweaked toml for crates.io crate ivy-input 0.10.3 written to /workspace/builds/worker-5-tc2/source/Cargo.toml
[INFO] running `Command { std: CARGO_HOME="/workspace/cargo-home" RUSTUP_HOME="/workspace/rustup-home" "/workspace/cargo-home/bin/cargo" "+beta-2023-12-22" "generate-lockfile" "--manifest-path" "Cargo.toml", kill_on_drop: false }`
[INFO] [stderr]     Updating crates.io index
[INFO] running `Command { std: CARGO_HOME="/workspace/cargo-home" RUSTUP_HOME="/workspace/rustup-home" "/workspace/cargo-home/bin/cargo" "+beta-2023-12-22" "fetch" "--manifest-path" "Cargo.toml", kill_on_drop: false }`
[INFO] running `Command { std: "docker" "create" "-v" "/var/lib/crater-agent-workspace/builds/worker-5-tc2/target:/opt/rustwide/target:rw,Z" "-v" "/var/lib/crater-agent-workspace/builds/worker-5-tc2/source:/opt/rustwide/workdir:ro,Z" "-v" "/var/lib/crater-agent-workspace/cargo-home:/opt/rustwide/cargo-home:ro,Z" "-v" "/var/lib/crater-agent-workspace/rustup-home:/opt/rustwide/rustup-home:ro,Z" "-e" "SOURCE_DIR=/opt/rustwide/workdir" "-e" "CARGO_TARGET_DIR=/opt/rustwide/target" "-e" "CARGO_HOME=/opt/rustwide/cargo-home" "-e" "RUSTUP_HOME=/opt/rustwide/rustup-home" "-w" "/opt/rustwide/workdir" "-m" "1610612736" "--user" "0:0" "--network" "none" "ghcr.io/rust-lang/crates-build-env/linux@sha256:2788e3201cd34a07e3172128adcd8b3090168a8e3bcc40d7c032b9dda1df7d1c" "/opt/rustwide/cargo-home/bin/cargo" "+beta-2023-12-22" "metadata" "--no-deps" "--format-version=1", kill_on_drop: false }`
[INFO] [stdout] f9e2e64ee799a1fe487d979529b3c2212338606dd01f7a479433b416d8fbb762
[INFO] running `Command { std: "docker" "start" "-a" "f9e2e64ee799a1fe487d979529b3c2212338606dd01f7a479433b416d8fbb762", kill_on_drop: false }`
[INFO] running `Command { std: "docker" "inspect" "f9e2e64ee799a1fe487d979529b3c2212338606dd01f7a479433b416d8fbb762", kill_on_drop: false }`
[INFO] running `Command { std: "docker" "rm" "-f" "f9e2e64ee799a1fe487d979529b3c2212338606dd01f7a479433b416d8fbb762", kill_on_drop: false }`
[INFO] [stdout] f9e2e64ee799a1fe487d979529b3c2212338606dd01f7a479433b416d8fbb762
[INFO] running `Command { std: "docker" "create" "-v" "/var/lib/crater-agent-workspace/builds/worker-5-tc2/target:/opt/rustwide/target:rw,Z" "-v" "/var/lib/crater-agent-workspace/builds/worker-5-tc2/source:/opt/rustwide/workdir:ro,Z" "-v" "/var/lib/crater-agent-workspace/cargo-home:/opt/rustwide/cargo-home:ro,Z" "-v" "/var/lib/crater-agent-workspace/rustup-home:/opt/rustwide/rustup-home:ro,Z" "-e" "SOURCE_DIR=/opt/rustwide/workdir" "-e" "CARGO_TARGET_DIR=/opt/rustwide/target" "-e" "CARGO_INCREMENTAL=0" "-e" "RUST_BACKTRACE=full" "-e" "RUSTFLAGS=--cap-lints=warn" "-e" "RUSTDOCFLAGS=--cap-lints=warn" "-e" "CARGO_HOME=/opt/rustwide/cargo-home" "-e" "RUSTUP_HOME=/opt/rustwide/rustup-home" "-w" "/opt/rustwide/workdir" "-m" "1610612736" "--user" "0:0" "--network" "none" "ghcr.io/rust-lang/crates-build-env/linux@sha256:2788e3201cd34a07e3172128adcd8b3090168a8e3bcc40d7c032b9dda1df7d1c" "/opt/rustwide/cargo-home/bin/cargo" "+beta-2023-12-22" "build" "--frozen" "--message-format=json", kill_on_drop: false }`
[INFO] [stdout] a0aa7d1973676d1d035b96930c5151438a76555f6d7ae538a0489dc7fe9a113b
[INFO] running `Command { std: "docker" "start" "-a" "a0aa7d1973676d1d035b96930c5151438a76555f6d7ae538a0489dc7fe9a113b", kill_on_drop: false }`
[INFO] [stderr]    Compiling libc v0.2.151
[INFO] [stderr]    Compiling cfg-if v1.0.0
[INFO] [stderr]    Compiling autocfg v1.1.0
[INFO] [stderr]    Compiling syn v1.0.109
[INFO] [stderr]    Compiling version_check v0.9.4
[INFO] [stderr]    Compiling crossbeam-utils v0.8.18
[INFO] [stderr]    Compiling serde v1.0.194
[INFO] [stderr]    Compiling scopeguard v1.2.0
[INFO] [stderr]    Compiling ppv-lite86 v0.2.17
[INFO] [stderr]    Compiling thiserror v1.0.56
[INFO] [stderr]    Compiling once_cell v1.19.0
[INFO] [stderr]    Compiling rayon-core v1.12.0
[INFO] [stderr]    Compiling phf_shared v0.11.2
[INFO] [stderr]    Compiling parking_lot_core v0.8.6
[INFO] [stderr]    Compiling smallvec v1.11.2
[INFO] [stderr]    Compiling syn v2.0.48
[INFO] [stderr]    Compiling spin v0.5.2
[INFO] [stderr]    Compiling instant v0.1.12
[INFO] [stderr]    Compiling lazy_static v1.4.0
[INFO] [stderr]    Compiling either v1.9.0
[INFO] [stderr]    Compiling gimli v0.28.1
[INFO] [stderr]    Compiling atomic_refcell v0.1.13
[INFO] [stderr]    Compiling convert_case v0.4.0
[INFO] [stderr]    Compiling palette v0.6.1
[INFO] [stderr]    Compiling memchr v2.7.1
[INFO] [stderr]    Compiling adler v1.0.2
[INFO] [stderr]    Compiling ash v0.35.2+1.2.203
[INFO] [stderr]    Compiling libloading v0.7.4
[INFO] [stderr]    Compiling ahash v0.7.7
[INFO] [stderr]    Compiling slotmap v1.0.7
[INFO] [stderr]    Compiling lock_api v0.4.11
[INFO] [stderr]    Compiling num-traits v0.2.17
[INFO] [stderr]    Compiling miniz_oxide v0.7.1
[INFO] [stderr]    Compiling cty v0.2.2
[INFO] [stderr]    Compiling futures-sink v0.3.30
[INFO] [stderr]    Compiling log v0.4.20
[INFO] [stderr]    Compiling glam v0.20.5
[INFO] [stderr]    Compiling futures-core v0.3.30
[INFO] [stderr]    Compiling rustc-demangle v0.1.23
[INFO] [stderr]    Compiling raw-window-handle v0.4.3
[INFO] [stderr]    Compiling crossbeam-epoch v0.9.17
[INFO] [stderr]    Compiling object v0.32.2
[INFO] [stderr]    Compiling vk-sys v0.4.0
[INFO] [stderr]    Compiling spin v0.9.8
[INFO] [stderr]    Compiling crossbeam-deque v0.8.4
[INFO] [stderr]    Compiling derive-for v1.2.2
[INFO] [stderr]    Compiling getrandom v0.2.11
[INFO] [stderr]    Compiling cc v1.0.83
[INFO] [stderr]    Compiling downcast-rs v1.2.0
[INFO] [stderr]    Compiling rand_core v0.6.4
[INFO] [stderr]    Compiling nanorand v0.7.0
[INFO] [stderr]    Compiling parking_lot v0.11.2
[INFO] [stderr]    Compiling rand_chacha v0.3.1
[INFO] [stderr]    Compiling hashbrown v0.12.3
[INFO] [stderr]    Compiling rand v0.8.5
[INFO] [stderr]    Compiling cmake v0.1.50
[INFO] [stderr]    Compiling rayon v1.8.0
[INFO] [stderr]    Compiling approx v0.5.1
[INFO] [stderr]    Compiling spirv_headers v1.5.0
[INFO] [stderr]    Compiling phf_generator v0.11.2
[INFO] [stderr]    Compiling addr2line v0.21.0
[INFO] [stderr]    Compiling backtrace v0.3.69
[INFO] [stderr]    Compiling glfw-sys v3.3.5
[INFO] [stderr]    Compiling ivy-image v0.10.0
[INFO] [stderr]    Compiling spirv-reflect v0.2.3
[INFO] [stderr]    Compiling ivy-random v0.10.3
[INFO] [stderr]    Compiling toml v0.5.11
[INFO] [stderr]    Compiling thiserror-impl v1.0.56
[INFO] [stderr]    Compiling phf_macros v0.11.2
[INFO] [stderr]    Compiling pin-project-internal v1.1.3
[INFO] [stderr]    Compiling serde_derive v1.0.194
[INFO] [stderr]    Compiling find-crate v0.6.3
[INFO] [stderr]    Compiling phf v0.11.2
[INFO] [stderr]    Compiling hecs-macros v0.8.2
[INFO] [stderr]    Compiling palette_derive v0.6.1
[INFO] [stderr]    Compiling derive_more v0.99.17
[INFO] [stderr]    Compiling records v0.1.1
[INFO] [stderr]    Compiling pin-project v1.1.3
[INFO] [stderr]    Compiling flume v0.10.14
[INFO] [stderr]    Compiling hecs v0.7.7
[INFO] [stderr]    Compiling glfw v0.43.0
[INFO] [stderr]    Compiling hecs-schedule v0.5.1
[INFO] [stdout] error[E0599]: the method `par_bridge` exists for struct `BatchedIter<'_, Q>`, but its trait bounds were not satisfied
[INFO] [stdout]    --> /opt/rustwide/cargo-home/registry/src/index.crates.io-6f17d22bba15001f/hecs-schedule-0.5.1/src/traits.rs:55:14
[INFO] [stdout]     |
[INFO] [stdout] 54  | /         self.iter_batched(batch_size)
[INFO] [stdout] 55  | |             .par_bridge()
[INFO] [stdout]     | |             -^^^^^^^^^^ method cannot be called on `BatchedIter<'_, Q>` due to unsatisfied trait bounds
[INFO] [stdout]     | |_____________|
[INFO] [stdout]     | 
[INFO] [stdout]     |
[INFO] [stdout]    ::: /opt/rustwide/cargo-home/registry/src/index.crates.io-6f17d22bba15001f/hecs-0.7.7/src/query.rs:887:1
[INFO] [stdout]     |
[INFO] [stdout] 887 |   pub struct BatchedIter<'q, Q: Query> {
[INFO] [stdout]     |   ------------------------------------
[INFO] [stdout]     |   |
[INFO] [stdout]     |   doesn't satisfy `BatchedIter<'_, Q>: ParallelBridge`
[INFO] [stdout]     |   doesn't satisfy `BatchedIter<'_, Q>: Send`
[INFO] [stdout] ...
[INFO] [stdout] 957 |   pub struct Batch<'q, Q: Query> {
[INFO] [stdout]     |   ------------------------------ doesn't satisfy `hecs::Batch<'_, Q>: Send`
[INFO] [stdout]     |
[INFO] [stdout]     = note: the following trait bounds were not satisfied:
[INFO] [stdout]             `BatchedIter<'_, Q>: Send`
[INFO] [stdout]             which is required by `BatchedIter<'_, Q>: ParallelBridge`
[INFO] [stdout]             `hecs::Batch<'_, Q>: Send`
[INFO] [stdout]             which is required by `BatchedIter<'_, Q>: ParallelBridge`
[INFO] [stdout]             `&BatchedIter<'_, Q>: Iterator`
[INFO] [stdout]             which is required by `&BatchedIter<'_, Q>: ParallelBridge`
[INFO] [stdout]             `&BatchedIter<'_, Q>: Send`
[INFO] [stdout]             which is required by `&BatchedIter<'_, Q>: ParallelBridge`
[INFO] [stdout]             `&mut BatchedIter<'_, Q>: Send`
[INFO] [stdout]             which is required by `&mut BatchedIter<'_, Q>: ParallelBridge`
[INFO] [stdout]             `hecs::Batch<'_, Q>: Send`
[INFO] [stdout]             which is required by `&mut BatchedIter<'_, Q>: ParallelBridge`
[INFO] [stdout] 
[INFO] [stdout] 
[INFO] [stdout] error[E0599]: the method `par_bridge` exists for struct `BatchedIter<'_, Q>`, but its trait bounds were not satisfied
[INFO] [stdout]    --> /opt/rustwide/cargo-home/registry/src/index.crates.io-6f17d22bba15001f/hecs-schedule-0.5.1/src/traits.rs:65:14
[INFO] [stdout]     |
[INFO] [stdout] 64  | /         self.iter_batched(batch_size)
[INFO] [stdout] 65  | |             .par_bridge()
[INFO] [stdout]     | |             -^^^^^^^^^^ method cannot be called on `BatchedIter<'_, Q>` due to unsatisfied trait bounds
[INFO] [stdout]     | |_____________|
[INFO] [stdout]     | 
[INFO] [stdout]     |
[INFO] [stdout]    ::: /opt/rustwide/cargo-home/registry/src/index.crates.io-6f17d22bba15001f/hecs-0.7.7/src/query.rs:887:1
[INFO] [stdout]     |
[INFO] [stdout] 887 |   pub struct BatchedIter<'q, Q: Query> {
[INFO] [stdout]     |   ------------------------------------
[INFO] [stdout]     |   |
[INFO] [stdout]     |   doesn't satisfy `BatchedIter<'_, Q>: ParallelBridge`
[INFO] [stdout]     |   doesn't satisfy `BatchedIter<'_, Q>: Send`
[INFO] [stdout] ...
[INFO] [stdout] 957 |   pub struct Batch<'q, Q: Query> {
[INFO] [stdout]     |   ------------------------------ doesn't satisfy `hecs::Batch<'_, Q>: Send`
[INFO] [stdout]     |
[INFO] [stdout]     = note: the following trait bounds were not satisfied:
[INFO] [stdout]             `BatchedIter<'_, Q>: Send`
[INFO] [stdout]             which is required by `BatchedIter<'_, Q>: ParallelBridge`
[INFO] [stdout]             `hecs::Batch<'_, Q>: Send`
[INFO] [stdout]             which is required by `BatchedIter<'_, Q>: ParallelBridge`
[INFO] [stdout]             `&BatchedIter<'_, Q>: Iterator`
[INFO] [stdout]             which is required by `&BatchedIter<'_, Q>: ParallelBridge`
[INFO] [stdout]             `&BatchedIter<'_, Q>: Send`
[INFO] [stdout]             which is required by `&BatchedIter<'_, Q>: ParallelBridge`
[INFO] [stdout]             `&mut BatchedIter<'_, Q>: Send`
[INFO] [stdout]             which is required by `&mut BatchedIter<'_, Q>: ParallelBridge`
[INFO] [stdout]             `hecs::Batch<'_, Q>: Send`
[INFO] [stdout]             which is required by `&mut BatchedIter<'_, Q>: ParallelBridge`
[INFO] [stdout] 
[INFO] [stdout] 
[INFO] [stderr] error: could not compile `hecs-schedule` (lib) due to 3 previous errors
[INFO] [stdout] error: aborting due to 2 previous errors
[INFO] [stdout] 
[INFO] [stdout] 
[INFO] [stderr] warning: build failed, waiting for other jobs to finish...
[INFO] [stdout] For more information about this error, try `rustc --explain E0599`.
[INFO] [stdout] 
[INFO] running `Command { std: "docker" "inspect" "a0aa7d1973676d1d035b96930c5151438a76555f6d7ae538a0489dc7fe9a113b", kill_on_drop: false }`
[INFO] running `Command { std: "docker" "rm" "-f" "a0aa7d1973676d1d035b96930c5151438a76555f6d7ae538a0489dc7fe9a113b", kill_on_drop: false }`
[INFO] [stdout] a0aa7d1973676d1d035b96930c5151438a76555f6d7ae538a0489dc7fe9a113b
