[INFO] fetching crate iso8583 0.1.1...
[INFO] testing iso8583-0.1.1 against 1.75.0 for beta-1.76-1
[INFO] extracting crate iso8583 0.1.1 into /workspace/builds/worker-1-tc1/source
[INFO] validating manifest of crates.io crate iso8583 0.1.1 on toolchain 1.75.0
[INFO] running `Command { std: CARGO_HOME="/workspace/cargo-home" RUSTUP_HOME="/workspace/rustup-home" "/workspace/cargo-home/bin/cargo" "+1.75.0" "metadata" "--manifest-path" "Cargo.toml" "--no-deps", kill_on_drop: false }`
[INFO] started tweaking crates.io crate iso8583 0.1.1
[INFO] finished tweaking crates.io crate iso8583 0.1.1
[INFO] tweaked toml for crates.io crate iso8583 0.1.1 written to /workspace/builds/worker-1-tc1/source/Cargo.toml
[INFO] running `Command { std: CARGO_HOME="/workspace/cargo-home" RUSTUP_HOME="/workspace/rustup-home" "/workspace/cargo-home/bin/cargo" "+1.75.0" "generate-lockfile" "--manifest-path" "Cargo.toml", kill_on_drop: false }`
[INFO] [stderr]     Updating crates.io index
[INFO] running `Command { std: CARGO_HOME="/workspace/cargo-home" RUSTUP_HOME="/workspace/rustup-home" "/workspace/cargo-home/bin/cargo" "+1.75.0" "fetch" "--manifest-path" "Cargo.toml", kill_on_drop: false }`
[INFO] [stderr]  Downloading crates ...
[INFO] [stderr]   Downloaded serde_yaml v0.7.5
[INFO] [stderr]   Downloaded generic-array v0.3.2
[INFO] [stderr]   Downloaded bit-array v0.4.4
[INFO] running `Command { std: "docker" "create" "-v" "/var/lib/crater-agent-workspace/builds/worker-1-tc1/target:/opt/rustwide/target:rw,Z" "-v" "/var/lib/crater-agent-workspace/builds/worker-1-tc1/source:/opt/rustwide/workdir:ro,Z" "-v" "/var/lib/crater-agent-workspace/cargo-home:/opt/rustwide/cargo-home:ro,Z" "-v" "/var/lib/crater-agent-workspace/rustup-home:/opt/rustwide/rustup-home:ro,Z" "-e" "SOURCE_DIR=/opt/rustwide/workdir" "-e" "CARGO_TARGET_DIR=/opt/rustwide/target" "-e" "CARGO_HOME=/opt/rustwide/cargo-home" "-e" "RUSTUP_HOME=/opt/rustwide/rustup-home" "-w" "/opt/rustwide/workdir" "-m" "1610612736" "--user" "0:0" "--network" "none" "ghcr.io/rust-lang/crates-build-env/linux@sha256:2788e3201cd34a07e3172128adcd8b3090168a8e3bcc40d7c032b9dda1df7d1c" "/opt/rustwide/cargo-home/bin/cargo" "+1.75.0" "metadata" "--no-deps" "--format-version=1", kill_on_drop: false }`
[INFO] [stdout] 7ced821c210295ea5862b1d843b53efa7beb7af8655b35f0236d36530e49b99f
[INFO] running `Command { std: "docker" "start" "-a" "7ced821c210295ea5862b1d843b53efa7beb7af8655b35f0236d36530e49b99f", kill_on_drop: false }`
[INFO] running `Command { std: "docker" "inspect" "7ced821c210295ea5862b1d843b53efa7beb7af8655b35f0236d36530e49b99f", kill_on_drop: false }`
[INFO] running `Command { std: "docker" "rm" "-f" "7ced821c210295ea5862b1d843b53efa7beb7af8655b35f0236d36530e49b99f", kill_on_drop: false }`
[INFO] [stdout] 7ced821c210295ea5862b1d843b53efa7beb7af8655b35f0236d36530e49b99f
[INFO] running `Command { std: "docker" "create" "-v" "/var/lib/crater-agent-workspace/builds/worker-1-tc1/target:/opt/rustwide/target:rw,Z" "-v" "/var/lib/crater-agent-workspace/builds/worker-1-tc1/source:/opt/rustwide/workdir:ro,Z" "-v" "/var/lib/crater-agent-workspace/cargo-home:/opt/rustwide/cargo-home:ro,Z" "-v" "/var/lib/crater-agent-workspace/rustup-home:/opt/rustwide/rustup-home:ro,Z" "-e" "SOURCE_DIR=/opt/rustwide/workdir" "-e" "CARGO_TARGET_DIR=/opt/rustwide/target" "-e" "CARGO_INCREMENTAL=0" "-e" "RUST_BACKTRACE=full" "-e" "RUSTFLAGS=--cap-lints=warn" "-e" "RUSTDOCFLAGS=--cap-lints=warn" "-e" "CARGO_HOME=/opt/rustwide/cargo-home" "-e" "RUSTUP_HOME=/opt/rustwide/rustup-home" "-w" "/opt/rustwide/workdir" "-m" "1610612736" "--user" "0:0" "--network" "none" "ghcr.io/rust-lang/crates-build-env/linux@sha256:2788e3201cd34a07e3172128adcd8b3090168a8e3bcc40d7c032b9dda1df7d1c" "/opt/rustwide/cargo-home/bin/cargo" "+1.75.0" "build" "--frozen" "--message-format=json", kill_on_drop: false }`
[INFO] [stdout] 69405f6e0cfd465837001880409fc498a301b65e0088e75bc4338b862b422a86
[INFO] running `Command { std: "docker" "start" "-a" "69405f6e0cfd465837001880409fc498a301b65e0088e75bc4338b862b422a86", kill_on_drop: false }`
[INFO] [stderr]    Compiling serde v1.0.194
[INFO] [stderr]    Compiling linked-hash-map v0.5.6
[INFO] [stderr]    Compiling nodrop v0.1.14
[INFO] [stderr]    Compiling dtoa v0.4.8
[INFO] [stderr]    Compiling bit-vec v0.4.4
[INFO] [stderr]    Compiling log v0.3.9
[INFO] [stderr]    Compiling syn v2.0.48
[INFO] [stderr]    Compiling generic-array v0.3.2
[INFO] [stderr]    Compiling yaml-rust v0.4.5
[INFO] [stderr]    Compiling bit-array v0.4.4
[INFO] [stderr]    Compiling serde_derive v1.0.194
[INFO] [stderr]    Compiling serde_yaml v0.7.5
[INFO] [stderr]    Compiling iso8583 v0.1.1 (/opt/rustwide/workdir)
[INFO] [stdout] error: expected identifier, found `:`
[INFO] [stdout]    --> src/yaml_specs.rs:117:38
[INFO] [stdout]     |
[INFO] [stdout] 117 |                         field_length : usize = l.unwrap();
[INFO] [stdout]     |                                      ^ expected identifier
[INFO] [stdout]     |
[INFO] [stdout] help: you might have meant to introduce a new binding
[INFO] [stdout]     |
[INFO] [stdout] 117 |                         let field_length : usize = l.unwrap();
[INFO] [stdout]     |                         +++
[INFO] [stdout] 
[INFO] [stdout] 
[INFO] [stdout] error[E0554]: `#![feature]` may not be used on the stable release channel
[INFO] [stdout]  --> src/lib.rs:9:1
[INFO] [stdout]   |
[INFO] [stdout] 9 | #![feature(type_ascription)]
[INFO] [stdout]   | ^^^^^^^^^^^^^^^^^^^^^^^^^^^^
[INFO] [stdout] 
[INFO] [stdout] 
[INFO] [stdout] error[E0554]: `#![feature]` may not be used on the stable release channel
[INFO] [stdout]   --> src/lib.rs:10:1
[INFO] [stdout]    |
[INFO] [stdout] 10 | #![feature(test)]
[INFO] [stdout]    | ^^^^^^^^^^^^^^^^^
[INFO] [stdout] 
[INFO] [stdout] 
[INFO] [stdout] warning: unused import: `yaml_rust::yaml`
[INFO] [stdout]  --> src/yaml_specs.rs:9:5
[INFO] [stdout]   |
[INFO] [stdout] 9 | use yaml_rust::yaml;
[INFO] [stdout]   |     ^^^^^^^^^^^^^^^
[INFO] [stdout]   |
[INFO] [stdout]   = note: `#[warn(unused_imports)]` on by default
[INFO] [stdout] 
[INFO] [stdout] 
[INFO] [stdout] warning: unused import: `iso_field::FieldPayload`
[INFO] [stdout]   --> src/yaml_specs.rs:12:5
[INFO] [stdout]    |
[INFO] [stdout] 12 | use iso_field::FieldPayload;
[INFO] [stdout]    |     ^^^^^^^^^^^^^^^^^^^^^^^
[INFO] [stdout] 
[INFO] [stdout] 
[INFO] [stdout] warning: use of deprecated macro `try`: use the `?` operator instead
[INFO] [stdout]   --> src/yaml_specs.rs:32:22
[INFO] [stdout]    |
[INFO] [stdout] 32 |         let handle = try!(YamlSpec::from_string(yaml_string));
[INFO] [stdout]    |                      ^^^
[INFO] [stdout]    |
[INFO] [stdout]    = note: `#[warn(deprecated)]` on by default
[INFO] [stdout] 
[INFO] [stdout] 
[INFO] [stdout] error[E0554]: `#![feature]` may not be used on the stable release channel
[INFO] [stdout]   --> src/lib.rs:10:12
[INFO] [stdout]    |
[INFO] [stdout] 10 | #![feature(test)]
[INFO] [stdout]    |            ^^^^
[INFO] [stdout] 
[INFO] [stdout] 
[INFO] [stdout] warning: trait objects without an explicit `dyn` are deprecated
[INFO] [stdout]   --> src/iso_msg.rs:30:19
[INFO] [stdout]    |
[INFO] [stdout] 30 |     iso_spec: &'b IsoSpecs,
[INFO] [stdout]    |                   ^^^^^^^^
[INFO] [stdout]    |
[INFO] [stdout]    = warning: this is accepted in the current edition (Rust 2015) but is a hard error in Rust 2021!
[INFO] [stdout]    = note: for more information, see <https://doc.rust-lang.org/nightly/edition-guide/rust-2021/warnings-promoted-to-error.html>
[INFO] [stdout]    = note: `#[warn(bare_trait_objects)]` on by default
[INFO] [stdout] help: use `dyn`
[INFO] [stdout]    |
[INFO] [stdout] 30 |     iso_spec: &'b dyn IsoSpecs,
[INFO] [stdout]    |                   +++
[INFO] [stdout] 
[INFO] [stdout] 
[INFO] [stdout] warning: trait objects without an explicit `dyn` are deprecated
[INFO] [stdout]   --> src/iso_msg.rs:35:30
[INFO] [stdout]    |
[INFO] [stdout] 35 |     pub fn new(iso_spec: &'b IsoSpecs, payload: &'a [u8]) -> IsoMsg<'a, 'b> {
[INFO] [stdout]    |                              ^^^^^^^^
[INFO] [stdout]    |
[INFO] [stdout]    = warning: this is accepted in the current edition (Rust 2015) but is a hard error in Rust 2021!
[INFO] [stdout]    = note: for more information, see <https://doc.rust-lang.org/nightly/edition-guide/rust-2021/warnings-promoted-to-error.html>
[INFO] [stdout] help: use `dyn`
[INFO] [stdout]    |
[INFO] [stdout] 35 |     pub fn new(iso_spec: &'b dyn IsoSpecs, payload: &'a [u8]) -> IsoMsg<'a, 'b> {
[INFO] [stdout]    |                              +++
[INFO] [stdout] 
[INFO] [stdout] 
[INFO] [stdout] warning: trait objects without an explicit `dyn` are deprecated
[INFO] [stdout]    --> src/iso_msg.rs:158:20
[INFO] [stdout]     |
[INFO] [stdout] 158 |         iso_spec: &IsoSpecs,
[INFO] [stdout]     |                    ^^^^^^^^
[INFO] [stdout]     |
[INFO] [stdout]     = warning: this is accepted in the current edition (Rust 2015) but is a hard error in Rust 2021!
[INFO] [stdout]     = note: for more information, see <https://doc.rust-lang.org/nightly/edition-guide/rust-2021/warnings-promoted-to-error.html>
[INFO] [stdout] help: use `dyn`
[INFO] [stdout]     |
[INFO] [stdout] 158 |         iso_spec: &dyn IsoSpecs,
[INFO] [stdout]     |                    +++
[INFO] [stdout] 
[INFO] [stdout] 
[INFO] [stdout] warning: trait objects without an explicit `dyn` are deprecated
[INFO] [stdout]    --> src/iso_msg.rs:319:20
[INFO] [stdout]     |
[INFO] [stdout] 319 |         iso_spec: &IsoSpecs,
[INFO] [stdout]     |                    ^^^^^^^^
[INFO] [stdout]     |
[INFO] [stdout]     = warning: this is accepted in the current edition (Rust 2015) but is a hard error in Rust 2021!
[INFO] [stdout]     = note: for more information, see <https://doc.rust-lang.org/nightly/edition-guide/rust-2021/warnings-promoted-to-error.html>
[INFO] [stdout] help: use `dyn`
[INFO] [stdout]     |
[INFO] [stdout] 319 |         iso_spec: &dyn IsoSpecs,
[INFO] [stdout]     |                    +++
[INFO] [stdout] 
[INFO] [stdout] 
[INFO] [stdout] error: aborting due to 4 previous errors; 7 warnings emitted
[INFO] [stdout] 
[INFO] [stdout] 
[INFO] [stdout] For more information about this error, try `rustc --explain E0554`.
[INFO] [stdout] 
[INFO] [stderr] error: could not compile `iso8583` (lib) due to 5 previous errors; 7 warnings emitted
[INFO] running `Command { std: "docker" "inspect" "69405f6e0cfd465837001880409fc498a301b65e0088e75bc4338b862b422a86", kill_on_drop: false }`
[INFO] running `Command { std: "docker" "rm" "-f" "69405f6e0cfd465837001880409fc498a301b65e0088e75bc4338b862b422a86", kill_on_drop: false }`
[INFO] [stdout] 69405f6e0cfd465837001880409fc498a301b65e0088e75bc4338b862b422a86
[INFO] testing iso8583-0.1.1 against beta-2023-12-22 for beta-1.76-1
[INFO] extracting crate iso8583 0.1.1 into /workspace/builds/worker-1-tc2/source
[INFO] validating manifest of crates.io crate iso8583 0.1.1 on toolchain beta-2023-12-22
[INFO] running `Command { std: CARGO_HOME="/workspace/cargo-home" RUSTUP_HOME="/workspace/rustup-home" "/workspace/cargo-home/bin/cargo" "+beta-2023-12-22" "metadata" "--manifest-path" "Cargo.toml" "--no-deps", kill_on_drop: false }`
[INFO] started tweaking crates.io crate iso8583 0.1.1
[INFO] finished tweaking crates.io crate iso8583 0.1.1
[INFO] tweaked toml for crates.io crate iso8583 0.1.1 written to /workspace/builds/worker-1-tc2/source/Cargo.toml
[INFO] running `Command { std: CARGO_HOME="/workspace/cargo-home" RUSTUP_HOME="/workspace/rustup-home" "/workspace/cargo-home/bin/cargo" "+beta-2023-12-22" "generate-lockfile" "--manifest-path" "Cargo.toml", kill_on_drop: false }`
[INFO] [stderr]     Updating crates.io index
[INFO] running `Command { std: CARGO_HOME="/workspace/cargo-home" RUSTUP_HOME="/workspace/rustup-home" "/workspace/cargo-home/bin/cargo" "+beta-2023-12-22" "fetch" "--manifest-path" "Cargo.toml", kill_on_drop: false }`
[INFO] running `Command { std: "docker" "create" "-v" "/var/lib/crater-agent-workspace/builds/worker-1-tc2/target:/opt/rustwide/target:rw,Z" "-v" "/var/lib/crater-agent-workspace/builds/worker-1-tc2/source:/opt/rustwide/workdir:ro,Z" "-v" "/var/lib/crater-agent-workspace/cargo-home:/opt/rustwide/cargo-home:ro,Z" "-v" "/var/lib/crater-agent-workspace/rustup-home:/opt/rustwide/rustup-home:ro,Z" "-e" "SOURCE_DIR=/opt/rustwide/workdir" "-e" "CARGO_TARGET_DIR=/opt/rustwide/target" "-e" "CARGO_HOME=/opt/rustwide/cargo-home" "-e" "RUSTUP_HOME=/opt/rustwide/rustup-home" "-w" "/opt/rustwide/workdir" "-m" "1610612736" "--user" "0:0" "--network" "none" "ghcr.io/rust-lang/crates-build-env/linux@sha256:2788e3201cd34a07e3172128adcd8b3090168a8e3bcc40d7c032b9dda1df7d1c" "/opt/rustwide/cargo-home/bin/cargo" "+beta-2023-12-22" "metadata" "--no-deps" "--format-version=1", kill_on_drop: false }`
[INFO] [stdout] fb1d900749cfc7c85eb3c57eebd520f7b255ca44170d7520b65606bc0f7fff74
[INFO] running `Command { std: "docker" "start" "-a" "fb1d900749cfc7c85eb3c57eebd520f7b255ca44170d7520b65606bc0f7fff74", kill_on_drop: false }`
[INFO] running `Command { std: "docker" "inspect" "fb1d900749cfc7c85eb3c57eebd520f7b255ca44170d7520b65606bc0f7fff74", kill_on_drop: false }`
[INFO] running `Command { std: "docker" "rm" "-f" "fb1d900749cfc7c85eb3c57eebd520f7b255ca44170d7520b65606bc0f7fff74", kill_on_drop: false }`
[INFO] [stdout] fb1d900749cfc7c85eb3c57eebd520f7b255ca44170d7520b65606bc0f7fff74
[INFO] running `Command { std: "docker" "create" "-v" "/var/lib/crater-agent-workspace/builds/worker-1-tc2/target:/opt/rustwide/target:rw,Z" "-v" "/var/lib/crater-agent-workspace/builds/worker-1-tc2/source:/opt/rustwide/workdir:ro,Z" "-v" "/var/lib/crater-agent-workspace/cargo-home:/opt/rustwide/cargo-home:ro,Z" "-v" "/var/lib/crater-agent-workspace/rustup-home:/opt/rustwide/rustup-home:ro,Z" "-e" "SOURCE_DIR=/opt/rustwide/workdir" "-e" "CARGO_TARGET_DIR=/opt/rustwide/target" "-e" "CARGO_INCREMENTAL=0" "-e" "RUST_BACKTRACE=full" "-e" "RUSTFLAGS=--cap-lints=warn" "-e" "RUSTDOCFLAGS=--cap-lints=warn" "-e" "CARGO_HOME=/opt/rustwide/cargo-home" "-e" "RUSTUP_HOME=/opt/rustwide/rustup-home" "-w" "/opt/rustwide/workdir" "-m" "1610612736" "--user" "0:0" "--network" "none" "ghcr.io/rust-lang/crates-build-env/linux@sha256:2788e3201cd34a07e3172128adcd8b3090168a8e3bcc40d7c032b9dda1df7d1c" "/opt/rustwide/cargo-home/bin/cargo" "+beta-2023-12-22" "build" "--frozen" "--message-format=json", kill_on_drop: false }`
[INFO] [stdout] 4802341a389d36863574fe1dffc85d9f2255e4c2a1ea61067053068c45a87ffe
[INFO] running `Command { std: "docker" "start" "-a" "4802341a389d36863574fe1dffc85d9f2255e4c2a1ea61067053068c45a87ffe", kill_on_drop: false }`
[INFO] [stderr]    Compiling serde v1.0.194
[INFO] [stderr]    Compiling nodrop v0.1.14
[INFO] [stderr]    Compiling linked-hash-map v0.5.6
[INFO] [stderr]    Compiling bit-vec v0.4.4
[INFO] [stderr]    Compiling dtoa v0.4.8
[INFO] [stderr]    Compiling log v0.3.9
[INFO] [stderr]    Compiling syn v2.0.48
[INFO] [stderr]    Compiling generic-array v0.3.2
[INFO] [stderr]    Compiling yaml-rust v0.4.5
[INFO] [stderr]    Compiling bit-array v0.4.4
[INFO] [stderr]    Compiling serde_derive v1.0.194
[INFO] [stderr]    Compiling serde_yaml v0.7.5
[INFO] [stderr]    Compiling iso8583 v0.1.1 (/opt/rustwide/workdir)
[INFO] [stdout] error: expected identifier, found `:`
[INFO] [stdout]    --> src/yaml_specs.rs:117:38
[INFO] [stdout]     |
[INFO] [stdout] 117 |                         field_length : usize = l.unwrap();
[INFO] [stdout]     |                                      ^ expected identifier
[INFO] [stdout]     |
[INFO] [stdout] help: you might have meant to introduce a new binding
[INFO] [stdout]     |
[INFO] [stdout] 117 |                         let field_length : usize = l.unwrap();
[INFO] [stdout]     |                         +++
[INFO] [stdout] 
[INFO] [stdout] 
[INFO] [stdout] error[E0554]: `#![feature]` may not be used on the beta release channel
[INFO] [stdout]  --> src/lib.rs:9:1
[INFO] [stdout]   |
[INFO] [stdout] 9 | #![feature(type_ascription)]
[INFO] [stdout]   | ^^^^^^^^^^^^^^^^^^^^^^^^^^^^
[INFO] [stdout] 
[INFO] [stdout] 
[INFO] [stdout] error[E0554]: `#![feature]` may not be used on the beta release channel
[INFO] [stdout]   --> src/lib.rs:10:1
[INFO] [stdout]    |
[INFO] [stdout] 10 | #![feature(test)]
[INFO] [stdout]    | ^^^^^^^^^^^^^^^^^
[INFO] [stdout] 
[INFO] [stdout] 
[INFO] [stdout] warning: unused import: `yaml_rust::yaml`
[INFO] [stdout]  --> src/yaml_specs.rs:9:5
[INFO] [stdout]   |
[INFO] [stdout] 9 | use yaml_rust::yaml;
[INFO] [stdout]   |     ^^^^^^^^^^^^^^^
[INFO] [stdout]   |
[INFO] [stdout]   = note: `#[warn(unused_imports)]` on by default
[INFO] [stdout] 
[INFO] [stdout] 
[INFO] [stdout] warning: unused import: `iso_field::FieldPayload`
[INFO] [stdout]   --> src/yaml_specs.rs:12:5
[INFO] [stdout]    |
[INFO] [stdout] 12 | use iso_field::FieldPayload;
[INFO] [stdout]    |     ^^^^^^^^^^^^^^^^^^^^^^^
[INFO] [stdout] 
[INFO] [stdout] 
[INFO] [stdout] warning: use of deprecated macro `try`: use the `?` operator instead
[INFO] [stdout]   --> src/yaml_specs.rs:32:22
[INFO] [stdout]    |
[INFO] [stdout] 32 |         let handle = try!(YamlSpec::from_string(yaml_string));
[INFO] [stdout]    |                      ^^^
[INFO] [stdout]    |
[INFO] [stdout]    = note: `#[warn(deprecated)]` on by default
[INFO] [stdout] 
[INFO] [stdout] 
[INFO] [stdout] error[E0554]: `#![feature]` may not be used on the beta release channel
[INFO] [stdout]   --> src/lib.rs:10:12
[INFO] [stdout]    |
[INFO] [stdout] 10 | #![feature(test)]
[INFO] [stdout]    |            ^^^^
[INFO] [stdout] 
[INFO] [stdout] 
[INFO] [stdout] warning: trait objects without an explicit `dyn` are deprecated
[INFO] [stdout]   --> src/iso_msg.rs:30:19
[INFO] [stdout]    |
[INFO] [stdout] 30 |     iso_spec: &'b IsoSpecs,
[INFO] [stdout]    |                   ^^^^^^^^
[INFO] [stdout]    |
[INFO] [stdout]    = warning: this is accepted in the current edition (Rust 2015) but is a hard error in Rust 2021!
[INFO] [stdout]    = note: for more information, see <https://doc.rust-lang.org/nightly/edition-guide/rust-2021/warnings-promoted-to-error.html>
[INFO] [stdout]    = note: `#[warn(bare_trait_objects)]` on by default
[INFO] [stdout] help: use `dyn`
[INFO] [stdout]    |
[INFO] [stdout] 30 |     iso_spec: &'b dyn IsoSpecs,
[INFO] [stdout]    |                   +++
[INFO] [stdout] 
[INFO] [stdout] 
[INFO] [stdout] warning: trait objects without an explicit `dyn` are deprecated
[INFO] [stdout]   --> src/iso_msg.rs:35:30
[INFO] [stdout]    |
[INFO] [stdout] 35 |     pub fn new(iso_spec: &'b IsoSpecs, payload: &'a [u8]) -> IsoMsg<'a, 'b> {
[INFO] [stdout]    |                              ^^^^^^^^
[INFO] [stdout]    |
[INFO] [stdout]    = warning: this is accepted in the current edition (Rust 2015) but is a hard error in Rust 2021!
[INFO] [stdout]    = note: for more information, see <https://doc.rust-lang.org/nightly/edition-guide/rust-2021/warnings-promoted-to-error.html>
[INFO] [stdout] help: use `dyn`
[INFO] [stdout]    |
[INFO] [stdout] 35 |     pub fn new(iso_spec: &'b dyn IsoSpecs, payload: &'a [u8]) -> IsoMsg<'a, 'b> {
[INFO] [stdout]    |                              +++
[INFO] [stdout] 
[INFO] [stdout] 
[INFO] [stdout] warning: trait objects without an explicit `dyn` are deprecated
[INFO] [stdout]    --> src/iso_msg.rs:158:20
[INFO] [stdout]     |
[INFO] [stdout] 158 |         iso_spec: &IsoSpecs,
[INFO] [stdout]     |                    ^^^^^^^^
[INFO] [stdout]     |
[INFO] [stdout]     = warning: this is accepted in the current edition (Rust 2015) but is a hard error in Rust 2021!
[INFO] [stdout]     = note: for more information, see <https://doc.rust-lang.org/nightly/edition-guide/rust-2021/warnings-promoted-to-error.html>
[INFO] [stdout] help: use `dyn`
[INFO] [stdout]     |
[INFO] [stdout] 158 |         iso_spec: &dyn IsoSpecs,
[INFO] [stdout]     |                    +++
[INFO] [stdout] 
[INFO] [stdout] 
[INFO] [stdout] warning: trait objects without an explicit `dyn` are deprecated
[INFO] [stdout]    --> src/iso_msg.rs:319:20
[INFO] [stdout]     |
[INFO] [stdout] 319 |         iso_spec: &IsoSpecs,
[INFO] [stdout]     |                    ^^^^^^^^
[INFO] [stdout]     |
[INFO] [stdout]     = warning: this is accepted in the current edition (Rust 2015) but is a hard error in Rust 2021!
[INFO] [stdout]     = note: for more information, see <https://doc.rust-lang.org/nightly/edition-guide/rust-2021/warnings-promoted-to-error.html>
[INFO] [stdout] help: use `dyn`
[INFO] [stdout]     |
[INFO] [stdout] 319 |         iso_spec: &dyn IsoSpecs,
[INFO] [stdout]     |                    +++
[INFO] [stdout] 
[INFO] [stdout] 
[INFO] [stdout] error: aborting due to 4 previous errors; 7 warnings emitted
[INFO] [stdout] 
[INFO] [stdout] 
[INFO] [stdout] For more information about this error, try `rustc --explain E0554`.
[INFO] [stdout] 
[INFO] [stderr] error: could not compile `iso8583` (lib) due to 5 previous errors; 7 warnings emitted
[INFO] running `Command { std: "docker" "inspect" "4802341a389d36863574fe1dffc85d9f2255e4c2a1ea61067053068c45a87ffe", kill_on_drop: false }`
[INFO] running `Command { std: "docker" "rm" "-f" "4802341a389d36863574fe1dffc85d9f2255e4c2a1ea61067053068c45a87ffe", kill_on_drop: false }`
[INFO] [stdout] 4802341a389d36863574fe1dffc85d9f2255e4c2a1ea61067053068c45a87ffe
