[INFO] fetching crate isahc-opendal-workaround 2.0.0-opendal.1...
[INFO] testing isahc-opendal-workaround-2.0.0-opendal.1 against 1.75.0 for beta-1.76-1
[INFO] extracting crate isahc-opendal-workaround 2.0.0-opendal.1 into /workspace/builds/worker-6-tc1/source
[INFO] validating manifest of crates.io crate isahc-opendal-workaround 2.0.0-opendal.1 on toolchain 1.75.0
[INFO] running `Command { std: CARGO_HOME="/workspace/cargo-home" RUSTUP_HOME="/workspace/rustup-home" "/workspace/cargo-home/bin/cargo" "+1.75.0" "metadata" "--manifest-path" "Cargo.toml" "--no-deps", kill_on_drop: false }`
[INFO] started tweaking crates.io crate isahc-opendal-workaround 2.0.0-opendal.1
[INFO] removed 0 missing examples
[INFO] finished tweaking crates.io crate isahc-opendal-workaround 2.0.0-opendal.1
[INFO] tweaked toml for crates.io crate isahc-opendal-workaround 2.0.0-opendal.1 written to /workspace/builds/worker-6-tc1/source/Cargo.toml
[INFO] crate crates.io crate isahc-opendal-workaround 2.0.0-opendal.1 already has a lockfile, it will not be regenerated
[INFO] running `Command { std: CARGO_HOME="/workspace/cargo-home" RUSTUP_HOME="/workspace/rustup-home" "/workspace/cargo-home/bin/cargo" "+1.75.0" "fetch" "--manifest-path" "Cargo.toml", kill_on_drop: false }`
[INFO] [stderr]     Blocking waiting for file lock on package cache
[INFO] [stderr]     Updating crates.io index
[INFO] [stderr]  Downloading crates ...
[INFO] [stderr]   Downloaded syn v1.0.94
[INFO] [stderr]   Downloaded rustls-ffi v0.8.2
[INFO] running `Command { std: "docker" "create" "-v" "/var/lib/crater-agent-workspace/builds/worker-6-tc1/target:/opt/rustwide/target:rw,Z" "-v" "/var/lib/crater-agent-workspace/builds/worker-6-tc1/source:/opt/rustwide/workdir:ro,Z" "-v" "/var/lib/crater-agent-workspace/cargo-home:/opt/rustwide/cargo-home:ro,Z" "-v" "/var/lib/crater-agent-workspace/rustup-home:/opt/rustwide/rustup-home:ro,Z" "-e" "SOURCE_DIR=/opt/rustwide/workdir" "-e" "CARGO_TARGET_DIR=/opt/rustwide/target" "-e" "CARGO_HOME=/opt/rustwide/cargo-home" "-e" "RUSTUP_HOME=/opt/rustwide/rustup-home" "-w" "/opt/rustwide/workdir" "-m" "1610612736" "--user" "0:0" "--network" "none" "ghcr.io/rust-lang/crates-build-env/linux@sha256:2788e3201cd34a07e3172128adcd8b3090168a8e3bcc40d7c032b9dda1df7d1c" "/opt/rustwide/cargo-home/bin/cargo" "+1.75.0" "metadata" "--no-deps" "--format-version=1", kill_on_drop: false }`
[INFO] [stdout] 8f482e6ff43c06679827daf1c558f6f9f606634cd6fb096910706e259a8171b9
[INFO] running `Command { std: "docker" "start" "-a" "8f482e6ff43c06679827daf1c558f6f9f606634cd6fb096910706e259a8171b9", kill_on_drop: false }`
[INFO] running `Command { std: "docker" "inspect" "8f482e6ff43c06679827daf1c558f6f9f606634cd6fb096910706e259a8171b9", kill_on_drop: false }`
[INFO] running `Command { std: "docker" "rm" "-f" "8f482e6ff43c06679827daf1c558f6f9f606634cd6fb096910706e259a8171b9", kill_on_drop: false }`
[INFO] [stdout] 8f482e6ff43c06679827daf1c558f6f9f606634cd6fb096910706e259a8171b9
[INFO] running `Command { std: "docker" "create" "-v" "/var/lib/crater-agent-workspace/builds/worker-6-tc1/target:/opt/rustwide/target:rw,Z" "-v" "/var/lib/crater-agent-workspace/builds/worker-6-tc1/source:/opt/rustwide/workdir:ro,Z" "-v" "/var/lib/crater-agent-workspace/cargo-home:/opt/rustwide/cargo-home:ro,Z" "-v" "/var/lib/crater-agent-workspace/rustup-home:/opt/rustwide/rustup-home:ro,Z" "-e" "SOURCE_DIR=/opt/rustwide/workdir" "-e" "CARGO_TARGET_DIR=/opt/rustwide/target" "-e" "CARGO_INCREMENTAL=0" "-e" "RUST_BACKTRACE=full" "-e" "RUSTFLAGS=--cap-lints=warn" "-e" "RUSTDOCFLAGS=--cap-lints=warn" "-e" "CARGO_HOME=/opt/rustwide/cargo-home" "-e" "RUSTUP_HOME=/opt/rustwide/rustup-home" "-w" "/opt/rustwide/workdir" "-m" "1610612736" "--user" "0:0" "--network" "none" "ghcr.io/rust-lang/crates-build-env/linux@sha256:2788e3201cd34a07e3172128adcd8b3090168a8e3bcc40d7c032b9dda1df7d1c" "/opt/rustwide/cargo-home/bin/cargo" "+1.75.0" "build" "--frozen" "--message-format=json", kill_on_drop: false }`
[INFO] [stdout] ea718b53bc623fddc255af8918df94593a719f9f0b905691fc8c155b9cfaaf30
[INFO] running `Command { std: "docker" "start" "-a" "ea718b53bc623fddc255af8918df94593a719f9f0b905691fc8c155b9cfaaf30", kill_on_drop: false }`
[INFO] [stderr]    Compiling cc v1.0.73
[INFO] [stderr]    Compiling pkg-config v0.3.25
[INFO] [stderr]    Compiling proc-macro2 v1.0.38
[INFO] [stderr]    Compiling libc v0.2.125
[INFO] [stderr]    Compiling unicode-xid v0.2.3
[INFO] [stderr]    Compiling syn v1.0.94
[INFO] [stderr]    Compiling futures-core v0.3.21
[INFO] [stderr]    Compiling log v0.4.17
[INFO] [stderr]    Compiling tinyvec_macros v0.1.0
[INFO] [stderr]    Compiling cache-padded v1.2.0
[INFO] [stderr]    Compiling memchr v2.5.0
[INFO] [stderr]    Compiling pin-project-lite v0.2.9
[INFO] [stderr]    Compiling matches v0.1.9
[INFO] [stderr]    Compiling tracing-core v0.1.26
[INFO] [stderr]    Compiling encoding_rs v0.8.31
[INFO] [stderr]    Compiling unicode-bidi v0.3.8
[INFO] [stderr]    Compiling tinyvec v1.6.0
[INFO] [stderr]    Compiling crossbeam-utils v0.8.8
[INFO] [stderr]    Compiling concurrent-queue v1.2.2
[INFO] [stderr]    Compiling curl v0.4.43
[INFO] [stderr]    Compiling event-listener v2.5.2
[INFO] [stderr]    Compiling futures-io v0.3.21
[INFO] [stderr]    Compiling percent-encoding v2.1.0
[INFO] [stderr]    Compiling async-channel v1.6.1
[INFO] [stderr]    Compiling fastrand v1.7.0
[INFO] [stderr]    Compiling itoa v1.0.1
[INFO] [stderr]    Compiling form_urlencoded v1.0.1
[INFO] [stderr]    Compiling parking v2.0.0
[INFO] [stderr]    Compiling bytes v1.1.0
[INFO] [stderr]    Compiling waker-fn v1.1.0
[INFO] [stderr]    Compiling isahc-opendal-workaround v2.0.0-opendal.1 (/opt/rustwide/workdir)
[INFO] [stderr]    Compiling sluice v0.5.5
[INFO] [stderr]    Compiling castaway v0.1.2
[INFO] [stderr]    Compiling mime v0.3.16
[INFO] [stderr]    Compiling once_cell v1.10.0
[INFO] [stderr]    Compiling slab v0.4.6
[INFO] [stderr]    Compiling quote v1.0.18
[INFO] [stderr]    Compiling futures-lite v1.12.0
[INFO] [stderr]    Compiling http v0.2.7
[INFO] [stderr]    Compiling libnghttp2-sys v0.1.7+1.45.0
[INFO] [stderr]    Compiling openssl-sys v0.9.73
[INFO] [stderr]    Compiling libz-sys v1.1.6
[INFO] [stderr]    Compiling curl-sys v0.4.55+curl-7.83.1
[INFO] [stderr]    Compiling socket2 v0.4.4
[INFO] [stderr]    Compiling polling v2.2.0
[INFO] [stderr]    Compiling unicode-normalization v0.1.19
[INFO] [stderr]    Compiling idna v0.2.3
[INFO] [stderr]    Compiling url v2.2.2
[INFO] [stderr]    Compiling pin-project-internal v1.0.10
[INFO] [stderr]    Compiling tracing-attributes v0.1.21
[INFO] [stderr]    Compiling pin-project v1.0.10
[INFO] [stderr]    Compiling tracing v0.1.34
[INFO] [stderr]    Compiling tracing-futures v0.2.5
[INFO] [stderr]     Finished dev [unoptimized + debuginfo] target(s) in 15.13s
[INFO] running `Command { std: "docker" "inspect" "ea718b53bc623fddc255af8918df94593a719f9f0b905691fc8c155b9cfaaf30", kill_on_drop: false }`
[INFO] running `Command { std: "docker" "rm" "-f" "ea718b53bc623fddc255af8918df94593a719f9f0b905691fc8c155b9cfaaf30", kill_on_drop: false }`
[INFO] [stdout] ea718b53bc623fddc255af8918df94593a719f9f0b905691fc8c155b9cfaaf30
[INFO] running `Command { std: "docker" "create" "-v" "/var/lib/crater-agent-workspace/builds/worker-6-tc1/target:/opt/rustwide/target:rw,Z" "-v" "/var/lib/crater-agent-workspace/builds/worker-6-tc1/source:/opt/rustwide/workdir:ro,Z" "-v" "/var/lib/crater-agent-workspace/cargo-home:/opt/rustwide/cargo-home:ro,Z" "-v" "/var/lib/crater-agent-workspace/rustup-home:/opt/rustwide/rustup-home:ro,Z" "-e" "SOURCE_DIR=/opt/rustwide/workdir" "-e" "CARGO_TARGET_DIR=/opt/rustwide/target" "-e" "CARGO_INCREMENTAL=0" "-e" "RUST_BACKTRACE=full" "-e" "RUSTFLAGS=--cap-lints=warn" "-e" "RUSTDOCFLAGS=--cap-lints=warn" "-e" "CARGO_HOME=/opt/rustwide/cargo-home" "-e" "RUSTUP_HOME=/opt/rustwide/rustup-home" "-w" "/opt/rustwide/workdir" "-m" "1610612736" "--user" "0:0" "--network" "none" "ghcr.io/rust-lang/crates-build-env/linux@sha256:2788e3201cd34a07e3172128adcd8b3090168a8e3bcc40d7c032b9dda1df7d1c" "/opt/rustwide/cargo-home/bin/cargo" "+1.75.0" "test" "--frozen" "--no-run" "--message-format=json", kill_on_drop: false }`
[INFO] [stdout] e44e838a876b6077eaa654bf06ee228e294601cf2c351046f27aaa8928939500
[INFO] running `Command { std: "docker" "start" "-a" "e44e838a876b6077eaa654bf06ee228e294601cf2c351046f27aaa8928939500", kill_on_drop: false }`
[INFO] [stderr]    Compiling log v0.4.17
[INFO] [stderr]    Compiling memoffset v0.6.5
[INFO] [stderr]    Compiling crossbeam-epoch v0.9.8
[INFO] [stderr]    Compiling tracing-core v0.1.26
[INFO] [stderr]    Compiling unicode-width v0.1.9
[INFO] [stderr]    Compiling aho-corasick v0.7.18
[INFO] [stderr]    Compiling regex-syntax v0.6.25
[INFO] [stderr]    Compiling rayon-core v1.9.3
[INFO] [stderr]    Compiling scopeguard v1.1.0
[INFO] [stderr]    Compiling proc-macro-error-attr v1.0.4
[INFO] [stderr]    Compiling atty v0.2.14
[INFO] [stderr]    Compiling unicode-segmentation v1.9.0
[INFO] [stderr]    Compiling crc32fast v1.3.2
[INFO] [stderr]    Compiling ansi_term v0.12.1
[INFO] [stderr]    Compiling serde v1.0.137
[INFO] [stderr]    Compiling crossbeam-channel v0.5.4
[INFO] [stderr]    Compiling textwrap v0.11.0
[INFO] [stderr]    Compiling num_cpus v1.13.1
[INFO] [stderr]    Compiling terminal_size v0.1.17
[INFO] [stderr]    Compiling rayon v1.5.3
[INFO] [stderr]    Compiling serde_json v1.0.81
[INFO] [stderr]    Compiling tracing v0.1.34
[INFO] [stderr]    Compiling vec_map v0.8.2
[INFO] [stderr]    Compiling strsim v0.8.0
[INFO] [stderr]    Compiling tracing-log v0.1.3
[INFO] [stderr]    Compiling heck v0.3.3
[INFO] [stderr]    Compiling tracing-futures v0.2.5
[INFO] [stderr]    Compiling polling v2.2.0
[INFO] [stderr]    Compiling miniz_oxide v0.5.1
[INFO] [stderr]    Compiling sharded-slab v0.1.4
[INFO] [stderr]    Compiling thread_local v1.1.4
[INFO] [stderr]    Compiling clap v2.34.0
[INFO] [stderr]    Compiling proc-macro-error v1.0.4
[INFO] [stderr]    Compiling either v1.6.1
[INFO] [stderr]    Compiling number_prefix v0.3.0
[INFO] [stderr]    Compiling termcolor v1.1.3
[INFO] [stderr]    Compiling ryu v1.0.9
[INFO] [stderr]    Compiling crossbeam-deque v0.8.1
[INFO] [stderr]    Compiling humantime v2.1.0
[INFO] [stderr]    Compiling remove_dir_all v0.5.3
[INFO] [stderr]    Compiling smallvec v1.8.0
[INFO] [stderr]    Compiling tempfile v3.3.0
[INFO] [stderr]    Compiling flate2 v1.0.23
[INFO] [stderr]    Compiling static_assertions v1.1.0
[INFO] [stderr]    Compiling isahc-opendal-workaround v2.0.0-opendal.1 (/opt/rustwide/workdir)
[INFO] [stderr]    Compiling structopt-derive v0.4.18
[INFO] [stderr]    Compiling test-case v2.0.2
[INFO] [stderr]    Compiling tracing-subscriber v0.3.11
[INFO] [stderr]    Compiling regex v1.5.5
[INFO] [stderr]    Compiling console v0.15.0
[INFO] [stderr]    Compiling env_logger v0.9.0
[INFO] [stderr]    Compiling indicatif v0.15.0
[INFO] [stderr]    Compiling structopt v0.3.26
[INFO] [stdout] error[E0433]: failed to resolve: use of undeclared crate or module `isahc`
[INFO] [stdout]  --> examples/async.rs:4:5
[INFO] [stdout]   |
[INFO] [stdout] 4 | use isahc::prelude::*;
[INFO] [stdout]   |     ^^^^^ use of undeclared crate or module `isahc`
[INFO] [stdout] 
[INFO] [stdout] 
[INFO] [stdout] error[E0433]: failed to resolve: use of undeclared crate or module `isahc`
[INFO] [stdout]  --> tests/redirects.rs:1:5
[INFO] [stdout]   |
[INFO] [stdout] 1 | use isahc::{config::RedirectPolicy, prelude::*, Body, HttpClient, Request};
[INFO] [stdout]   |     ^^^^^ use of undeclared crate or module `isahc`
[INFO] [stdout] 
[INFO] [stdout] 
[INFO] [stdout] error[E0433]: failed to resolve: use of undeclared crate or module `isahc`
[INFO] [stdout]  --> tests/auth.rs:1:5
[INFO] [stdout]   |
[INFO] [stdout] 1 | use isahc::{auth::*, prelude::*, Request};
[INFO] [stdout]   |     ^^^^^ use of undeclared crate or module `isahc`
[INFO] [stdout] 
[INFO] [stdout] 
[INFO] [stdout] error[E0433]: failed to resolve: use of undeclared crate or module `isahc`
[INFO] [stdout]  --> tests/proxy.rs:1:5
[INFO] [stdout]   |
[INFO] [stdout] 1 | use isahc::{prelude::*, Request};
[INFO] [stdout]   |     ^^^^^ use of undeclared crate or module `isahc`
[INFO] [stdout] 
[INFO] [stdout] 
[INFO] [stdout] error[E0433]: failed to resolve: use of undeclared crate or module `isahc`
[INFO] [stdout]  --> tests/expect.rs:1:5
[INFO] [stdout]   |
[INFO] [stdout] 1 | use isahc::{prelude::*, Body, Request};
[INFO] [stdout]   |     ^^^^^ use of undeclared crate or module `isahc`
[INFO] [stdout] 
[INFO] [stdout] 
[INFO] [stdout] error[E0433]: failed to resolve: use of undeclared crate or module `isahc`
[INFO] [stdout]  --> examples/http2.rs:4:5
[INFO] [stdout]   |
[INFO] [stdout] 4 | use isahc::{config::VersionNegotiation, prelude::*, Request};
[INFO] [stdout]   |     ^^^^^ use of undeclared crate or module `isahc`
[INFO] [stdout] 
[INFO] [stdout] 
[INFO] [stdout] error[E0433]: failed to resolve: use of undeclared crate or module `isahc`
[INFO] [stdout]  --> examples/simple.rs:4:5
[INFO] [stdout]   |
[INFO] [stdout] 4 | use isahc::prelude::*;
[INFO] [stdout]   |     ^^^^^ use of undeclared crate or module `isahc`
[INFO] [stdout] 
[INFO] [stdout] 
[INFO] [stdout] error[E0432]: unresolved import `testserver`
[INFO] [stdout]  --> tests/status.rs:2:5
[INFO] [stdout]   |
[INFO] [stdout] 2 | use testserver::mock;
[INFO] [stdout]   |     ^^^^^^^^^^ use of undeclared crate or module `testserver`
[INFO] [stdout] 
[INFO] [stdout] 
[INFO] [stdout] error[E0432]: unresolved import `isahc`
[INFO] [stdout]  --> tests/redirects.rs:1:5
[INFO] [stdout]   |
[INFO] [stdout] 1 | use isahc::{config::RedirectPolicy, prelude::*, Body, HttpClient, Request};
[INFO] [stdout]   |     ^^^^^ use of undeclared crate or module `isahc`
[INFO] [stdout] 
[INFO] [stdout] 
[INFO] [stdout] error[E0432]: unresolved import `testserver`
[INFO] [stdout]  --> tests/redirects.rs:3:5
[INFO] [stdout]   |
[INFO] [stdout] 3 | use testserver::mock;
[INFO] [stdout]   |     ^^^^^^^^^^ use of undeclared crate or module `testserver`
[INFO] [stdout] 
[INFO] [stdout] 
[INFO] [stdout] error[E0432]: unresolved import `isahc`
[INFO] [stdout]  --> tests/expect.rs:1:5
[INFO] [stdout]   |
[INFO] [stdout] 1 | use isahc::{prelude::*, Body, Request};
[INFO] [stdout]   |     ^^^^^ use of undeclared crate or module `isahc`
[INFO] [stdout] 
[INFO] [stdout] 
[INFO] [stdout] error: cannot determine resolution for the macro `mock`
[INFO] [stdout]   --> tests/status.rs:18:13
[INFO] [stdout]    |
[INFO] [stdout] 18 |     let m = mock! {
[INFO] [stdout]    |             ^^^^
[INFO] [stdout]    |
[INFO] [stdout]    = note: import resolution is stuck, try simplifying macro imports
[INFO] [stdout] 
[INFO] [stdout] 
[INFO] [stdout] error[E0432]: unresolved import `testserver`
[INFO] [stdout]  --> tests/expect.rs:2:5
[INFO] [stdout]   |
[INFO] [stdout] 2 | use testserver::mock;
[INFO] [stdout]   |     ^^^^^^^^^^ use of undeclared crate or module `testserver`
[INFO] [stdout] 
[INFO] [stdout] 
[INFO] [stdout] error: cannot determine resolution for the macro `mock`
[INFO] [stdout]  --> tests/redirects.rs:7:13
[INFO] [stdout]   |
[INFO] [stdout] 7 |     let m = mock! {
[INFO] [stdout]   |             ^^^^
[INFO] [stdout]   |
[INFO] [stdout]   = note: import resolution is stuck, try simplifying macro imports
[INFO] [stdout] 
[INFO] [stdout] 
[INFO] [stdout] error: cannot determine resolution for the macro `mock`
[INFO] [stdout]   --> tests/redirects.rs:25:14
[INFO] [stdout]    |
[INFO] [stdout] 25 |     let m2 = mock! {
[INFO] [stdout]    |              ^^^^
[INFO] [stdout]    |
[INFO] [stdout]    = note: import resolution is stuck, try simplifying macro imports
[INFO] [stdout] 
[INFO] [stdout] 
[INFO] [stdout] error: cannot determine resolution for the macro `mock`
[INFO] [stdout]   --> tests/redirects.rs:31:14
[INFO] [stdout]    |
[INFO] [stdout] 31 |     let m1 = mock! {
[INFO] [stdout]    |              ^^^^
[INFO] [stdout]    |
[INFO] [stdout]    = note: import resolution is stuck, try simplifying macro imports
[INFO] [stdout] 
[INFO] [stdout] 
[INFO] [stdout] error: cannot determine resolution for the macro `mock`
[INFO] [stdout]   --> tests/redirects.rs:55:14
[INFO] [stdout]    |
[INFO] [stdout] 55 |     let m2 = mock! {
[INFO] [stdout]    |              ^^^^
[INFO] [stdout]    |
[INFO] [stdout]    = note: import resolution is stuck, try simplifying macro imports
[INFO] [stdout] 
[INFO] [stdout] 
[INFO] [stdout] error: cannot determine resolution for the macro `mock`
[INFO] [stdout]   --> tests/redirects.rs:64:14
[INFO] [stdout]    |
[INFO] [stdout] 64 |     let m1 = mock! {
[INFO] [stdout]    |              ^^^^
[INFO] [stdout]    |
[INFO] [stdout]    = note: import resolution is stuck, try simplifying macro imports
[INFO] [stdout] 
[INFO] [stdout] 
[INFO] [stdout] error: cannot determine resolution for the macro `mock`
[INFO] [stdout]   --> tests/redirects.rs:93:14
[INFO] [stdout]    |
[INFO] [stdout] 93 |     let m2 = mock!();
[INFO] [stdout]    |              ^^^^
[INFO] [stdout]    |
[INFO] [stdout]    = note: import resolution is stuck, try simplifying macro imports
[INFO] [stdout] 
[INFO] [stdout] 
[INFO] [stdout] error: cannot determine resolution for the macro `mock`
[INFO] [stdout]   --> tests/redirects.rs:96:14
[INFO] [stdout]    |
[INFO] [stdout] 96 |     let m1 = mock! {
[INFO] [stdout]    |              ^^^^
[INFO] [stdout]    |
[INFO] [stdout]    = note: import resolution is stuck, try simplifying macro imports
[INFO] [stdout] 
[INFO] [stdout] 
[INFO] [stdout] error: cannot determine resolution for the macro `mock`
[INFO] [stdout]    --> tests/redirects.rs:120:14
[INFO] [stdout]     |
[INFO] [stdout] 120 |     let m2 = mock!();
[INFO] [stdout]     |              ^^^^
[INFO] [stdout]     |
[INFO] [stdout]     = note: import resolution is stuck, try simplifying macro imports
[INFO] [stdout] 
[INFO] [stdout] 
[INFO] [stdout] error: cannot determine resolution for the macro `mock`
[INFO] [stdout]    --> tests/redirects.rs:123:14
[INFO] [stdout]     |
[INFO] [stdout] 123 |     let m1 = mock! {
[INFO] [stdout]     |              ^^^^
[INFO] [stdout]     |
[INFO] [stdout]     = note: import resolution is stuck, try simplifying macro imports
[INFO] [stdout] 
[INFO] [stdout] 
[INFO] [stdout] error: cannot determine resolution for the macro `mock`
[INFO] [stdout]    --> tests/redirects.rs:147:14
[INFO] [stdout]     |
[INFO] [stdout] 147 |     let m2 = mock! {
[INFO] [stdout]     |              ^^^^
[INFO] [stdout]     |
[INFO] [stdout]     = note: import resolution is stuck, try simplifying macro imports
[INFO] [stdout] 
[INFO] [stdout] 
[INFO] [stdout] error: cannot determine resolution for the macro `mock`
[INFO] [stdout]    --> tests/redirects.rs:152:14
[INFO] [stdout]     |
[INFO] [stdout] 152 |     let m1 = mock! {
[INFO] [stdout]     |              ^^^^
[INFO] [stdout]     |
[INFO] [stdout]     = note: import resolution is stuck, try simplifying macro imports
[INFO] [stdout] 
[INFO] [stdout] 
[INFO] [stdout] error: cannot determine resolution for the macro `mock`
[INFO] [stdout]    --> tests/redirects.rs:177:14
[INFO] [stdout]     |
[INFO] [stdout] 177 |     let m2 = mock!();
[INFO] [stdout]     |              ^^^^
[INFO] [stdout]     |
[INFO] [stdout]     = note: import resolution is stuck, try simplifying macro imports
[INFO] [stdout] 
[INFO] [stdout] 
[INFO] [stdout] error: cannot determine resolution for the macro `mock`
[INFO] [stdout]    --> tests/redirects.rs:180:14
[INFO] [stdout]     |
[INFO] [stdout] 180 |     let m1 = mock! {
[INFO] [stdout]     |              ^^^^
[INFO] [stdout]     |
[INFO] [stdout]     = note: import resolution is stuck, try simplifying macro imports
[INFO] [stdout] 
[INFO] [stdout] 
[INFO] [stdout] error: cannot determine resolution for the macro `mock`
[INFO] [stdout]    --> tests/redirects.rs:203:14
[INFO] [stdout]     |
[INFO] [stdout] 203 |     let m2 = mock!();
[INFO] [stdout]     |              ^^^^
[INFO] [stdout]     |
[INFO] [stdout]     = note: import resolution is stuck, try simplifying macro imports
[INFO] [stdout] 
[INFO] [stdout] 
[INFO] [stdout] error: cannot determine resolution for the macro `mock`
[INFO] [stdout]    --> tests/redirects.rs:206:14
[INFO] [stdout]     |
[INFO] [stdout] 206 |     let m1 = mock! {
[INFO] [stdout]     |              ^^^^
[INFO] [stdout]     |
[INFO] [stdout]     = note: import resolution is stuck, try simplifying macro imports
[INFO] [stdout] 
[INFO] [stdout] 
[INFO] [stdout] error: cannot determine resolution for the macro `mock`
[INFO] [stdout]    --> tests/redirects.rs:230:13
[INFO] [stdout]     |
[INFO] [stdout] 230 |     let m = mock! {
[INFO] [stdout]     |             ^^^^
[INFO] [stdout]     |
[INFO] [stdout]     = note: import resolution is stuck, try simplifying macro imports
[INFO] [stdout] 
[INFO] [stdout] 
[INFO] [stdout] error: cannot determine resolution for the macro `mock`
[INFO] [stdout]    --> tests/redirects.rs:254:14
[INFO] [stdout]     |
[INFO] [stdout] 254 |     let m3 = mock!();
[INFO] [stdout]     |              ^^^^
[INFO] [stdout]     |
[INFO] [stdout]     = note: import resolution is stuck, try simplifying macro imports
[INFO] [stdout] 
[INFO] [stdout] 
[INFO] [stdout] error: cannot determine resolution for the macro `mock`
[INFO] [stdout]    --> tests/redirects.rs:258:9
[INFO] [stdout]     |
[INFO] [stdout] 258 |         mock! {
[INFO] [stdout]     |         ^^^^
[INFO] [stdout]     |
[INFO] [stdout]     = note: import resolution is stuck, try simplifying macro imports
[INFO] [stdout] 
[INFO] [stdout] 
[INFO] [stdout] error: cannot determine resolution for the macro `mock`
[INFO] [stdout]    --> tests/redirects.rs:268:9
[INFO] [stdout]     |
[INFO] [stdout] 268 |         mock! {
[INFO] [stdout]     |         ^^^^
[INFO] [stdout]     |
[INFO] [stdout]     = note: import resolution is stuck, try simplifying macro imports
[INFO] [stdout] 
[INFO] [stdout] 
[INFO] [stdout] error: cannot determine resolution for the macro `mock`
[INFO] [stdout]    --> tests/redirects.rs:298:14
[INFO] [stdout]     |
[INFO] [stdout] 298 |     let m2 = mock! {
[INFO] [stdout]     |              ^^^^
[INFO] [stdout]     |
[INFO] [stdout]     = note: import resolution is stuck, try simplifying macro imports
[INFO] [stdout] 
[INFO] [stdout] 
[INFO] [stdout] error: cannot determine resolution for the macro `mock`
[INFO] [stdout]    --> tests/redirects.rs:306:14
[INFO] [stdout]     |
[INFO] [stdout] 306 |     let m1 = mock! {
[INFO] [stdout]     |              ^^^^
[INFO] [stdout]     |
[INFO] [stdout]     = note: import resolution is stuck, try simplifying macro imports
[INFO] [stdout] 
[INFO] [stdout] 
[INFO] [stdout] error[E0432]: unresolved import `isahc`
[INFO] [stdout]  --> examples/http2.rs:4:5
[INFO] [stdout]   |
[INFO] [stdout] 4 | use isahc::{config::VersionNegotiation, prelude::*, Request};
[INFO] [stdout]   |     ^^^^^ use of undeclared crate or module `isahc`
[INFO] [stdout] 
[INFO] [stdout] 
[INFO] [stdout] error[E0432]: unresolved import `isahc`
[INFO] [stdout]  --> tests/auth.rs:1:5
[INFO] [stdout]   |
[INFO] [stdout] 1 | use isahc::{auth::*, prelude::*, Request};
[INFO] [stdout]   |     ^^^^^ use of undeclared crate or module `isahc`
[INFO] [stdout] 
[INFO] [stdout] 
[INFO] [stdout] error[E0432]: unresolved import `testserver`
[INFO] [stdout]  --> tests/auth.rs:2:5
[INFO] [stdout]   |
[INFO] [stdout] 2 | use testserver::mock;
[INFO] [stdout]   |     ^^^^^^^^^^ use of undeclared crate or module `testserver`
[INFO] [stdout] 
[INFO] [stdout] 
[INFO] [stdout] error: cannot determine resolution for the macro `mock`
[INFO] [stdout]  --> tests/expect.rs:6:13
[INFO] [stdout]   |
[INFO] [stdout] 6 |     let m = mock!();
[INFO] [stdout]   |             ^^^^
[INFO] [stdout]   |
[INFO] [stdout]   = note: import resolution is stuck, try simplifying macro imports
[INFO] [stdout] 
[INFO] [stdout] 
[INFO] [stdout] error: cannot determine resolution for the macro `mock`
[INFO] [stdout]  --> tests/auth.rs:6:13
[INFO] [stdout]   |
[INFO] [stdout] 6 |     let m = mock!();
[INFO] [stdout]   |             ^^^^
[INFO] [stdout]   |
[INFO] [stdout]   = note: import resolution is stuck, try simplifying macro imports
[INFO] [stdout] 
[INFO] [stdout] 
[INFO] [stdout] error: cannot determine resolution for the macro `mock`
[INFO] [stdout]   --> tests/expect.rs:17:13
[INFO] [stdout]    |
[INFO] [stdout] 17 |     let m = mock!();
[INFO] [stdout]    |             ^^^^
[INFO] [stdout]    |
[INFO] [stdout]    = note: import resolution is stuck, try simplifying macro imports
[INFO] [stdout] 
[INFO] [stdout] 
[INFO] [stdout] error[E0432]: unresolved import `isahc`
[INFO] [stdout]  --> examples/head_length.rs:3:5
[INFO] [stdout]   |
[INFO] [stdout] 3 | use isahc::{Body, Request};
[INFO] [stdout]   |     ^^^^^ use of undeclared crate or module `isahc`
[INFO] [stdout] 
[INFO] [stdout] 
[INFO] [stdout] error: cannot determine resolution for the macro `mock`
[INFO] [stdout]   --> tests/auth.rs:20:13
[INFO] [stdout]    |
[INFO] [stdout] 20 |     let m = mock!();
[INFO] [stdout]    |             ^^^^
[INFO] [stdout]    |
[INFO] [stdout]    = note: import resolution is stuck, try simplifying macro imports
[INFO] [stdout] 
[INFO] [stdout] 
[INFO] [stdout] error[E0433]: failed to resolve: use of undeclared crate or module `isahc`
[INFO] [stdout]  --> examples/version.rs:7:29
[INFO] [stdout]   |
[INFO] [stdout] 7 |     println!("version: {}", isahc::version());
[INFO] [stdout]   |                             ^^^^^ use of undeclared crate or module `isahc`
[INFO] [stdout] 
[INFO] [stdout] 
[INFO] [stdout] error[E0432]: unresolved import `isahc`
[INFO] [stdout]  --> tests/proxy.rs:1:5
[INFO] [stdout]   |
[INFO] [stdout] 1 | use isahc::{prelude::*, Request};
[INFO] [stdout]   |     ^^^^^ use of undeclared crate or module `isahc`
[INFO] [stdout] 
[INFO] [stdout] 
[INFO] [stdout] error[E0433]: failed to resolve: use of undeclared crate or module `testserver`
[INFO] [stdout]  --> tests/proxy.rs:2:5
[INFO] [stdout]   |
[INFO] [stdout] 2 | use testserver::{mock, socks4::Socks4Server};
[INFO] [stdout]   |     ^^^^^^^^^^ use of undeclared crate or module `testserver`
[INFO] [stdout] 
[INFO] [stdout] 
[INFO] [stdout] error[E0432]: unresolved import `testserver`
[INFO] [stdout]  --> tests/proxy.rs:2:5
[INFO] [stdout]   |
[INFO] [stdout] 2 | use testserver::{mock, socks4::Socks4Server};
[INFO] [stdout]   |     ^^^^^^^^^^ use of undeclared crate or module `testserver`
[INFO] [stdout] 
[INFO] [stdout] 
[INFO] [stdout] error: aborting due to previous error
[INFO] [stdout] 
[INFO] [stdout] 
[INFO] [stdout] For more information about this error, try `rustc --explain E0433`.
[INFO] [stdout] 
[INFO] [stdout] error: cannot determine resolution for the macro `mock`
[INFO] [stdout]  --> tests/proxy.rs:6:13
[INFO] [stdout]   |
[INFO] [stdout] 6 |     let m = mock!();
[INFO] [stdout]   |             ^^^^
[INFO] [stdout]   |
[INFO] [stdout]   = note: import resolution is stuck, try simplifying macro imports
[INFO] [stdout] 
[INFO] [stdout] 
[INFO] [stdout] error: cannot determine resolution for the macro `mock`
[INFO] [stdout]   --> tests/proxy.rs:21:13
[INFO] [stdout]    |
[INFO] [stdout] 21 |     let m = mock!();
[INFO] [stdout]    |             ^^^^
[INFO] [stdout]    |
[INFO] [stdout]    = note: import resolution is stuck, try simplifying macro imports
[INFO] [stdout] 
[INFO] [stdout] 
[INFO] [stdout] error: cannot determine resolution for the macro `mock`
[INFO] [stdout]   --> tests/proxy.rs:63:13
[INFO] [stdout]    |
[INFO] [stdout] 63 |     let m = mock!();
[INFO] [stdout]    |             ^^^^
[INFO] [stdout]    |
[INFO] [stdout]    = note: import resolution is stuck, try simplifying macro imports
[INFO] [stdout] 
[INFO] [stdout] 
[INFO] [stdout] error: cannot determine resolution for the macro `mock`
[INFO] [stdout]   --> tests/proxy.rs:84:13
[INFO] [stdout]    |
[INFO] [stdout] 84 |     let m = mock!();
[INFO] [stdout]    |             ^^^^
[INFO] [stdout]    |
[INFO] [stdout]    = note: import resolution is stuck, try simplifying macro imports
[INFO] [stdout] 
[INFO] [stdout] 
[INFO] [stderr] error: could not compile `isahc-opendal-workaround` (example "version") due to 2 previous errors
[INFO] [stderr] warning: build failed, waiting for other jobs to finish...
[INFO] [stdout] error[E0433]: failed to resolve: use of undeclared crate or module `isahc`
[INFO] [stdout]   --> examples/http2.rs:11:19
[INFO] [stdout]    |
[INFO] [stdout] 11 |         .and_then(isahc::send)?;
[INFO] [stdout]    |                   ^^^^^ use of undeclared crate or module `isahc`
[INFO] [stdout] 
[INFO] [stdout] 
[INFO] [stdout] error[E0433]: failed to resolve: use of undeclared crate or module `isahc`
[INFO] [stdout]   --> tests/expect.rs:10:5
[INFO] [stdout]    |
[INFO] [stdout] 10 |     isahc::post(m.url(), body).unwrap();
[INFO] [stdout]    |     ^^^^^ use of undeclared crate or module `isahc`
[INFO] [stdout] 
[INFO] [stdout] 
[INFO] [stdout] error[E0433]: failed to resolve: use of undeclared crate or module `isahc`
[INFO] [stdout]   --> tests/status.rs:22:20
[INFO] [stdout]    |
[INFO] [stdout] 22 |     let response = isahc::get(m.url()).unwrap();
[INFO] [stdout]    |                    ^^^^^ use of undeclared crate or module `isahc`
[INFO] [stdout] 
[INFO] [stdout] 
[INFO] [stdout] error[E0433]: failed to resolve: use of undeclared crate or module `isahc`
[INFO] [stdout]    --> tests/redirects.rs:223:23
[INFO] [stdout]     |
[INFO] [stdout] 223 |     assert_eq!(error, isahc::error::ErrorKind::RequestBodyNotRewindable);
[INFO] [stdout]     |                       ^^^^^ use of undeclared crate or module `isahc`
[INFO] [stdout]     |
[INFO] [stdout] help: consider importing one of these items
[INFO] [stdout]     |
[INFO] [stdout] 1   + use futures_lite::io::ErrorKind;
[INFO] [stdout]     |
[INFO] [stdout] 1   + use isahc_opendal_workaround::error::ErrorKind;
[INFO] [stdout]     |
[INFO] [stdout] 1   + use std::io::ErrorKind;
[INFO] [stdout]     |
[INFO] [stdout] help: if you import `ErrorKind`, refer to it directly
[INFO] [stdout]     |
[INFO] [stdout] 223 -     assert_eq!(error, isahc::error::ErrorKind::RequestBodyNotRewindable);
[INFO] [stdout] 223 +     assert_eq!(error, ErrorKind::RequestBodyNotRewindable);
[INFO] [stdout]     |
[INFO] [stdout] 
[INFO] [stdout] 
[INFO] [stdout] error[E0433]: failed to resolve: use of undeclared crate or module `isahc`
[INFO] [stdout]    --> tests/redirects.rs:245:23
[INFO] [stdout]     |
[INFO] [stdout] 245 |     assert_eq!(error, isahc::error::ErrorKind::TooManyRedirects);
[INFO] [stdout]     |                       ^^^^^ use of undeclared crate or module `isahc`
[INFO] [stdout]     |
[INFO] [stdout] help: consider importing one of these items
[INFO] [stdout]     |
[INFO] [stdout] 1   + use futures_lite::io::ErrorKind;
[INFO] [stdout]     |
[INFO] [stdout] 1   + use isahc_opendal_workaround::error::ErrorKind;
[INFO] [stdout]     |
[INFO] [stdout] 1   + use std::io::ErrorKind;
[INFO] [stdout]     |
[INFO] [stdout] help: if you import `ErrorKind`, refer to it directly
[INFO] [stdout]     |
[INFO] [stdout] 245 -     assert_eq!(error, isahc::error::ErrorKind::TooManyRedirects);
[INFO] [stdout] 245 +     assert_eq!(error, ErrorKind::TooManyRedirects);
[INFO] [stdout]     |
[INFO] [stdout] 
[INFO] [stdout] 
[INFO] [stdout] error[E0433]: failed to resolve: use of undeclared type `Credentials`
[INFO] [stdout]  --> tests/auth.rs:9:22
[INFO] [stdout]   |
[INFO] [stdout] 9 |         .credentials(Credentials::new("clark", "querty"))
[INFO] [stdout]   |                      ^^^^^^^^^^^ use of undeclared type `Credentials`
[INFO] [stdout]   |
[INFO] [stdout] help: consider importing this struct
[INFO] [stdout]   |
[INFO] [stdout] 1 + use isahc_opendal_workaround::auth::Credentials;
[INFO] [stdout]   |
[INFO] [stdout] 
[INFO] [stdout] 
[INFO] [stdout] error[E0433]: failed to resolve: use of undeclared type `Authentication`
[INFO] [stdout]   --> tests/auth.rs:23:25
[INFO] [stdout]    |
[INFO] [stdout] 23 |         .authentication(Authentication::basic())
[INFO] [stdout]    |                         ^^^^^^^^^^^^^^ use of undeclared type `Authentication`
[INFO] [stdout]    |
[INFO] [stdout] help: consider importing this struct
[INFO] [stdout]    |
[INFO] [stdout] 1  + use isahc_opendal_workaround::auth::Authentication;
[INFO] [stdout]    |
[INFO] [stdout] 
[INFO] [stdout] 
[INFO] [stdout] error: aborting due to 6 previous errors
[INFO] [stdout] 
[INFO] [stdout] 
[INFO] [stdout] Some errors have detailed explanations: E0432, E0433.
[INFO] [stdout] 
[INFO] [stdout] For more information about an error, try `rustc --explain E0432`.
[INFO] [stdout] 
[INFO] [stdout] error[E0433]: failed to resolve: use of undeclared type `Credentials`
[INFO] [stdout]   --> tests/auth.rs:24:22
[INFO] [stdout]    |
[INFO] [stdout] 24 |         .credentials(Credentials::new("clark", "querty"))
[INFO] [stdout]    |                      ^^^^^^^^^^^ use of undeclared type `Credentials`
[INFO] [stdout]    |
[INFO] [stdout] help: consider importing this struct
[INFO] [stdout]    |
[INFO] [stdout] 1  + use isahc_opendal_workaround::auth::Credentials;
[INFO] [stdout]    |
[INFO] [stdout] 
[INFO] [stdout] 
[INFO] [stdout] error[E0433]: failed to resolve: use of undeclared crate or module `isahc`
[INFO] [stdout]  --> examples/http2.rs:6:25
[INFO] [stdout]   |
[INFO] [stdout] 6 | fn main() -> Result<(), isahc::Error> {
[INFO] [stdout]   |                         ^^^^^ use of undeclared crate or module `isahc`
[INFO] [stdout] 
[INFO] [stdout] 
[INFO] [stdout] error: aborting due to 4 previous errors
[INFO] [stdout] 
[INFO] [stdout] 
[INFO] [stdout] Some errors have detailed explanations: E0432, E0433.
[INFO] [stdout] 
[INFO] [stdout] error: aborting due to 3 previous errors
[INFO] [stdout] 
[INFO] [stdout] 
[INFO] [stdout] Some errors have detailed explanations: E0432, E0433.
[INFO] [stdout] 
[INFO] [stdout] For more information about an error, try `rustc --explain E0432`.
[INFO] [stdout] 
[INFO] [stdout] For more information about an error, try `rustc --explain E0432`.
[INFO] [stdout] 
[INFO] [stdout] error[E0433]: failed to resolve: use of undeclared crate or module `isahc`
[INFO] [stdout]   --> tests/redirects.rs:14:20
[INFO] [stdout]    |
[INFO] [stdout] 14 |     let response = isahc::get(m.url()).unwrap();
[INFO] [stdout]    |                    ^^^^^ use of undeclared crate or module `isahc`
[INFO] [stdout] 
[INFO] [stdout] 
[INFO] [stdout] error[E0433]: failed to resolve: use of undeclared crate or module `isahc`
[INFO] [stdout]   --> examples/head_length.rs:10:17
[INFO] [stdout]    |
[INFO] [stdout] 10 |     let error = isahc::send(weird_request).unwrap_err();
[INFO] [stdout]    |                 ^^^^^ use of undeclared crate or module `isahc`
[INFO] [stdout] 
[INFO] [stdout] 
[INFO] [stdout] error[E0433]: failed to resolve: use of undeclared crate or module `isahc`
[INFO] [stdout]  --> examples/simple.rs:9:24
[INFO] [stdout]   |
[INFO] [stdout] 9 |     let mut response = isahc::get("https://example.org")?;
[INFO] [stdout]   |                        ^^^^^ use of undeclared crate or module `isahc`
[INFO] [stdout] 
[INFO] [stdout] 
[INFO] [stderr] error: could not compile `isahc-opendal-workaround` (example "http2") due to 5 previous errors
[INFO] [stderr] error: could not compile `isahc-opendal-workaround` (test "status") due to 4 previous errors
[INFO] [stderr] error: could not compile `isahc-opendal-workaround` (test "expect") due to 7 previous errors
[INFO] [stdout] error[E0433]: failed to resolve: use of undeclared crate or module `isahc`
[INFO] [stdout]  --> examples/head_length.rs:5:25
[INFO] [stdout]   |
[INFO] [stdout] 5 | fn main() -> Result<(), isahc::Error> {
[INFO] [stdout]   |                         ^^^^^ use of undeclared crate or module `isahc`
[INFO] [stdout] 
[INFO] [stdout] 
[INFO] [stdout] error: aborting due to 3 previous errors
[INFO] [stdout] 
[INFO] [stdout] 
[INFO] [stdout] Some errors have detailed explanations: E0432, E0433.
[INFO] [stdout] 
[INFO] [stdout] For more information about an error, try `rustc --explain E0432`.
[INFO] [stdout] 
[INFO] [stdout] error[E0433]: failed to resolve: use of undeclared crate or module `isahc`
[INFO] [stdout]  --> examples/simple.rs:6:25
[INFO] [stdout]   |
[INFO] [stdout] 6 | fn main() -> Result<(), isahc::Error> {
[INFO] [stdout]   |                         ^^^^^ use of undeclared crate or module `isahc`
[INFO] [stdout] 
[INFO] [stdout] 
[INFO] [stdout] error: aborting due to 3 previous errors
[INFO] [stdout] 
[INFO] [stdout] 
[INFO] [stdout] For more information about this error, try `rustc --explain E0433`.
[INFO] [stdout] 
[INFO] [stdout] error[E0433]: failed to resolve: use of undeclared crate or module `isahc`
[INFO] [stdout]  --> examples/async.rs:8:28
[INFO] [stdout]   |
[INFO] [stdout] 8 |         let mut response = isahc::get_async("http://example.org").await?;
[INFO] [stdout]   |                            ^^^^^ use of undeclared crate or module `isahc`
[INFO] [stdout] 
[INFO] [stdout] 
[INFO] [stdout] error[E0433]: failed to resolve: use of undeclared crate or module `isahc`
[INFO] [stdout]  --> examples/tracing.rs:8:24
[INFO] [stdout]   |
[INFO] [stdout] 8 |     let mut response = isahc::get("https://example.org")?;
[INFO] [stdout]   |                        ^^^^^ use of undeclared crate or module `isahc`
[INFO] [stdout] 
[INFO] [stdout] 
[INFO] [stderr] error: could not compile `isahc-opendal-workaround` (example "head_length") due to 4 previous errors
[INFO] [stdout] error: aborting due to 8 previous errors
[INFO] [stdout] 
[INFO] [stdout] 
[INFO] [stdout] Some errors have detailed explanations: E0432, E0433.
[INFO] [stdout] 
[INFO] [stdout] For more information about an error, try `rustc --explain E0432`.
[INFO] [stdout] 
[INFO] [stderr] error: could not compile `isahc-opendal-workaround` (example "simple") due to 4 previous errors
[INFO] [stdout] error: aborting due to 8 previous errors
[INFO] [stdout] 
[INFO] [stdout] 
[INFO] [stdout] Some errors have detailed explanations: E0432, E0433.
[INFO] [stdout] 
[INFO] [stdout] For more information about an error, try `rustc --explain E0432`.
[INFO] [stdout] 
[INFO] [stdout] error[E0433]: failed to resolve: use of undeclared crate or module `isahc`
[INFO] [stdout]  --> examples/async.rs:6:25
[INFO] [stdout]   |
[INFO] [stdout] 6 | fn main() -> Result<(), isahc::Error> {
[INFO] [stdout]   |                         ^^^^^ use of undeclared crate or module `isahc`
[INFO] [stdout] 
[INFO] [stdout] 
[INFO] [stdout] error[E0433]: failed to resolve: use of undeclared crate or module `isahc`
[INFO] [stdout]  --> examples/tracing.rs:5:25
[INFO] [stdout]   |
[INFO] [stdout] 5 | fn main() -> Result<(), isahc::Error> {
[INFO] [stdout]   |                         ^^^^^ use of undeclared crate or module `isahc`
[INFO] [stdout] 
[INFO] [stdout] 
[INFO] [stdout] error: aborting due to 2 previous errors
[INFO] [stdout] 
[INFO] [stdout] 
[INFO] [stdout] For more information about this error, try `rustc --explain E0433`.
[INFO] [stdout] 
[INFO] [stdout] error: aborting due to 3 previous errors
[INFO] [stdout] 
[INFO] [stdout] 
[INFO] [stdout] For more information about this error, try `rustc --explain E0433`.
[INFO] [stdout] 
[INFO] [stderr] error: could not compile `isahc-opendal-workaround` (test "auth") due to 9 previous errors
[INFO] [stderr] error: could not compile `isahc-opendal-workaround` (example "tracing") due to 3 previous errors
[INFO] [stdout] error: aborting due to 27 previous errors
[INFO] [stdout] 
[INFO] [stdout] 
[INFO] [stderr] error: could not compile `isahc-opendal-workaround` (example "async") due to 4 previous errors
[INFO] [stdout] Some errors have detailed explanations: E0432, E0433.
[INFO] [stdout] 
[INFO] [stdout] For more information about an error, try `rustc --explain E0432`.
[INFO] [stdout] 
[INFO] [stdout] error[E0433]: failed to resolve: use of undeclared crate or module `isahc`
[INFO] [stdout]   --> examples/stream_cancellation.rs:10:24
[INFO] [stdout]    |
[INFO] [stdout] 10 |         let response = isahc::get_async("https://www.rust-lang.org").await?;
[INFO] [stdout]    |                        ^^^^^ use of undeclared crate or module `isahc`
[INFO] [stdout] 
[INFO] [stdout] 
[INFO] [stderr] error: could not compile `isahc-opendal-workaround` (test "redirects") due to 28 previous errors
[INFO] [stderr] error: could not compile `isahc-opendal-workaround` (test "proxy") due to 9 previous errors
[INFO] [stdout] warning: unused import: `io::AsyncReadExt`
[INFO] [stdout]  --> examples/stream_cancellation.rs:5:38
[INFO] [stdout]   |
[INFO] [stdout] 5 | use futures_lite::{future::block_on, io::AsyncReadExt};
[INFO] [stdout]   |                                      ^^^^^^^^^^^^^^^^
[INFO] [stdout]   |
[INFO] [stdout]   = note: `#[warn(unused_imports)]` on by default
[INFO] [stdout] 
[INFO] [stdout] 
[INFO] [stdout] error[E0433]: failed to resolve: use of undeclared crate or module `isahc`
[INFO] [stdout]  --> examples/stream_cancellation.rs:7:25
[INFO] [stdout]   |
[INFO] [stdout] 7 | fn main() -> Result<(), isahc::Error> {
[INFO] [stdout]   |                         ^^^^^ use of undeclared crate or module `isahc`
[INFO] [stdout] 
[INFO] [stdout] 
[INFO] [stdout] error: aborting due to 2 previous errors; 1 warning emitted
[INFO] [stdout] 
[INFO] [stdout] 
[INFO] [stdout] For more information about this error, try `rustc --explain E0433`.
[INFO] [stdout] 
[INFO] [stderr] error: could not compile `isahc-opendal-workaround` (example "stream_cancellation") due to 3 previous errors; 1 warning emitted
[INFO] running `Command { std: "docker" "inspect" "e44e838a876b6077eaa654bf06ee228e294601cf2c351046f27aaa8928939500", kill_on_drop: false }`
[INFO] running `Command { std: "docker" "rm" "-f" "e44e838a876b6077eaa654bf06ee228e294601cf2c351046f27aaa8928939500", kill_on_drop: false }`
[INFO] [stdout] e44e838a876b6077eaa654bf06ee228e294601cf2c351046f27aaa8928939500
