[INFO] fetching crate irrc 0.1.0-rc.6...
[INFO] testing irrc-0.1.0-rc.6 against 1.75.0 for beta-1.76-1
[INFO] extracting crate irrc 0.1.0-rc.6 into /workspace/builds/worker-0-tc1/source
[INFO] validating manifest of crates.io crate irrc 0.1.0-rc.6 on toolchain 1.75.0
[INFO] running `Command { std: CARGO_HOME="/workspace/cargo-home" RUSTUP_HOME="/workspace/rustup-home" "/workspace/cargo-home/bin/cargo" "+1.75.0" "metadata" "--manifest-path" "Cargo.toml" "--no-deps", kill_on_drop: false }`
[INFO] started tweaking crates.io crate irrc 0.1.0-rc.6
[INFO] finished tweaking crates.io crate irrc 0.1.0-rc.6
[INFO] tweaked toml for crates.io crate irrc 0.1.0-rc.6 written to /workspace/builds/worker-0-tc1/source/Cargo.toml
[INFO] crate crates.io crate irrc 0.1.0-rc.6 already has a lockfile, it will not be regenerated
[INFO] running `Command { std: CARGO_HOME="/workspace/cargo-home" RUSTUP_HOME="/workspace/rustup-home" "/workspace/cargo-home/bin/cargo" "+1.75.0" "fetch" "--manifest-path" "Cargo.toml", kill_on_drop: false }`
[INFO] [stderr]     Updating crates.io index
[INFO] [stderr]  Downloading crates ...
[INFO] [stderr]   Downloaded time-macros v0.2.14
[INFO] [stderr]   Downloaded circular v0.3.0
[INFO] [stderr]   Downloaded pest v2.7.2
[INFO] [stderr]   Downloaded simple_logger v4.2.0
[INFO] [stderr]   Downloaded rpsl v0.1.0-rc.1
[INFO] [stderr]   Downloaded proptest v1.2.0
[INFO] [stderr]   Downloaded rustix v0.38.10
[INFO] [stderr]   Downloaded pest_meta v2.7.2
[INFO] [stderr]   Downloaded pest_generator v2.7.2
[INFO] [stderr]   Downloaded strum_macros v0.25.2
[INFO] [stderr]   Downloaded pest_derive v2.7.2
[INFO] [stderr]   Downloaded generic-ip v0.1.0-rc.4
[INFO] running `Command { std: "docker" "create" "-v" "/var/lib/crater-agent-workspace/builds/worker-0-tc1/target:/opt/rustwide/target:rw,Z" "-v" "/var/lib/crater-agent-workspace/builds/worker-0-tc1/source:/opt/rustwide/workdir:ro,Z" "-v" "/var/lib/crater-agent-workspace/cargo-home:/opt/rustwide/cargo-home:ro,Z" "-v" "/var/lib/crater-agent-workspace/rustup-home:/opt/rustwide/rustup-home:ro,Z" "-e" "SOURCE_DIR=/opt/rustwide/workdir" "-e" "CARGO_TARGET_DIR=/opt/rustwide/target" "-e" "CARGO_HOME=/opt/rustwide/cargo-home" "-e" "RUSTUP_HOME=/opt/rustwide/rustup-home" "-w" "/opt/rustwide/workdir" "-m" "1610612736" "--user" "0:0" "--network" "none" "ghcr.io/rust-lang/crates-build-env/linux@sha256:2788e3201cd34a07e3172128adcd8b3090168a8e3bcc40d7c032b9dda1df7d1c" "/opt/rustwide/cargo-home/bin/cargo" "+1.75.0" "metadata" "--no-deps" "--format-version=1", kill_on_drop: false }`
[INFO] [stdout] 8e9b13d406cd3542c8f51e062ca9289d627fa8bda6efbdd32d6d475e74604882
[INFO] running `Command { std: "docker" "start" "-a" "8e9b13d406cd3542c8f51e062ca9289d627fa8bda6efbdd32d6d475e74604882", kill_on_drop: false }`
[INFO] running `Command { std: "docker" "inspect" "8e9b13d406cd3542c8f51e062ca9289d627fa8bda6efbdd32d6d475e74604882", kill_on_drop: false }`
[INFO] running `Command { std: "docker" "rm" "-f" "8e9b13d406cd3542c8f51e062ca9289d627fa8bda6efbdd32d6d475e74604882", kill_on_drop: false }`
[INFO] [stdout] 8e9b13d406cd3542c8f51e062ca9289d627fa8bda6efbdd32d6d475e74604882
[INFO] running `Command { std: "docker" "create" "-v" "/var/lib/crater-agent-workspace/builds/worker-0-tc1/target:/opt/rustwide/target:rw,Z" "-v" "/var/lib/crater-agent-workspace/builds/worker-0-tc1/source:/opt/rustwide/workdir:ro,Z" "-v" "/var/lib/crater-agent-workspace/cargo-home:/opt/rustwide/cargo-home:ro,Z" "-v" "/var/lib/crater-agent-workspace/rustup-home:/opt/rustwide/rustup-home:ro,Z" "-e" "SOURCE_DIR=/opt/rustwide/workdir" "-e" "CARGO_TARGET_DIR=/opt/rustwide/target" "-e" "CARGO_INCREMENTAL=0" "-e" "RUST_BACKTRACE=full" "-e" "RUSTFLAGS=--cap-lints=warn" "-e" "RUSTDOCFLAGS=--cap-lints=warn" "-e" "CARGO_HOME=/opt/rustwide/cargo-home" "-e" "RUSTUP_HOME=/opt/rustwide/rustup-home" "-w" "/opt/rustwide/workdir" "-m" "1610612736" "--user" "0:0" "--network" "none" "ghcr.io/rust-lang/crates-build-env/linux@sha256:2788e3201cd34a07e3172128adcd8b3090168a8e3bcc40d7c032b9dda1df7d1c" "/opt/rustwide/cargo-home/bin/cargo" "+1.75.0" "build" "--frozen" "--message-format=json", kill_on_drop: false }`
[INFO] [stdout] 95f10fa096ee02b25749bdc1894d12d34466e6d9a2180028dc162dcc3b85e515
[INFO] running `Command { std: "docker" "start" "-a" "95f10fa096ee02b25749bdc1894d12d34466e6d9a2180028dc162dcc3b85e515", kill_on_drop: false }`
[INFO] [stderr]    Compiling proc-macro2 v1.0.66
[INFO] [stderr]    Compiling unicode-ident v1.0.11
[INFO] [stderr]    Compiling thiserror v1.0.47
[INFO] [stderr]    Compiling ucd-trie v0.1.6
[INFO] [stderr]    Compiling syn v1.0.109
[INFO] [stderr]    Compiling rustversion v1.0.14
[INFO] [stderr]    Compiling num-traits v0.2.16
[INFO] [stderr]    Compiling unicode-segmentation v1.10.1
[INFO] [stderr]    Compiling once_cell v1.18.0
[INFO] [stderr]    Compiling time-core v0.1.1
[INFO] [stderr]    Compiling heck v0.3.3
[INFO] [stderr]    Compiling time-macros v0.2.14
[INFO] [stderr]    Compiling deranged v0.3.8
[INFO] [stderr]    Compiling itoa v1.0.9
[INFO] [stderr]    Compiling heck v0.4.1
[INFO] [stderr]    Compiling memchr v2.6.1
[INFO] [stderr]    Compiling minimal-lexical v0.2.1
[INFO] [stderr]    Compiling circular v0.3.0
[INFO] [stderr]    Compiling quote v1.0.33
[INFO] [stderr]    Compiling syn v2.0.29
[INFO] [stderr]    Compiling nom v7.1.3
[INFO] [stderr]    Compiling generic-ip v0.1.0-rc.4
[INFO] [stderr]    Compiling time v0.3.28
[INFO] [stderr]    Compiling thiserror-impl v1.0.47
[INFO] [stderr]    Compiling strum_macros v0.25.2
[INFO] [stderr]    Compiling strum_macros v0.21.1
[INFO] [stderr]    Compiling pest v2.7.2
[INFO] [stderr]    Compiling strum v0.21.0
[INFO] [stderr]    Compiling strum v0.25.0
[INFO] [stderr]    Compiling pest_meta v2.7.2
[INFO] [stderr]    Compiling pest_generator v2.7.2
[INFO] [stderr]    Compiling pest_derive v2.7.2
[INFO] [stderr]    Compiling rpsl v0.1.0-rc.1
[INFO] [stderr]    Compiling irrc v0.1.0-rc.6 (/opt/rustwide/workdir)
[INFO] [stderr]     Finished dev [unoptimized + debuginfo] target(s) in 12.70s
[INFO] running `Command { std: "docker" "inspect" "95f10fa096ee02b25749bdc1894d12d34466e6d9a2180028dc162dcc3b85e515", kill_on_drop: false }`
[INFO] running `Command { std: "docker" "rm" "-f" "95f10fa096ee02b25749bdc1894d12d34466e6d9a2180028dc162dcc3b85e515", kill_on_drop: false }`
[INFO] [stdout] 95f10fa096ee02b25749bdc1894d12d34466e6d9a2180028dc162dcc3b85e515
[INFO] running `Command { std: "docker" "create" "-v" "/var/lib/crater-agent-workspace/builds/worker-0-tc1/target:/opt/rustwide/target:rw,Z" "-v" "/var/lib/crater-agent-workspace/builds/worker-0-tc1/source:/opt/rustwide/workdir:ro,Z" "-v" "/var/lib/crater-agent-workspace/cargo-home:/opt/rustwide/cargo-home:ro,Z" "-v" "/var/lib/crater-agent-workspace/rustup-home:/opt/rustwide/rustup-home:ro,Z" "-e" "SOURCE_DIR=/opt/rustwide/workdir" "-e" "CARGO_TARGET_DIR=/opt/rustwide/target" "-e" "CARGO_INCREMENTAL=0" "-e" "RUST_BACKTRACE=full" "-e" "RUSTFLAGS=--cap-lints=warn" "-e" "RUSTDOCFLAGS=--cap-lints=warn" "-e" "CARGO_HOME=/opt/rustwide/cargo-home" "-e" "RUSTUP_HOME=/opt/rustwide/rustup-home" "-w" "/opt/rustwide/workdir" "-m" "1610612736" "--user" "0:0" "--network" "none" "ghcr.io/rust-lang/crates-build-env/linux@sha256:2788e3201cd34a07e3172128adcd8b3090168a8e3bcc40d7c032b9dda1df7d1c" "/opt/rustwide/cargo-home/bin/cargo" "+1.75.0" "test" "--frozen" "--no-run" "--message-format=json", kill_on_drop: false }`
[INFO] [stdout] dac969fca137fce6ec4b30e820bd4208e8fedb73061c5415c9b6a211b1cde902
[INFO] running `Command { std: "docker" "start" "-a" "dac969fca137fce6ec4b30e820bd4208e8fedb73061c5415c9b6a211b1cde902", kill_on_drop: false }`
[INFO] [stderr]    Compiling unicode-ident v1.0.11
[INFO] [stderr]    Compiling libc v0.2.147
[INFO] [stderr]    Compiling rustix v0.38.10
[INFO] [stderr]    Compiling linux-raw-sys v0.4.5
[INFO] [stderr]    Compiling bitflags v2.4.0
[INFO] [stderr]    Compiling memchr v2.6.1
[INFO] [stderr]    Compiling libm v0.2.7
[INFO] [stderr]    Compiling num-traits v0.2.16
[INFO] [stderr]    Compiling proc-macro2 v1.0.66
[INFO] [stderr]    Compiling fastrand v2.0.0
[INFO] [stderr]    Compiling regex-syntax v0.7.5
[INFO] [stderr]    Compiling quote v1.0.33
[INFO] [stderr]    Compiling aho-corasick v1.0.5
[INFO] [stderr]    Compiling syn v2.0.29
[INFO] [stderr]    Compiling quick-error v1.2.3
[INFO] [stderr]    Compiling bit-vec v0.6.3
[INFO] [stderr]    Compiling getrandom v0.2.10
[INFO] [stderr]    Compiling wait-timeout v0.2.0
[INFO] [stderr]    Compiling bit-set v0.5.3
[INFO] [stderr]    Compiling rand_core v0.6.4
[INFO] [stderr]    Compiling unicase v2.7.0
[INFO] [stderr]    Compiling rand_chacha v0.3.1
[INFO] [stderr]    Compiling rand_xorshift v0.3.0
[INFO] [stderr]    Compiling syn v1.0.109
[INFO] [stderr]    Compiling serde v1.0.188
[INFO] [stderr]    Compiling rand v0.8.5
[INFO] [stderr]    Compiling regex-syntax v0.6.29
[INFO] [stderr]    Compiling byteorder v1.4.3
[INFO] [stderr]    Compiling tempfile v3.8.0
[INFO] [stderr]    Compiling regex-automata v0.3.7
[INFO] [stderr]    Compiling rusty-fork v0.3.0
[INFO] [stderr]    Compiling num_threads v0.1.6
[INFO] [stderr]    Compiling unarray v0.1.4
[INFO] [stderr]    Compiling time v0.3.28
[INFO] [stderr]    Compiling log v0.4.20
[INFO] [stderr]    Compiling unicode-bidi v0.3.13
[INFO] [stderr]    Compiling thiserror-impl v1.0.47
[INFO] [stderr]    Compiling proptest v1.2.0
[INFO] [stderr]    Compiling percent-encoding v2.3.0
[INFO] [stderr]    Compiling pulldown-cmark v0.8.0
[INFO] [stderr]    Compiling semver v1.0.18
[INFO] [stderr]    Compiling regex v1.9.4
[INFO] [stderr]    Compiling strum_macros v0.21.1
[INFO] [stderr]    Compiling form_urlencoded v1.2.0
[INFO] [stderr]    Compiling strum_macros v0.25.2
[INFO] [stderr]    Compiling idna v0.4.0
[INFO] [stderr]    Compiling thiserror v1.0.47
[INFO] [stderr]    Compiling pest v2.7.2
[INFO] [stderr]    Compiling is-terminal v0.4.9
[INFO] [stderr]    Compiling nom v7.1.3
[INFO] [stderr]    Compiling colored v2.0.4
[INFO] [stderr]    Compiling strum v0.21.0
[INFO] [stderr]    Compiling generic-ip v0.1.0-rc.4
[INFO] [stderr]    Compiling pest_meta v2.7.2
[INFO] [stderr]    Compiling strum v0.25.0
[INFO] [stderr]    Compiling url v2.4.1
[INFO] [stderr]    Compiling pest_generator v2.7.2
[INFO] [stderr]    Compiling simple_logger v4.2.0
[INFO] [stderr]    Compiling toml v0.5.11
[INFO] [stderr]    Compiling pest_derive v2.7.2
[INFO] [stderr]    Compiling rpsl v0.1.0-rc.1
[INFO] [stderr]    Compiling version-sync v0.9.4
[INFO] [stderr]    Compiling irrc v0.1.0-rc.6 (/opt/rustwide/workdir)
[INFO] [stderr] error: could not compile `rpsl` (lib)
[INFO] [stderr] 
[INFO] [stderr] Caused by:
[INFO] [stderr]   process didn't exit successfully: `/opt/rustwide/rustup-home/toolchains/1.75.0-x86_64-unknown-linux-gnu/bin/rustc --crate-name rpsl --edition=2021 /opt/rustwide/cargo-home/registry/src/index.crates.io-6f17d22bba15001f/rpsl-0.1.0-rc.1/src/lib.rs --error-format=json --json=diagnostic-rendered-ansi,artifacts,future-incompat --crate-type lib --emit=dep-info,metadata,link -C embed-bitcode=no -C debuginfo=2 --cfg 'feature="arbitrary"' --cfg 'feature="paste"' --cfg 'feature="proptest"' --cfg 'feature="regex"' -C metadata=fa675d0c3ab8dcdb -C extra-filename=-fa675d0c3ab8dcdb --out-dir /opt/rustwide/target/debug/deps -L dependency=/opt/rustwide/target/debug/deps --extern ip=/opt/rustwide/target/debug/deps/libip-2b96af6137c1c18b.rmeta --extern log=/opt/rustwide/target/debug/deps/liblog-e491f2c1d0b13538.rmeta --extern paste=/opt/rustwide/target/debug/deps/libpaste-5d8b8ccb77a64e55.so --extern pest=/opt/rustwide/target/debug/deps/libpest-0fd4b4c8d5a6ecd8.rmeta --extern pest_derive=/opt/rustwide/target/debug/deps/libpest_derive-3b5a0069c9e12f95.so --extern proptest=/opt/rustwide/target/debug/deps/libproptest-74a3ed5c353dce7f.rmeta --extern regex=/opt/rustwide/target/debug/deps/libregex-7dcff1fb7e3d5a1c.rmeta --extern strum=/opt/rustwide/target/debug/deps/libstrum-a92adba3f538e829.rmeta --extern thiserror=/opt/rustwide/target/debug/deps/libthiserror-55d025c74604f372.rmeta --extern time=/opt/rustwide/target/debug/deps/libtime-eb5c789f668f0f8a.rmeta --cap-lints allow --cap-lints=warn` (signal: 9, SIGKILL: kill)
[INFO] running `Command { std: "docker" "inspect" "dac969fca137fce6ec4b30e820bd4208e8fedb73061c5415c9b6a211b1cde902", kill_on_drop: false }`
[INFO] running `Command { std: "docker" "rm" "-f" "dac969fca137fce6ec4b30e820bd4208e8fedb73061c5415c9b6a211b1cde902", kill_on_drop: false }`
[INFO] [stdout] dac969fca137fce6ec4b30e820bd4208e8fedb73061c5415c9b6a211b1cde902
[INFO] testing irrc-0.1.0-rc.6 against beta-2023-12-22 for beta-1.76-1
[INFO] extracting crate irrc 0.1.0-rc.6 into /workspace/builds/worker-0-tc2/source
[INFO] validating manifest of crates.io crate irrc 0.1.0-rc.6 on toolchain beta-2023-12-22
[INFO] running `Command { std: CARGO_HOME="/workspace/cargo-home" RUSTUP_HOME="/workspace/rustup-home" "/workspace/cargo-home/bin/cargo" "+beta-2023-12-22" "metadata" "--manifest-path" "Cargo.toml" "--no-deps", kill_on_drop: false }`
[INFO] started tweaking crates.io crate irrc 0.1.0-rc.6
[INFO] finished tweaking crates.io crate irrc 0.1.0-rc.6
[INFO] tweaked toml for crates.io crate irrc 0.1.0-rc.6 written to /workspace/builds/worker-0-tc2/source/Cargo.toml
[INFO] crate crates.io crate irrc 0.1.0-rc.6 already has a lockfile, it will not be regenerated
[INFO] running `Command { std: CARGO_HOME="/workspace/cargo-home" RUSTUP_HOME="/workspace/rustup-home" "/workspace/cargo-home/bin/cargo" "+beta-2023-12-22" "fetch" "--manifest-path" "Cargo.toml", kill_on_drop: false }`
[INFO] running `Command { std: "docker" "create" "-v" "/var/lib/crater-agent-workspace/builds/worker-0-tc2/target:/opt/rustwide/target:rw,Z" "-v" "/var/lib/crater-agent-workspace/builds/worker-0-tc2/source:/opt/rustwide/workdir:ro,Z" "-v" "/var/lib/crater-agent-workspace/cargo-home:/opt/rustwide/cargo-home:ro,Z" "-v" "/var/lib/crater-agent-workspace/rustup-home:/opt/rustwide/rustup-home:ro,Z" "-e" "SOURCE_DIR=/opt/rustwide/workdir" "-e" "CARGO_TARGET_DIR=/opt/rustwide/target" "-e" "CARGO_HOME=/opt/rustwide/cargo-home" "-e" "RUSTUP_HOME=/opt/rustwide/rustup-home" "-w" "/opt/rustwide/workdir" "-m" "1610612736" "--user" "0:0" "--network" "none" "ghcr.io/rust-lang/crates-build-env/linux@sha256:2788e3201cd34a07e3172128adcd8b3090168a8e3bcc40d7c032b9dda1df7d1c" "/opt/rustwide/cargo-home/bin/cargo" "+beta-2023-12-22" "metadata" "--no-deps" "--format-version=1", kill_on_drop: false }`
[INFO] [stdout] eccbbeeb163dce15a8fbdc5e8a321dec8c325cde1233f9f43f3bb5ddce4841d6
[INFO] running `Command { std: "docker" "start" "-a" "eccbbeeb163dce15a8fbdc5e8a321dec8c325cde1233f9f43f3bb5ddce4841d6", kill_on_drop: false }`
[INFO] running `Command { std: "docker" "inspect" "eccbbeeb163dce15a8fbdc5e8a321dec8c325cde1233f9f43f3bb5ddce4841d6", kill_on_drop: false }`
[INFO] running `Command { std: "docker" "rm" "-f" "eccbbeeb163dce15a8fbdc5e8a321dec8c325cde1233f9f43f3bb5ddce4841d6", kill_on_drop: false }`
[INFO] [stdout] eccbbeeb163dce15a8fbdc5e8a321dec8c325cde1233f9f43f3bb5ddce4841d6
[INFO] running `Command { std: "docker" "create" "-v" "/var/lib/crater-agent-workspace/builds/worker-0-tc2/target:/opt/rustwide/target:rw,Z" "-v" "/var/lib/crater-agent-workspace/builds/worker-0-tc2/source:/opt/rustwide/workdir:ro,Z" "-v" "/var/lib/crater-agent-workspace/cargo-home:/opt/rustwide/cargo-home:ro,Z" "-v" "/var/lib/crater-agent-workspace/rustup-home:/opt/rustwide/rustup-home:ro,Z" "-e" "SOURCE_DIR=/opt/rustwide/workdir" "-e" "CARGO_TARGET_DIR=/opt/rustwide/target" "-e" "CARGO_INCREMENTAL=0" "-e" "RUST_BACKTRACE=full" "-e" "RUSTFLAGS=--cap-lints=warn" "-e" "RUSTDOCFLAGS=--cap-lints=warn" "-e" "CARGO_HOME=/opt/rustwide/cargo-home" "-e" "RUSTUP_HOME=/opt/rustwide/rustup-home" "-w" "/opt/rustwide/workdir" "-m" "1610612736" "--user" "0:0" "--network" "none" "ghcr.io/rust-lang/crates-build-env/linux@sha256:2788e3201cd34a07e3172128adcd8b3090168a8e3bcc40d7c032b9dda1df7d1c" "/opt/rustwide/cargo-home/bin/cargo" "+beta-2023-12-22" "build" "--frozen" "--message-format=json", kill_on_drop: false }`
[INFO] [stdout] 4923fc0b4831de022800f17e77b72453359b310c4d1de4bc2447110ee6b3dfa4
[INFO] running `Command { std: "docker" "start" "-a" "4923fc0b4831de022800f17e77b72453359b310c4d1de4bc2447110ee6b3dfa4", kill_on_drop: false }`
[INFO] [stderr]    Compiling proc-macro2 v1.0.66
[INFO] [stderr]    Compiling unicode-ident v1.0.11
[INFO] [stderr]    Compiling thiserror v1.0.47
[INFO] [stderr]    Compiling ucd-trie v0.1.6
[INFO] [stderr]    Compiling syn v1.0.109
[INFO] [stderr]    Compiling num-traits v0.2.16
[INFO] [stderr]    Compiling rustversion v1.0.14
[INFO] [stderr]    Compiling unicode-segmentation v1.10.1
[INFO] [stderr]    Compiling once_cell v1.18.0
[INFO] [stderr]    Compiling time-core v0.1.1
[INFO] [stderr]    Compiling time-macros v0.2.14
[INFO] [stderr]    Compiling heck v0.3.3
[INFO] [stderr]    Compiling heck v0.4.1
[INFO] [stderr]    Compiling deranged v0.3.8
[INFO] [stderr]    Compiling itoa v1.0.9
[INFO] [stderr]    Compiling minimal-lexical v0.2.1
[INFO] [stderr]    Compiling memchr v2.6.1
[INFO] [stderr]    Compiling circular v0.3.0
[INFO] [stderr]    Compiling quote v1.0.33
[INFO] [stderr]    Compiling syn v2.0.29
[INFO] [stderr]    Compiling nom v7.1.3
[INFO] [stderr]    Compiling generic-ip v0.1.0-rc.4
[INFO] [stderr]    Compiling time v0.3.28
[INFO] [stderr]    Compiling thiserror-impl v1.0.47
[INFO] [stderr]    Compiling strum_macros v0.25.2
[INFO] [stderr]    Compiling strum_macros v0.21.1
[INFO] [stderr]    Compiling strum v0.21.0
[INFO] [stderr]    Compiling pest v2.7.2
[INFO] [stderr]    Compiling strum v0.25.0
[INFO] [stderr]    Compiling pest_meta v2.7.2
[INFO] [stderr]    Compiling pest_generator v2.7.2
[INFO] [stderr]    Compiling pest_derive v2.7.2
[INFO] [stderr]    Compiling rpsl v0.1.0-rc.1
[INFO] [stderr]    Compiling irrc v0.1.0-rc.6 (/opt/rustwide/workdir)
[INFO] [stderr]     Finished dev [unoptimized + debuginfo] target(s) in 15.30s
[INFO] running `Command { std: "docker" "inspect" "4923fc0b4831de022800f17e77b72453359b310c4d1de4bc2447110ee6b3dfa4", kill_on_drop: false }`
[INFO] running `Command { std: "docker" "rm" "-f" "4923fc0b4831de022800f17e77b72453359b310c4d1de4bc2447110ee6b3dfa4", kill_on_drop: false }`
[INFO] [stdout] 4923fc0b4831de022800f17e77b72453359b310c4d1de4bc2447110ee6b3dfa4
[INFO] running `Command { std: "docker" "create" "-v" "/var/lib/crater-agent-workspace/builds/worker-0-tc2/target:/opt/rustwide/target:rw,Z" "-v" "/var/lib/crater-agent-workspace/builds/worker-0-tc2/source:/opt/rustwide/workdir:ro,Z" "-v" "/var/lib/crater-agent-workspace/cargo-home:/opt/rustwide/cargo-home:ro,Z" "-v" "/var/lib/crater-agent-workspace/rustup-home:/opt/rustwide/rustup-home:ro,Z" "-e" "SOURCE_DIR=/opt/rustwide/workdir" "-e" "CARGO_TARGET_DIR=/opt/rustwide/target" "-e" "CARGO_INCREMENTAL=0" "-e" "RUST_BACKTRACE=full" "-e" "RUSTFLAGS=--cap-lints=warn" "-e" "RUSTDOCFLAGS=--cap-lints=warn" "-e" "CARGO_HOME=/opt/rustwide/cargo-home" "-e" "RUSTUP_HOME=/opt/rustwide/rustup-home" "-w" "/opt/rustwide/workdir" "-m" "1610612736" "--user" "0:0" "--network" "none" "ghcr.io/rust-lang/crates-build-env/linux@sha256:2788e3201cd34a07e3172128adcd8b3090168a8e3bcc40d7c032b9dda1df7d1c" "/opt/rustwide/cargo-home/bin/cargo" "+beta-2023-12-22" "test" "--frozen" "--no-run" "--message-format=json", kill_on_drop: false }`
[INFO] [stdout] 2dc9e5d7c7d69649b59449051fac2b35216963a4af3d95d33eaff15f29348a3b
[INFO] running `Command { std: "docker" "start" "-a" "2dc9e5d7c7d69649b59449051fac2b35216963a4af3d95d33eaff15f29348a3b", kill_on_drop: false }`
[INFO] [stderr]    Compiling unicode-ident v1.0.11
[INFO] [stderr]    Compiling libc v0.2.147
[INFO] [stderr]    Compiling rustix v0.38.10
[INFO] [stderr]    Compiling linux-raw-sys v0.4.5
[INFO] [stderr]    Compiling bitflags v2.4.0
[INFO] [stderr]    Compiling memchr v2.6.1
[INFO] [stderr]    Compiling libm v0.2.7
[INFO] [stderr]    Compiling num-traits v0.2.16
[INFO] [stderr]    Compiling proc-macro2 v1.0.66
[INFO] [stderr]    Compiling fastrand v2.0.0
[INFO] [stderr]    Compiling regex-syntax v0.7.5
[INFO] [stderr]    Compiling bit-vec v0.6.3
[INFO] [stderr]    Compiling quote v1.0.33
[INFO] [stderr]    Compiling aho-corasick v1.0.5
[INFO] [stderr]    Compiling syn v2.0.29
[INFO] [stderr]    Compiling getrandom v0.2.10
[INFO] [stderr]    Compiling wait-timeout v0.2.0
[INFO] [stderr]    Compiling quick-error v1.2.3
[INFO] [stderr]    Compiling syn v1.0.109
[INFO] [stderr]    Compiling rand_core v0.6.4
[INFO] [stderr]    Compiling rand_chacha v0.3.1
[INFO] [stderr]    Compiling rand_xorshift v0.3.0
[INFO] [stderr]    Compiling rand v0.8.5
[INFO] [stderr]    Compiling bit-set v0.5.3
[INFO] [stderr]    Compiling unicase v2.7.0
[INFO] [stderr]    Compiling serde v1.0.188
[INFO] [stderr]    Compiling regex-syntax v0.6.29
[INFO] [stderr]    Compiling byteorder v1.4.3
[INFO] [stderr]    Compiling regex-automata v0.3.7
[INFO] [stderr]    Compiling num_threads v0.1.6
[INFO] [stderr]    Compiling unarray v0.1.4
[INFO] [stderr]    Compiling time v0.3.28
[INFO] [stderr]    Compiling tempfile v3.8.0
[INFO] [stderr]    Compiling rusty-fork v0.3.0
[INFO] [stderr]    Compiling proptest v1.2.0
[INFO] [stderr]    Compiling thiserror-impl v1.0.47
[INFO] [stderr]    Compiling semver v1.0.18
[INFO] [stderr]    Compiling strum_macros v0.21.1
[INFO] [stderr]    Compiling percent-encoding v2.3.0
[INFO] [stderr]    Compiling log v0.4.20
[INFO] [stderr]    Compiling pulldown-cmark v0.8.0
[INFO] [stderr]    Compiling unicode-bidi v0.3.13
[INFO] [stderr]    Compiling regex v1.9.4
[INFO] [stderr]    Compiling strum_macros v0.25.2
[INFO] [stderr]    Compiling idna v0.4.0
[INFO] [stderr]    Compiling form_urlencoded v1.2.0
[INFO] [stderr]    Compiling strum v0.21.0
[INFO] [stderr]    Compiling thiserror v1.0.47
[INFO] [stderr]    Compiling pest v2.7.2
[INFO] [stderr]    Compiling is-terminal v0.4.9
[INFO] [stderr]    Compiling nom v7.1.3
[INFO] [stderr]    Compiling generic-ip v0.1.0-rc.4
[INFO] [stderr]    Compiling colored v2.0.4
[INFO] [stderr]    Compiling url v2.4.1
[INFO] [stderr]    Compiling pest_meta v2.7.2
[INFO] [stderr]    Compiling strum v0.25.0
[INFO] [stderr]    Compiling pest_generator v2.7.2
[INFO] [stderr]    Compiling simple_logger v4.2.0
[INFO] [stderr]    Compiling toml v0.5.11
[INFO] [stderr]    Compiling pest_derive v2.7.2
[INFO] [stderr]    Compiling rpsl v0.1.0-rc.1
[INFO] [stderr]    Compiling version-sync v0.9.4
[INFO] [stderr]    Compiling irrc v0.1.0-rc.6 (/opt/rustwide/workdir)
[INFO] [stderr] error: could not compile `irrc` (lib test)
[INFO] [stderr] 
[INFO] [stderr] Caused by:
[INFO] [stderr]   process didn't exit successfully: `/opt/rustwide/rustup-home/toolchains/beta-2023-12-22-x86_64-unknown-linux-gnu/bin/rustc --crate-name irrc --edition=2021 src/lib.rs --error-format=json --json=diagnostic-rendered-ansi,artifacts,future-incompat --emit=dep-info,link -C embed-bitcode=no -C debuginfo=2 --test -C metadata=28ac7aa08d532a3f -C extra-filename=-28ac7aa08d532a3f --out-dir /opt/rustwide/target/debug/deps -L dependency=/opt/rustwide/target/debug/deps --extern circular=/opt/rustwide/target/debug/deps/libcircular-af42b3b32b7e2278.rlib --extern ip=/opt/rustwide/target/debug/deps/libip-0b958edce9cae26e.rlib --extern log=/opt/rustwide/target/debug/deps/liblog-2cf4a51dfa4e790a.rlib --extern nom=/opt/rustwide/target/debug/deps/libnom-046bbb7ca2f3bd35.rlib --extern paste=/opt/rustwide/target/debug/deps/libpaste-abc4f255c9df8716.so --extern proptest=/opt/rustwide/target/debug/deps/libproptest-fefe395ad10ad0e6.rlib --extern rpsl=/opt/rustwide/target/debug/deps/librpsl-220078a672a944fa.rlib --extern simple_logger=/opt/rustwide/target/debug/deps/libsimple_logger-08976a44d9ee6869.rlib --extern strum=/opt/rustwide/target/debug/deps/libstrum-976de7cf7b651b68.rlib --extern thiserror=/opt/rustwide/target/debug/deps/libthiserror-485645c657f8ec25.rlib --extern version_sync=/opt/rustwide/target/debug/deps/libversion_sync-6095dda8a3e620b4.rlib --cap-lints=warn` (signal: 9, SIGKILL: kill)
[INFO] [stderr] warning: build failed, waiting for other jobs to finish...
[INFO] [stdout] error: linking with `cc` failed: exit status: 1
[INFO] [stdout]   |
[INFO] [stdout]   = note: LC_ALL="C" PATH="/opt/rustwide/rustup-home/toolchains/beta-2023-12-22-x86_64-unknown-linux-gnu/lib/rustlib/x86_64-unknown-linux-gnu/bin:/opt/rustwide/cargo-home/bin:/usr/local/sbin:/usr/local/bin:/usr/sbin:/usr/bin:/sbin:/bin" VSLANG="1033" "cc" "-m64" "/tmp/rustcouZejj/symbols.o" "/opt/rustwide/target/debug/examples/tree-0d2f974bed2ba537.tree.9d3b958d6c3e7777-cgu.0.rcgu.o" "/opt/rustwide/target/debug/examples/tree-0d2f974bed2ba537.tree.9d3b958d6c3e7777-cgu.1.rcgu.o" "/opt/rustwide/target/debug/examples/tree-0d2f974bed2ba537.tree.9d3b958d6c3e7777-cgu.2.rcgu.o" "/opt/rustwide/target/debug/examples/tree-0d2f974bed2ba537.4ewzqmf68cdwy4zc.rcgu.o" "-Wl,--as-needed" "-L" "/opt/rustwide/target/debug/deps" "-L" "/opt/rustwide/rustup-home/toolchains/beta-2023-12-22-x86_64-unknown-linux-gnu/lib/rustlib/x86_64-unknown-linux-gnu/lib" "-Wl,-Bstatic" "/opt/rustwide/target/debug/deps/libsimple_logger-08976a44d9ee6869.rlib" "/opt/rustwide/target/debug/deps/libcolored-1ce9696f716189e0.rlib" "/opt/rustwide/target/debug/deps/libis_terminal-ba6c12935b890ac7.rlib" "/opt/rustwide/target/debug/deps/libirrc-aea8052f6a99c973.rlib" "/opt/rustwide/target/debug/deps/libstrum-976de7cf7b651b68.rlib" "/opt/rustwide/target/debug/deps/librpsl-220078a672a944fa.rlib" "/opt/rustwide/target/debug/deps/liblog-2cf4a51dfa4e790a.rlib" "/opt/rustwide/target/debug/deps/libregex-1c8ea500f795daa7.rlib" "/opt/rustwide/target/debug/deps/libregex_automata-9ea00d7ddd36d15b.rlib" "/opt/rustwide/target/debug/deps/libaho_corasick-1d373ca7a64df0df.rlib" "/opt/rustwide/target/debug/deps/libregex_syntax-ef461186d3307f3c.rlib" "/opt/rustwide/target/debug/deps/libtime-e9e422996706b47c.rlib" "/opt/rustwide/target/debug/deps/libnum_threads-9c019e87af119b5e.rlib" "/opt/rustwide/target/debug/deps/libitoa-c3a42249f065e11e.rlib" "/opt/rustwide/target/debug/deps/libtime_core-54674f00ac56f1cd.rlib" "/opt/rustwide/target/debug/deps/libderanged-539ce7a0ef867ac7.rlib" "/opt/rustwide/target/debug/deps/libstrum-d5c5876961f541c0.rlib" "/opt/rustwide/target/debug/deps/libpest-cbc75e4bbba698e7.rlib" "/opt/rustwide/target/debug/deps/libucd_trie-de4c36fe49124ec8.rlib" "/opt/rustwide/target/debug/deps/libthiserror-485645c657f8ec25.rlib" "/opt/rustwide/target/debug/deps/libcircular-af42b3b32b7e2278.rlib" "/opt/rustwide/target/debug/deps/libnom-046bbb7ca2f3bd35.rlib" "/opt/rustwide/target/debug/deps/libmemchr-d446e1ff96fb5698.rlib" "/opt/rustwide/target/debug/deps/libip-0b958edce9cae26e.rlib" "/opt/rustwide/target/debug/deps/libbitvec-123be0196512d915.rlib" "/opt/rustwide/target/debug/deps/libwyz-b9ad50c5a23ba281.rlib" "/opt/rustwide/target/debug/deps/libtap-b85dccd7e33b9fac.rlib" "/opt/rustwide/target/debug/deps/libradium-23c3c7bf7109ca51.rlib" "/opt/rustwide/target/debug/deps/libfunty-36159d7a9009c5ea.rlib" "/opt/rustwide/target/debug/deps/libnum_traits-680dba6e20a22cef.rlib" "/opt/rustwide/target/debug/deps/libproptest-fefe395ad10ad0e6.rlib" "/opt/rustwide/target/debug/deps/libunarray-bdc0f59c9d4a6872.rlib" "/opt/rustwide/target/debug/deps/libregex_syntax-b113d34fa562c5bb.rlib" "/opt/rustwide/target/debug/deps/librand_xorshift-d845f887a4e0d0b6.rlib" "/opt/rustwide/target/debug/deps/libbyteorder-818601480375d95e.rlib" "/opt/rustwide/target/debug/deps/librand-6a476a2f096c1e1e.rlib" "/opt/rustwide/target/debug/deps/librand_chacha-1707353730ea11a8.rlib" "/opt/rustwide/target/debug/deps/libppv_lite86-db48c90fa293bcfe.rlib" "/opt/rustwide/target/debug/deps/librand_core-db4fbaed3997564c.rlib" "/opt/rustwide/target/debug/deps/libgetrandom-8848ea7b1d0bf9bb.rlib" "/opt/rustwide/target/debug/deps/librusty_fork-801e13f7516f18d6.rlib" "/opt/rustwide/target/debug/deps/libwait_timeout-8fbe8dd2b1d094f7.rlib" "/opt/rustwide/target/debug/deps/liblibc-4b0b24147de68dac.rlib" "/opt/rustwide/target/debug/deps/libtempfile-6ce10671b68fec3e.rlib" "/opt/rustwide/target/debug/deps/libfastrand-d242b1c61650cadf.rlib" "/opt/rustwide/target/debug/deps/librustix-a13e83e0a9d2efb3.rlib" "/opt/rustwide/target/debug/deps/libbitflags-55f80abe000d3e83.rlib" "/opt/rustwide/target/debug/deps/liblinux_raw_sys-0974f98f4368384c.rlib" "/opt/rustwide/target/debug/deps/libcfg_if-e7002d307f97bc56.rlib" "/opt/rustwide/target/debug/deps/libfnv-953831fe314029b4.rlib" "/opt/rustwide/target/debug/deps/libquick_error-4f8a11f127df9c4f.rlib" "/opt/rustwide/target/debug/deps/liblazy_static-efa3519517df6cf0.rlib" "/opt/rustwide/target/debug/deps/libbit_set-0010a728dbb518a0.rlib" "/opt/rustwide/target/debug/deps/libbit_vec-4eb266c3039ae585.rlib" "/opt/rustwide/target/debug/deps/libbitflags-85e13ed1e0c6d910.rlib" "/opt/rustwide/rustup-home/toolchains/beta-2023-12-22-x86_64-unknown-linux-gnu/lib/rustlib/x86_64-unknown-linux-gnu/lib/libstd-0672489a78b613de.rlib" "/opt/rustwide/rustup-home/toolchains/beta-2023-12-22-x86_64-unknown-linux-gnu/lib/rustlib/x86_64-unknown-linux-gnu/lib/libpanic_unwind-7eb3ffc34a49f675.rlib" "/opt/rustwide/rustup-home/toolchains/beta-2023-12-22-x86_64-unknown-linux-gnu/lib/rustlib/x86_64-unknown-linux-gnu/lib/libobject-6478a9daa4bee8e2.rlib" "/opt/rustwide/rustup-home/toolchains/beta-2023-12-22-x86_64-unknown-linux-gnu/lib/rustlib/x86_64-unknown-linux-gnu/lib/libmemchr-0c75d871a5c3923d.rlib" "/opt/rustwide/rustup-home/toolchains/beta-2023-12-22-x86_64-unknown-linux-gnu/lib/rustlib/x86_64-unknown-linux-gnu/lib/libaddr2line-d163ef63ad37bb71.rlib" "/opt/rustwide/rustup-home/toolchains/beta-2023-12-22-x86_64-unknown-linux-gnu/lib/rustlib/x86_64-unknown-linux-gnu/lib/libgimli-8a3fd810a85b9f4c.rlib" "/opt/rustwide/rustup-home/toolchains/beta-2023-12-22-x86_64-unknown-linux-gnu/lib/rustlib/x86_64-unknown-linux-gnu/lib/librustc_demangle-462a2cde8c5dfc10.rlib" "/opt/rustwide/rustup-home/toolchains/beta-2023-12-22-x86_64-unknown-linux-gnu/lib/rustlib/x86_64-unknown-linux-gnu/lib/libstd_detect-cb06ac9f54713f71.rlib" "/opt/rustwide/rustup-home/toolchains/beta-2023-12-22-x86_64-unknown-linux-gnu/lib/rustlib/x86_64-unknown-linux-gnu/lib/libhashbrown-f20bfd1f8e59b393.rlib" "/opt/rustwide/rustup-home/toolchains/beta-2023-12-22-x86_64-unknown-linux-gnu/lib/rustlib/x86_64-unknown-linux-gnu/lib/librustc_std_workspace_alloc-1ef460949b49da4b.rlib" "/opt/rustwide/rustup-home/toolchains/beta-2023-12-22-x86_64-unknown-linux-gnu/lib/rustlib/x86_64-unknown-linux-gnu/lib/libminiz_oxide-2cb0c0ffe4f87514.rlib" "/opt/rustwide/rustup-home/toolchains/beta-2023-12-22-x86_64-unknown-linux-gnu/lib/rustlib/x86_64-unknown-linux-gnu/lib/libadler-58d841eb322a11a2.rlib" "/opt/rustwide/rustup-home/toolchains/beta-2023-12-22-x86_64-unknown-linux-gnu/lib/rustlib/x86_64-unknown-linux-gnu/lib/libunwind-aa2ae0b0a9d11533.rlib" "/opt/rustwide/rustup-home/toolchains/beta-2023-12-22-x86_64-unknown-linux-gnu/lib/rustlib/x86_64-unknown-linux-gnu/lib/libcfg_if-23874e15830ed336.rlib" "/opt/rustwide/rustup-home/toolchains/beta-2023-12-22-x86_64-unknown-linux-gnu/lib/rustlib/x86_64-unknown-linux-gnu/lib/liblibc-e47cddc003bce885.rlib" "/opt/rustwide/rustup-home/toolchains/beta-2023-12-22-x86_64-unknown-linux-gnu/lib/rustlib/x86_64-unknown-linux-gnu/lib/liballoc-c22b13b48a8f128e.rlib" "/opt/rustwide/rustup-home/toolchains/beta-2023-12-22-x86_64-unknown-linux-gnu/lib/rustlib/x86_64-unknown-linux-gnu/lib/librustc_std_workspace_core-e46bc3da6d7c462f.rlib" "/opt/rustwide/rustup-home/toolchains/beta-2023-12-22-x86_64-unknown-linux-gnu/lib/rustlib/x86_64-unknown-linux-gnu/lib/libcore-8d1ac131d3cb2645.rlib" "/opt/rustwide/rustup-home/toolchains/beta-2023-12-22-x86_64-unknown-linux-gnu/lib/rustlib/x86_64-unknown-linux-gnu/lib/libcompiler_builtins-a1b43df8c6899c1f.rlib" "-Wl,-Bdynamic" "-lgcc_s" "-lutil" "-lrt" "-lpthread" "-lm" "-ldl" "-lc" "-Wl,--eh-frame-hdr" "-Wl,-z,noexecstack" "-L" "/opt/rustwide/rustup-home/toolchains/beta-2023-12-22-x86_64-unknown-linux-gnu/lib/rustlib/x86_64-unknown-linux-gnu/lib" "-o" "/opt/rustwide/target/debug/examples/tree-0d2f974bed2ba537" "-Wl,--gc-sections" "-pie" "-Wl,-z,relro,-z,now" "-nodefaultlibs"
[INFO] [stdout]   = note: collect2: fatal error: ld terminated with signal 9 [Killed]
[INFO] [stdout]           compilation terminated.
[INFO] [stdout]           
[INFO] [stdout] 
[INFO] [stdout] 
[INFO] [stdout] error: aborting due to 1 previous error
[INFO] [stdout] 
[INFO] [stdout] 
[INFO] [stderr] error: could not compile `irrc` (example "tree") due to 2 previous errors
[INFO] [stdout] error: linking with `cc` failed: exit status: 1
[INFO] [stdout]   |
[INFO] [stdout]   = note: LC_ALL="C" PATH="/opt/rustwide/rustup-home/toolchains/beta-2023-12-22-x86_64-unknown-linux-gnu/lib/rustlib/x86_64-unknown-linux-gnu/bin:/opt/rustwide/cargo-home/bin:/usr/local/sbin:/usr/local/bin:/usr/sbin:/usr/bin:/sbin:/bin" VSLANG="1033" "cc" "-m64" "/tmp/rustca6cJXS/symbols.o" "/opt/rustwide/target/debug/examples/irr-796b1c45fb483cdf.irr.aa1c48a88f65e61d-cgu.0.rcgu.o" "/opt/rustwide/target/debug/examples/irr-796b1c45fb483cdf.irr.aa1c48a88f65e61d-cgu.1.rcgu.o" "/opt/rustwide/target/debug/examples/irr-796b1c45fb483cdf.244kphmsie4j6jq5.rcgu.o" "-Wl,--as-needed" "-L" "/opt/rustwide/target/debug/deps" "-L" "/opt/rustwide/rustup-home/toolchains/beta-2023-12-22-x86_64-unknown-linux-gnu/lib/rustlib/x86_64-unknown-linux-gnu/lib" "-Wl,-Bstatic" "/opt/rustwide/target/debug/deps/libsimple_logger-08976a44d9ee6869.rlib" "/opt/rustwide/target/debug/deps/libcolored-1ce9696f716189e0.rlib" "/opt/rustwide/target/debug/deps/libis_terminal-ba6c12935b890ac7.rlib" "/opt/rustwide/target/debug/deps/libirrc-aea8052f6a99c973.rlib" "/opt/rustwide/target/debug/deps/libstrum-976de7cf7b651b68.rlib" "/opt/rustwide/target/debug/deps/librpsl-220078a672a944fa.rlib" "/opt/rustwide/target/debug/deps/liblog-2cf4a51dfa4e790a.rlib" "/opt/rustwide/target/debug/deps/libregex-1c8ea500f795daa7.rlib" "/opt/rustwide/target/debug/deps/libregex_automata-9ea00d7ddd36d15b.rlib" "/opt/rustwide/target/debug/deps/libaho_corasick-1d373ca7a64df0df.rlib" "/opt/rustwide/target/debug/deps/libregex_syntax-ef461186d3307f3c.rlib" "/opt/rustwide/target/debug/deps/libtime-e9e422996706b47c.rlib" "/opt/rustwide/target/debug/deps/libnum_threads-9c019e87af119b5e.rlib" "/opt/rustwide/target/debug/deps/libitoa-c3a42249f065e11e.rlib" "/opt/rustwide/target/debug/deps/libtime_core-54674f00ac56f1cd.rlib" "/opt/rustwide/target/debug/deps/libderanged-539ce7a0ef867ac7.rlib" "/opt/rustwide/target/debug/deps/libstrum-d5c5876961f541c0.rlib" "/opt/rustwide/target/debug/deps/libpest-cbc75e4bbba698e7.rlib" "/opt/rustwide/target/debug/deps/libucd_trie-de4c36fe49124ec8.rlib" "/opt/rustwide/target/debug/deps/libthiserror-485645c657f8ec25.rlib" "/opt/rustwide/target/debug/deps/libcircular-af42b3b32b7e2278.rlib" "/opt/rustwide/target/debug/deps/libnom-046bbb7ca2f3bd35.rlib" "/opt/rustwide/target/debug/deps/libmemchr-d446e1ff96fb5698.rlib" "/opt/rustwide/target/debug/deps/libip-0b958edce9cae26e.rlib" "/opt/rustwide/target/debug/deps/libbitvec-123be0196512d915.rlib" "/opt/rustwide/target/debug/deps/libwyz-b9ad50c5a23ba281.rlib" "/opt/rustwide/target/debug/deps/libtap-b85dccd7e33b9fac.rlib" "/opt/rustwide/target/debug/deps/libradium-23c3c7bf7109ca51.rlib" "/opt/rustwide/target/debug/deps/libfunty-36159d7a9009c5ea.rlib" "/opt/rustwide/target/debug/deps/libnum_traits-680dba6e20a22cef.rlib" "/opt/rustwide/target/debug/deps/libproptest-fefe395ad10ad0e6.rlib" "/opt/rustwide/target/debug/deps/libunarray-bdc0f59c9d4a6872.rlib" "/opt/rustwide/target/debug/deps/libregex_syntax-b113d34fa562c5bb.rlib" "/opt/rustwide/target/debug/deps/librand_xorshift-d845f887a4e0d0b6.rlib" "/opt/rustwide/target/debug/deps/libbyteorder-818601480375d95e.rlib" "/opt/rustwide/target/debug/deps/librand-6a476a2f096c1e1e.rlib" "/opt/rustwide/target/debug/deps/librand_chacha-1707353730ea11a8.rlib" "/opt/rustwide/target/debug/deps/libppv_lite86-db48c90fa293bcfe.rlib" "/opt/rustwide/target/debug/deps/librand_core-db4fbaed3997564c.rlib" "/opt/rustwide/target/debug/deps/libgetrandom-8848ea7b1d0bf9bb.rlib" "/opt/rustwide/target/debug/deps/librusty_fork-801e13f7516f18d6.rlib" "/opt/rustwide/target/debug/deps/libwait_timeout-8fbe8dd2b1d094f7.rlib" "/opt/rustwide/target/debug/deps/liblibc-4b0b24147de68dac.rlib" "/opt/rustwide/target/debug/deps/libtempfile-6ce10671b68fec3e.rlib" "/opt/rustwide/target/debug/deps/libfastrand-d242b1c61650cadf.rlib" "/opt/rustwide/target/debug/deps/librustix-a13e83e0a9d2efb3.rlib" "/opt/rustwide/target/debug/deps/libbitflags-55f80abe000d3e83.rlib" "/opt/rustwide/target/debug/deps/liblinux_raw_sys-0974f98f4368384c.rlib" "/opt/rustwide/target/debug/deps/libcfg_if-e7002d307f97bc56.rlib" "/opt/rustwide/target/debug/deps/libfnv-953831fe314029b4.rlib" "/opt/rustwide/target/debug/deps/libquick_error-4f8a11f127df9c4f.rlib" "/opt/rustwide/target/debug/deps/liblazy_static-efa3519517df6cf0.rlib" "/opt/rustwide/target/debug/deps/libbit_set-0010a728dbb518a0.rlib" "/opt/rustwide/target/debug/deps/libbit_vec-4eb266c3039ae585.rlib" "/opt/rustwide/target/debug/deps/libbitflags-85e13ed1e0c6d910.rlib" "/opt/rustwide/rustup-home/toolchains/beta-2023-12-22-x86_64-unknown-linux-gnu/lib/rustlib/x86_64-unknown-linux-gnu/lib/libstd-0672489a78b613de.rlib" "/opt/rustwide/rustup-home/toolchains/beta-2023-12-22-x86_64-unknown-linux-gnu/lib/rustlib/x86_64-unknown-linux-gnu/lib/libpanic_unwind-7eb3ffc34a49f675.rlib" "/opt/rustwide/rustup-home/toolchains/beta-2023-12-22-x86_64-unknown-linux-gnu/lib/rustlib/x86_64-unknown-linux-gnu/lib/libobject-6478a9daa4bee8e2.rlib" "/opt/rustwide/rustup-home/toolchains/beta-2023-12-22-x86_64-unknown-linux-gnu/lib/rustlib/x86_64-unknown-linux-gnu/lib/libmemchr-0c75d871a5c3923d.rlib" "/opt/rustwide/rustup-home/toolchains/beta-2023-12-22-x86_64-unknown-linux-gnu/lib/rustlib/x86_64-unknown-linux-gnu/lib/libaddr2line-d163ef63ad37bb71.rlib" "/opt/rustwide/rustup-home/toolchains/beta-2023-12-22-x86_64-unknown-linux-gnu/lib/rustlib/x86_64-unknown-linux-gnu/lib/libgimli-8a3fd810a85b9f4c.rlib" "/opt/rustwide/rustup-home/toolchains/beta-2023-12-22-x86_64-unknown-linux-gnu/lib/rustlib/x86_64-unknown-linux-gnu/lib/librustc_demangle-462a2cde8c5dfc10.rlib" "/opt/rustwide/rustup-home/toolchains/beta-2023-12-22-x86_64-unknown-linux-gnu/lib/rustlib/x86_64-unknown-linux-gnu/lib/libstd_detect-cb06ac9f54713f71.rlib" "/opt/rustwide/rustup-home/toolchains/beta-2023-12-22-x86_64-unknown-linux-gnu/lib/rustlib/x86_64-unknown-linux-gnu/lib/libhashbrown-f20bfd1f8e59b393.rlib" "/opt/rustwide/rustup-home/toolchains/beta-2023-12-22-x86_64-unknown-linux-gnu/lib/rustlib/x86_64-unknown-linux-gnu/lib/librustc_std_workspace_alloc-1ef460949b49da4b.rlib" "/opt/rustwide/rustup-home/toolchains/beta-2023-12-22-x86_64-unknown-linux-gnu/lib/rustlib/x86_64-unknown-linux-gnu/lib/libminiz_oxide-2cb0c0ffe4f87514.rlib" "/opt/rustwide/rustup-home/toolchains/beta-2023-12-22-x86_64-unknown-linux-gnu/lib/rustlib/x86_64-unknown-linux-gnu/lib/libadler-58d841eb322a11a2.rlib" "/opt/rustwide/rustup-home/toolchains/beta-2023-12-22-x86_64-unknown-linux-gnu/lib/rustlib/x86_64-unknown-linux-gnu/lib/libunwind-aa2ae0b0a9d11533.rlib" "/opt/rustwide/rustup-home/toolchains/beta-2023-12-22-x86_64-unknown-linux-gnu/lib/rustlib/x86_64-unknown-linux-gnu/lib/libcfg_if-23874e15830ed336.rlib" "/opt/rustwide/rustup-home/toolchains/beta-2023-12-22-x86_64-unknown-linux-gnu/lib/rustlib/x86_64-unknown-linux-gnu/lib/liblibc-e47cddc003bce885.rlib" "/opt/rustwide/rustup-home/toolchains/beta-2023-12-22-x86_64-unknown-linux-gnu/lib/rustlib/x86_64-unknown-linux-gnu/lib/liballoc-c22b13b48a8f128e.rlib" "/opt/rustwide/rustup-home/toolchains/beta-2023-12-22-x86_64-unknown-linux-gnu/lib/rustlib/x86_64-unknown-linux-gnu/lib/librustc_std_workspace_core-e46bc3da6d7c462f.rlib" "/opt/rustwide/rustup-home/toolchains/beta-2023-12-22-x86_64-unknown-linux-gnu/lib/rustlib/x86_64-unknown-linux-gnu/lib/libcore-8d1ac131d3cb2645.rlib" "/opt/rustwide/rustup-home/toolchains/beta-2023-12-22-x86_64-unknown-linux-gnu/lib/rustlib/x86_64-unknown-linux-gnu/lib/libcompiler_builtins-a1b43df8c6899c1f.rlib" "-Wl,-Bdynamic" "-lgcc_s" "-lutil" "-lrt" "-lpthread" "-lm" "-ldl" "-lc" "-Wl,--eh-frame-hdr" "-Wl,-z,noexecstack" "-L" "/opt/rustwide/rustup-home/toolchains/beta-2023-12-22-x86_64-unknown-linux-gnu/lib/rustlib/x86_64-unknown-linux-gnu/lib" "-o" "/opt/rustwide/target/debug/examples/irr-796b1c45fb483cdf" "-Wl,--gc-sections" "-pie" "-Wl,-z,relro,-z,now" "-nodefaultlibs"
[INFO] [stdout]   = note: collect2: fatal error: ld terminated with signal 9 [Killed]
[INFO] [stdout]           compilation terminated.
[INFO] [stdout]           
[INFO] [stdout] 
[INFO] [stdout] 
[INFO] [stdout] error: aborting due to 1 previous error
[INFO] [stdout] 
[INFO] [stdout] 
[INFO] [stderr] error: could not compile `irrc` (example "irr") due to 2 previous errors
[INFO] [stdout] error: linking with `cc` failed: exit status: 1
[INFO] [stdout]   |
[INFO] [stdout]   = note: LC_ALL="C" PATH="/opt/rustwide/rustup-home/toolchains/beta-2023-12-22-x86_64-unknown-linux-gnu/lib/rustlib/x86_64-unknown-linux-gnu/bin:/opt/rustwide/cargo-home/bin:/usr/local/sbin:/usr/local/bin:/usr/sbin:/usr/bin:/sbin:/bin" VSLANG="1033" "cc" "-m64" "/tmp/rustcjNUTrd/symbols.o" "/opt/rustwide/target/debug/examples/sequential-43cbeda4306fa800.sequential.7c172e8b1e33268-cgu.0.rcgu.o" "/opt/rustwide/target/debug/examples/sequential-43cbeda4306fa800.sequential.7c172e8b1e33268-cgu.1.rcgu.o" "/opt/rustwide/target/debug/examples/sequential-43cbeda4306fa800.sequential.7c172e8b1e33268-cgu.2.rcgu.o" "/opt/rustwide/target/debug/examples/sequential-43cbeda4306fa800.4zxbet70jplmlfm6.rcgu.o" "-Wl,--as-needed" "-L" "/opt/rustwide/target/debug/deps" "-L" "/opt/rustwide/rustup-home/toolchains/beta-2023-12-22-x86_64-unknown-linux-gnu/lib/rustlib/x86_64-unknown-linux-gnu/lib" "-Wl,-Bstatic" "/opt/rustwide/target/debug/deps/libsimple_logger-08976a44d9ee6869.rlib" "/opt/rustwide/target/debug/deps/libcolored-1ce9696f716189e0.rlib" "/opt/rustwide/target/debug/deps/libis_terminal-ba6c12935b890ac7.rlib" "/opt/rustwide/target/debug/deps/libirrc-aea8052f6a99c973.rlib" "/opt/rustwide/target/debug/deps/libstrum-976de7cf7b651b68.rlib" "/opt/rustwide/target/debug/deps/librpsl-220078a672a944fa.rlib" "/opt/rustwide/target/debug/deps/liblog-2cf4a51dfa4e790a.rlib" "/opt/rustwide/target/debug/deps/libregex-1c8ea500f795daa7.rlib" "/opt/rustwide/target/debug/deps/libregex_automata-9ea00d7ddd36d15b.rlib" "/opt/rustwide/target/debug/deps/libaho_corasick-1d373ca7a64df0df.rlib" "/opt/rustwide/target/debug/deps/libregex_syntax-ef461186d3307f3c.rlib" "/opt/rustwide/target/debug/deps/libtime-e9e422996706b47c.rlib" "/opt/rustwide/target/debug/deps/libnum_threads-9c019e87af119b5e.rlib" "/opt/rustwide/target/debug/deps/libitoa-c3a42249f065e11e.rlib" "/opt/rustwide/target/debug/deps/libtime_core-54674f00ac56f1cd.rlib" "/opt/rustwide/target/debug/deps/libderanged-539ce7a0ef867ac7.rlib" "/opt/rustwide/target/debug/deps/libstrum-d5c5876961f541c0.rlib" "/opt/rustwide/target/debug/deps/libpest-cbc75e4bbba698e7.rlib" "/opt/rustwide/target/debug/deps/libucd_trie-de4c36fe49124ec8.rlib" "/opt/rustwide/target/debug/deps/libthiserror-485645c657f8ec25.rlib" "/opt/rustwide/target/debug/deps/libcircular-af42b3b32b7e2278.rlib" "/opt/rustwide/target/debug/deps/libnom-046bbb7ca2f3bd35.rlib" "/opt/rustwide/target/debug/deps/libmemchr-d446e1ff96fb5698.rlib" "/opt/rustwide/target/debug/deps/libip-0b958edce9cae26e.rlib" "/opt/rustwide/target/debug/deps/libbitvec-123be0196512d915.rlib" "/opt/rustwide/target/debug/deps/libwyz-b9ad50c5a23ba281.rlib" "/opt/rustwide/target/debug/deps/libtap-b85dccd7e33b9fac.rlib" "/opt/rustwide/target/debug/deps/libradium-23c3c7bf7109ca51.rlib" "/opt/rustwide/target/debug/deps/libfunty-36159d7a9009c5ea.rlib" "/opt/rustwide/target/debug/deps/libnum_traits-680dba6e20a22cef.rlib" "/opt/rustwide/target/debug/deps/libproptest-fefe395ad10ad0e6.rlib" "/opt/rustwide/target/debug/deps/libunarray-bdc0f59c9d4a6872.rlib" "/opt/rustwide/target/debug/deps/libregex_syntax-b113d34fa562c5bb.rlib" "/opt/rustwide/target/debug/deps/librand_xorshift-d845f887a4e0d0b6.rlib" "/opt/rustwide/target/debug/deps/libbyteorder-818601480375d95e.rlib" "/opt/rustwide/target/debug/deps/librand-6a476a2f096c1e1e.rlib" "/opt/rustwide/target/debug/deps/librand_chacha-1707353730ea11a8.rlib" "/opt/rustwide/target/debug/deps/libppv_lite86-db48c90fa293bcfe.rlib" "/opt/rustwide/target/debug/deps/librand_core-db4fbaed3997564c.rlib" "/opt/rustwide/target/debug/deps/libgetrandom-8848ea7b1d0bf9bb.rlib" "/opt/rustwide/target/debug/deps/librusty_fork-801e13f7516f18d6.rlib" "/opt/rustwide/target/debug/deps/libwait_timeout-8fbe8dd2b1d094f7.rlib" "/opt/rustwide/target/debug/deps/liblibc-4b0b24147de68dac.rlib" "/opt/rustwide/target/debug/deps/libtempfile-6ce10671b68fec3e.rlib" "/opt/rustwide/target/debug/deps/libfastrand-d242b1c61650cadf.rlib" "/opt/rustwide/target/debug/deps/librustix-a13e83e0a9d2efb3.rlib" "/opt/rustwide/target/debug/deps/libbitflags-55f80abe000d3e83.rlib" "/opt/rustwide/target/debug/deps/liblinux_raw_sys-0974f98f4368384c.rlib" "/opt/rustwide/target/debug/deps/libcfg_if-e7002d307f97bc56.rlib" "/opt/rustwide/target/debug/deps/libfnv-953831fe314029b4.rlib" "/opt/rustwide/target/debug/deps/libquick_error-4f8a11f127df9c4f.rlib" "/opt/rustwide/target/debug/deps/liblazy_static-efa3519517df6cf0.rlib" "/opt/rustwide/target/debug/deps/libbit_set-0010a728dbb518a0.rlib" "/opt/rustwide/target/debug/deps/libbit_vec-4eb266c3039ae585.rlib" "/opt/rustwide/target/debug/deps/libbitflags-85e13ed1e0c6d910.rlib" "/opt/rustwide/rustup-home/toolchains/beta-2023-12-22-x86_64-unknown-linux-gnu/lib/rustlib/x86_64-unknown-linux-gnu/lib/libstd-0672489a78b613de.rlib" "/opt/rustwide/rustup-home/toolchains/beta-2023-12-22-x86_64-unknown-linux-gnu/lib/rustlib/x86_64-unknown-linux-gnu/lib/libpanic_unwind-7eb3ffc34a49f675.rlib" "/opt/rustwide/rustup-home/toolchains/beta-2023-12-22-x86_64-unknown-linux-gnu/lib/rustlib/x86_64-unknown-linux-gnu/lib/libobject-6478a9daa4bee8e2.rlib" "/opt/rustwide/rustup-home/toolchains/beta-2023-12-22-x86_64-unknown-linux-gnu/lib/rustlib/x86_64-unknown-linux-gnu/lib/libmemchr-0c75d871a5c3923d.rlib" "/opt/rustwide/rustup-home/toolchains/beta-2023-12-22-x86_64-unknown-linux-gnu/lib/rustlib/x86_64-unknown-linux-gnu/lib/libaddr2line-d163ef63ad37bb71.rlib" "/opt/rustwide/rustup-home/toolchains/beta-2023-12-22-x86_64-unknown-linux-gnu/lib/rustlib/x86_64-unknown-linux-gnu/lib/libgimli-8a3fd810a85b9f4c.rlib" "/opt/rustwide/rustup-home/toolchains/beta-2023-12-22-x86_64-unknown-linux-gnu/lib/rustlib/x86_64-unknown-linux-gnu/lib/librustc_demangle-462a2cde8c5dfc10.rlib" "/opt/rustwide/rustup-home/toolchains/beta-2023-12-22-x86_64-unknown-linux-gnu/lib/rustlib/x86_64-unknown-linux-gnu/lib/libstd_detect-cb06ac9f54713f71.rlib" "/opt/rustwide/rustup-home/toolchains/beta-2023-12-22-x86_64-unknown-linux-gnu/lib/rustlib/x86_64-unknown-linux-gnu/lib/libhashbrown-f20bfd1f8e59b393.rlib" "/opt/rustwide/rustup-home/toolchains/beta-2023-12-22-x86_64-unknown-linux-gnu/lib/rustlib/x86_64-unknown-linux-gnu/lib/librustc_std_workspace_alloc-1ef460949b49da4b.rlib" "/opt/rustwide/rustup-home/toolchains/beta-2023-12-22-x86_64-unknown-linux-gnu/lib/rustlib/x86_64-unknown-linux-gnu/lib/libminiz_oxide-2cb0c0ffe4f87514.rlib" "/opt/rustwide/rustup-home/toolchains/beta-2023-12-22-x86_64-unknown-linux-gnu/lib/rustlib/x86_64-unknown-linux-gnu/lib/libadler-58d841eb322a11a2.rlib" "/opt/rustwide/rustup-home/toolchains/beta-2023-12-22-x86_64-unknown-linux-gnu/lib/rustlib/x86_64-unknown-linux-gnu/lib/libunwind-aa2ae0b0a9d11533.rlib" "/opt/rustwide/rustup-home/toolchains/beta-2023-12-22-x86_64-unknown-linux-gnu/lib/rustlib/x86_64-unknown-linux-gnu/lib/libcfg_if-23874e15830ed336.rlib" "/opt/rustwide/rustup-home/toolchains/beta-2023-12-22-x86_64-unknown-linux-gnu/lib/rustlib/x86_64-unknown-linux-gnu/lib/liblibc-e47cddc003bce885.rlib" "/opt/rustwide/rustup-home/toolchains/beta-2023-12-22-x86_64-unknown-linux-gnu/lib/rustlib/x86_64-unknown-linux-gnu/lib/liballoc-c22b13b48a8f128e.rlib" "/opt/rustwide/rustup-home/toolchains/beta-2023-12-22-x86_64-unknown-linux-gnu/lib/rustlib/x86_64-unknown-linux-gnu/lib/librustc_std_workspace_core-e46bc3da6d7c462f.rlib" "/opt/rustwide/rustup-home/toolchains/beta-2023-12-22-x86_64-unknown-linux-gnu/lib/rustlib/x86_64-unknown-linux-gnu/lib/libcore-8d1ac131d3cb2645.rlib" "/opt/rustwide/rustup-home/toolchains/beta-2023-12-22-x86_64-unknown-linux-gnu/lib/rustlib/x86_64-unknown-linux-gnu/lib/libcompiler_builtins-a1b43df8c6899c1f.rlib" "-Wl,-Bdynamic" "-lgcc_s" "-lutil" "-lrt" "-lpthread" "-lm" "-ldl" "-lc" "-Wl,--eh-frame-hdr" "-Wl,-z,noexecstack" "-L" "/opt/rustwide/rustup-home/toolchains/beta-2023-12-22-x86_64-unknown-linux-gnu/lib/rustlib/x86_64-unknown-linux-gnu/lib" "-o" "/opt/rustwide/target/debug/examples/sequential-43cbeda4306fa800" "-Wl,--gc-sections" "-pie" "-Wl,-z,relro,-z,now" "-nodefaultlibs"
[INFO] [stdout]   = note: collect2: fatal error: ld terminated with signal 9 [Killed]
[INFO] [stdout]           compilation terminated.
[INFO] [stdout]           
[INFO] [stdout] 
[INFO] [stdout] 
[INFO] [stdout] error: aborting due to 1 previous error
[INFO] [stdout] 
[INFO] [stdout] 
[INFO] [stderr] error: could not compile `irrc` (example "sequential") due to 2 previous errors
[INFO] [stdout] error: linking with `cc` failed: exit status: 1
[INFO] [stdout]   |
[INFO] [stdout]   = note: LC_ALL="C" PATH="/opt/rustwide/rustup-home/toolchains/beta-2023-12-22-x86_64-unknown-linux-gnu/lib/rustlib/x86_64-unknown-linux-gnu/bin:/opt/rustwide/cargo-home/bin:/usr/local/sbin:/usr/local/bin:/usr/sbin:/usr/bin:/sbin:/bin" VSLANG="1033" "cc" "-m64" "/tmp/rustch6oXHd/symbols.o" "/opt/rustwide/target/debug/examples/mntby-536ccdecba47c3cf.mntby.3fc357849e097a47-cgu.0.rcgu.o" "/opt/rustwide/target/debug/examples/mntby-536ccdecba47c3cf.3kmgz5jlowgmkgdk.rcgu.o" "-Wl,--as-needed" "-L" "/opt/rustwide/target/debug/deps" "-L" "/opt/rustwide/rustup-home/toolchains/beta-2023-12-22-x86_64-unknown-linux-gnu/lib/rustlib/x86_64-unknown-linux-gnu/lib" "-Wl,-Bstatic" "/opt/rustwide/target/debug/deps/libsimple_logger-08976a44d9ee6869.rlib" "/opt/rustwide/target/debug/deps/libcolored-1ce9696f716189e0.rlib" "/opt/rustwide/target/debug/deps/libis_terminal-ba6c12935b890ac7.rlib" "/opt/rustwide/target/debug/deps/libirrc-aea8052f6a99c973.rlib" "/opt/rustwide/target/debug/deps/libstrum-976de7cf7b651b68.rlib" "/opt/rustwide/target/debug/deps/librpsl-220078a672a944fa.rlib" "/opt/rustwide/target/debug/deps/liblog-2cf4a51dfa4e790a.rlib" "/opt/rustwide/target/debug/deps/libregex-1c8ea500f795daa7.rlib" "/opt/rustwide/target/debug/deps/libregex_automata-9ea00d7ddd36d15b.rlib" "/opt/rustwide/target/debug/deps/libaho_corasick-1d373ca7a64df0df.rlib" "/opt/rustwide/target/debug/deps/libregex_syntax-ef461186d3307f3c.rlib" "/opt/rustwide/target/debug/deps/libtime-e9e422996706b47c.rlib" "/opt/rustwide/target/debug/deps/libnum_threads-9c019e87af119b5e.rlib" "/opt/rustwide/target/debug/deps/libitoa-c3a42249f065e11e.rlib" "/opt/rustwide/target/debug/deps/libtime_core-54674f00ac56f1cd.rlib" "/opt/rustwide/target/debug/deps/libderanged-539ce7a0ef867ac7.rlib" "/opt/rustwide/target/debug/deps/libstrum-d5c5876961f541c0.rlib" "/opt/rustwide/target/debug/deps/libip-0b958edce9cae26e.rlib" "/opt/rustwide/target/debug/deps/libbitvec-123be0196512d915.rlib" "/opt/rustwide/target/debug/deps/libwyz-b9ad50c5a23ba281.rlib" "/opt/rustwide/target/debug/deps/libtap-b85dccd7e33b9fac.rlib" "/opt/rustwide/target/debug/deps/libradium-23c3c7bf7109ca51.rlib" "/opt/rustwide/target/debug/deps/libfunty-36159d7a9009c5ea.rlib" "/opt/rustwide/target/debug/deps/libnum_traits-680dba6e20a22cef.rlib" "/opt/rustwide/target/debug/deps/libproptest-fefe395ad10ad0e6.rlib" "/opt/rustwide/target/debug/deps/libunarray-bdc0f59c9d4a6872.rlib" "/opt/rustwide/target/debug/deps/libregex_syntax-b113d34fa562c5bb.rlib" "/opt/rustwide/target/debug/deps/librand_xorshift-d845f887a4e0d0b6.rlib" "/opt/rustwide/target/debug/deps/libbyteorder-818601480375d95e.rlib" "/opt/rustwide/target/debug/deps/librand-6a476a2f096c1e1e.rlib" "/opt/rustwide/target/debug/deps/librand_chacha-1707353730ea11a8.rlib" "/opt/rustwide/target/debug/deps/libppv_lite86-db48c90fa293bcfe.rlib" "/opt/rustwide/target/debug/deps/librand_core-db4fbaed3997564c.rlib" "/opt/rustwide/target/debug/deps/libgetrandom-8848ea7b1d0bf9bb.rlib" "/opt/rustwide/target/debug/deps/librusty_fork-801e13f7516f18d6.rlib" "/opt/rustwide/target/debug/deps/libwait_timeout-8fbe8dd2b1d094f7.rlib" "/opt/rustwide/target/debug/deps/liblibc-4b0b24147de68dac.rlib" "/opt/rustwide/target/debug/deps/libtempfile-6ce10671b68fec3e.rlib" "/opt/rustwide/target/debug/deps/libfastrand-d242b1c61650cadf.rlib" "/opt/rustwide/target/debug/deps/librustix-a13e83e0a9d2efb3.rlib" "/opt/rustwide/target/debug/deps/libbitflags-55f80abe000d3e83.rlib" "/opt/rustwide/target/debug/deps/liblinux_raw_sys-0974f98f4368384c.rlib" "/opt/rustwide/target/debug/deps/libcfg_if-e7002d307f97bc56.rlib" "/opt/rustwide/target/debug/deps/libfnv-953831fe314029b4.rlib" "/opt/rustwide/target/debug/deps/libquick_error-4f8a11f127df9c4f.rlib" "/opt/rustwide/target/debug/deps/liblazy_static-efa3519517df6cf0.rlib" "/opt/rustwide/target/debug/deps/libbit_set-0010a728dbb518a0.rlib" "/opt/rustwide/target/debug/deps/libbit_vec-4eb266c3039ae585.rlib" "/opt/rustwide/target/debug/deps/libbitflags-85e13ed1e0c6d910.rlib" "/opt/rustwide/target/debug/deps/libpest-cbc75e4bbba698e7.rlib" "/opt/rustwide/target/debug/deps/libucd_trie-de4c36fe49124ec8.rlib" "/opt/rustwide/target/debug/deps/libthiserror-485645c657f8ec25.rlib" "/opt/rustwide/target/debug/deps/libcircular-af42b3b32b7e2278.rlib" "/opt/rustwide/target/debug/deps/libnom-046bbb7ca2f3bd35.rlib" "/opt/rustwide/target/debug/deps/libmemchr-d446e1ff96fb5698.rlib" "/opt/rustwide/rustup-home/toolchains/beta-2023-12-22-x86_64-unknown-linux-gnu/lib/rustlib/x86_64-unknown-linux-gnu/lib/libstd-0672489a78b613de.rlib" "/opt/rustwide/rustup-home/toolchains/beta-2023-12-22-x86_64-unknown-linux-gnu/lib/rustlib/x86_64-unknown-linux-gnu/lib/libpanic_unwind-7eb3ffc34a49f675.rlib" "/opt/rustwide/rustup-home/toolchains/beta-2023-12-22-x86_64-unknown-linux-gnu/lib/rustlib/x86_64-unknown-linux-gnu/lib/libobject-6478a9daa4bee8e2.rlib" "/opt/rustwide/rustup-home/toolchains/beta-2023-12-22-x86_64-unknown-linux-gnu/lib/rustlib/x86_64-unknown-linux-gnu/lib/libmemchr-0c75d871a5c3923d.rlib" "/opt/rustwide/rustup-home/toolchains/beta-2023-12-22-x86_64-unknown-linux-gnu/lib/rustlib/x86_64-unknown-linux-gnu/lib/libaddr2line-d163ef63ad37bb71.rlib" "/opt/rustwide/rustup-home/toolchains/beta-2023-12-22-x86_64-unknown-linux-gnu/lib/rustlib/x86_64-unknown-linux-gnu/lib/libgimli-8a3fd810a85b9f4c.rlib" "/opt/rustwide/rustup-home/toolchains/beta-2023-12-22-x86_64-unknown-linux-gnu/lib/rustlib/x86_64-unknown-linux-gnu/lib/librustc_demangle-462a2cde8c5dfc10.rlib" "/opt/rustwide/rustup-home/toolchains/beta-2023-12-22-x86_64-unknown-linux-gnu/lib/rustlib/x86_64-unknown-linux-gnu/lib/libstd_detect-cb06ac9f54713f71.rlib" "/opt/rustwide/rustup-home/toolchains/beta-2023-12-22-x86_64-unknown-linux-gnu/lib/rustlib/x86_64-unknown-linux-gnu/lib/libhashbrown-f20bfd1f8e59b393.rlib" "/opt/rustwide/rustup-home/toolchains/beta-2023-12-22-x86_64-unknown-linux-gnu/lib/rustlib/x86_64-unknown-linux-gnu/lib/librustc_std_workspace_alloc-1ef460949b49da4b.rlib" "/opt/rustwide/rustup-home/toolchains/beta-2023-12-22-x86_64-unknown-linux-gnu/lib/rustlib/x86_64-unknown-linux-gnu/lib/libminiz_oxide-2cb0c0ffe4f87514.rlib" "/opt/rustwide/rustup-home/toolchains/beta-2023-12-22-x86_64-unknown-linux-gnu/lib/rustlib/x86_64-unknown-linux-gnu/lib/libadler-58d841eb322a11a2.rlib" "/opt/rustwide/rustup-home/toolchains/beta-2023-12-22-x86_64-unknown-linux-gnu/lib/rustlib/x86_64-unknown-linux-gnu/lib/libunwind-aa2ae0b0a9d11533.rlib" "/opt/rustwide/rustup-home/toolchains/beta-2023-12-22-x86_64-unknown-linux-gnu/lib/rustlib/x86_64-unknown-linux-gnu/lib/libcfg_if-23874e15830ed336.rlib" "/opt/rustwide/rustup-home/toolchains/beta-2023-12-22-x86_64-unknown-linux-gnu/lib/rustlib/x86_64-unknown-linux-gnu/lib/liblibc-e47cddc003bce885.rlib" "/opt/rustwide/rustup-home/toolchains/beta-2023-12-22-x86_64-unknown-linux-gnu/lib/rustlib/x86_64-unknown-linux-gnu/lib/liballoc-c22b13b48a8f128e.rlib" "/opt/rustwide/rustup-home/toolchains/beta-2023-12-22-x86_64-unknown-linux-gnu/lib/rustlib/x86_64-unknown-linux-gnu/lib/librustc_std_workspace_core-e46bc3da6d7c462f.rlib" "/opt/rustwide/rustup-home/toolchains/beta-2023-12-22-x86_64-unknown-linux-gnu/lib/rustlib/x86_64-unknown-linux-gnu/lib/libcore-8d1ac131d3cb2645.rlib" "/opt/rustwide/rustup-home/toolchains/beta-2023-12-22-x86_64-unknown-linux-gnu/lib/rustlib/x86_64-unknown-linux-gnu/lib/libcompiler_builtins-a1b43df8c6899c1f.rlib" "-Wl,-Bdynamic" "-lgcc_s" "-lutil" "-lrt" "-lpthread" "-lm" "-ldl" "-lc" "-Wl,--eh-frame-hdr" "-Wl,-z,noexecstack" "-L" "/opt/rustwide/rustup-home/toolchains/beta-2023-12-22-x86_64-unknown-linux-gnu/lib/rustlib/x86_64-unknown-linux-gnu/lib" "-o" "/opt/rustwide/target/debug/examples/mntby-536ccdecba47c3cf" "-Wl,--gc-sections" "-pie" "-Wl,-z,relro,-z,now" "-nodefaultlibs"
[INFO] [stdout]   = note: collect2: fatal error: ld terminated with signal 9 [Killed]
[INFO] [stdout]           compilation terminated.
[INFO] [stdout]           
[INFO] [stdout] 
[INFO] [stdout] 
[INFO] [stdout] error: aborting due to 1 previous error
[INFO] [stdout] 
[INFO] [stdout] 
[INFO] [stderr] error: could not compile `irrc` (example "mntby") due to 2 previous errors
[INFO] running `Command { std: "docker" "inspect" "2dc9e5d7c7d69649b59449051fac2b35216963a4af3d95d33eaff15f29348a3b", kill_on_drop: false }`
[INFO] running `Command { std: "docker" "rm" "-f" "2dc9e5d7c7d69649b59449051fac2b35216963a4af3d95d33eaff15f29348a3b", kill_on_drop: false }`
[INFO] [stdout] 2dc9e5d7c7d69649b59449051fac2b35216963a4af3d95d33eaff15f29348a3b
