[INFO] fetching crate irma 0.2.1...
[INFO] testing irma-0.2.1 against 1.75.0 for beta-1.76-1
[INFO] extracting crate irma 0.2.1 into /workspace/builds/worker-7-tc1/source
[INFO] validating manifest of crates.io crate irma 0.2.1 on toolchain 1.75.0
[INFO] running `Command { std: CARGO_HOME="/workspace/cargo-home" RUSTUP_HOME="/workspace/rustup-home" "/workspace/cargo-home/bin/cargo" "+1.75.0" "metadata" "--manifest-path" "Cargo.toml" "--no-deps", kill_on_drop: false }`
[INFO] started tweaking crates.io crate irma 0.2.1
[INFO] finished tweaking crates.io crate irma 0.2.1
[INFO] tweaked toml for crates.io crate irma 0.2.1 written to /workspace/builds/worker-7-tc1/source/Cargo.toml
[INFO] crate crates.io crate irma 0.2.1 already has a lockfile, it will not be regenerated
[INFO] running `Command { std: CARGO_HOME="/workspace/cargo-home" RUSTUP_HOME="/workspace/rustup-home" "/workspace/cargo-home/bin/cargo" "+1.75.0" "fetch" "--manifest-path" "Cargo.toml", kill_on_drop: false }`
[INFO] [stderr]  Downloading crates ...
[INFO] [stderr]   Downloaded proc-macro2 v1.0.33
[INFO] [stderr]   Downloaded pkg-config v0.3.23
[INFO] [stderr]   Downloaded serde_derive v1.0.131
[INFO] [stderr]   Downloaded tokio-test v0.4.2
[INFO] [stderr]   Downloaded hermit-abi v0.1.20
[INFO] [stderr]   Downloaded serde v1.0.131
[INFO] [stderr]   Downloaded h2 v0.3.9
[INFO] [stderr]   Downloaded libc v0.2.110
[INFO] running `Command { std: "docker" "create" "-v" "/var/lib/crater-agent-workspace/builds/worker-7-tc1/target:/opt/rustwide/target:rw,Z" "-v" "/var/lib/crater-agent-workspace/builds/worker-7-tc1/source:/opt/rustwide/workdir:ro,Z" "-v" "/var/lib/crater-agent-workspace/cargo-home:/opt/rustwide/cargo-home:ro,Z" "-v" "/var/lib/crater-agent-workspace/rustup-home:/opt/rustwide/rustup-home:ro,Z" "-e" "SOURCE_DIR=/opt/rustwide/workdir" "-e" "CARGO_TARGET_DIR=/opt/rustwide/target" "-e" "CARGO_HOME=/opt/rustwide/cargo-home" "-e" "RUSTUP_HOME=/opt/rustwide/rustup-home" "-w" "/opt/rustwide/workdir" "-m" "1610612736" "--user" "0:0" "--network" "none" "ghcr.io/rust-lang/crates-build-env/linux@sha256:2788e3201cd34a07e3172128adcd8b3090168a8e3bcc40d7c032b9dda1df7d1c" "/opt/rustwide/cargo-home/bin/cargo" "+1.75.0" "metadata" "--no-deps" "--format-version=1", kill_on_drop: false }`
[INFO] [stdout] 39e849447bc86c84a111226e8da046d788c845304bbe3c6dfa84f3b1d01c80f2
[INFO] running `Command { std: "docker" "start" "-a" "39e849447bc86c84a111226e8da046d788c845304bbe3c6dfa84f3b1d01c80f2", kill_on_drop: false }`
[INFO] running `Command { std: "docker" "inspect" "39e849447bc86c84a111226e8da046d788c845304bbe3c6dfa84f3b1d01c80f2", kill_on_drop: false }`
[INFO] running `Command { std: "docker" "rm" "-f" "39e849447bc86c84a111226e8da046d788c845304bbe3c6dfa84f3b1d01c80f2", kill_on_drop: false }`
[INFO] [stdout] 39e849447bc86c84a111226e8da046d788c845304bbe3c6dfa84f3b1d01c80f2
[INFO] running `Command { std: "docker" "create" "-v" "/var/lib/crater-agent-workspace/builds/worker-7-tc1/target:/opt/rustwide/target:rw,Z" "-v" "/var/lib/crater-agent-workspace/builds/worker-7-tc1/source:/opt/rustwide/workdir:ro,Z" "-v" "/var/lib/crater-agent-workspace/cargo-home:/opt/rustwide/cargo-home:ro,Z" "-v" "/var/lib/crater-agent-workspace/rustup-home:/opt/rustwide/rustup-home:ro,Z" "-e" "SOURCE_DIR=/opt/rustwide/workdir" "-e" "CARGO_TARGET_DIR=/opt/rustwide/target" "-e" "CARGO_INCREMENTAL=0" "-e" "RUST_BACKTRACE=full" "-e" "RUSTFLAGS=--cap-lints=warn" "-e" "RUSTDOCFLAGS=--cap-lints=warn" "-e" "CARGO_HOME=/opt/rustwide/cargo-home" "-e" "RUSTUP_HOME=/opt/rustwide/rustup-home" "-w" "/opt/rustwide/workdir" "-m" "1610612736" "--user" "0:0" "--network" "none" "ghcr.io/rust-lang/crates-build-env/linux@sha256:2788e3201cd34a07e3172128adcd8b3090168a8e3bcc40d7c032b9dda1df7d1c" "/opt/rustwide/cargo-home/bin/cargo" "+1.75.0" "build" "--frozen" "--message-format=json", kill_on_drop: false }`
[INFO] [stdout] 6aa1bbfb36e8fd0c785516bb2d52e651f74f6c1502d3f6fe7e0396b8d70461ab
[INFO] running `Command { std: "docker" "start" "-a" "6aa1bbfb36e8fd0c785516bb2d52e651f74f6c1502d3f6fe7e0396b8d70461ab", kill_on_drop: false }`
[INFO] [stderr]    Compiling libc v0.2.110
[INFO] [stderr]    Compiling log v0.4.14
[INFO] [stderr]    Compiling proc-macro2 v1.0.33
[INFO] [stderr]    Compiling pkg-config v0.3.23
[INFO] [stderr]    Compiling pin-project-lite v0.2.7
[INFO] [stderr]    Compiling cc v1.0.72
[INFO] [stderr]    Compiling memchr v2.4.1
[INFO] [stderr]    Compiling syn v1.0.82
[INFO] [stderr]    Compiling bytes v1.1.0
[INFO] [stderr]    Compiling futures-core v0.3.18
[INFO] [stderr]    Compiling tokio v1.14.0
[INFO] [stderr]    Compiling itoa v0.4.8
[INFO] [stderr]    Compiling futures-task v0.3.18
[INFO] [stderr]    Compiling indexmap v1.7.0
[INFO] [stderr]    Compiling serde_derive v1.0.131
[INFO] [stderr]    Compiling openssl v0.10.38
[INFO] [stderr]    Compiling futures-util v0.3.18
[INFO] [stderr]    Compiling tracing-core v0.1.21
[INFO] [stderr]    Compiling native-tls v0.2.8
[INFO] [stderr]    Compiling serde v1.0.131
[INFO] [stderr]    Compiling ryu v1.0.6
[INFO] [stderr]    Compiling matches v0.1.9
[INFO] [stderr]    Compiling futures-sink v0.3.18
[INFO] [stderr]    Compiling futures-channel v0.3.18
[INFO] [stderr]    Compiling bitflags v1.3.2
[INFO] [stderr]    Compiling httparse v1.5.1
[INFO] [stderr]    Compiling hashbrown v0.11.2
[INFO] [stderr]    Compiling http v0.2.5
[INFO] [stderr]    Compiling once_cell v1.8.0
[INFO] [stderr]    Compiling tracing v0.1.29
[INFO] [stderr]    Compiling tinyvec v1.5.1
[INFO] [stderr]    Compiling slab v0.4.5
[INFO] [stderr]    Compiling want v0.3.0
[INFO] [stderr]    Compiling form_urlencoded v1.0.1
[INFO] [stderr]    Compiling serde_json v1.0.72
[INFO] [stderr]    Compiling encoding_rs v0.8.30
[INFO] [stderr]    Compiling unicode-bidi v0.3.7
[INFO] [stderr]    Compiling httpdate v1.0.2
[INFO] [stderr]    Compiling quote v1.0.10
[INFO] [stderr]    Compiling base64 v0.13.0
[INFO] [stderr]    Compiling ipnet v2.3.1
[INFO] [stderr]    Compiling mio v0.7.14
[INFO] [stderr]    Compiling socket2 v0.4.2
[INFO] [stderr]    Compiling mime v0.3.16
[INFO] [stderr]    Compiling openssl-sys v0.9.71
[INFO] [stderr]    Compiling unicode-normalization v0.1.19
[INFO] [stderr]    Compiling http-body v0.4.4
[INFO] [stderr]    Compiling idna v0.2.3
[INFO] [stderr]    Compiling url v2.2.2
[INFO] [stderr]    Compiling thiserror-impl v1.0.30
[INFO] [stderr]    Compiling thiserror v1.0.30
[INFO] [stderr]    Compiling tokio-util v0.6.9
[INFO] [stderr]    Compiling tokio-native-tls v0.3.0
[INFO] [stderr]    Compiling h2 v0.3.9
[INFO] [stderr]    Compiling hyper v0.14.16
[INFO] [stderr]    Compiling serde_urlencoded v0.7.0
[INFO] [stderr]    Compiling hyper-tls v0.5.0
[INFO] [stderr]    Compiling reqwest v0.11.7
[INFO] [stderr]    Compiling irma v0.2.1 (/opt/rustwide/workdir)
[INFO] [stderr]     Finished dev [unoptimized + debuginfo] target(s) in 16.10s
[INFO] running `Command { std: "docker" "inspect" "6aa1bbfb36e8fd0c785516bb2d52e651f74f6c1502d3f6fe7e0396b8d70461ab", kill_on_drop: false }`
[INFO] running `Command { std: "docker" "rm" "-f" "6aa1bbfb36e8fd0c785516bb2d52e651f74f6c1502d3f6fe7e0396b8d70461ab", kill_on_drop: false }`
[INFO] [stdout] 6aa1bbfb36e8fd0c785516bb2d52e651f74f6c1502d3f6fe7e0396b8d70461ab
[INFO] running `Command { std: "docker" "create" "-v" "/var/lib/crater-agent-workspace/builds/worker-7-tc1/target:/opt/rustwide/target:rw,Z" "-v" "/var/lib/crater-agent-workspace/builds/worker-7-tc1/source:/opt/rustwide/workdir:ro,Z" "-v" "/var/lib/crater-agent-workspace/cargo-home:/opt/rustwide/cargo-home:ro,Z" "-v" "/var/lib/crater-agent-workspace/rustup-home:/opt/rustwide/rustup-home:ro,Z" "-e" "SOURCE_DIR=/opt/rustwide/workdir" "-e" "CARGO_TARGET_DIR=/opt/rustwide/target" "-e" "CARGO_INCREMENTAL=0" "-e" "RUST_BACKTRACE=full" "-e" "RUSTFLAGS=--cap-lints=warn" "-e" "RUSTDOCFLAGS=--cap-lints=warn" "-e" "CARGO_HOME=/opt/rustwide/cargo-home" "-e" "RUSTUP_HOME=/opt/rustwide/rustup-home" "-w" "/opt/rustwide/workdir" "-m" "1610612736" "--user" "0:0" "--network" "none" "ghcr.io/rust-lang/crates-build-env/linux@sha256:2788e3201cd34a07e3172128adcd8b3090168a8e3bcc40d7c032b9dda1df7d1c" "/opt/rustwide/cargo-home/bin/cargo" "+1.75.0" "test" "--frozen" "--no-run" "--message-format=json", kill_on_drop: false }`
[INFO] [stdout] 843699dda789a7b58f25be29b7172a6b02953d7a8a9c7e475e2755fed68d7cdb
[INFO] running `Command { std: "docker" "start" "-a" "843699dda789a7b58f25be29b7172a6b02953d7a8a9c7e475e2755fed68d7cdb", kill_on_drop: false }`
[INFO] [stderr]    Compiling syn v1.0.82
[INFO] [stderr]    Compiling parking_lot_core v0.8.5
[INFO] [stderr]    Compiling smallvec v1.7.0
[INFO] [stderr]    Compiling scopeguard v1.1.0
[INFO] [stderr]    Compiling tokio v1.14.0
[INFO] [stderr]    Compiling instant v0.1.12
[INFO] [stderr]    Compiling num-traits v0.2.14
[INFO] [stderr]    Compiling num_cpus v1.13.0
[INFO] [stderr]    Compiling signal-hook-registry v1.4.0
[INFO] [stderr]    Compiling num-integer v0.1.44
[INFO] [stderr]    Compiling num-iter v0.1.42
[INFO] [stderr]    Compiling num-rational v0.3.2
[INFO] [stderr]    Compiling color_quant v1.1.0
[INFO] [stderr]    Compiling bytemuck v1.7.2
[INFO] [stderr]    Compiling byteorder v1.4.3
[INFO] [stderr]    Compiling checked_int_cast v1.0.0
[INFO] [stderr]    Compiling maplit v1.0.2
[INFO] [stderr]    Compiling lock_api v0.4.5
[INFO] [stderr]    Compiling parking_lot v0.11.2
[INFO] [stderr]    Compiling image v0.23.14
[INFO] [stderr]    Compiling qrcode v0.12.0
[INFO] [stderr]    Compiling tokio-macros v1.6.0
[INFO] [stderr]    Compiling serde_derive v1.0.131
[INFO] [stderr]    Compiling thiserror-impl v1.0.30
[INFO] [stderr]    Compiling async-stream-impl v0.3.2
[INFO] [stderr]    Compiling serial_test_derive v0.5.1
[INFO] [stderr]    Compiling serial_test v0.5.1
[INFO] [stderr]    Compiling async-stream v0.3.2
[INFO] [stderr]    Compiling thiserror v1.0.30
[INFO] [stderr]    Compiling serde v1.0.131
[INFO] [stderr]    Compiling tokio-util v0.6.9
[INFO] [stderr]    Compiling tokio-native-tls v0.3.0
[INFO] [stderr]    Compiling tokio-stream v0.1.8
[INFO] [stderr]    Compiling h2 v0.3.9
[INFO] [stderr]    Compiling tokio-test v0.4.2
[INFO] [stderr]    Compiling serde_urlencoded v0.7.0
[INFO] [stderr]    Compiling serde_json v1.0.72
[INFO] [stderr]    Compiling hyper v0.14.16
[INFO] [stderr]    Compiling hyper-tls v0.5.0
[INFO] [stderr]    Compiling reqwest v0.11.7
[INFO] [stderr]    Compiling irma v0.2.1 (/opt/rustwide/workdir)
[INFO] [stdout] error: linking with `cc` failed: exit status: 1
[INFO] [stdout]   |
[INFO] [stdout]   = note: LC_ALL="C" PATH="/opt/rustwide/rustup-home/toolchains/1.75.0-x86_64-unknown-linux-gnu/lib/rustlib/x86_64-unknown-linux-gnu/bin:/opt/rustwide/cargo-home/bin:/usr/local/sbin:/usr/local/bin:/usr/sbin:/usr/bin:/sbin:/bin" VSLANG="1033" "cc" "-m64" "/tmp/rustc1v1RI0/symbols.o" "/opt/rustwide/target/debug/examples/signature-125eae15e5074050.signature.19dda743f5987dc3-cgu.0.rcgu.o" "/opt/rustwide/target/debug/examples/signature-125eae15e5074050.signature.19dda743f5987dc3-cgu.1.rcgu.o" "/opt/rustwide/target/debug/examples/signature-125eae15e5074050.signature.19dda743f5987dc3-cgu.2.rcgu.o" "/opt/rustwide/target/debug/examples/signature-125eae15e5074050.signature.19dda743f5987dc3-cgu.3.rcgu.o" "/opt/rustwide/target/debug/examples/signature-125eae15e5074050.signature.19dda743f5987dc3-cgu.4.rcgu.o" "/opt/rustwide/target/debug/examples/signature-125eae15e5074050.7ke4mihfx6x87yt.rcgu.o" "-Wl,--as-needed" "-L" "/opt/rustwide/target/debug/deps" "-L" "/opt/rustwide/rustup-home/toolchains/1.75.0-x86_64-unknown-linux-gnu/lib/rustlib/x86_64-unknown-linux-gnu/lib" "-Wl,-Bstatic" "/opt/rustwide/target/debug/deps/libqrcode-57bbc83502e9cac9.rlib" "/opt/rustwide/target/debug/deps/libimage-f76dd45da6265429.rlib" "/opt/rustwide/target/debug/deps/libcolor_quant-76e42fe6d44f3f56.rlib" "/opt/rustwide/target/debug/deps/libnum_iter-8048a63a42b145a6.rlib" "/opt/rustwide/target/debug/deps/libbytemuck-db2354cf2e5fec0d.rlib" "/opt/rustwide/target/debug/deps/libnum_rational-2ac15fea7a6b6fe5.rlib" "/opt/rustwide/target/debug/deps/libnum_integer-4cc9ac2d2cfd3040.rlib" "/opt/rustwide/target/debug/deps/libnum_traits-db1db3f65e4c5016.rlib" "/opt/rustwide/target/debug/deps/libchecked_int_cast-fb115ab11c200a28.rlib" "/opt/rustwide/target/debug/deps/libirma-1567e3e0fc2a1f64.rlib" "/opt/rustwide/target/debug/deps/libreqwest-1086a6d06dc9b2d8.rlib" "/opt/rustwide/target/debug/deps/libhyper_tls-c4a813b0067fdf22.rlib" "/opt/rustwide/target/debug/deps/libserde_urlencoded-a68c333fe3ad2225.rlib" "/opt/rustwide/target/debug/deps/libipnet-6f7e696fa040902e.rlib" "/opt/rustwide/target/debug/deps/libtokio_native_tls-36a469934720cfd0.rlib" "/opt/rustwide/target/debug/deps/libmime-450b243d21db2a61.rlib" "/opt/rustwide/target/debug/deps/libencoding_rs-a830fab037b07ca6.rlib" "/opt/rustwide/target/debug/deps/libserde_json-8c706b4433fb79f3.rlib" "/opt/rustwide/target/debug/deps/libryu-e349d8fa72f57721.rlib" "/opt/rustwide/target/debug/deps/libserde-16e65228f2f1ed19.rlib" "/opt/rustwide/target/debug/deps/libbase64-8ea64d3566a9d67e.rlib" "/opt/rustwide/target/debug/deps/libnative_tls-33799c0f70e301ba.rlib" "/opt/rustwide/target/debug/deps/libopenssl_probe-337040a071287d36.rlib" "/opt/rustwide/target/debug/deps/libopenssl-a65717b017ba4d7f.rlib" "/opt/rustwide/target/debug/deps/libbitflags-b7cee2ca4fb438d0.rlib" "/opt/rustwide/target/debug/deps/libforeign_types-c05743815e5b8a9d.rlib" "/opt/rustwide/target/debug/deps/libforeign_types_shared-d149f5491fde2862.rlib" "/opt/rustwide/target/debug/deps/libopenssl_sys-c66e28a1960b0190.rlib" "/opt/rustwide/target/debug/deps/libhyper-2fef7d0e52db3918.rlib" "/opt/rustwide/target/debug/deps/libwant-6ac5d33a641fd6b2.rlib" "/opt/rustwide/target/debug/deps/libtry_lock-6573df21d991c823.rlib" "/opt/rustwide/target/debug/deps/libsocket2-084ec479f832e885.rlib" "/opt/rustwide/target/debug/deps/libhttparse-c45cf483b346e59b.rlib" "/opt/rustwide/target/debug/deps/libh2-eb70d0f71ed66fa2.rlib" "/opt/rustwide/target/debug/deps/libindexmap-733665de8c613715.rlib" "/opt/rustwide/target/debug/deps/libhashbrown-60eca540826c5d5d.rlib" "/opt/rustwide/target/debug/deps/libslab-3fdda774eccf4f9f.rlib" "/opt/rustwide/target/debug/deps/libtokio_util-d50f39201adc6e2a.rlib" "/opt/rustwide/target/debug/deps/libfutures_sink-65c1999bd962674f.rlib" "/opt/rustwide/target/debug/deps/libtower_service-9991ae2cafd1f41b.rlib" "/opt/rustwide/target/debug/deps/libtracing-d39c4ecb9c841c4b.rlib" "/opt/rustwide/target/debug/deps/libtracing_core-e3dfcfb003507087.rlib" "/opt/rustwide/target/debug/deps/libfutures_channel-c5c20bce00d303fa.rlib" "/opt/rustwide/target/debug/deps/libfutures_util-3fc02424d3cfd4a0.rlib" "/opt/rustwide/target/debug/deps/libfutures_task-18a08022981a2ec9.rlib" "/opt/rustwide/target/debug/deps/libpin_utils-741f7d9d160e4a16.rlib" "/opt/rustwide/target/debug/deps/libtokio-3a47a34837a9f060.rlib" "/opt/rustwide/target/debug/deps/libsignal_hook_registry-d2da2bd0a57e036c.rlib" "/opt/rustwide/target/debug/deps/libnum_cpus-14f74f19cca420e7.rlib" "/opt/rustwide/target/debug/deps/libmemchr-651b9a52835bc194.rlib" "/opt/rustwide/target/debug/deps/libonce_cell-5e1d6083c59d0e91.rlib" "/opt/rustwide/target/debug/deps/libmio-13b4b4a2c96d5cd7.rlib" "/opt/rustwide/target/debug/deps/libparking_lot-05111a1a80dba15f.rlib" "/opt/rustwide/target/debug/deps/libparking_lot_core-6ca29b6402920c00.rlib" "/opt/rustwide/target/debug/deps/liblibc-d90c7c5201bb784d.rlib" "/opt/rustwide/target/debug/deps/libsmallvec-d559a48e3940c1f0.rlib" "/opt/rustwide/target/debug/deps/liblock_api-63022c77c59bbfcc.rlib" "/opt/rustwide/target/debug/deps/libscopeguard-b35f5c652940acc2.rlib" "/opt/rustwide/target/debug/deps/libinstant-65b44248b363c7fa.rlib" "/opt/rustwide/target/debug/deps/libhttp_body-73af4b2d11c10e2e.rlib" "/opt/rustwide/target/debug/deps/libpin_project_lite-c675bd61a64207ec.rlib" "/opt/rustwide/target/debug/deps/liblog-0a8665efbc1725c2.rlib" "/opt/rustwide/target/debug/deps/libcfg_if-61dc7a6799e72b18.rlib" "/opt/rustwide/target/debug/deps/libfutures_core-ba6fa455c36177be.rlib" "/opt/rustwide/target/debug/deps/liblazy_static-591486ebcb9a7ead.rlib" "/opt/rustwide/target/debug/deps/liburl-b3c55e1331b77670.rlib" "/opt/rustwide/target/debug/deps/libidna-7f2f8d2a0fa45e7d.rlib" "/opt/rustwide/target/debug/deps/libunicode_normalization-fa540275a0f8725d.rlib" "/opt/rustwide/target/debug/deps/libtinyvec-fc2adea61ab58f5e.rlib" "/opt/rustwide/target/debug/deps/libtinyvec_macros-bfeb7a087f0273ce.rlib" "/opt/rustwide/target/debug/deps/libunicode_bidi-d3ecfe40977b4a59.rlib" "/opt/rustwide/target/debug/deps/libform_urlencoded-74b1dcad9e8d80e6.rlib" "/opt/rustwide/target/debug/deps/libpercent_encoding-526c9d71c02fb5bb.rlib" "/opt/rustwide/target/debug/deps/libmatches-e0861c3f10bd1789.rlib" "/opt/rustwide/target/debug/deps/libhttp-3a2b80210ca166d7.rlib" "/opt/rustwide/target/debug/deps/libitoa-88dc5e7d606068cc.rlib" "/opt/rustwide/target/debug/deps/libbytes-55e4baa7bb335bc7.rlib" "/opt/rustwide/target/debug/deps/libfnv-18bf5144d055e772.rlib" "/opt/rustwide/target/debug/deps/libthiserror-441cbc3eefab65f3.rlib" "/opt/rustwide/rustup-home/toolchains/1.75.0-x86_64-unknown-linux-gnu/lib/rustlib/x86_64-unknown-linux-gnu/lib/libstd-90f6ddbf82de36ec.rlib" "/opt/rustwide/rustup-home/toolchains/1.75.0-x86_64-unknown-linux-gnu/lib/rustlib/x86_64-unknown-linux-gnu/lib/libpanic_unwind-480c41e9d4e1f677.rlib" "/opt/rustwide/rustup-home/toolchains/1.75.0-x86_64-unknown-linux-gnu/lib/rustlib/x86_64-unknown-linux-gnu/lib/libobject-db744c0ca03eed1d.rlib" "/opt/rustwide/rustup-home/toolchains/1.75.0-x86_64-unknown-linux-gnu/lib/rustlib/x86_64-unknown-linux-gnu/lib/libmemchr-8ba652dc7d4b285a.rlib" "/opt/rustwide/rustup-home/toolchains/1.75.0-x86_64-unknown-linux-gnu/lib/rustlib/x86_64-unknown-linux-gnu/lib/libaddr2line-d5f4520a9ebc0d58.rlib" "/opt/rustwide/rustup-home/toolchains/1.75.0-x86_64-unknown-linux-gnu/lib/rustlib/x86_64-unknown-linux-gnu/lib/libgimli-4ad84de58f0cb463.rlib" "/opt/rustwide/rustup-home/toolchains/1.75.0-x86_64-unknown-linux-gnu/lib/rustlib/x86_64-unknown-linux-gnu/lib/librustc_demangle-0d10aae2e0f38735.rlib" "/opt/rustwide/rustup-home/toolchains/1.75.0-x86_64-unknown-linux-gnu/lib/rustlib/x86_64-unknown-linux-gnu/lib/libstd_detect-0c17cff739e6745b.rlib" "/opt/rustwide/rustup-home/toolchains/1.75.0-x86_64-unknown-linux-gnu/lib/rustlib/x86_64-unknown-linux-gnu/lib/libhashbrown-b29e17139dde1aa8.rlib" "/opt/rustwide/rustup-home/toolchains/1.75.0-x86_64-unknown-linux-gnu/lib/rustlib/x86_64-unknown-linux-gnu/lib/librustc_std_workspace_alloc-1f975299829cc7bd.rlib" "/opt/rustwide/rustup-home/toolchains/1.75.0-x86_64-unknown-linux-gnu/lib/rustlib/x86_64-unknown-linux-gnu/lib/libminiz_oxide-86bae3bc3079f89b.rlib" "/opt/rustwide/rustup-home/toolchains/1.75.0-x86_64-unknown-linux-gnu/lib/rustlib/x86_64-unknown-linux-gnu/lib/libadler-321b82c30dffdf5f.rlib" "/opt/rustwide/rustup-home/toolchains/1.75.0-x86_64-unknown-linux-gnu/lib/rustlib/x86_64-unknown-linux-gnu/lib/libunwind-3dd8a6810a0bdfef.rlib" "/opt/rustwide/rustup-home/toolchains/1.75.0-x86_64-unknown-linux-gnu/lib/rustlib/x86_64-unknown-linux-gnu/lib/libcfg_if-eb39a61c0c879984.rlib" "/opt/rustwide/rustup-home/toolchains/1.75.0-x86_64-unknown-linux-gnu/lib/rustlib/x86_64-unknown-linux-gnu/lib/liblibc-aa769569f91c3548.rlib" "/opt/rustwide/rustup-home/toolchains/1.75.0-x86_64-unknown-linux-gnu/lib/rustlib/x86_64-unknown-linux-gnu/lib/liballoc-510a192a50a983ed.rlib" "/opt/rustwide/rustup-home/toolchains/1.75.0-x86_64-unknown-linux-gnu/lib/rustlib/x86_64-unknown-linux-gnu/lib/librustc_std_workspace_core-0577018320f99037.rlib" "/opt/rustwide/rustup-home/toolchains/1.75.0-x86_64-unknown-linux-gnu/lib/rustlib/x86_64-unknown-linux-gnu/lib/libcore-193cf992125ccd4c.rlib" "/opt/rustwide/rustup-home/toolchains/1.75.0-x86_64-unknown-linux-gnu/lib/rustlib/x86_64-unknown-linux-gnu/lib/libcompiler_builtins-8e138eaf26ebb4a8.rlib" "-Wl,-Bdynamic" "-lssl" "-lcrypto" "-lgcc_s" "-lutil" "-lrt" "-lpthread" "-lm" "-ldl" "-lc" "-Wl,--eh-frame-hdr" "-Wl,-z,noexecstack" "-L" "/opt/rustwide/rustup-home/toolchains/1.75.0-x86_64-unknown-linux-gnu/lib/rustlib/x86_64-unknown-linux-gnu/lib" "-o" "/opt/rustwide/target/debug/examples/signature-125eae15e5074050" "-Wl,--gc-sections" "-pie" "-Wl,-z,relro,-z,now" "-nodefaultlibs"
[INFO] [stdout]   = note: collect2: fatal error: ld terminated with signal 9 [Killed]
[INFO] [stdout]           compilation terminated.
[INFO] [stdout]           
[INFO] [stdout] 
[INFO] [stdout] 
[INFO] [stdout] error: aborting due to previous error
[INFO] [stdout] 
[INFO] [stdout] 
[INFO] [stderr] error: could not compile `irma` (example "signature") due to 2 previous errors
[INFO] [stderr] warning: build failed, waiting for other jobs to finish...
[INFO] [stdout] error: linking with `cc` failed: exit status: 1
[INFO] [stdout]   |
[INFO] [stdout]   = note: LC_ALL="C" PATH="/opt/rustwide/rustup-home/toolchains/1.75.0-x86_64-unknown-linux-gnu/lib/rustlib/x86_64-unknown-linux-gnu/bin:/opt/rustwide/cargo-home/bin:/usr/local/sbin:/usr/local/bin:/usr/sbin:/usr/bin:/sbin:/bin" VSLANG="1033" "cc" "-m64" "/tmp/rustcxf7ddz/symbols.o" "/opt/rustwide/target/debug/examples/issuance-7ff03a2a58724f9d.issuance.82934dcf7dd5d01f-cgu.0.rcgu.o" "/opt/rustwide/target/debug/examples/issuance-7ff03a2a58724f9d.issuance.82934dcf7dd5d01f-cgu.1.rcgu.o" "/opt/rustwide/target/debug/examples/issuance-7ff03a2a58724f9d.issuance.82934dcf7dd5d01f-cgu.2.rcgu.o" "/opt/rustwide/target/debug/examples/issuance-7ff03a2a58724f9d.issuance.82934dcf7dd5d01f-cgu.3.rcgu.o" "/opt/rustwide/target/debug/examples/issuance-7ff03a2a58724f9d.issuance.82934dcf7dd5d01f-cgu.4.rcgu.o" "/opt/rustwide/target/debug/examples/issuance-7ff03a2a58724f9d.68n59v52isguhs2.rcgu.o" "-Wl,--as-needed" "-L" "/opt/rustwide/target/debug/deps" "-L" "/opt/rustwide/rustup-home/toolchains/1.75.0-x86_64-unknown-linux-gnu/lib/rustlib/x86_64-unknown-linux-gnu/lib" "-Wl,-Bstatic" "/opt/rustwide/target/debug/deps/libqrcode-57bbc83502e9cac9.rlib" "/opt/rustwide/target/debug/deps/libimage-f76dd45da6265429.rlib" "/opt/rustwide/target/debug/deps/libcolor_quant-76e42fe6d44f3f56.rlib" "/opt/rustwide/target/debug/deps/libnum_iter-8048a63a42b145a6.rlib" "/opt/rustwide/target/debug/deps/libbytemuck-db2354cf2e5fec0d.rlib" "/opt/rustwide/target/debug/deps/libnum_rational-2ac15fea7a6b6fe5.rlib" "/opt/rustwide/target/debug/deps/libnum_integer-4cc9ac2d2cfd3040.rlib" "/opt/rustwide/target/debug/deps/libnum_traits-db1db3f65e4c5016.rlib" "/opt/rustwide/target/debug/deps/libchecked_int_cast-fb115ab11c200a28.rlib" "/opt/rustwide/target/debug/deps/libirma-1567e3e0fc2a1f64.rlib" "/opt/rustwide/target/debug/deps/libreqwest-1086a6d06dc9b2d8.rlib" "/opt/rustwide/target/debug/deps/libhyper_tls-c4a813b0067fdf22.rlib" "/opt/rustwide/target/debug/deps/libserde_urlencoded-a68c333fe3ad2225.rlib" "/opt/rustwide/target/debug/deps/libipnet-6f7e696fa040902e.rlib" "/opt/rustwide/target/debug/deps/libtokio_native_tls-36a469934720cfd0.rlib" "/opt/rustwide/target/debug/deps/libmime-450b243d21db2a61.rlib" "/opt/rustwide/target/debug/deps/libencoding_rs-a830fab037b07ca6.rlib" "/opt/rustwide/target/debug/deps/libserde_json-8c706b4433fb79f3.rlib" "/opt/rustwide/target/debug/deps/libryu-e349d8fa72f57721.rlib" "/opt/rustwide/target/debug/deps/libserde-16e65228f2f1ed19.rlib" "/opt/rustwide/target/debug/deps/libbase64-8ea64d3566a9d67e.rlib" "/opt/rustwide/target/debug/deps/libnative_tls-33799c0f70e301ba.rlib" "/opt/rustwide/target/debug/deps/libopenssl_probe-337040a071287d36.rlib" "/opt/rustwide/target/debug/deps/libopenssl-a65717b017ba4d7f.rlib" "/opt/rustwide/target/debug/deps/libbitflags-b7cee2ca4fb438d0.rlib" "/opt/rustwide/target/debug/deps/libforeign_types-c05743815e5b8a9d.rlib" "/opt/rustwide/target/debug/deps/libforeign_types_shared-d149f5491fde2862.rlib" "/opt/rustwide/target/debug/deps/libopenssl_sys-c66e28a1960b0190.rlib" "/opt/rustwide/target/debug/deps/libhyper-2fef7d0e52db3918.rlib" "/opt/rustwide/target/debug/deps/libwant-6ac5d33a641fd6b2.rlib" "/opt/rustwide/target/debug/deps/libtry_lock-6573df21d991c823.rlib" "/opt/rustwide/target/debug/deps/libsocket2-084ec479f832e885.rlib" "/opt/rustwide/target/debug/deps/libhttparse-c45cf483b346e59b.rlib" "/opt/rustwide/target/debug/deps/libh2-eb70d0f71ed66fa2.rlib" "/opt/rustwide/target/debug/deps/libindexmap-733665de8c613715.rlib" "/opt/rustwide/target/debug/deps/libhashbrown-60eca540826c5d5d.rlib" "/opt/rustwide/target/debug/deps/libslab-3fdda774eccf4f9f.rlib" "/opt/rustwide/target/debug/deps/libtokio_util-d50f39201adc6e2a.rlib" "/opt/rustwide/target/debug/deps/libfutures_sink-65c1999bd962674f.rlib" "/opt/rustwide/target/debug/deps/libtower_service-9991ae2cafd1f41b.rlib" "/opt/rustwide/target/debug/deps/libtracing-d39c4ecb9c841c4b.rlib" "/opt/rustwide/target/debug/deps/libtracing_core-e3dfcfb003507087.rlib" "/opt/rustwide/target/debug/deps/libfutures_channel-c5c20bce00d303fa.rlib" "/opt/rustwide/target/debug/deps/libfutures_util-3fc02424d3cfd4a0.rlib" "/opt/rustwide/target/debug/deps/libfutures_task-18a08022981a2ec9.rlib" "/opt/rustwide/target/debug/deps/libpin_utils-741f7d9d160e4a16.rlib" "/opt/rustwide/target/debug/deps/libtokio-3a47a34837a9f060.rlib" "/opt/rustwide/target/debug/deps/libsignal_hook_registry-d2da2bd0a57e036c.rlib" "/opt/rustwide/target/debug/deps/libnum_cpus-14f74f19cca420e7.rlib" "/opt/rustwide/target/debug/deps/libmemchr-651b9a52835bc194.rlib" "/opt/rustwide/target/debug/deps/libonce_cell-5e1d6083c59d0e91.rlib" "/opt/rustwide/target/debug/deps/libmio-13b4b4a2c96d5cd7.rlib" "/opt/rustwide/target/debug/deps/libparking_lot-05111a1a80dba15f.rlib" "/opt/rustwide/target/debug/deps/libparking_lot_core-6ca29b6402920c00.rlib" "/opt/rustwide/target/debug/deps/liblibc-d90c7c5201bb784d.rlib" "/opt/rustwide/target/debug/deps/libsmallvec-d559a48e3940c1f0.rlib" "/opt/rustwide/target/debug/deps/liblock_api-63022c77c59bbfcc.rlib" "/opt/rustwide/target/debug/deps/libscopeguard-b35f5c652940acc2.rlib" "/opt/rustwide/target/debug/deps/libinstant-65b44248b363c7fa.rlib" "/opt/rustwide/target/debug/deps/libhttp_body-73af4b2d11c10e2e.rlib" "/opt/rustwide/target/debug/deps/libpin_project_lite-c675bd61a64207ec.rlib" "/opt/rustwide/target/debug/deps/liblog-0a8665efbc1725c2.rlib" "/opt/rustwide/target/debug/deps/libcfg_if-61dc7a6799e72b18.rlib" "/opt/rustwide/target/debug/deps/libfutures_core-ba6fa455c36177be.rlib" "/opt/rustwide/target/debug/deps/liblazy_static-591486ebcb9a7ead.rlib" "/opt/rustwide/target/debug/deps/liburl-b3c55e1331b77670.rlib" "/opt/rustwide/target/debug/deps/libidna-7f2f8d2a0fa45e7d.rlib" "/opt/rustwide/target/debug/deps/libunicode_normalization-fa540275a0f8725d.rlib" "/opt/rustwide/target/debug/deps/libtinyvec-fc2adea61ab58f5e.rlib" "/opt/rustwide/target/debug/deps/libtinyvec_macros-bfeb7a087f0273ce.rlib" "/opt/rustwide/target/debug/deps/libunicode_bidi-d3ecfe40977b4a59.rlib" "/opt/rustwide/target/debug/deps/libform_urlencoded-74b1dcad9e8d80e6.rlib" "/opt/rustwide/target/debug/deps/libpercent_encoding-526c9d71c02fb5bb.rlib" "/opt/rustwide/target/debug/deps/libmatches-e0861c3f10bd1789.rlib" "/opt/rustwide/target/debug/deps/libhttp-3a2b80210ca166d7.rlib" "/opt/rustwide/target/debug/deps/libitoa-88dc5e7d606068cc.rlib" "/opt/rustwide/target/debug/deps/libbytes-55e4baa7bb335bc7.rlib" "/opt/rustwide/target/debug/deps/libfnv-18bf5144d055e772.rlib" "/opt/rustwide/target/debug/deps/libthiserror-441cbc3eefab65f3.rlib" "/opt/rustwide/rustup-home/toolchains/1.75.0-x86_64-unknown-linux-gnu/lib/rustlib/x86_64-unknown-linux-gnu/lib/libstd-90f6ddbf82de36ec.rlib" "/opt/rustwide/rustup-home/toolchains/1.75.0-x86_64-unknown-linux-gnu/lib/rustlib/x86_64-unknown-linux-gnu/lib/libpanic_unwind-480c41e9d4e1f677.rlib" "/opt/rustwide/rustup-home/toolchains/1.75.0-x86_64-unknown-linux-gnu/lib/rustlib/x86_64-unknown-linux-gnu/lib/libobject-db744c0ca03eed1d.rlib" "/opt/rustwide/rustup-home/toolchains/1.75.0-x86_64-unknown-linux-gnu/lib/rustlib/x86_64-unknown-linux-gnu/lib/libmemchr-8ba652dc7d4b285a.rlib" "/opt/rustwide/rustup-home/toolchains/1.75.0-x86_64-unknown-linux-gnu/lib/rustlib/x86_64-unknown-linux-gnu/lib/libaddr2line-d5f4520a9ebc0d58.rlib" "/opt/rustwide/rustup-home/toolchains/1.75.0-x86_64-unknown-linux-gnu/lib/rustlib/x86_64-unknown-linux-gnu/lib/libgimli-4ad84de58f0cb463.rlib" "/opt/rustwide/rustup-home/toolchains/1.75.0-x86_64-unknown-linux-gnu/lib/rustlib/x86_64-unknown-linux-gnu/lib/librustc_demangle-0d10aae2e0f38735.rlib" "/opt/rustwide/rustup-home/toolchains/1.75.0-x86_64-unknown-linux-gnu/lib/rustlib/x86_64-unknown-linux-gnu/lib/libstd_detect-0c17cff739e6745b.rlib" "/opt/rustwide/rustup-home/toolchains/1.75.0-x86_64-unknown-linux-gnu/lib/rustlib/x86_64-unknown-linux-gnu/lib/libhashbrown-b29e17139dde1aa8.rlib" "/opt/rustwide/rustup-home/toolchains/1.75.0-x86_64-unknown-linux-gnu/lib/rustlib/x86_64-unknown-linux-gnu/lib/librustc_std_workspace_alloc-1f975299829cc7bd.rlib" "/opt/rustwide/rustup-home/toolchains/1.75.0-x86_64-unknown-linux-gnu/lib/rustlib/x86_64-unknown-linux-gnu/lib/libminiz_oxide-86bae3bc3079f89b.rlib" "/opt/rustwide/rustup-home/toolchains/1.75.0-x86_64-unknown-linux-gnu/lib/rustlib/x86_64-unknown-linux-gnu/lib/libadler-321b82c30dffdf5f.rlib" "/opt/rustwide/rustup-home/toolchains/1.75.0-x86_64-unknown-linux-gnu/lib/rustlib/x86_64-unknown-linux-gnu/lib/libunwind-3dd8a6810a0bdfef.rlib" "/opt/rustwide/rustup-home/toolchains/1.75.0-x86_64-unknown-linux-gnu/lib/rustlib/x86_64-unknown-linux-gnu/lib/libcfg_if-eb39a61c0c879984.rlib" "/opt/rustwide/rustup-home/toolchains/1.75.0-x86_64-unknown-linux-gnu/lib/rustlib/x86_64-unknown-linux-gnu/lib/liblibc-aa769569f91c3548.rlib" "/opt/rustwide/rustup-home/toolchains/1.75.0-x86_64-unknown-linux-gnu/lib/rustlib/x86_64-unknown-linux-gnu/lib/liballoc-510a192a50a983ed.rlib" "/opt/rustwide/rustup-home/toolchains/1.75.0-x86_64-unknown-linux-gnu/lib/rustlib/x86_64-unknown-linux-gnu/lib/librustc_std_workspace_core-0577018320f99037.rlib" "/opt/rustwide/rustup-home/toolchains/1.75.0-x86_64-unknown-linux-gnu/lib/rustlib/x86_64-unknown-linux-gnu/lib/libcore-193cf992125ccd4c.rlib" "/opt/rustwide/rustup-home/toolchains/1.75.0-x86_64-unknown-linux-gnu/lib/rustlib/x86_64-unknown-linux-gnu/lib/libcompiler_builtins-8e138eaf26ebb4a8.rlib" "-Wl,-Bdynamic" "-lssl" "-lcrypto" "-lgcc_s" "-lutil" "-lrt" "-lpthread" "-lm" "-ldl" "-lc" "-Wl,--eh-frame-hdr" "-Wl,-z,noexecstack" "-L" "/opt/rustwide/rustup-home/toolchains/1.75.0-x86_64-unknown-linux-gnu/lib/rustlib/x86_64-unknown-linux-gnu/lib" "-o" "/opt/rustwide/target/debug/examples/issuance-7ff03a2a58724f9d" "-Wl,--gc-sections" "-pie" "-Wl,-z,relro,-z,now" "-nodefaultlibs"
[INFO] [stdout]   = note: collect2: fatal error: ld terminated with signal 9 [Killed]
[INFO] [stdout]           compilation terminated.
[INFO] [stdout]           
[INFO] [stdout] 
[INFO] [stdout] 
[INFO] [stdout] error: aborting due to previous error
[INFO] [stdout] 
[INFO] [stdout] 
[INFO] [stderr] error: could not compile `irma` (example "issuance") due to 2 previous errors
[INFO] running `Command { std: "docker" "inspect" "843699dda789a7b58f25be29b7172a6b02953d7a8a9c7e475e2755fed68d7cdb", kill_on_drop: false }`
[INFO] running `Command { std: "docker" "rm" "-f" "843699dda789a7b58f25be29b7172a6b02953d7a8a9c7e475e2755fed68d7cdb", kill_on_drop: false }`
[INFO] [stdout] 843699dda789a7b58f25be29b7172a6b02953d7a8a9c7e475e2755fed68d7cdb
[INFO] testing irma-0.2.1 against beta-2023-12-22 for beta-1.76-1
[INFO] extracting crate irma 0.2.1 into /workspace/builds/worker-7-tc2/source
[INFO] validating manifest of crates.io crate irma 0.2.1 on toolchain beta-2023-12-22
[INFO] running `Command { std: CARGO_HOME="/workspace/cargo-home" RUSTUP_HOME="/workspace/rustup-home" "/workspace/cargo-home/bin/cargo" "+beta-2023-12-22" "metadata" "--manifest-path" "Cargo.toml" "--no-deps", kill_on_drop: false }`
[INFO] started tweaking crates.io crate irma 0.2.1
[INFO] finished tweaking crates.io crate irma 0.2.1
[INFO] tweaked toml for crates.io crate irma 0.2.1 written to /workspace/builds/worker-7-tc2/source/Cargo.toml
[INFO] crate crates.io crate irma 0.2.1 already has a lockfile, it will not be regenerated
[INFO] running `Command { std: CARGO_HOME="/workspace/cargo-home" RUSTUP_HOME="/workspace/rustup-home" "/workspace/cargo-home/bin/cargo" "+beta-2023-12-22" "fetch" "--manifest-path" "Cargo.toml", kill_on_drop: false }`
[INFO] running `Command { std: "docker" "create" "-v" "/var/lib/crater-agent-workspace/builds/worker-7-tc2/target:/opt/rustwide/target:rw,Z" "-v" "/var/lib/crater-agent-workspace/builds/worker-7-tc2/source:/opt/rustwide/workdir:ro,Z" "-v" "/var/lib/crater-agent-workspace/cargo-home:/opt/rustwide/cargo-home:ro,Z" "-v" "/var/lib/crater-agent-workspace/rustup-home:/opt/rustwide/rustup-home:ro,Z" "-e" "SOURCE_DIR=/opt/rustwide/workdir" "-e" "CARGO_TARGET_DIR=/opt/rustwide/target" "-e" "CARGO_HOME=/opt/rustwide/cargo-home" "-e" "RUSTUP_HOME=/opt/rustwide/rustup-home" "-w" "/opt/rustwide/workdir" "-m" "1610612736" "--user" "0:0" "--network" "none" "ghcr.io/rust-lang/crates-build-env/linux@sha256:2788e3201cd34a07e3172128adcd8b3090168a8e3bcc40d7c032b9dda1df7d1c" "/opt/rustwide/cargo-home/bin/cargo" "+beta-2023-12-22" "metadata" "--no-deps" "--format-version=1", kill_on_drop: false }`
[INFO] [stdout] ae5e6bd3b1a7f5b744f17bee2bce15c02f76aadb68d9c1b3943d6c5601295fab
[INFO] running `Command { std: "docker" "start" "-a" "ae5e6bd3b1a7f5b744f17bee2bce15c02f76aadb68d9c1b3943d6c5601295fab", kill_on_drop: false }`
[INFO] running `Command { std: "docker" "inspect" "ae5e6bd3b1a7f5b744f17bee2bce15c02f76aadb68d9c1b3943d6c5601295fab", kill_on_drop: false }`
[INFO] running `Command { std: "docker" "rm" "-f" "ae5e6bd3b1a7f5b744f17bee2bce15c02f76aadb68d9c1b3943d6c5601295fab", kill_on_drop: false }`
[INFO] [stdout] ae5e6bd3b1a7f5b744f17bee2bce15c02f76aadb68d9c1b3943d6c5601295fab
[INFO] running `Command { std: "docker" "create" "-v" "/var/lib/crater-agent-workspace/builds/worker-7-tc2/target:/opt/rustwide/target:rw,Z" "-v" "/var/lib/crater-agent-workspace/builds/worker-7-tc2/source:/opt/rustwide/workdir:ro,Z" "-v" "/var/lib/crater-agent-workspace/cargo-home:/opt/rustwide/cargo-home:ro,Z" "-v" "/var/lib/crater-agent-workspace/rustup-home:/opt/rustwide/rustup-home:ro,Z" "-e" "SOURCE_DIR=/opt/rustwide/workdir" "-e" "CARGO_TARGET_DIR=/opt/rustwide/target" "-e" "CARGO_INCREMENTAL=0" "-e" "RUST_BACKTRACE=full" "-e" "RUSTFLAGS=--cap-lints=warn" "-e" "RUSTDOCFLAGS=--cap-lints=warn" "-e" "CARGO_HOME=/opt/rustwide/cargo-home" "-e" "RUSTUP_HOME=/opt/rustwide/rustup-home" "-w" "/opt/rustwide/workdir" "-m" "1610612736" "--user" "0:0" "--network" "none" "ghcr.io/rust-lang/crates-build-env/linux@sha256:2788e3201cd34a07e3172128adcd8b3090168a8e3bcc40d7c032b9dda1df7d1c" "/opt/rustwide/cargo-home/bin/cargo" "+beta-2023-12-22" "build" "--frozen" "--message-format=json", kill_on_drop: false }`
[INFO] [stdout] 96d40c6d478eec0c5a4106aeb1b79fb75bf168ce45de0ff3d46a5986b0db306f
[INFO] running `Command { std: "docker" "start" "-a" "96d40c6d478eec0c5a4106aeb1b79fb75bf168ce45de0ff3d46a5986b0db306f", kill_on_drop: false }`
[INFO] [stderr]    Compiling libc v0.2.110
[INFO] [stderr]    Compiling log v0.4.14
[INFO] [stderr]    Compiling proc-macro2 v1.0.33
[INFO] [stderr]    Compiling pkg-config v0.3.23
[INFO] [stderr]    Compiling pin-project-lite v0.2.7
[INFO] [stderr]    Compiling cc v1.0.72
[INFO] [stderr]    Compiling syn v1.0.82
[INFO] [stderr]    Compiling futures-core v0.3.18
[INFO] [stderr]    Compiling memchr v2.4.1
[INFO] [stderr]    Compiling bytes v1.1.0
[INFO] [stderr]    Compiling tokio v1.14.0
[INFO] [stderr]    Compiling itoa v0.4.8
[INFO] [stderr]    Compiling futures-task v0.3.18
[INFO] [stderr]    Compiling indexmap v1.7.0
[INFO] [stderr]    Compiling serde_derive v1.0.131
[INFO] [stderr]    Compiling openssl v0.10.38
[INFO] [stderr]    Compiling futures-util v0.3.18
[INFO] [stderr]    Compiling tracing-core v0.1.21
[INFO] [stderr]    Compiling ryu v1.0.6
[INFO] [stderr]    Compiling httparse v1.5.1
[INFO] [stderr]    Compiling bitflags v1.3.2
[INFO] [stderr]    Compiling serde v1.0.131
[INFO] [stderr]    Compiling matches v0.1.9
[INFO] [stderr]    Compiling http v0.2.5
[INFO] [stderr]    Compiling once_cell v1.8.0
[INFO] [stderr]    Compiling hashbrown v0.11.2
[INFO] [stderr]    Compiling futures-channel v0.3.18
[INFO] [stderr]    Compiling native-tls v0.2.8
[INFO] [stderr]    Compiling futures-sink v0.3.18
[INFO] [stderr]    Compiling tracing v0.1.29
[INFO] [stderr]    Compiling tinyvec v1.5.1
[INFO] [stderr]    Compiling slab v0.4.5
[INFO] [stderr]    Compiling want v0.3.0
[INFO] [stderr]    Compiling form_urlencoded v1.0.1
[INFO] [stderr]    Compiling quote v1.0.10
[INFO] [stderr]    Compiling encoding_rs v0.8.30
[INFO] [stderr]    Compiling httpdate v1.0.2
[INFO] [stderr]    Compiling unicode-bidi v0.3.7
[INFO] [stderr]    Compiling serde_json v1.0.72
[INFO] [stderr]    Compiling base64 v0.13.0
[INFO] [stderr]    Compiling mio v0.7.14
[INFO] [stderr]    Compiling socket2 v0.4.2
[INFO] [stderr]    Compiling ipnet v2.3.1
[INFO] [stderr]    Compiling mime v0.3.16
[INFO] [stderr]    Compiling openssl-sys v0.9.71
[INFO] [stderr]    Compiling unicode-normalization v0.1.19
[INFO] [stderr]    Compiling idna v0.2.3
[INFO] [stderr]    Compiling http-body v0.4.4
[INFO] [stderr]    Compiling url v2.2.2
[INFO] [stderr]    Compiling thiserror-impl v1.0.30
[INFO] [stderr]    Compiling tokio-util v0.6.9
[INFO] [stderr]    Compiling thiserror v1.0.30
[INFO] [stderr]    Compiling h2 v0.3.9
[INFO] [stderr]    Compiling tokio-native-tls v0.3.0
[INFO] [stderr]    Compiling hyper v0.14.16
[INFO] [stderr]    Compiling serde_urlencoded v0.7.0
[INFO] [stderr]    Compiling hyper-tls v0.5.0
[INFO] [stderr]    Compiling reqwest v0.11.7
[INFO] [stderr]    Compiling irma v0.2.1 (/opt/rustwide/workdir)
[INFO] [stderr]     Finished dev [unoptimized + debuginfo] target(s) in 22.28s
[INFO] running `Command { std: "docker" "inspect" "96d40c6d478eec0c5a4106aeb1b79fb75bf168ce45de0ff3d46a5986b0db306f", kill_on_drop: false }`
[INFO] running `Command { std: "docker" "rm" "-f" "96d40c6d478eec0c5a4106aeb1b79fb75bf168ce45de0ff3d46a5986b0db306f", kill_on_drop: false }`
[INFO] [stdout] 96d40c6d478eec0c5a4106aeb1b79fb75bf168ce45de0ff3d46a5986b0db306f
[INFO] running `Command { std: "docker" "create" "-v" "/var/lib/crater-agent-workspace/builds/worker-7-tc2/target:/opt/rustwide/target:rw,Z" "-v" "/var/lib/crater-agent-workspace/builds/worker-7-tc2/source:/opt/rustwide/workdir:ro,Z" "-v" "/var/lib/crater-agent-workspace/cargo-home:/opt/rustwide/cargo-home:ro,Z" "-v" "/var/lib/crater-agent-workspace/rustup-home:/opt/rustwide/rustup-home:ro,Z" "-e" "SOURCE_DIR=/opt/rustwide/workdir" "-e" "CARGO_TARGET_DIR=/opt/rustwide/target" "-e" "CARGO_INCREMENTAL=0" "-e" "RUST_BACKTRACE=full" "-e" "RUSTFLAGS=--cap-lints=warn" "-e" "RUSTDOCFLAGS=--cap-lints=warn" "-e" "CARGO_HOME=/opt/rustwide/cargo-home" "-e" "RUSTUP_HOME=/opt/rustwide/rustup-home" "-w" "/opt/rustwide/workdir" "-m" "1610612736" "--user" "0:0" "--network" "none" "ghcr.io/rust-lang/crates-build-env/linux@sha256:2788e3201cd34a07e3172128adcd8b3090168a8e3bcc40d7c032b9dda1df7d1c" "/opt/rustwide/cargo-home/bin/cargo" "+beta-2023-12-22" "test" "--frozen" "--no-run" "--message-format=json", kill_on_drop: false }`
[INFO] [stdout] fdff35622d54d2d86e1f8df0105f3bb698a0dec6c18e023dd3b6ec68abb40f11
[INFO] running `Command { std: "docker" "start" "-a" "fdff35622d54d2d86e1f8df0105f3bb698a0dec6c18e023dd3b6ec68abb40f11", kill_on_drop: false }`
[INFO] [stderr]    Compiling syn v1.0.82
[INFO] [stderr]    Compiling parking_lot_core v0.8.5
[INFO] [stderr]    Compiling smallvec v1.7.0
[INFO] [stderr]    Compiling scopeguard v1.1.0
[INFO] [stderr]    Compiling tokio v1.14.0
[INFO] [stderr]    Compiling instant v0.1.12
[INFO] [stderr]    Compiling num-traits v0.2.14
[INFO] [stderr]    Compiling signal-hook-registry v1.4.0
[INFO] [stderr]    Compiling num_cpus v1.13.0
[INFO] [stderr]    Compiling num-integer v0.1.44
[INFO] [stderr]    Compiling num-iter v0.1.42
[INFO] [stderr]    Compiling num-rational v0.3.2
[INFO] [stderr]    Compiling byteorder v1.4.3
[INFO] [stderr]    Compiling color_quant v1.1.0
[INFO] [stderr]    Compiling bytemuck v1.7.2
[INFO] [stderr]    Compiling checked_int_cast v1.0.0
[INFO] [stderr]    Compiling maplit v1.0.2
[INFO] [stderr]    Compiling lock_api v0.4.5
[INFO] [stderr]    Compiling parking_lot v0.11.2
[INFO] [stderr]    Compiling image v0.23.14
[INFO] [stderr]    Compiling qrcode v0.12.0
[INFO] [stderr]    Compiling tokio-macros v1.6.0
[INFO] [stderr]    Compiling serde_derive v1.0.131
[INFO] [stderr]    Compiling async-stream-impl v0.3.2
[INFO] [stderr]    Compiling thiserror-impl v1.0.30
[INFO] [stderr]    Compiling serial_test_derive v0.5.1
[INFO] [stderr]    Compiling serial_test v0.5.1
[INFO] [stderr]    Compiling async-stream v0.3.2
[INFO] [stderr]    Compiling thiserror v1.0.30
[INFO] [stderr]    Compiling serde v1.0.131
[INFO] [stderr]    Compiling tokio-util v0.6.9
[INFO] [stderr]    Compiling tokio-native-tls v0.3.0
[INFO] [stderr]    Compiling tokio-stream v0.1.8
[INFO] [stderr]    Compiling h2 v0.3.9
[INFO] [stderr]    Compiling tokio-test v0.4.2
[INFO] [stderr]    Compiling serde_json v1.0.72
[INFO] [stderr]    Compiling serde_urlencoded v0.7.0
[INFO] [stderr]    Compiling hyper v0.14.16
[INFO] [stderr]    Compiling hyper-tls v0.5.0
[INFO] [stderr]    Compiling reqwest v0.11.7
[INFO] [stderr]    Compiling irma v0.2.1 (/opt/rustwide/workdir)
[INFO] [stdout] error: linking with `cc` failed: exit status: 1
[INFO] [stdout]   |
[INFO] [stdout]   = note: LC_ALL="C" PATH="/opt/rustwide/rustup-home/toolchains/beta-2023-12-22-x86_64-unknown-linux-gnu/lib/rustlib/x86_64-unknown-linux-gnu/bin:/opt/rustwide/cargo-home/bin:/usr/local/sbin:/usr/local/bin:/usr/sbin:/usr/bin:/sbin:/bin" VSLANG="1033" "cc" "-m64" "/tmp/rustce0UHk6/symbols.o" "/opt/rustwide/target/debug/examples/signature-fcb5724c34e9b4a0.signature.cd43edad9e242377-cgu.0.rcgu.o" "/opt/rustwide/target/debug/examples/signature-fcb5724c34e9b4a0.signature.cd43edad9e242377-cgu.1.rcgu.o" "/opt/rustwide/target/debug/examples/signature-fcb5724c34e9b4a0.signature.cd43edad9e242377-cgu.2.rcgu.o" "/opt/rustwide/target/debug/examples/signature-fcb5724c34e9b4a0.signature.cd43edad9e242377-cgu.3.rcgu.o" "/opt/rustwide/target/debug/examples/signature-fcb5724c34e9b4a0.signature.cd43edad9e242377-cgu.4.rcgu.o" "/opt/rustwide/target/debug/examples/signature-fcb5724c34e9b4a0.4k8ofr9l3ai1yql.rcgu.o" "-Wl,--as-needed" "-L" "/opt/rustwide/target/debug/deps" "-L" "/opt/rustwide/rustup-home/toolchains/beta-2023-12-22-x86_64-unknown-linux-gnu/lib/rustlib/x86_64-unknown-linux-gnu/lib" "-Wl,-Bstatic" "/opt/rustwide/target/debug/deps/libqrcode-ce44577975479099.rlib" "/opt/rustwide/target/debug/deps/libimage-03525ec958e7f9c9.rlib" "/opt/rustwide/target/debug/deps/libcolor_quant-da6050448bfc3046.rlib" "/opt/rustwide/target/debug/deps/libnum_iter-4e39fda73bf79d46.rlib" "/opt/rustwide/target/debug/deps/libbytemuck-394497bc27f36c26.rlib" "/opt/rustwide/target/debug/deps/libnum_rational-d5d31698f3635db1.rlib" "/opt/rustwide/target/debug/deps/libnum_integer-a4671f8016a96b84.rlib" "/opt/rustwide/target/debug/deps/libnum_traits-1a2252364216d481.rlib" "/opt/rustwide/target/debug/deps/libchecked_int_cast-21adcd37c4494b48.rlib" "/opt/rustwide/target/debug/deps/libirma-4d31d48b2b92f4bc.rlib" "/opt/rustwide/target/debug/deps/libreqwest-10240ae40c72a287.rlib" "/opt/rustwide/target/debug/deps/libhyper_tls-91444e4008ffb15d.rlib" "/opt/rustwide/target/debug/deps/libserde_urlencoded-999ce5a5202b4f98.rlib" "/opt/rustwide/target/debug/deps/libipnet-dff482cb7b80ee87.rlib" "/opt/rustwide/target/debug/deps/libtokio_native_tls-6f9ef5e207e86caf.rlib" "/opt/rustwide/target/debug/deps/libmime-d5b83fc07afe1071.rlib" "/opt/rustwide/target/debug/deps/libencoding_rs-a7b3573c9d4b0c30.rlib" "/opt/rustwide/target/debug/deps/libserde_json-f2471a6ba44ced3e.rlib" "/opt/rustwide/target/debug/deps/libryu-00b239d902c98479.rlib" "/opt/rustwide/target/debug/deps/libserde-e8fcf9eb0434cd02.rlib" "/opt/rustwide/target/debug/deps/libbase64-450a6d9dcba13b9b.rlib" "/opt/rustwide/target/debug/deps/libnative_tls-cbe7b90c199001bb.rlib" "/opt/rustwide/target/debug/deps/libopenssl_probe-29662d056fb3dd38.rlib" "/opt/rustwide/target/debug/deps/libopenssl-b076643bd6159616.rlib" "/opt/rustwide/target/debug/deps/libbitflags-85e13ed1e0c6d910.rlib" "/opt/rustwide/target/debug/deps/libforeign_types-34162016ad32c65c.rlib" "/opt/rustwide/target/debug/deps/libforeign_types_shared-6c481fa47d8ef87b.rlib" "/opt/rustwide/target/debug/deps/libopenssl_sys-864aabca239e40d0.rlib" "/opt/rustwide/target/debug/deps/libhyper-92578a2c3e671adc.rlib" "/opt/rustwide/target/debug/deps/libwant-f6ac176db4cc6e4f.rlib" "/opt/rustwide/target/debug/deps/libtry_lock-da79cbb67b0e5d22.rlib" "/opt/rustwide/target/debug/deps/libsocket2-b377c269992fb61c.rlib" "/opt/rustwide/target/debug/deps/libhttparse-34e081384930e2cc.rlib" "/opt/rustwide/target/debug/deps/libh2-e1b00dffaa906d4a.rlib" "/opt/rustwide/target/debug/deps/libindexmap-d56697f0621dd746.rlib" "/opt/rustwide/target/debug/deps/libhashbrown-d5b24f3d513fb86b.rlib" "/opt/rustwide/target/debug/deps/libslab-e5442f48fd9b849e.rlib" "/opt/rustwide/target/debug/deps/libtokio_util-03a469d45f9471dd.rlib" "/opt/rustwide/target/debug/deps/libfutures_sink-4c9d9d992a173c78.rlib" "/opt/rustwide/target/debug/deps/libtower_service-a49ed9f68e393719.rlib" "/opt/rustwide/target/debug/deps/libtracing-397a7287c73536e4.rlib" "/opt/rustwide/target/debug/deps/libtracing_core-667a4df523144730.rlib" "/opt/rustwide/target/debug/deps/libfutures_channel-9a6fc9099669aec9.rlib" "/opt/rustwide/target/debug/deps/libfutures_util-5eb1f79c960f0021.rlib" "/opt/rustwide/target/debug/deps/libfutures_task-d5add85014ca551e.rlib" "/opt/rustwide/target/debug/deps/libpin_utils-9c5dcf17efb91bff.rlib" "/opt/rustwide/target/debug/deps/libtokio-0d520798cccdd0dd.rlib" "/opt/rustwide/target/debug/deps/libsignal_hook_registry-e4d16951930b0540.rlib" "/opt/rustwide/target/debug/deps/libnum_cpus-ed17e72927d38cd9.rlib" "/opt/rustwide/target/debug/deps/libmemchr-6f62f415054b7720.rlib" "/opt/rustwide/target/debug/deps/libonce_cell-1fc356a87167a13f.rlib" "/opt/rustwide/target/debug/deps/libmio-6d9c13ed40d6c776.rlib" "/opt/rustwide/target/debug/deps/libparking_lot-06ef0bc5475ba4ae.rlib" "/opt/rustwide/target/debug/deps/libparking_lot_core-c43a32fcbeba5e03.rlib" "/opt/rustwide/target/debug/deps/liblibc-73b7c52ae596d9a3.rlib" "/opt/rustwide/target/debug/deps/libsmallvec-2009b1c4d251fbd1.rlib" "/opt/rustwide/target/debug/deps/liblock_api-92cbc39673177ee5.rlib" "/opt/rustwide/target/debug/deps/libscopeguard-31f1b56a39f2a372.rlib" "/opt/rustwide/target/debug/deps/libinstant-3aa96c1efb8242b8.rlib" "/opt/rustwide/target/debug/deps/libhttp_body-1dced6a90e645010.rlib" "/opt/rustwide/target/debug/deps/libpin_project_lite-255ea0676d5807d3.rlib" "/opt/rustwide/target/debug/deps/liblog-08c38375a0b41cf0.rlib" "/opt/rustwide/target/debug/deps/libcfg_if-e7002d307f97bc56.rlib" "/opt/rustwide/target/debug/deps/libfutures_core-3b938f3ca96b6018.rlib" "/opt/rustwide/target/debug/deps/liblazy_static-efa3519517df6cf0.rlib" "/opt/rustwide/target/debug/deps/liburl-4dc03df9a34099c6.rlib" "/opt/rustwide/target/debug/deps/libidna-608df6c35ccfad8a.rlib" "/opt/rustwide/target/debug/deps/libunicode_normalization-40526e3f649c16ed.rlib" "/opt/rustwide/target/debug/deps/libtinyvec-63fcc069d8fc338e.rlib" "/opt/rustwide/target/debug/deps/libtinyvec_macros-2b90caf71be257df.rlib" "/opt/rustwide/target/debug/deps/libunicode_bidi-9e22f06d2a04cff1.rlib" "/opt/rustwide/target/debug/deps/libform_urlencoded-ae8f37993c92f9fc.rlib" "/opt/rustwide/target/debug/deps/libpercent_encoding-3da2a87a41f86eb7.rlib" "/opt/rustwide/target/debug/deps/libmatches-7dacc739f2471d9d.rlib" "/opt/rustwide/target/debug/deps/libhttp-6dd80f6549c192fb.rlib" "/opt/rustwide/target/debug/deps/libitoa-a2832f2392deebad.rlib" "/opt/rustwide/target/debug/deps/libbytes-cc9c49d7958180b3.rlib" "/opt/rustwide/target/debug/deps/libfnv-953831fe314029b4.rlib" "/opt/rustwide/target/debug/deps/libthiserror-b68f348b8a0e164a.rlib" "/opt/rustwide/rustup-home/toolchains/beta-2023-12-22-x86_64-unknown-linux-gnu/lib/rustlib/x86_64-unknown-linux-gnu/lib/libstd-0672489a78b613de.rlib" "/opt/rustwide/rustup-home/toolchains/beta-2023-12-22-x86_64-unknown-linux-gnu/lib/rustlib/x86_64-unknown-linux-gnu/lib/libpanic_unwind-7eb3ffc34a49f675.rlib" "/opt/rustwide/rustup-home/toolchains/beta-2023-12-22-x86_64-unknown-linux-gnu/lib/rustlib/x86_64-unknown-linux-gnu/lib/libobject-6478a9daa4bee8e2.rlib" "/opt/rustwide/rustup-home/toolchains/beta-2023-12-22-x86_64-unknown-linux-gnu/lib/rustlib/x86_64-unknown-linux-gnu/lib/libmemchr-0c75d871a5c3923d.rlib" "/opt/rustwide/rustup-home/toolchains/beta-2023-12-22-x86_64-unknown-linux-gnu/lib/rustlib/x86_64-unknown-linux-gnu/lib/libaddr2line-d163ef63ad37bb71.rlib" "/opt/rustwide/rustup-home/toolchains/beta-2023-12-22-x86_64-unknown-linux-gnu/lib/rustlib/x86_64-unknown-linux-gnu/lib/libgimli-8a3fd810a85b9f4c.rlib" "/opt/rustwide/rustup-home/toolchains/beta-2023-12-22-x86_64-unknown-linux-gnu/lib/rustlib/x86_64-unknown-linux-gnu/lib/librustc_demangle-462a2cde8c5dfc10.rlib" "/opt/rustwide/rustup-home/toolchains/beta-2023-12-22-x86_64-unknown-linux-gnu/lib/rustlib/x86_64-unknown-linux-gnu/lib/libstd_detect-cb06ac9f54713f71.rlib" "/opt/rustwide/rustup-home/toolchains/beta-2023-12-22-x86_64-unknown-linux-gnu/lib/rustlib/x86_64-unknown-linux-gnu/lib/libhashbrown-f20bfd1f8e59b393.rlib" "/opt/rustwide/rustup-home/toolchains/beta-2023-12-22-x86_64-unknown-linux-gnu/lib/rustlib/x86_64-unknown-linux-gnu/lib/librustc_std_workspace_alloc-1ef460949b49da4b.rlib" "/opt/rustwide/rustup-home/toolchains/beta-2023-12-22-x86_64-unknown-linux-gnu/lib/rustlib/x86_64-unknown-linux-gnu/lib/libminiz_oxide-2cb0c0ffe4f87514.rlib" "/opt/rustwide/rustup-home/toolchains/beta-2023-12-22-x86_64-unknown-linux-gnu/lib/rustlib/x86_64-unknown-linux-gnu/lib/libadler-58d841eb322a11a2.rlib" "/opt/rustwide/rustup-home/toolchains/beta-2023-12-22-x86_64-unknown-linux-gnu/lib/rustlib/x86_64-unknown-linux-gnu/lib/libunwind-aa2ae0b0a9d11533.rlib" "/opt/rustwide/rustup-home/toolchains/beta-2023-12-22-x86_64-unknown-linux-gnu/lib/rustlib/x86_64-unknown-linux-gnu/lib/libcfg_if-23874e15830ed336.rlib" "/opt/rustwide/rustup-home/toolchains/beta-2023-12-22-x86_64-unknown-linux-gnu/lib/rustlib/x86_64-unknown-linux-gnu/lib/liblibc-e47cddc003bce885.rlib" "/opt/rustwide/rustup-home/toolchains/beta-2023-12-22-x86_64-unknown-linux-gnu/lib/rustlib/x86_64-unknown-linux-gnu/lib/liballoc-c22b13b48a8f128e.rlib" "/opt/rustwide/rustup-home/toolchains/beta-2023-12-22-x86_64-unknown-linux-gnu/lib/rustlib/x86_64-unknown-linux-gnu/lib/librustc_std_workspace_core-e46bc3da6d7c462f.rlib" "/opt/rustwide/rustup-home/toolchains/beta-2023-12-22-x86_64-unknown-linux-gnu/lib/rustlib/x86_64-unknown-linux-gnu/lib/libcore-8d1ac131d3cb2645.rlib" "/opt/rustwide/rustup-home/toolchains/beta-2023-12-22-x86_64-unknown-linux-gnu/lib/rustlib/x86_64-unknown-linux-gnu/lib/libcompiler_builtins-a1b43df8c6899c1f.rlib" "-Wl,-Bdynamic" "-lssl" "-lcrypto" "-lgcc_s" "-lutil" "-lrt" "-lpthread" "-lm" "-ldl" "-lc" "-Wl,--eh-frame-hdr" "-Wl,-z,noexecstack" "-L" "/opt/rustwide/rustup-home/toolchains/beta-2023-12-22-x86_64-unknown-linux-gnu/lib/rustlib/x86_64-unknown-linux-gnu/lib" "-o" "/opt/rustwide/target/debug/examples/signature-fcb5724c34e9b4a0" "-Wl,--gc-sections" "-pie" "-Wl,-z,relro,-z,now" "-nodefaultlibs"
[INFO] [stdout]   = note: collect2: fatal error: ld terminated with signal 9 [Killed]
[INFO] [stdout]           compilation terminated.
[INFO] [stdout]           
[INFO] [stdout] 
[INFO] [stdout] 
[INFO] [stdout] error: aborting due to 1 previous error
[INFO] [stdout] 
[INFO] [stdout] 
[INFO] [stderr] error: could not compile `irma` (example "signature") due to 2 previous errors
[INFO] [stderr] warning: build failed, waiting for other jobs to finish...
[INFO] [stdout] error: linking with `cc` failed: exit status: 1
[INFO] [stdout]   |
[INFO] [stdout]   = note: LC_ALL="C" PATH="/opt/rustwide/rustup-home/toolchains/beta-2023-12-22-x86_64-unknown-linux-gnu/lib/rustlib/x86_64-unknown-linux-gnu/bin:/opt/rustwide/cargo-home/bin:/usr/local/sbin:/usr/local/bin:/usr/sbin:/usr/bin:/sbin:/bin" VSLANG="1033" "cc" "-m64" "/tmp/rustcmirvbU/symbols.o" "/opt/rustwide/target/debug/examples/disclosure-f2a9cb3c62c0b9df.disclosure.91541b08257870c0-cgu.0.rcgu.o" "/opt/rustwide/target/debug/examples/disclosure-f2a9cb3c62c0b9df.disclosure.91541b08257870c0-cgu.1.rcgu.o" "/opt/rustwide/target/debug/examples/disclosure-f2a9cb3c62c0b9df.disclosure.91541b08257870c0-cgu.2.rcgu.o" "/opt/rustwide/target/debug/examples/disclosure-f2a9cb3c62c0b9df.disclosure.91541b08257870c0-cgu.3.rcgu.o" "/opt/rustwide/target/debug/examples/disclosure-f2a9cb3c62c0b9df.disclosure.91541b08257870c0-cgu.4.rcgu.o" "/opt/rustwide/target/debug/examples/disclosure-f2a9cb3c62c0b9df.1m3yir0qvxfit48d.rcgu.o" "-Wl,--as-needed" "-L" "/opt/rustwide/target/debug/deps" "-L" "/opt/rustwide/rustup-home/toolchains/beta-2023-12-22-x86_64-unknown-linux-gnu/lib/rustlib/x86_64-unknown-linux-gnu/lib" "-Wl,-Bstatic" "/opt/rustwide/target/debug/deps/libqrcode-ce44577975479099.rlib" "/opt/rustwide/target/debug/deps/libimage-03525ec958e7f9c9.rlib" "/opt/rustwide/target/debug/deps/libcolor_quant-da6050448bfc3046.rlib" "/opt/rustwide/target/debug/deps/libnum_iter-4e39fda73bf79d46.rlib" "/opt/rustwide/target/debug/deps/libbytemuck-394497bc27f36c26.rlib" "/opt/rustwide/target/debug/deps/libnum_rational-d5d31698f3635db1.rlib" "/opt/rustwide/target/debug/deps/libnum_integer-a4671f8016a96b84.rlib" "/opt/rustwide/target/debug/deps/libnum_traits-1a2252364216d481.rlib" "/opt/rustwide/target/debug/deps/libchecked_int_cast-21adcd37c4494b48.rlib" "/opt/rustwide/target/debug/deps/libirma-4d31d48b2b92f4bc.rlib" "/opt/rustwide/target/debug/deps/libreqwest-10240ae40c72a287.rlib" "/opt/rustwide/target/debug/deps/libhyper_tls-91444e4008ffb15d.rlib" "/opt/rustwide/target/debug/deps/libserde_urlencoded-999ce5a5202b4f98.rlib" "/opt/rustwide/target/debug/deps/libipnet-dff482cb7b80ee87.rlib" "/opt/rustwide/target/debug/deps/libtokio_native_tls-6f9ef5e207e86caf.rlib" "/opt/rustwide/target/debug/deps/libmime-d5b83fc07afe1071.rlib" "/opt/rustwide/target/debug/deps/libencoding_rs-a7b3573c9d4b0c30.rlib" "/opt/rustwide/target/debug/deps/libserde_json-f2471a6ba44ced3e.rlib" "/opt/rustwide/target/debug/deps/libryu-00b239d902c98479.rlib" "/opt/rustwide/target/debug/deps/libserde-e8fcf9eb0434cd02.rlib" "/opt/rustwide/target/debug/deps/libbase64-450a6d9dcba13b9b.rlib" "/opt/rustwide/target/debug/deps/libnative_tls-cbe7b90c199001bb.rlib" "/opt/rustwide/target/debug/deps/libopenssl_probe-29662d056fb3dd38.rlib" "/opt/rustwide/target/debug/deps/libopenssl-b076643bd6159616.rlib" "/opt/rustwide/target/debug/deps/libbitflags-85e13ed1e0c6d910.rlib" "/opt/rustwide/target/debug/deps/libforeign_types-34162016ad32c65c.rlib" "/opt/rustwide/target/debug/deps/libforeign_types_shared-6c481fa47d8ef87b.rlib" "/opt/rustwide/target/debug/deps/libopenssl_sys-864aabca239e40d0.rlib" "/opt/rustwide/target/debug/deps/libhyper-92578a2c3e671adc.rlib" "/opt/rustwide/target/debug/deps/libwant-f6ac176db4cc6e4f.rlib" "/opt/rustwide/target/debug/deps/libtry_lock-da79cbb67b0e5d22.rlib" "/opt/rustwide/target/debug/deps/libsocket2-b377c269992fb61c.rlib" "/opt/rustwide/target/debug/deps/libhttparse-34e081384930e2cc.rlib" "/opt/rustwide/target/debug/deps/libh2-e1b00dffaa906d4a.rlib" "/opt/rustwide/target/debug/deps/libindexmap-d56697f0621dd746.rlib" "/opt/rustwide/target/debug/deps/libhashbrown-d5b24f3d513fb86b.rlib" "/opt/rustwide/target/debug/deps/libslab-e5442f48fd9b849e.rlib" "/opt/rustwide/target/debug/deps/libtokio_util-03a469d45f9471dd.rlib" "/opt/rustwide/target/debug/deps/libfutures_sink-4c9d9d992a173c78.rlib" "/opt/rustwide/target/debug/deps/libtower_service-a49ed9f68e393719.rlib" "/opt/rustwide/target/debug/deps/libtracing-397a7287c73536e4.rlib" "/opt/rustwide/target/debug/deps/libtracing_core-667a4df523144730.rlib" "/opt/rustwide/target/debug/deps/libfutures_channel-9a6fc9099669aec9.rlib" "/opt/rustwide/target/debug/deps/libfutures_util-5eb1f79c960f0021.rlib" "/opt/rustwide/target/debug/deps/libfutures_task-d5add85014ca551e.rlib" "/opt/rustwide/target/debug/deps/libpin_utils-9c5dcf17efb91bff.rlib" "/opt/rustwide/target/debug/deps/libtokio-0d520798cccdd0dd.rlib" "/opt/rustwide/target/debug/deps/libsignal_hook_registry-e4d16951930b0540.rlib" "/opt/rustwide/target/debug/deps/libnum_cpus-ed17e72927d38cd9.rlib" "/opt/rustwide/target/debug/deps/libmemchr-6f62f415054b7720.rlib" "/opt/rustwide/target/debug/deps/libonce_cell-1fc356a87167a13f.rlib" "/opt/rustwide/target/debug/deps/libmio-6d9c13ed40d6c776.rlib" "/opt/rustwide/target/debug/deps/libparking_lot-06ef0bc5475ba4ae.rlib" "/opt/rustwide/target/debug/deps/libparking_lot_core-c43a32fcbeba5e03.rlib" "/opt/rustwide/target/debug/deps/liblibc-73b7c52ae596d9a3.rlib" "/opt/rustwide/target/debug/deps/libsmallvec-2009b1c4d251fbd1.rlib" "/opt/rustwide/target/debug/deps/liblock_api-92cbc39673177ee5.rlib" "/opt/rustwide/target/debug/deps/libscopeguard-31f1b56a39f2a372.rlib" "/opt/rustwide/target/debug/deps/libinstant-3aa96c1efb8242b8.rlib" "/opt/rustwide/target/debug/deps/libhttp_body-1dced6a90e645010.rlib" "/opt/rustwide/target/debug/deps/libpin_project_lite-255ea0676d5807d3.rlib" "/opt/rustwide/target/debug/deps/liblog-08c38375a0b41cf0.rlib" "/opt/rustwide/target/debug/deps/libcfg_if-e7002d307f97bc56.rlib" "/opt/rustwide/target/debug/deps/libfutures_core-3b938f3ca96b6018.rlib" "/opt/rustwide/target/debug/deps/liblazy_static-efa3519517df6cf0.rlib" "/opt/rustwide/target/debug/deps/liburl-4dc03df9a34099c6.rlib" "/opt/rustwide/target/debug/deps/libidna-608df6c35ccfad8a.rlib" "/opt/rustwide/target/debug/deps/libunicode_normalization-40526e3f649c16ed.rlib" "/opt/rustwide/target/debug/deps/libtinyvec-63fcc069d8fc338e.rlib" "/opt/rustwide/target/debug/deps/libtinyvec_macros-2b90caf71be257df.rlib" "/opt/rustwide/target/debug/deps/libunicode_bidi-9e22f06d2a04cff1.rlib" "/opt/rustwide/target/debug/deps/libform_urlencoded-ae8f37993c92f9fc.rlib" "/opt/rustwide/target/debug/deps/libpercent_encoding-3da2a87a41f86eb7.rlib" "/opt/rustwide/target/debug/deps/libmatches-7dacc739f2471d9d.rlib" "/opt/rustwide/target/debug/deps/libhttp-6dd80f6549c192fb.rlib" "/opt/rustwide/target/debug/deps/libitoa-a2832f2392deebad.rlib" "/opt/rustwide/target/debug/deps/libbytes-cc9c49d7958180b3.rlib" "/opt/rustwide/target/debug/deps/libfnv-953831fe314029b4.rlib" "/opt/rustwide/target/debug/deps/libthiserror-b68f348b8a0e164a.rlib" "/opt/rustwide/rustup-home/toolchains/beta-2023-12-22-x86_64-unknown-linux-gnu/lib/rustlib/x86_64-unknown-linux-gnu/lib/libstd-0672489a78b613de.rlib" "/opt/rustwide/rustup-home/toolchains/beta-2023-12-22-x86_64-unknown-linux-gnu/lib/rustlib/x86_64-unknown-linux-gnu/lib/libpanic_unwind-7eb3ffc34a49f675.rlib" "/opt/rustwide/rustup-home/toolchains/beta-2023-12-22-x86_64-unknown-linux-gnu/lib/rustlib/x86_64-unknown-linux-gnu/lib/libobject-6478a9daa4bee8e2.rlib" "/opt/rustwide/rustup-home/toolchains/beta-2023-12-22-x86_64-unknown-linux-gnu/lib/rustlib/x86_64-unknown-linux-gnu/lib/libmemchr-0c75d871a5c3923d.rlib" "/opt/rustwide/rustup-home/toolchains/beta-2023-12-22-x86_64-unknown-linux-gnu/lib/rustlib/x86_64-unknown-linux-gnu/lib/libaddr2line-d163ef63ad37bb71.rlib" "/opt/rustwide/rustup-home/toolchains/beta-2023-12-22-x86_64-unknown-linux-gnu/lib/rustlib/x86_64-unknown-linux-gnu/lib/libgimli-8a3fd810a85b9f4c.rlib" "/opt/rustwide/rustup-home/toolchains/beta-2023-12-22-x86_64-unknown-linux-gnu/lib/rustlib/x86_64-unknown-linux-gnu/lib/librustc_demangle-462a2cde8c5dfc10.rlib" "/opt/rustwide/rustup-home/toolchains/beta-2023-12-22-x86_64-unknown-linux-gnu/lib/rustlib/x86_64-unknown-linux-gnu/lib/libstd_detect-cb06ac9f54713f71.rlib" "/opt/rustwide/rustup-home/toolchains/beta-2023-12-22-x86_64-unknown-linux-gnu/lib/rustlib/x86_64-unknown-linux-gnu/lib/libhashbrown-f20bfd1f8e59b393.rlib" "/opt/rustwide/rustup-home/toolchains/beta-2023-12-22-x86_64-unknown-linux-gnu/lib/rustlib/x86_64-unknown-linux-gnu/lib/librustc_std_workspace_alloc-1ef460949b49da4b.rlib" "/opt/rustwide/rustup-home/toolchains/beta-2023-12-22-x86_64-unknown-linux-gnu/lib/rustlib/x86_64-unknown-linux-gnu/lib/libminiz_oxide-2cb0c0ffe4f87514.rlib" "/opt/rustwide/rustup-home/toolchains/beta-2023-12-22-x86_64-unknown-linux-gnu/lib/rustlib/x86_64-unknown-linux-gnu/lib/libadler-58d841eb322a11a2.rlib" "/opt/rustwide/rustup-home/toolchains/beta-2023-12-22-x86_64-unknown-linux-gnu/lib/rustlib/x86_64-unknown-linux-gnu/lib/libunwind-aa2ae0b0a9d11533.rlib" "/opt/rustwide/rustup-home/toolchains/beta-2023-12-22-x86_64-unknown-linux-gnu/lib/rustlib/x86_64-unknown-linux-gnu/lib/libcfg_if-23874e15830ed336.rlib" "/opt/rustwide/rustup-home/toolchains/beta-2023-12-22-x86_64-unknown-linux-gnu/lib/rustlib/x86_64-unknown-linux-gnu/lib/liblibc-e47cddc003bce885.rlib" "/opt/rustwide/rustup-home/toolchains/beta-2023-12-22-x86_64-unknown-linux-gnu/lib/rustlib/x86_64-unknown-linux-gnu/lib/liballoc-c22b13b48a8f128e.rlib" "/opt/rustwide/rustup-home/toolchains/beta-2023-12-22-x86_64-unknown-linux-gnu/lib/rustlib/x86_64-unknown-linux-gnu/lib/librustc_std_workspace_core-e46bc3da6d7c462f.rlib" "/opt/rustwide/rustup-home/toolchains/beta-2023-12-22-x86_64-unknown-linux-gnu/lib/rustlib/x86_64-unknown-linux-gnu/lib/libcore-8d1ac131d3cb2645.rlib" "/opt/rustwide/rustup-home/toolchains/beta-2023-12-22-x86_64-unknown-linux-gnu/lib/rustlib/x86_64-unknown-linux-gnu/lib/libcompiler_builtins-a1b43df8c6899c1f.rlib" "-Wl,-Bdynamic" "-lssl" "-lcrypto" "-lgcc_s" "-lutil" "-lrt" "-lpthread" "-lm" "-ldl" "-lc" "-Wl,--eh-frame-hdr" "-Wl,-z,noexecstack" "-L" "/opt/rustwide/rustup-home/toolchains/beta-2023-12-22-x86_64-unknown-linux-gnu/lib/rustlib/x86_64-unknown-linux-gnu/lib" "-o" "/opt/rustwide/target/debug/examples/disclosure-f2a9cb3c62c0b9df" "-Wl,--gc-sections" "-pie" "-Wl,-z,relro,-z,now" "-nodefaultlibs"
[INFO] [stdout]   = note: collect2: fatal error: ld terminated with signal 9 [Killed]
[INFO] [stdout]           compilation terminated.
[INFO] [stdout]           
[INFO] [stdout] 
[INFO] [stdout] 
[INFO] [stdout] error: aborting due to 1 previous error
[INFO] [stdout] 
[INFO] [stdout] 
[INFO] [stderr] error: could not compile `irma` (example "disclosure") due to 2 previous errors
[INFO] running `Command { std: "docker" "inspect" "fdff35622d54d2d86e1f8df0105f3bb698a0dec6c18e023dd3b6ec68abb40f11", kill_on_drop: false }`
[INFO] running `Command { std: "docker" "rm" "-f" "fdff35622d54d2d86e1f8df0105f3bb698a0dec6c18e023dd3b6ec68abb40f11", kill_on_drop: false }`
[INFO] [stdout] fdff35622d54d2d86e1f8df0105f3bb698a0dec6c18e023dd3b6ec68abb40f11
