[INFO] fetching crate ip-api4rs 2.0.1...
[INFO] testing ip-api4rs-2.0.1 against 1.75.0 for beta-1.76-1
[INFO] extracting crate ip-api4rs 2.0.1 into /workspace/builds/worker-6-tc1/source
[INFO] validating manifest of crates.io crate ip-api4rs 2.0.1 on toolchain 1.75.0
[INFO] running `Command { std: CARGO_HOME="/workspace/cargo-home" RUSTUP_HOME="/workspace/rustup-home" "/workspace/cargo-home/bin/cargo" "+1.75.0" "metadata" "--manifest-path" "Cargo.toml" "--no-deps", kill_on_drop: false }`
[INFO] removed /workspace/builds/worker-6-tc1/source/rust-toolchain.toml
[INFO] started tweaking crates.io crate ip-api4rs 2.0.1
[INFO] finished tweaking crates.io crate ip-api4rs 2.0.1
[INFO] tweaked toml for crates.io crate ip-api4rs 2.0.1 written to /workspace/builds/worker-6-tc1/source/Cargo.toml
[INFO] running `Command { std: CARGO_HOME="/workspace/cargo-home" RUSTUP_HOME="/workspace/rustup-home" "/workspace/cargo-home/bin/cargo" "+1.75.0" "generate-lockfile" "--manifest-path" "Cargo.toml", kill_on_drop: false }`
[INFO] [stderr]     Updating crates.io index
[INFO] running `Command { std: CARGO_HOME="/workspace/cargo-home" RUSTUP_HOME="/workspace/rustup-home" "/workspace/cargo-home/bin/cargo" "+1.75.0" "fetch" "--manifest-path" "Cargo.toml", kill_on_drop: false }`
[INFO] [stderr]  Downloading crates ...
[INFO] [stderr]   Downloaded serde-aux v4.3.1
[INFO] [stderr]   Downloaded mach2 v0.4.2
[INFO] [stderr]   Downloaded governor v0.6.0
[INFO] running `Command { std: "docker" "create" "-v" "/var/lib/crater-agent-workspace/builds/worker-6-tc1/target:/opt/rustwide/target:rw,Z" "-v" "/var/lib/crater-agent-workspace/builds/worker-6-tc1/source:/opt/rustwide/workdir:ro,Z" "-v" "/var/lib/crater-agent-workspace/cargo-home:/opt/rustwide/cargo-home:ro,Z" "-v" "/var/lib/crater-agent-workspace/rustup-home:/opt/rustwide/rustup-home:ro,Z" "-e" "SOURCE_DIR=/opt/rustwide/workdir" "-e" "CARGO_TARGET_DIR=/opt/rustwide/target" "-e" "CARGO_HOME=/opt/rustwide/cargo-home" "-e" "RUSTUP_HOME=/opt/rustwide/rustup-home" "-w" "/opt/rustwide/workdir" "-m" "1610612736" "--user" "0:0" "--network" "none" "ghcr.io/rust-lang/crates-build-env/linux@sha256:2788e3201cd34a07e3172128adcd8b3090168a8e3bcc40d7c032b9dda1df7d1c" "/opt/rustwide/cargo-home/bin/cargo" "+1.75.0" "metadata" "--no-deps" "--format-version=1", kill_on_drop: false }`
[INFO] [stdout] 1091a61bb92da4e144fce9a65a4fe73e793148ae28e69c9a33fe8e6e73377460
[INFO] running `Command { std: "docker" "start" "-a" "1091a61bb92da4e144fce9a65a4fe73e793148ae28e69c9a33fe8e6e73377460", kill_on_drop: false }`
[INFO] running `Command { std: "docker" "inspect" "1091a61bb92da4e144fce9a65a4fe73e793148ae28e69c9a33fe8e6e73377460", kill_on_drop: false }`
[INFO] running `Command { std: "docker" "rm" "-f" "1091a61bb92da4e144fce9a65a4fe73e793148ae28e69c9a33fe8e6e73377460", kill_on_drop: false }`
[INFO] [stdout] 1091a61bb92da4e144fce9a65a4fe73e793148ae28e69c9a33fe8e6e73377460
[INFO] running `Command { std: "docker" "create" "-v" "/var/lib/crater-agent-workspace/builds/worker-6-tc1/target:/opt/rustwide/target:rw,Z" "-v" "/var/lib/crater-agent-workspace/builds/worker-6-tc1/source:/opt/rustwide/workdir:ro,Z" "-v" "/var/lib/crater-agent-workspace/cargo-home:/opt/rustwide/cargo-home:ro,Z" "-v" "/var/lib/crater-agent-workspace/rustup-home:/opt/rustwide/rustup-home:ro,Z" "-e" "SOURCE_DIR=/opt/rustwide/workdir" "-e" "CARGO_TARGET_DIR=/opt/rustwide/target" "-e" "CARGO_INCREMENTAL=0" "-e" "RUST_BACKTRACE=full" "-e" "RUSTFLAGS=--cap-lints=warn" "-e" "RUSTDOCFLAGS=--cap-lints=warn" "-e" "CARGO_HOME=/opt/rustwide/cargo-home" "-e" "RUSTUP_HOME=/opt/rustwide/rustup-home" "-w" "/opt/rustwide/workdir" "-m" "1610612736" "--user" "0:0" "--network" "none" "ghcr.io/rust-lang/crates-build-env/linux@sha256:2788e3201cd34a07e3172128adcd8b3090168a8e3bcc40d7c032b9dda1df7d1c" "/opt/rustwide/cargo-home/bin/cargo" "+1.75.0" "build" "--frozen" "--message-format=json", kill_on_drop: false }`
[INFO] [stdout] 3b77cfb1afd7091a40b833b7eb86c4fdc7cde3c5dd951c48415640bbc4b8497b
[INFO] running `Command { std: "docker" "start" "-a" "3b77cfb1afd7091a40b833b7eb86c4fdc7cde3c5dd951c48415640bbc4b8497b", kill_on_drop: false }`
[INFO] [stderr]    Compiling vcpkg v0.2.15
[INFO] [stderr]    Compiling libc v0.2.151
[INFO] [stderr]    Compiling foreign-types-shared v0.1.1
[INFO] [stderr]    Compiling openssl v0.10.62
[INFO] [stderr]    Compiling native-tls v0.2.11
[INFO] [stderr]    Compiling syn v2.0.48
[INFO] [stderr]    Compiling num-traits v0.2.17
[INFO] [stderr]    Compiling tokio v1.35.1
[INFO] [stderr]    Compiling openssl-probe v0.1.5
[INFO] [stderr]    Compiling raw-cpuid v10.7.0
[INFO] [stderr]    Compiling iana-time-zone v0.1.59
[INFO] [stderr]    Compiling rand v0.8.5
[INFO] [stderr]    Compiling dashmap v5.5.3
[INFO] [stderr]    Compiling encoding_rs v0.8.33
[INFO] [stderr]    Compiling ipnet v2.9.0
[INFO] [stderr]    Compiling foreign-types v0.3.2
[INFO] [stderr]    Compiling nonzero_ext v0.3.0
[INFO] [stderr]    Compiling no-std-compat v0.4.1
[INFO] [stderr]    Compiling quanta v0.11.1
[INFO] [stderr]    Compiling cc v1.0.83
[INFO] [stderr]    Compiling chrono v0.4.31
[INFO] [stderr]    Compiling openssl-sys v0.9.98
[INFO] [stderr]    Compiling futures-macro v0.3.30
[INFO] [stderr]    Compiling serde_derive v1.0.194
[INFO] [stderr]    Compiling openssl-macros v0.1.1
[INFO] [stderr]    Compiling thiserror-impl v1.0.56
[INFO] [stderr]    Compiling async-trait v0.1.77
[INFO] [stderr]    Compiling tokio-util v0.7.10
[INFO] [stderr]    Compiling futures-util v0.3.30
[INFO] [stderr]    Compiling thiserror v1.0.56
[INFO] [stderr]    Compiling serde v1.0.194
[INFO] [stderr]    Compiling h2 v0.3.22
[INFO] [stderr]    Compiling futures-executor v0.3.30
[INFO] [stderr]    Compiling futures v0.3.30
[INFO] [stderr]    Compiling governor v0.6.0
[INFO] [stderr]    Compiling tokio-native-tls v0.3.1
[INFO] [stderr]    Compiling serde_json v1.0.111
[INFO] [stderr]    Compiling serde_urlencoded v0.7.1
[INFO] [stderr]    Compiling hyper v0.14.28
[INFO] [stderr]    Compiling serde-aux v4.3.1
[INFO] [stderr]    Compiling hyper-tls v0.5.0
[INFO] [stderr]    Compiling reqwest v0.11.23
[INFO] [stderr]    Compiling ip-api4rs v2.0.1 (/opt/rustwide/workdir)
[INFO] [stdout] error[E0405]: cannot find trait `BlockingIpApi` in this scope
[INFO] [stdout]   --> src/util/requests.rs:35:71
[INFO] [stdout]    |
[INFO] [stdout] 35 | pub fn get_default_blocking_get_request(query: &String, client: &impl BlockingIpApi) -> blocking::RequestBuilder {
[INFO] [stdout]    |                                                                       ^^^^^^^^^^^^^ not found in this scope
[INFO] [stdout] 
[INFO] [stdout] 
[INFO] [stdout] error[E0433]: failed to resolve: use of undeclared crate or module `blocking`
[INFO] [stdout]   --> src/util/requests.rs:35:89
[INFO] [stdout]    |
[INFO] [stdout] 35 | pub fn get_default_blocking_get_request(query: &String, client: &impl BlockingIpApi) -> blocking::RequestBuilder {
[INFO] [stdout]    |                                                                                         ^^^^^^^^ use of undeclared crate or module `blocking`
[INFO] [stdout]    |
[INFO] [stdout] help: consider importing this module
[INFO] [stdout]    |
[INFO] [stdout] 5  + use reqwest::blocking;
[INFO] [stdout]    |
[INFO] [stdout] 
[INFO] [stdout] 
[INFO] [stdout] warning: unused import: `reqwest::blocking`
[INFO] [stdout]  --> src/client.rs:3:5
[INFO] [stdout]   |
[INFO] [stdout] 3 | use reqwest::blocking;
[INFO] [stdout]   |     ^^^^^^^^^^^^^^^^^
[INFO] [stdout]   |
[INFO] [stdout]   = note: `#[warn(unused_imports)]` on by default
[INFO] [stdout] 
[INFO] [stdout] 
[INFO] [stdout] warning: unused import: `blocking`
[INFO] [stdout]  --> src/request_handler.rs:8:15
[INFO] [stdout]   |
[INFO] [stdout] 8 | use reqwest::{blocking, RequestBuilder};
[INFO] [stdout]   |               ^^^^^^^^
[INFO] [stdout] 
[INFO] [stdout] 
[INFO] [stdout] warning: unused import: `std::thread::sleep`
[INFO] [stdout]   --> src/request_handler.rs:10:5
[INFO] [stdout]    |
[INFO] [stdout] 10 | use std::thread::sleep;
[INFO] [stdout]    |     ^^^^^^^^^^^^^^^^^^
[INFO] [stdout] 
[INFO] [stdout] 
[INFO] [stdout] warning: unused import: `std::time::Duration`
[INFO] [stdout]   --> src/request_handler.rs:11:5
[INFO] [stdout]    |
[INFO] [stdout] 11 | use std::time::Duration;
[INFO] [stdout]    |     ^^^^^^^^^^^^^^^^^^^
[INFO] [stdout] 
[INFO] [stdout] 
[INFO] [stdout] error[E0425]: cannot find function `get_blocking_get_request` in this scope
[INFO] [stdout]   --> src/util/requests.rs:36:5
[INFO] [stdout]    |
[INFO] [stdout] 36 |     get_blocking_get_request::<IpDefaultResponse>(query, client)
[INFO] [stdout]    |     ^^^^^^^^^^^^^^^^^^^^^^^^ not found in this scope
[INFO] [stdout] 
[INFO] [stdout] 
[INFO] [stdout] error: aborting due to 3 previous errors; 4 warnings emitted
[INFO] [stdout] 
[INFO] [stdout] 
[INFO] [stdout] Some errors have detailed explanations: E0405, E0425, E0433.
[INFO] [stdout] 
[INFO] [stdout] For more information about an error, try `rustc --explain E0405`.
[INFO] [stdout] 
[INFO] [stderr] error: could not compile `ip-api4rs` (lib) due to 4 previous errors; 4 warnings emitted
[INFO] [stderr] warning: build failed, waiting for other jobs to finish...
[INFO] running `Command { std: "docker" "inspect" "3b77cfb1afd7091a40b833b7eb86c4fdc7cde3c5dd951c48415640bbc4b8497b", kill_on_drop: false }`
[INFO] running `Command { std: "docker" "rm" "-f" "3b77cfb1afd7091a40b833b7eb86c4fdc7cde3c5dd951c48415640bbc4b8497b", kill_on_drop: false }`
[INFO] [stdout] 3b77cfb1afd7091a40b833b7eb86c4fdc7cde3c5dd951c48415640bbc4b8497b
