[INFO] fetching crate iota-client 1.4.0...
[INFO] testing iota-client-1.4.0 against 1.75.0 for beta-1.76-1
[INFO] extracting crate iota-client 1.4.0 into /workspace/builds/worker-7-tc1/source
[INFO] validating manifest of crates.io crate iota-client 1.4.0 on toolchain 1.75.0
[INFO] running `Command { std: CARGO_HOME="/workspace/cargo-home" RUSTUP_HOME="/workspace/rustup-home" "/workspace/cargo-home/bin/cargo" "+1.75.0" "metadata" "--manifest-path" "Cargo.toml" "--no-deps", kill_on_drop: false }`
[INFO] started tweaking crates.io crate iota-client 1.4.0
[INFO] removed 0 missing examples
[INFO] finished tweaking crates.io crate iota-client 1.4.0
[INFO] tweaked toml for crates.io crate iota-client 1.4.0 written to /workspace/builds/worker-7-tc1/source/Cargo.toml
[INFO] crate crates.io crate iota-client 1.4.0 already has a lockfile, it will not be regenerated
[INFO] running `Command { std: CARGO_HOME="/workspace/cargo-home" RUSTUP_HOME="/workspace/rustup-home" "/workspace/cargo-home/bin/cargo" "+1.75.0" "fetch" "--manifest-path" "Cargo.toml", kill_on_drop: false }`
[INFO] [stderr]     Updating crates.io index
[INFO] [stderr]  Downloading crates ...
[INFO] [stderr]   Downloaded ureq v2.4.0
[INFO] [stderr]   Downloaded num_threads v0.1.3
[INFO] [stderr]   Downloaded bytemuck v1.8.0
[INFO] [stderr]   Downloaded iota-crypto v0.9.1
[INFO] [stderr]   Downloaded semver v1.0.6
[INFO] [stderr]   Downloaded time v0.3.7
[INFO] [stderr]   Downloaded ahash v0.4.7
[INFO] [stderr]   Downloaded async-tungstenite v0.13.1
[INFO] [stderr]   Downloaded libsqlite3-sys v0.20.1
[INFO] [stderr]   Downloaded rusqlite v0.24.2
[INFO] [stderr]   Downloaded mqttbytes v0.6.0
[INFO] [stderr]   Downloaded hashlink v0.6.0
[INFO] [stderr]   Downloaded zeroize v1.5.3
[INFO] [stderr]   Downloaded bee-rest-api v0.1.7
[INFO] [stderr]   Downloaded bee-pow v0.2.0
[INFO] [stderr]   Downloaded bee-common v0.5.0
[INFO] [stderr]   Downloaded bee-ternary v0.5.2
[INFO] [stderr]   Downloaded bee-ledger v0.6.1
[INFO] [stderr]   Downloaded bee-message v0.1.6
[INFO] [stderr]   Downloaded rumqttc v0.10.0
[INFO] [stderr]   Downloaded ws_stream_tungstenite v0.6.1
[INFO] running `Command { std: "docker" "create" "-v" "/var/lib/crater-agent-workspace/builds/worker-7-tc1/target:/opt/rustwide/target:rw,Z" "-v" "/var/lib/crater-agent-workspace/builds/worker-7-tc1/source:/opt/rustwide/workdir:ro,Z" "-v" "/var/lib/crater-agent-workspace/cargo-home:/opt/rustwide/cargo-home:ro,Z" "-v" "/var/lib/crater-agent-workspace/rustup-home:/opt/rustwide/rustup-home:ro,Z" "-e" "SOURCE_DIR=/opt/rustwide/workdir" "-e" "CARGO_TARGET_DIR=/opt/rustwide/target" "-e" "CARGO_HOME=/opt/rustwide/cargo-home" "-e" "RUSTUP_HOME=/opt/rustwide/rustup-home" "-w" "/opt/rustwide/workdir" "-m" "1610612736" "--user" "0:0" "--network" "none" "ghcr.io/rust-lang/crates-build-env/linux@sha256:2788e3201cd34a07e3172128adcd8b3090168a8e3bcc40d7c032b9dda1df7d1c" "/opt/rustwide/cargo-home/bin/cargo" "+1.75.0" "metadata" "--no-deps" "--format-version=1", kill_on_drop: false }`
[INFO] [stdout] 44340a519b1527012a84c197375f0284bf9b8567038a2dabaa1e6e20c41719fd
[INFO] running `Command { std: "docker" "start" "-a" "44340a519b1527012a84c197375f0284bf9b8567038a2dabaa1e6e20c41719fd", kill_on_drop: false }`
[INFO] running `Command { std: "docker" "inspect" "44340a519b1527012a84c197375f0284bf9b8567038a2dabaa1e6e20c41719fd", kill_on_drop: false }`
[INFO] running `Command { std: "docker" "rm" "-f" "44340a519b1527012a84c197375f0284bf9b8567038a2dabaa1e6e20c41719fd", kill_on_drop: false }`
[INFO] [stdout] 44340a519b1527012a84c197375f0284bf9b8567038a2dabaa1e6e20c41719fd
[INFO] running `Command { std: "docker" "create" "-v" "/var/lib/crater-agent-workspace/builds/worker-7-tc1/target:/opt/rustwide/target:rw,Z" "-v" "/var/lib/crater-agent-workspace/builds/worker-7-tc1/source:/opt/rustwide/workdir:ro,Z" "-v" "/var/lib/crater-agent-workspace/cargo-home:/opt/rustwide/cargo-home:ro,Z" "-v" "/var/lib/crater-agent-workspace/rustup-home:/opt/rustwide/rustup-home:ro,Z" "-e" "SOURCE_DIR=/opt/rustwide/workdir" "-e" "CARGO_TARGET_DIR=/opt/rustwide/target" "-e" "CARGO_INCREMENTAL=0" "-e" "RUST_BACKTRACE=full" "-e" "RUSTFLAGS=--cap-lints=warn" "-e" "RUSTDOCFLAGS=--cap-lints=warn" "-e" "CARGO_HOME=/opt/rustwide/cargo-home" "-e" "RUSTUP_HOME=/opt/rustwide/rustup-home" "-w" "/opt/rustwide/workdir" "-m" "1610612736" "--user" "0:0" "--network" "none" "ghcr.io/rust-lang/crates-build-env/linux@sha256:2788e3201cd34a07e3172128adcd8b3090168a8e3bcc40d7c032b9dda1df7d1c" "/opt/rustwide/cargo-home/bin/cargo" "+1.75.0" "build" "--frozen" "--message-format=json", kill_on_drop: false }`
[INFO] [stdout] 6bbbbd033c55bfbf53929e7cb613e73c18de6f5f8ccac658ad17497e3c4753d6
[INFO] running `Command { std: "docker" "start" "-a" "6bbbbd033c55bfbf53929e7cb613e73c18de6f5f8ccac658ad17497e3c4753d6", kill_on_drop: false }`
[INFO] [stderr]    Compiling libc v0.2.139
[INFO] [stderr]    Compiling syn v1.0.86
[INFO] [stderr]    Compiling serde_derive v1.0.136
[INFO] [stderr]    Compiling serde v1.0.136
[INFO] [stderr]    Compiling spin v0.5.2
[INFO] [stderr]    Compiling typenum v1.15.0
[INFO] [stderr]    Compiling log v0.4.14
[INFO] [stderr]    Compiling itoa v1.0.1
[INFO] [stderr]    Compiling subtle v2.4.1
[INFO] [stderr]    Compiling generic-array v0.14.5
[INFO] [stderr]    Compiling cc v1.0.73
[INFO] [stderr]    Compiling futures-core v0.3.21
[INFO] [stderr]    Compiling tinyvec_macros v0.1.0
[INFO] [stderr]    Compiling quote v1.0.15
[INFO] [stderr]    Compiling futures-sink v0.3.21
[INFO] [stderr]    Compiling futures-task v0.3.21
[INFO] [stderr]    Compiling tinyvec v1.5.1
[INFO] [stderr]    Compiling lazy_static v1.4.0
[INFO] [stderr]    Compiling futures-channel v0.3.21
[INFO] [stderr]    Compiling num-traits v0.2.14
[INFO] [stderr]    Compiling tokio v1.25.0
[INFO] [stderr]    Compiling untrusted v0.7.1
[INFO] [stderr]    Compiling once_cell v1.10.0
[INFO] [stderr]    Compiling futures-util v0.3.21
[INFO] [stderr]    Compiling bee-ternary v0.5.2
[INFO] [stderr]    Compiling futures-io v0.3.21
[INFO] [stderr]    Compiling cpufeatures v0.2.5
[INFO] [stderr]    Compiling slab v0.4.5
[INFO] [stderr]    Compiling zeroize v1.5.3
[INFO] [stderr]    Compiling byteorder v1.4.3
[INFO] [stderr]    Compiling indexmap v1.8.0
[INFO] [stderr]    Compiling hex v0.4.3
[INFO] [stderr]    Compiling http v0.2.6
[INFO] [stderr]    Compiling tracing-core v0.1.23
[INFO] [stderr]    Compiling bee-common v0.5.0
[INFO] [stderr]    Compiling num_threads v0.1.3
[INFO] [stderr]    Compiling hashbrown v0.11.2
[INFO] [stderr]    Compiling rustls v0.20.4
[INFO] [stderr]    Compiling matches v0.1.9
[INFO] [stderr]    Compiling httparse v1.6.0
[INFO] [stderr]    Compiling serde_json v1.0.79
[INFO] [stderr]    Compiling try-lock v0.2.3
[INFO] [stderr]    Compiling ryu v1.0.9
[INFO] [stderr]    Compiling form_urlencoded v1.0.1
[INFO] [stderr]    Compiling encoding_rs v0.8.30
[INFO] [stderr]    Compiling tracing v0.1.31
[INFO] [stderr]    Compiling num_cpus v1.13.1
[INFO] [stderr]    Compiling getrandom v0.1.16
[INFO] [stderr]    Compiling unicode-normalization v0.1.19
[INFO] [stderr]    Compiling socket2 v0.4.4
[INFO] [stderr]    Compiling atty v0.2.14
[INFO] [stderr]    Compiling getrandom v0.2.5
[INFO] [stderr]    Compiling colored v1.9.3
[INFO] [stderr]    Compiling rand_core v0.5.1
[INFO] [stderr]    Compiling time v0.3.7
[INFO] [stderr]    Compiling httpdate v1.0.2
[INFO] [stderr]    Compiling unicode-bidi v0.3.7
[INFO] [stderr]    Compiling ring v0.16.20
[INFO] [stderr]    Compiling bytemuck v1.8.0
[INFO] [stderr]    Compiling bech32 v0.8.1
[INFO] [stderr]    Compiling tower-service v0.3.1
[INFO] [stderr]    Compiling base64 v0.13.0
[INFO] [stderr]    Compiling async-trait v0.1.52
[INFO] [stderr]    Compiling regex-syntax v0.6.25
[INFO] [stderr]    Compiling ipnet v2.4.0
[INFO] [stderr]    Compiling mime v0.3.16
[INFO] [stderr]    Compiling rustls-pemfile v0.2.1
[INFO] [stderr]    Compiling idna v0.2.3
[INFO] [stderr]    Compiling digest v0.9.0
[INFO] [stderr]    Compiling block-buffer v0.9.0
[INFO] [stderr]    Compiling crypto-mac v0.11.1
[INFO] [stderr]    Compiling crypto-mac v0.8.0
[INFO] [stderr]    Compiling pbkdf2 v0.8.0
[INFO] [stderr]    Compiling curve25519-dalek v3.2.0
[INFO] [stderr]    Compiling sha2 v0.9.9
[INFO] [stderr]    Compiling hmac v0.11.0
[INFO] [stderr]    Compiling blake2 v0.9.2
[INFO] [stderr]    Compiling http-body v0.4.4
[INFO] [stderr]    Compiling url v2.2.2
[INFO] [stderr]    Compiling regex v1.5.5
[INFO] [stderr]    Compiling futures-executor v0.3.21
[INFO] [stderr]    Compiling thiserror-impl v1.0.30
[INFO] [stderr]    Compiling tokio-macros v1.7.0
[INFO] [stderr]    Compiling futures v0.3.21
[INFO] [stderr]    Compiling webpki v0.22.0
[INFO] [stderr]    Compiling sct v0.7.0
[INFO] [stderr]    Compiling webpki-roots v0.22.2
[INFO] [stderr]    Compiling thiserror v1.0.30
[INFO] [stderr]    Compiling ed25519-zebra v2.2.0
[INFO] [stderr]    Compiling serde_urlencoded v0.7.1
[INFO] [stderr]    Compiling mio v0.8.5
[INFO] [stderr]    Compiling fern v0.6.0
[INFO] [stderr]    Compiling want v0.3.0
[INFO] [stderr]    Compiling iota-crypto v0.9.1
[INFO] [stderr]    Compiling bee-pow v0.2.0
[INFO] [stderr]    Compiling bee-message v0.1.6
[INFO] [stderr]    Compiling bee-ledger v0.6.1
[INFO] [stderr]    Compiling bee-rest-api v0.1.7
[INFO] [stderr]    Compiling tokio-util v0.6.9
[INFO] [stderr]    Compiling tokio-rustls v0.23.2
[INFO] [stderr]    Compiling h2 v0.3.11
[INFO] [stderr]    Compiling hyper v0.14.17
[INFO] [stderr]    Compiling hyper-rustls v0.23.0
[INFO] [stderr]    Compiling reqwest v0.11.9
[INFO] [stderr]    Compiling iota-client v1.4.0 (/opt/rustwide/workdir)
[INFO] [stderr]     Finished dev [unoptimized + debuginfo] target(s) in 16.65s
[INFO] running `Command { std: "docker" "inspect" "6bbbbd033c55bfbf53929e7cb613e73c18de6f5f8ccac658ad17497e3c4753d6", kill_on_drop: false }`
[INFO] running `Command { std: "docker" "rm" "-f" "6bbbbd033c55bfbf53929e7cb613e73c18de6f5f8ccac658ad17497e3c4753d6", kill_on_drop: false }`
[INFO] [stdout] 6bbbbd033c55bfbf53929e7cb613e73c18de6f5f8ccac658ad17497e3c4753d6
[INFO] running `Command { std: "docker" "create" "-v" "/var/lib/crater-agent-workspace/builds/worker-7-tc1/target:/opt/rustwide/target:rw,Z" "-v" "/var/lib/crater-agent-workspace/builds/worker-7-tc1/source:/opt/rustwide/workdir:ro,Z" "-v" "/var/lib/crater-agent-workspace/cargo-home:/opt/rustwide/cargo-home:ro,Z" "-v" "/var/lib/crater-agent-workspace/rustup-home:/opt/rustwide/rustup-home:ro,Z" "-e" "SOURCE_DIR=/opt/rustwide/workdir" "-e" "CARGO_TARGET_DIR=/opt/rustwide/target" "-e" "CARGO_INCREMENTAL=0" "-e" "RUST_BACKTRACE=full" "-e" "RUSTFLAGS=--cap-lints=warn" "-e" "RUSTDOCFLAGS=--cap-lints=warn" "-e" "CARGO_HOME=/opt/rustwide/cargo-home" "-e" "RUSTUP_HOME=/opt/rustwide/rustup-home" "-w" "/opt/rustwide/workdir" "-m" "1610612736" "--user" "0:0" "--network" "none" "ghcr.io/rust-lang/crates-build-env/linux@sha256:2788e3201cd34a07e3172128adcd8b3090168a8e3bcc40d7c032b9dda1df7d1c" "/opt/rustwide/cargo-home/bin/cargo" "+1.75.0" "test" "--frozen" "--no-run" "--message-format=json", kill_on_drop: false }`
[INFO] [stdout] 7370e00dabe65ba35ff88126526c4fbe4291b63c33953cd0610ca6cef0a61619
[INFO] running `Command { std: "docker" "start" "-a" "7370e00dabe65ba35ff88126526c4fbe4291b63c33953cd0610ca6cef0a61619", kill_on_drop: false }`
[INFO] [stderr]    Compiling once_cell v1.10.0
[INFO] [stderr]    Compiling chunked_transfer v1.4.0
[INFO] [stderr]    Compiling dotenv v0.15.0
[INFO] [stderr]    Compiling ring v0.16.20
[INFO] [stderr]    Compiling webpki v0.22.0
[INFO] [stderr]    Compiling sct v0.7.0
[INFO] [stderr]    Compiling rustls v0.20.4
[INFO] [stderr]    Compiling webpki-roots v0.22.2
[INFO] [stderr]    Compiling tokio-rustls v0.23.2
[INFO] [stderr]    Compiling ureq v2.4.0
[INFO] [stderr]    Compiling hyper-rustls v0.23.0
[INFO] [stderr]    Compiling reqwest v0.11.9
[INFO] [stderr]    Compiling iota-client v1.4.0 (/opt/rustwide/workdir)
[INFO] [stdout] error: linking with `cc` failed: exit status: 1
[INFO] [stdout]   |
[INFO] [stdout]   = note: LC_ALL="C" PATH="/opt/rustwide/rustup-home/toolchains/1.75.0-x86_64-unknown-linux-gnu/lib/rustlib/x86_64-unknown-linux-gnu/bin:/opt/rustwide/cargo-home/bin:/usr/local/sbin:/usr/local/bin:/usr/sbin:/usr/bin:/sbin:/bin" VSLANG="1033" "cc" "-m64" "/tmp/rustcD79Ayq/symbols.o" "/opt/rustwide/target/debug/deps/url-f8af8d4280653d1c.url.9f058e0a0281b247-cgu.0.rcgu.o" "/opt/rustwide/target/debug/deps/url-f8af8d4280653d1c.3sq8e7gwaw42rhql.rcgu.o" "-Wl,--as-needed" "-L" "/opt/rustwide/target/debug/deps" "-L" "/opt/rustwide/target/debug/build/ring-340fd659df181cd3/out" "-L" "/opt/rustwide/rustup-home/toolchains/1.75.0-x86_64-unknown-linux-gnu/lib/rustlib/x86_64-unknown-linux-gnu/lib" "-Wl,-Bstatic" "/opt/rustwide/target/debug/deps/libiota_client-b61ed269af2cccfc.rlib" "/opt/rustwide/target/debug/deps/libfutures-2f29798cba391d36.rlib" "/opt/rustwide/target/debug/deps/libfutures_executor-9eebdb5686314d98.rlib" "/opt/rustwide/target/debug/deps/libreqwest-4d5f3df9345969c8.rlib" "/opt/rustwide/target/debug/deps/librustls_pemfile-fec5ec6ec1e5892c.rlib" "/opt/rustwide/target/debug/deps/libhyper_rustls-d391209c584adaf9.rlib" "/opt/rustwide/target/debug/deps/libwebpki_roots-5239de5108d0db77.rlib" "/opt/rustwide/target/debug/deps/libipnet-925216cca3239180.rlib" "/opt/rustwide/target/debug/deps/libtokio_rustls-d5ef2170f19ff345.rlib" "/opt/rustwide/target/debug/deps/libserde_urlencoded-1085fe10e7474a6e.rlib" "/opt/rustwide/target/debug/deps/libmime-450b243d21db2a61.rlib" "/opt/rustwide/target/debug/deps/libencoding_rs-a830fab037b07ca6.rlib" "/opt/rustwide/target/debug/deps/libbase64-8ea64d3566a9d67e.rlib" "/opt/rustwide/target/debug/deps/librustls-065190ba50f8af3d.rlib" "/opt/rustwide/target/debug/deps/libsct-2334127ec5392b51.rlib" "/opt/rustwide/target/debug/deps/libwebpki-bcccc2c27af31e01.rlib" "/opt/rustwide/target/debug/deps/libring-8a48da89374401a7.rlib" "/opt/rustwide/target/debug/deps/libuntrusted-5ec0aa78ed8cda5c.rlib" "/opt/rustwide/target/debug/deps/libonce_cell-d4185e3ff62717e2.rlib" "/opt/rustwide/target/debug/deps/libhyper-a54cd3fb30ad1cdc.rlib" "/opt/rustwide/target/debug/deps/libwant-26dcf63b67a9918e.rlib" "/opt/rustwide/target/debug/deps/libtry_lock-6573df21d991c823.rlib" "/opt/rustwide/target/debug/deps/libhttparse-fd503c4a6f8da724.rlib" "/opt/rustwide/target/debug/deps/libh2-91106820b2cd38f2.rlib" "/opt/rustwide/target/debug/deps/libindexmap-2b28d93081fd5af1.rlib" "/opt/rustwide/target/debug/deps/libhashbrown-60eca540826c5d5d.rlib" "/opt/rustwide/target/debug/deps/libtokio_util-48427a6ecab88645.rlib" "/opt/rustwide/target/debug/deps/libtower_service-9991ae2cafd1f41b.rlib" "/opt/rustwide/target/debug/deps/libtracing-e02dbe1b59fa35c6.rlib" "/opt/rustwide/target/debug/deps/libtracing_core-4c48636ae0fc2164.rlib" "/opt/rustwide/target/debug/deps/libhttp_body-39bacd65430131ac.rlib" "/opt/rustwide/target/debug/deps/libfutures_util-d0a73a2c7e4fb6f8.rlib" "/opt/rustwide/target/debug/deps/libfutures_io-116bfed72b11ea9e.rlib" "/opt/rustwide/target/debug/deps/libslab-3fdda774eccf4f9f.rlib" "/opt/rustwide/target/debug/deps/libfutures_channel-b12d3100cbcad3e3.rlib" "/opt/rustwide/target/debug/deps/libfutures_sink-05f2cb5fbc7977ea.rlib" "/opt/rustwide/target/debug/deps/libfutures_task-be5dcf70b5fcba4c.rlib" "/opt/rustwide/target/debug/deps/libpin_utils-741f7d9d160e4a16.rlib" "/opt/rustwide/target/debug/deps/libfutures_core-561ba3cced7f43f6.rlib" "/opt/rustwide/target/debug/deps/libhttp-f8579927572df7fb.rlib" "/opt/rustwide/target/debug/deps/libfnv-18bf5144d055e772.rlib" "/opt/rustwide/target/debug/deps/libregex-2e01b630ed26481a.rlib" "/opt/rustwide/target/debug/deps/libregex_syntax-4999cee6c2b746ad.rlib" "/opt/rustwide/target/debug/deps/liburl-b3c55e1331b77670.rlib" "/opt/rustwide/target/debug/deps/libidna-7f2f8d2a0fa45e7d.rlib" "/opt/rustwide/target/debug/deps/libunicode_bidi-d3ecfe40977b4a59.rlib" "/opt/rustwide/target/debug/deps/libform_urlencoded-74b1dcad9e8d80e6.rlib" "/opt/rustwide/target/debug/deps/libpercent_encoding-526c9d71c02fb5bb.rlib" "/opt/rustwide/target/debug/deps/libmatches-e0861c3f10bd1789.rlib" "/opt/rustwide/target/debug/deps/libbee_rest_api-69fa25b0e4477d4f.rlib" "/opt/rustwide/target/debug/deps/libserde_json-64a01f5c6262cb4f.rlib" "/opt/rustwide/target/debug/deps/libryu-f7e2acf8545a3e65.rlib" "/opt/rustwide/target/debug/deps/libbee_ledger-485c25e932939bc7.rlib" "/opt/rustwide/target/debug/deps/libbee_message-1e39d1d5d27cf7e0.rlib" "/opt/rustwide/target/debug/deps/libbytemuck-4edbdee47498c840.rlib" "/opt/rustwide/target/debug/deps/libbech32-21708d67d6792fc1.rlib" "/opt/rustwide/target/debug/deps/libbee_pow-5181c93d6da5da4f.rlib" "/opt/rustwide/target/debug/deps/libbee_common-3d989d7d10b180f1.rlib" "/opt/rustwide/target/debug/deps/libtime-f03837e3f0a0ddc0.rlib" "/opt/rustwide/target/debug/deps/libnum_threads-8fbad3ad16e4de06.rlib" "/opt/rustwide/target/debug/deps/libitoa-c68eaa30402a4ff5.rlib" "/opt/rustwide/target/debug/deps/libfern-34930bd46a3ea5dc.rlib" "/opt/rustwide/target/debug/deps/libcolored-9782fa22d51cc1df.rlib" "/opt/rustwide/target/debug/deps/libatty-9d5673bcedc1f9d4.rlib" "/opt/rustwide/target/debug/deps/libcrypto-b084e2259b50a92d.rlib" "/opt/rustwide/target/debug/deps/libgetrandom-09073100414926d4.rlib" "/opt/rustwide/target/debug/deps/libed25519_zebra-2430a8ea03144d24.rlib" "/opt/rustwide/target/debug/deps/libhex-05644b5497b79c5b.rlib" "/opt/rustwide/target/debug/deps/libthiserror-edde8d869373ac81.rlib" "/opt/rustwide/target/debug/deps/libcurve25519_dalek-f52bcd1838977798.rlib" "/opt/rustwide/target/debug/deps/libzeroize-dc7af5535416f218.rlib" "/opt/rustwide/target/debug/deps/librand_core-a0450b8b13a695d3.rlib" "/opt/rustwide/target/debug/deps/libgetrandom-e42ee8cbec3eafe6.rlib" "/opt/rustwide/target/debug/deps/libbyteorder-ebdd15cc4c596795.rlib" "/opt/rustwide/target/debug/deps/libpbkdf2-ddee246be538f1e8.rlib" "/opt/rustwide/target/debug/deps/libhmac-584b80db604194c8.rlib" "/opt/rustwide/target/debug/deps/libcrypto_mac-c4e340a6c4ca9438.rlib" "/opt/rustwide/target/debug/deps/libunicode_normalization-fa540275a0f8725d.rlib" "/opt/rustwide/target/debug/deps/libtinyvec-fc2adea61ab58f5e.rlib" "/opt/rustwide/target/debug/deps/libtinyvec_macros-bfeb7a087f0273ce.rlib" "/opt/rustwide/target/debug/deps/libsha2-c44e458560b4bf3e.rlib" "/opt/rustwide/target/debug/deps/libcpufeatures-68ff2c2a83d8484f.rlib" "/opt/rustwide/target/debug/deps/libblock_buffer-d407474464f04ffe.rlib" "/opt/rustwide/target/debug/deps/libblake2-cad01668729b1651.rlib" "/opt/rustwide/target/debug/deps/libopaque_debug-15273823c1ba1453.rlib" "/opt/rustwide/target/debug/deps/libcrypto_mac-df4965a013b25984.rlib" "/opt/rustwide/target/debug/deps/libsubtle-e81364e96654a740.rlib" "/opt/rustwide/target/debug/deps/libdigest-1e6bba26561e4c70.rlib" "/opt/rustwide/target/debug/deps/libgeneric_array-f7954710fe39b78c.rlib" "/opt/rustwide/target/debug/deps/libtypenum-62ca5a12b60d0fda.rlib" "/opt/rustwide/target/debug/deps/liblazy_static-60e62d7dacb95196.rlib" "/opt/rustwide/target/debug/deps/libspin-c4098cd951aef6c9.rlib" "/opt/rustwide/target/debug/deps/libbee_ternary-f62c73fa69e7e417.rlib" "/opt/rustwide/target/debug/deps/libnum_traits-24aa93b4806ad567.rlib" "/opt/rustwide/rustup-home/toolchains/1.75.0-x86_64-unknown-linux-gnu/lib/rustlib/x86_64-unknown-linux-gnu/lib/libtest-3df1bed8075ce1de.rlib" "/opt/rustwide/rustup-home/toolchains/1.75.0-x86_64-unknown-linux-gnu/lib/rustlib/x86_64-unknown-linux-gnu/lib/libgetopts-2076fd86b325cb5d.rlib" "/opt/rustwide/rustup-home/toolchains/1.75.0-x86_64-unknown-linux-gnu/lib/rustlib/x86_64-unknown-linux-gnu/lib/libunicode_width-caa7152ee70c190f.rlib" "/opt/rustwide/rustup-home/toolchains/1.75.0-x86_64-unknown-linux-gnu/lib/rustlib/x86_64-unknown-linux-gnu/lib/librustc_std_workspace_std-04e6425e07f02a3c.rlib" "/opt/rustwide/target/debug/deps/libtokio-725c48390aa38b4d.rlib" "/opt/rustwide/target/debug/deps/libnum_cpus-ec3e7a646517c16a.rlib" "/opt/rustwide/target/debug/deps/libsocket2-b520d64f79f19f65.rlib" "/opt/rustwide/target/debug/deps/libmemchr-651b9a52835bc194.rlib" "/opt/rustwide/target/debug/deps/libbytes-55e4baa7bb335bc7.rlib" "/opt/rustwide/target/debug/deps/libpin_project_lite-bd863d416e545bf5.rlib" "/opt/rustwide/target/debug/deps/libmio-3065a2d3172c4e01.rlib" "/opt/rustwide/target/debug/deps/liblibc-9c2267a594730902.rlib" "/opt/rustwide/target/debug/deps/liblog-77e5ffec31d29890.rlib" "/opt/rustwide/target/debug/deps/libserde-f46a5dd7457ed8c4.rlib" "/opt/rustwide/target/debug/deps/libcfg_if-61dc7a6799e72b18.rlib" "/opt/rustwide/rustup-home/toolchains/1.75.0-x86_64-unknown-linux-gnu/lib/rustlib/x86_64-unknown-linux-gnu/lib/libstd-90f6ddbf82de36ec.rlib" "/opt/rustwide/rustup-home/toolchains/1.75.0-x86_64-unknown-linux-gnu/lib/rustlib/x86_64-unknown-linux-gnu/lib/libpanic_unwind-480c41e9d4e1f677.rlib" "/opt/rustwide/rustup-home/toolchains/1.75.0-x86_64-unknown-linux-gnu/lib/rustlib/x86_64-unknown-linux-gnu/lib/libobject-db744c0ca03eed1d.rlib" "/opt/rustwide/rustup-home/toolchains/1.75.0-x86_64-unknown-linux-gnu/lib/rustlib/x86_64-unknown-linux-gnu/lib/libmemchr-8ba652dc7d4b285a.rlib" "/opt/rustwide/rustup-home/toolchains/1.75.0-x86_64-unknown-linux-gnu/lib/rustlib/x86_64-unknown-linux-gnu/lib/libaddr2line-d5f4520a9ebc0d58.rlib" "/opt/rustwide/rustup-home/toolchains/1.75.0-x86_64-unknown-linux-gnu/lib/rustlib/x86_64-unknown-linux-gnu/lib/libgimli-4ad84de58f0cb463.rlib" "/opt/rustwide/rustup-home/toolchains/1.75.0-x86_64-unknown-linux-gnu/lib/rustlib/x86_64-unknown-linux-gnu/lib/librustc_demangle-0d10aae2e0f38735.rlib" "/opt/rustwide/rustup-home/toolchains/1.75.0-x86_64-unknown-linux-gnu/lib/rustlib/x86_64-unknown-linux-gnu/lib/libstd_detect-0c17cff739e6745b.rlib" "/opt/rustwide/rustup-home/toolchains/1.75.0-x86_64-unknown-linux-gnu/lib/rustlib/x86_64-unknown-linux-gnu/lib/libhashbrown-b29e17139dde1aa8.rlib" "/opt/rustwide/rustup-home/toolchains/1.75.0-x86_64-unknown-linux-gnu/lib/rustlib/x86_64-unknown-linux-gnu/lib/librustc_std_workspace_alloc-1f975299829cc7bd.rlib" "/opt/rustwide/rustup-home/toolchains/1.75.0-x86_64-unknown-linux-gnu/lib/rustlib/x86_64-unknown-linux-gnu/lib/libminiz_oxide-86bae3bc3079f89b.rlib" "/opt/rustwide/rustup-home/toolchains/1.75.0-x86_64-unknown-linux-gnu/lib/rustlib/x86_64-unknown-linux-gnu/lib/libadler-321b82c30dffdf5f.rlib" "/opt/rustwide/rustup-home/toolchains/1.75.0-x86_64-unknown-linux-gnu/lib/rustlib/x86_64-unknown-linux-gnu/lib/libunwind-3dd8a6810a0bdfef.rlib" "/opt/rustwide/rustup-home/toolchains/1.75.0-x86_64-unknown-linux-gnu/lib/rustlib/x86_64-unknown-linux-gnu/lib/libcfg_if-eb39a61c0c879984.rlib" "/opt/rustwide/rustup-home/toolchains/1.75.0-x86_64-unknown-linux-gnu/lib/rustlib/x86_64-unknown-linux-gnu/lib/liblibc-aa769569f91c3548.rlib" "/opt/rustwide/rustup-home/toolchains/1.75.0-x86_64-unknown-linux-gnu/lib/rustlib/x86_64-unknown-linux-gnu/lib/liballoc-510a192a50a983ed.rlib" "/opt/rustwide/rustup-home/toolchains/1.75.0-x86_64-unknown-linux-gnu/lib/rustlib/x86_64-unknown-linux-gnu/lib/librustc_std_workspace_core-0577018320f99037.rlib" "/opt/rustwide/rustup-home/toolchains/1.75.0-x86_64-unknown-linux-gnu/lib/rustlib/x86_64-unknown-linux-gnu/lib/libcore-193cf992125ccd4c.rlib" "/opt/rustwide/rustup-home/toolchains/1.75.0-x86_64-unknown-linux-gnu/lib/rustlib/x86_64-unknown-linux-gnu/lib/libcompiler_builtins-8e138eaf26ebb4a8.rlib" "-Wl,-Bdynamic" "-lgcc_s" "-lutil" "-lrt" "-lpthread" "-lm" "-ldl" "-lc" "-Wl,--eh-frame-hdr" "-Wl,-z,noexecstack" "-L" "/opt/rustwide/rustup-home/toolchains/1.75.0-x86_64-unknown-linux-gnu/lib/rustlib/x86_64-unknown-linux-gnu/lib" "-o" "/opt/rustwide/target/debug/deps/url-f8af8d4280653d1c" "-Wl,--gc-sections" "-pie" "-Wl,-z,relro,-z,now" "-nodefaultlibs"
[INFO] [stdout]   = note: collect2: fatal error: ld terminated with signal 9 [Killed]
[INFO] [stdout]           compilation terminated.
[INFO] [stdout]           
[INFO] [stdout] 
[INFO] [stdout] 
[INFO] [stdout] error: aborting due to previous error
[INFO] [stdout] 
[INFO] [stdout] 
[INFO] [stderr] error: could not compile `iota-client` (test "url") due to 2 previous errors
[INFO] [stderr] warning: build failed, waiting for other jobs to finish...
[INFO] [stderr] error: could not compile `iota-client` (example "send_all")
[INFO] [stderr] 
[INFO] [stderr] Caused by:
[INFO] [stderr]   process didn't exit successfully: `/opt/rustwide/rustup-home/toolchains/1.75.0-x86_64-unknown-linux-gnu/bin/rustc --crate-name send_all --edition=2021 examples/send_all.rs --error-format=json --json=diagnostic-rendered-ansi,artifacts,future-incompat --crate-type bin --emit=dep-info,link -C embed-bitcode=no -C debuginfo=2 --cfg 'feature="async"' --cfg 'feature="default"' --cfg 'feature="futures"' --cfg 'feature="reqwest"' --cfg 'feature="tokio"' -C metadata=8860e19aa9962e62 -C extra-filename=-8860e19aa9962e62 --out-dir /opt/rustwide/target/debug/examples -L dependency=/opt/rustwide/target/debug/deps --extern async_trait=/opt/rustwide/target/debug/deps/libasync_trait-f506a7bbe534b69c.so --extern bee_common=/opt/rustwide/target/debug/deps/libbee_common-3d989d7d10b180f1.rlib --extern bee_message=/opt/rustwide/target/debug/deps/libbee_message-1e39d1d5d27cf7e0.rlib --extern bee_pow=/opt/rustwide/target/debug/deps/libbee_pow-5181c93d6da5da4f.rlib --extern bee_rest_api=/opt/rustwide/target/debug/deps/libbee_rest_api-69fa25b0e4477d4f.rlib --extern dotenv=/opt/rustwide/target/debug/deps/libdotenv-74253baa84974fa1.rlib --extern futures=/opt/rustwide/target/debug/deps/libfutures-2f29798cba391d36.rlib --extern hex=/opt/rustwide/target/debug/deps/libhex-05644b5497b79c5b.rlib --extern iota_client=/opt/rustwide/target/debug/deps/libiota_client-b61ed269af2cccfc.rlib --extern crypto=/opt/rustwide/target/debug/deps/libcrypto-b084e2259b50a92d.rlib --extern log=/opt/rustwide/target/debug/deps/liblog-77e5ffec31d29890.rlib --extern num_cpus=/opt/rustwide/target/debug/deps/libnum_cpus-ec3e7a646517c16a.rlib --extern regex=/opt/rustwide/target/debug/deps/libregex-2e01b630ed26481a.rlib --extern reqwest=/opt/rustwide/target/debug/deps/libreqwest-4d5f3df9345969c8.rlib --extern serde=/opt/rustwide/target/debug/deps/libserde-f46a5dd7457ed8c4.rlib --extern serde_json=/opt/rustwide/target/debug/deps/libserde_json-64a01f5c6262cb4f.rlib --extern thiserror=/opt/rustwide/target/debug/deps/libthiserror-edde8d869373ac81.rlib --extern tokio=/opt/rustwide/target/debug/deps/libtokio-725c48390aa38b4d.rlib --extern ureq=/opt/rustwide/target/debug/deps/libureq-77131349d54c0c3b.rlib --extern url=/opt/rustwide/target/debug/deps/liburl-b3c55e1331b77670.rlib --extern zeroize=/opt/rustwide/target/debug/deps/libzeroize-dc7af5535416f218.rlib --cap-lints=warn -L native=/opt/rustwide/target/debug/build/ring-340fd659df181cd3/out` (signal: 9, SIGKILL: kill)
[INFO] [stderr] error: could not compile `iota-client` (example "multiple_outputs")
[INFO] [stderr] 
[INFO] [stderr] Caused by:
[INFO] [stderr]   process didn't exit successfully: `/opt/rustwide/rustup-home/toolchains/1.75.0-x86_64-unknown-linux-gnu/bin/rustc --crate-name multiple_outputs --edition=2021 examples/multiple_outputs.rs --error-format=json --json=diagnostic-rendered-ansi,artifacts,future-incompat --crate-type bin --emit=dep-info,link -C embed-bitcode=no -C debuginfo=2 --cfg 'feature="async"' --cfg 'feature="default"' --cfg 'feature="futures"' --cfg 'feature="reqwest"' --cfg 'feature="tokio"' -C metadata=fc2737ed9ebcc9da -C extra-filename=-fc2737ed9ebcc9da --out-dir /opt/rustwide/target/debug/examples -L dependency=/opt/rustwide/target/debug/deps --extern async_trait=/opt/rustwide/target/debug/deps/libasync_trait-f506a7bbe534b69c.so --extern bee_common=/opt/rustwide/target/debug/deps/libbee_common-3d989d7d10b180f1.rlib --extern bee_message=/opt/rustwide/target/debug/deps/libbee_message-1e39d1d5d27cf7e0.rlib --extern bee_pow=/opt/rustwide/target/debug/deps/libbee_pow-5181c93d6da5da4f.rlib --extern bee_rest_api=/opt/rustwide/target/debug/deps/libbee_rest_api-69fa25b0e4477d4f.rlib --extern dotenv=/opt/rustwide/target/debug/deps/libdotenv-74253baa84974fa1.rlib --extern futures=/opt/rustwide/target/debug/deps/libfutures-2f29798cba391d36.rlib --extern hex=/opt/rustwide/target/debug/deps/libhex-05644b5497b79c5b.rlib --extern iota_client=/opt/rustwide/target/debug/deps/libiota_client-b61ed269af2cccfc.rlib --extern crypto=/opt/rustwide/target/debug/deps/libcrypto-b084e2259b50a92d.rlib --extern log=/opt/rustwide/target/debug/deps/liblog-77e5ffec31d29890.rlib --extern num_cpus=/opt/rustwide/target/debug/deps/libnum_cpus-ec3e7a646517c16a.rlib --extern regex=/opt/rustwide/target/debug/deps/libregex-2e01b630ed26481a.rlib --extern reqwest=/opt/rustwide/target/debug/deps/libreqwest-4d5f3df9345969c8.rlib --extern serde=/opt/rustwide/target/debug/deps/libserde-f46a5dd7457ed8c4.rlib --extern serde_json=/opt/rustwide/target/debug/deps/libserde_json-64a01f5c6262cb4f.rlib --extern thiserror=/opt/rustwide/target/debug/deps/libthiserror-edde8d869373ac81.rlib --extern tokio=/opt/rustwide/target/debug/deps/libtokio-725c48390aa38b4d.rlib --extern ureq=/opt/rustwide/target/debug/deps/libureq-77131349d54c0c3b.rlib --extern url=/opt/rustwide/target/debug/deps/liburl-b3c55e1331b77670.rlib --extern zeroize=/opt/rustwide/target/debug/deps/libzeroize-dc7af5535416f218.rlib --cap-lints=warn -L native=/opt/rustwide/target/debug/build/ring-340fd659df181cd3/out` (signal: 9, SIGKILL: kill)
[INFO] [stderr] error: could not compile `iota-client` (example "dust")
[INFO] [stderr] 
[INFO] [stderr] Caused by:
[INFO] [stderr]   process didn't exit successfully: `/opt/rustwide/rustup-home/toolchains/1.75.0-x86_64-unknown-linux-gnu/bin/rustc --crate-name dust --edition=2021 examples/dust.rs --error-format=json --json=diagnostic-rendered-ansi,artifacts,future-incompat --crate-type bin --emit=dep-info,link -C embed-bitcode=no -C debuginfo=2 --cfg 'feature="async"' --cfg 'feature="default"' --cfg 'feature="futures"' --cfg 'feature="reqwest"' --cfg 'feature="tokio"' -C metadata=06629ce9a3181e36 -C extra-filename=-06629ce9a3181e36 --out-dir /opt/rustwide/target/debug/examples -L dependency=/opt/rustwide/target/debug/deps --extern async_trait=/opt/rustwide/target/debug/deps/libasync_trait-f506a7bbe534b69c.so --extern bee_common=/opt/rustwide/target/debug/deps/libbee_common-3d989d7d10b180f1.rlib --extern bee_message=/opt/rustwide/target/debug/deps/libbee_message-1e39d1d5d27cf7e0.rlib --extern bee_pow=/opt/rustwide/target/debug/deps/libbee_pow-5181c93d6da5da4f.rlib --extern bee_rest_api=/opt/rustwide/target/debug/deps/libbee_rest_api-69fa25b0e4477d4f.rlib --extern dotenv=/opt/rustwide/target/debug/deps/libdotenv-74253baa84974fa1.rlib --extern futures=/opt/rustwide/target/debug/deps/libfutures-2f29798cba391d36.rlib --extern hex=/opt/rustwide/target/debug/deps/libhex-05644b5497b79c5b.rlib --extern iota_client=/opt/rustwide/target/debug/deps/libiota_client-b61ed269af2cccfc.rlib --extern crypto=/opt/rustwide/target/debug/deps/libcrypto-b084e2259b50a92d.rlib --extern log=/opt/rustwide/target/debug/deps/liblog-77e5ffec31d29890.rlib --extern num_cpus=/opt/rustwide/target/debug/deps/libnum_cpus-ec3e7a646517c16a.rlib --extern regex=/opt/rustwide/target/debug/deps/libregex-2e01b630ed26481a.rlib --extern reqwest=/opt/rustwide/target/debug/deps/libreqwest-4d5f3df9345969c8.rlib --extern serde=/opt/rustwide/target/debug/deps/libserde-f46a5dd7457ed8c4.rlib --extern serde_json=/opt/rustwide/target/debug/deps/libserde_json-64a01f5c6262cb4f.rlib --extern thiserror=/opt/rustwide/target/debug/deps/libthiserror-edde8d869373ac81.rlib --extern tokio=/opt/rustwide/target/debug/deps/libtokio-725c48390aa38b4d.rlib --extern ureq=/opt/rustwide/target/debug/deps/libureq-77131349d54c0c3b.rlib --extern url=/opt/rustwide/target/debug/deps/liburl-b3c55e1331b77670.rlib --extern zeroize=/opt/rustwide/target/debug/deps/libzeroize-dc7af5535416f218.rlib --cap-lints=warn -L native=/opt/rustwide/target/debug/build/ring-340fd659df181cd3/out` (signal: 9, SIGKILL: kill)
[INFO] [stderr] error: could not compile `iota-client` (example "split_all")
[INFO] [stderr] 
[INFO] [stderr] Caused by:
[INFO] [stderr]   process didn't exit successfully: `/opt/rustwide/rustup-home/toolchains/1.75.0-x86_64-unknown-linux-gnu/bin/rustc --crate-name split_all --edition=2021 examples/split_all.rs --error-format=json --json=diagnostic-rendered-ansi,artifacts,future-incompat --crate-type bin --emit=dep-info,link -C embed-bitcode=no -C debuginfo=2 --cfg 'feature="async"' --cfg 'feature="default"' --cfg 'feature="futures"' --cfg 'feature="reqwest"' --cfg 'feature="tokio"' -C metadata=fc30c09706ee622e -C extra-filename=-fc30c09706ee622e --out-dir /opt/rustwide/target/debug/examples -L dependency=/opt/rustwide/target/debug/deps --extern async_trait=/opt/rustwide/target/debug/deps/libasync_trait-f506a7bbe534b69c.so --extern bee_common=/opt/rustwide/target/debug/deps/libbee_common-3d989d7d10b180f1.rlib --extern bee_message=/opt/rustwide/target/debug/deps/libbee_message-1e39d1d5d27cf7e0.rlib --extern bee_pow=/opt/rustwide/target/debug/deps/libbee_pow-5181c93d6da5da4f.rlib --extern bee_rest_api=/opt/rustwide/target/debug/deps/libbee_rest_api-69fa25b0e4477d4f.rlib --extern dotenv=/opt/rustwide/target/debug/deps/libdotenv-74253baa84974fa1.rlib --extern futures=/opt/rustwide/target/debug/deps/libfutures-2f29798cba391d36.rlib --extern hex=/opt/rustwide/target/debug/deps/libhex-05644b5497b79c5b.rlib --extern iota_client=/opt/rustwide/target/debug/deps/libiota_client-b61ed269af2cccfc.rlib --extern crypto=/opt/rustwide/target/debug/deps/libcrypto-b084e2259b50a92d.rlib --extern log=/opt/rustwide/target/debug/deps/liblog-77e5ffec31d29890.rlib --extern num_cpus=/opt/rustwide/target/debug/deps/libnum_cpus-ec3e7a646517c16a.rlib --extern regex=/opt/rustwide/target/debug/deps/libregex-2e01b630ed26481a.rlib --extern reqwest=/opt/rustwide/target/debug/deps/libreqwest-4d5f3df9345969c8.rlib --extern serde=/opt/rustwide/target/debug/deps/libserde-f46a5dd7457ed8c4.rlib --extern serde_json=/opt/rustwide/target/debug/deps/libserde_json-64a01f5c6262cb4f.rlib --extern thiserror=/opt/rustwide/target/debug/deps/libthiserror-edde8d869373ac81.rlib --extern tokio=/opt/rustwide/target/debug/deps/libtokio-725c48390aa38b4d.rlib --extern ureq=/opt/rustwide/target/debug/deps/libureq-77131349d54c0c3b.rlib --extern url=/opt/rustwide/target/debug/deps/liburl-b3c55e1331b77670.rlib --extern zeroize=/opt/rustwide/target/debug/deps/libzeroize-dc7af5535416f218.rlib --cap-lints=warn -L native=/opt/rustwide/target/debug/build/ring-340fd659df181cd3/out` (signal: 9, SIGKILL: kill)
[INFO] [stderr] error: could not compile `iota-client` (example "message_time")
[INFO] [stderr] 
[INFO] [stderr] Caused by:
[INFO] [stderr]   process didn't exit successfully: `/opt/rustwide/rustup-home/toolchains/1.75.0-x86_64-unknown-linux-gnu/bin/rustc --crate-name message_time --edition=2021 examples/message_time.rs --error-format=json --json=diagnostic-rendered-ansi,artifacts,future-incompat --crate-type bin --emit=dep-info,link -C embed-bitcode=no -C debuginfo=2 --cfg 'feature="async"' --cfg 'feature="default"' --cfg 'feature="futures"' --cfg 'feature="reqwest"' --cfg 'feature="tokio"' -C metadata=c1eafee7a07cbd13 -C extra-filename=-c1eafee7a07cbd13 --out-dir /opt/rustwide/target/debug/examples -L dependency=/opt/rustwide/target/debug/deps --extern async_trait=/opt/rustwide/target/debug/deps/libasync_trait-f506a7bbe534b69c.so --extern bee_common=/opt/rustwide/target/debug/deps/libbee_common-3d989d7d10b180f1.rlib --extern bee_message=/opt/rustwide/target/debug/deps/libbee_message-1e39d1d5d27cf7e0.rlib --extern bee_pow=/opt/rustwide/target/debug/deps/libbee_pow-5181c93d6da5da4f.rlib --extern bee_rest_api=/opt/rustwide/target/debug/deps/libbee_rest_api-69fa25b0e4477d4f.rlib --extern dotenv=/opt/rustwide/target/debug/deps/libdotenv-74253baa84974fa1.rlib --extern futures=/opt/rustwide/target/debug/deps/libfutures-2f29798cba391d36.rlib --extern hex=/opt/rustwide/target/debug/deps/libhex-05644b5497b79c5b.rlib --extern iota_client=/opt/rustwide/target/debug/deps/libiota_client-b61ed269af2cccfc.rlib --extern crypto=/opt/rustwide/target/debug/deps/libcrypto-b084e2259b50a92d.rlib --extern log=/opt/rustwide/target/debug/deps/liblog-77e5ffec31d29890.rlib --extern num_cpus=/opt/rustwide/target/debug/deps/libnum_cpus-ec3e7a646517c16a.rlib --extern regex=/opt/rustwide/target/debug/deps/libregex-2e01b630ed26481a.rlib --extern reqwest=/opt/rustwide/target/debug/deps/libreqwest-4d5f3df9345969c8.rlib --extern serde=/opt/rustwide/target/debug/deps/libserde-f46a5dd7457ed8c4.rlib --extern serde_json=/opt/rustwide/target/debug/deps/libserde_json-64a01f5c6262cb4f.rlib --extern thiserror=/opt/rustwide/target/debug/deps/libthiserror-edde8d869373ac81.rlib --extern tokio=/opt/rustwide/target/debug/deps/libtokio-725c48390aa38b4d.rlib --extern ureq=/opt/rustwide/target/debug/deps/libureq-77131349d54c0c3b.rlib --extern url=/opt/rustwide/target/debug/deps/liburl-b3c55e1331b77670.rlib --extern zeroize=/opt/rustwide/target/debug/deps/libzeroize-dc7af5535416f218.rlib --cap-lints=warn -L native=/opt/rustwide/target/debug/build/ring-340fd659df181cd3/out` (signal: 9, SIGKILL: kill)
[INFO] [stderr] error: could not compile `iota-client` (example "09_transaction")
[INFO] [stderr] 
[INFO] [stderr] Caused by:
[INFO] [stderr]   process didn't exit successfully: `/opt/rustwide/rustup-home/toolchains/1.75.0-x86_64-unknown-linux-gnu/bin/rustc --crate-name 09_transaction --edition=2021 examples/09_transaction.rs --error-format=json --json=diagnostic-rendered-ansi,artifacts,future-incompat --crate-type bin --emit=dep-info,link -C embed-bitcode=no -C debuginfo=2 --cfg 'feature="async"' --cfg 'feature="default"' --cfg 'feature="futures"' --cfg 'feature="reqwest"' --cfg 'feature="tokio"' -C metadata=74114d50914af336 -C extra-filename=-74114d50914af336 --out-dir /opt/rustwide/target/debug/examples -L dependency=/opt/rustwide/target/debug/deps --extern async_trait=/opt/rustwide/target/debug/deps/libasync_trait-f506a7bbe534b69c.so --extern bee_common=/opt/rustwide/target/debug/deps/libbee_common-3d989d7d10b180f1.rlib --extern bee_message=/opt/rustwide/target/debug/deps/libbee_message-1e39d1d5d27cf7e0.rlib --extern bee_pow=/opt/rustwide/target/debug/deps/libbee_pow-5181c93d6da5da4f.rlib --extern bee_rest_api=/opt/rustwide/target/debug/deps/libbee_rest_api-69fa25b0e4477d4f.rlib --extern dotenv=/opt/rustwide/target/debug/deps/libdotenv-74253baa84974fa1.rlib --extern futures=/opt/rustwide/target/debug/deps/libfutures-2f29798cba391d36.rlib --extern hex=/opt/rustwide/target/debug/deps/libhex-05644b5497b79c5b.rlib --extern iota_client=/opt/rustwide/target/debug/deps/libiota_client-b61ed269af2cccfc.rlib --extern crypto=/opt/rustwide/target/debug/deps/libcrypto-b084e2259b50a92d.rlib --extern log=/opt/rustwide/target/debug/deps/liblog-77e5ffec31d29890.rlib --extern num_cpus=/opt/rustwide/target/debug/deps/libnum_cpus-ec3e7a646517c16a.rlib --extern regex=/opt/rustwide/target/debug/deps/libregex-2e01b630ed26481a.rlib --extern reqwest=/opt/rustwide/target/debug/deps/libreqwest-4d5f3df9345969c8.rlib --extern serde=/opt/rustwide/target/debug/deps/libserde-f46a5dd7457ed8c4.rlib --extern serde_json=/opt/rustwide/target/debug/deps/libserde_json-64a01f5c6262cb4f.rlib --extern thiserror=/opt/rustwide/target/debug/deps/libthiserror-edde8d869373ac81.rlib --extern tokio=/opt/rustwide/target/debug/deps/libtokio-725c48390aa38b4d.rlib --extern ureq=/opt/rustwide/target/debug/deps/libureq-77131349d54c0c3b.rlib --extern url=/opt/rustwide/target/debug/deps/liburl-b3c55e1331b77670.rlib --extern zeroize=/opt/rustwide/target/debug/deps/libzeroize-dc7af5535416f218.rlib --cap-lints=warn -L native=/opt/rustwide/target/debug/build/ring-340fd659df181cd3/out` (signal: 9, SIGKILL: kill)
[INFO] [stderr] error: could not compile `iota-client` (example "transaction")
[INFO] [stderr] 
[INFO] [stderr] Caused by:
[INFO] [stderr]   process didn't exit successfully: `/opt/rustwide/rustup-home/toolchains/1.75.0-x86_64-unknown-linux-gnu/bin/rustc --crate-name transaction --edition=2021 examples/transaction.rs --error-format=json --json=diagnostic-rendered-ansi,artifacts,future-incompat --crate-type bin --emit=dep-info,link -C embed-bitcode=no -C debuginfo=2 --cfg 'feature="async"' --cfg 'feature="default"' --cfg 'feature="futures"' --cfg 'feature="reqwest"' --cfg 'feature="tokio"' -C metadata=edf201ed56f81f8f -C extra-filename=-edf201ed56f81f8f --out-dir /opt/rustwide/target/debug/examples -L dependency=/opt/rustwide/target/debug/deps --extern async_trait=/opt/rustwide/target/debug/deps/libasync_trait-f506a7bbe534b69c.so --extern bee_common=/opt/rustwide/target/debug/deps/libbee_common-3d989d7d10b180f1.rlib --extern bee_message=/opt/rustwide/target/debug/deps/libbee_message-1e39d1d5d27cf7e0.rlib --extern bee_pow=/opt/rustwide/target/debug/deps/libbee_pow-5181c93d6da5da4f.rlib --extern bee_rest_api=/opt/rustwide/target/debug/deps/libbee_rest_api-69fa25b0e4477d4f.rlib --extern dotenv=/opt/rustwide/target/debug/deps/libdotenv-74253baa84974fa1.rlib --extern futures=/opt/rustwide/target/debug/deps/libfutures-2f29798cba391d36.rlib --extern hex=/opt/rustwide/target/debug/deps/libhex-05644b5497b79c5b.rlib --extern iota_client=/opt/rustwide/target/debug/deps/libiota_client-b61ed269af2cccfc.rlib --extern crypto=/opt/rustwide/target/debug/deps/libcrypto-b084e2259b50a92d.rlib --extern log=/opt/rustwide/target/debug/deps/liblog-77e5ffec31d29890.rlib --extern num_cpus=/opt/rustwide/target/debug/deps/libnum_cpus-ec3e7a646517c16a.rlib --extern regex=/opt/rustwide/target/debug/deps/libregex-2e01b630ed26481a.rlib --extern reqwest=/opt/rustwide/target/debug/deps/libreqwest-4d5f3df9345969c8.rlib --extern serde=/opt/rustwide/target/debug/deps/libserde-f46a5dd7457ed8c4.rlib --extern serde_json=/opt/rustwide/target/debug/deps/libserde_json-64a01f5c6262cb4f.rlib --extern thiserror=/opt/rustwide/target/debug/deps/libthiserror-edde8d869373ac81.rlib --extern tokio=/opt/rustwide/target/debug/deps/libtokio-725c48390aa38b4d.rlib --extern ureq=/opt/rustwide/target/debug/deps/libureq-77131349d54c0c3b.rlib --extern url=/opt/rustwide/target/debug/deps/liburl-b3c55e1331b77670.rlib --extern zeroize=/opt/rustwide/target/debug/deps/libzeroize-dc7af5535416f218.rlib --cap-lints=warn -L native=/opt/rustwide/target/debug/build/ring-340fd659df181cd3/out` (signal: 9, SIGKILL: kill)
[INFO] [stderr] error: could not compile `iota-client` (example "08_data_message")
[INFO] [stderr] 
[INFO] [stderr] Caused by:
[INFO] [stderr]   process didn't exit successfully: `/opt/rustwide/rustup-home/toolchains/1.75.0-x86_64-unknown-linux-gnu/bin/rustc --crate-name 08_data_message --edition=2021 examples/08_data_message.rs --error-format=json --json=diagnostic-rendered-ansi,artifacts,future-incompat --crate-type bin --emit=dep-info,link -C embed-bitcode=no -C debuginfo=2 --cfg 'feature="async"' --cfg 'feature="default"' --cfg 'feature="futures"' --cfg 'feature="reqwest"' --cfg 'feature="tokio"' -C metadata=213493c6e5d324b9 -C extra-filename=-213493c6e5d324b9 --out-dir /opt/rustwide/target/debug/examples -L dependency=/opt/rustwide/target/debug/deps --extern async_trait=/opt/rustwide/target/debug/deps/libasync_trait-f506a7bbe534b69c.so --extern bee_common=/opt/rustwide/target/debug/deps/libbee_common-3d989d7d10b180f1.rlib --extern bee_message=/opt/rustwide/target/debug/deps/libbee_message-1e39d1d5d27cf7e0.rlib --extern bee_pow=/opt/rustwide/target/debug/deps/libbee_pow-5181c93d6da5da4f.rlib --extern bee_rest_api=/opt/rustwide/target/debug/deps/libbee_rest_api-69fa25b0e4477d4f.rlib --extern dotenv=/opt/rustwide/target/debug/deps/libdotenv-74253baa84974fa1.rlib --extern futures=/opt/rustwide/target/debug/deps/libfutures-2f29798cba391d36.rlib --extern hex=/opt/rustwide/target/debug/deps/libhex-05644b5497b79c5b.rlib --extern iota_client=/opt/rustwide/target/debug/deps/libiota_client-b61ed269af2cccfc.rlib --extern crypto=/opt/rustwide/target/debug/deps/libcrypto-b084e2259b50a92d.rlib --extern log=/opt/rustwide/target/debug/deps/liblog-77e5ffec31d29890.rlib --extern num_cpus=/opt/rustwide/target/debug/deps/libnum_cpus-ec3e7a646517c16a.rlib --extern regex=/opt/rustwide/target/debug/deps/libregex-2e01b630ed26481a.rlib --extern reqwest=/opt/rustwide/target/debug/deps/libreqwest-4d5f3df9345969c8.rlib --extern serde=/opt/rustwide/target/debug/deps/libserde-f46a5dd7457ed8c4.rlib --extern serde_json=/opt/rustwide/target/debug/deps/libserde_json-64a01f5c6262cb4f.rlib --extern thiserror=/opt/rustwide/target/debug/deps/libthiserror-edde8d869373ac81.rlib --extern tokio=/opt/rustwide/target/debug/deps/libtokio-725c48390aa38b4d.rlib --extern ureq=/opt/rustwide/target/debug/deps/libureq-77131349d54c0c3b.rlib --extern url=/opt/rustwide/target/debug/deps/liburl-b3c55e1331b77670.rlib --extern zeroize=/opt/rustwide/target/debug/deps/libzeroize-dc7af5535416f218.rlib --cap-lints=warn -L native=/opt/rustwide/target/debug/build/ring-340fd659df181cd3/out` (signal: 9, SIGKILL: kill)
[INFO] [stderr] error: could not compile `iota-client` (example "custom_parent")
[INFO] [stderr] 
[INFO] [stderr] Caused by:
[INFO] [stderr]   process didn't exit successfully: `/opt/rustwide/rustup-home/toolchains/1.75.0-x86_64-unknown-linux-gnu/bin/rustc --crate-name custom_parent --edition=2021 examples/custom_parent.rs --error-format=json --json=diagnostic-rendered-ansi,artifacts,future-incompat --crate-type bin --emit=dep-info,link -C embed-bitcode=no -C debuginfo=2 --cfg 'feature="async"' --cfg 'feature="default"' --cfg 'feature="futures"' --cfg 'feature="reqwest"' --cfg 'feature="tokio"' -C metadata=2d3721c77cc01d2d -C extra-filename=-2d3721c77cc01d2d --out-dir /opt/rustwide/target/debug/examples -L dependency=/opt/rustwide/target/debug/deps --extern async_trait=/opt/rustwide/target/debug/deps/libasync_trait-f506a7bbe534b69c.so --extern bee_common=/opt/rustwide/target/debug/deps/libbee_common-3d989d7d10b180f1.rlib --extern bee_message=/opt/rustwide/target/debug/deps/libbee_message-1e39d1d5d27cf7e0.rlib --extern bee_pow=/opt/rustwide/target/debug/deps/libbee_pow-5181c93d6da5da4f.rlib --extern bee_rest_api=/opt/rustwide/target/debug/deps/libbee_rest_api-69fa25b0e4477d4f.rlib --extern dotenv=/opt/rustwide/target/debug/deps/libdotenv-74253baa84974fa1.rlib --extern futures=/opt/rustwide/target/debug/deps/libfutures-2f29798cba391d36.rlib --extern hex=/opt/rustwide/target/debug/deps/libhex-05644b5497b79c5b.rlib --extern iota_client=/opt/rustwide/target/debug/deps/libiota_client-b61ed269af2cccfc.rlib --extern crypto=/opt/rustwide/target/debug/deps/libcrypto-b084e2259b50a92d.rlib --extern log=/opt/rustwide/target/debug/deps/liblog-77e5ffec31d29890.rlib --extern num_cpus=/opt/rustwide/target/debug/deps/libnum_cpus-ec3e7a646517c16a.rlib --extern regex=/opt/rustwide/target/debug/deps/libregex-2e01b630ed26481a.rlib --extern reqwest=/opt/rustwide/target/debug/deps/libreqwest-4d5f3df9345969c8.rlib --extern serde=/opt/rustwide/target/debug/deps/libserde-f46a5dd7457ed8c4.rlib --extern serde_json=/opt/rustwide/target/debug/deps/libserde_json-64a01f5c6262cb4f.rlib --extern thiserror=/opt/rustwide/target/debug/deps/libthiserror-edde8d869373ac81.rlib --extern tokio=/opt/rustwide/target/debug/deps/libtokio-725c48390aa38b4d.rlib --extern ureq=/opt/rustwide/target/debug/deps/libureq-77131349d54c0c3b.rlib --extern url=/opt/rustwide/target/debug/deps/liburl-b3c55e1331b77670.rlib --extern zeroize=/opt/rustwide/target/debug/deps/libzeroize-dc7af5535416f218.rlib --cap-lints=warn -L native=/opt/rustwide/target/debug/build/ring-340fd659df181cd3/out` (signal: 9, SIGKILL: kill)
[INFO] [stdout] error: linking with `cc` failed: exit status: 1
[INFO] [stdout]   |
[INFO] [stdout]   = note: LC_ALL="C" PATH="/opt/rustwide/rustup-home/toolchains/1.75.0-x86_64-unknown-linux-gnu/lib/rustlib/x86_64-unknown-linux-gnu/bin:/opt/rustwide/cargo-home/bin:/usr/local/sbin:/usr/local/bin:/usr/sbin:/usr/bin:/sbin:/bin" VSLANG="1033" "cc" "-m64" "/tmp/rustcvqbPsa/symbols.o" "/opt/rustwide/target/debug/examples/peers-dab6f1ed7a88cac8.peers.68b906a3703a9fb1-cgu.00.rcgu.o" "/opt/rustwide/target/debug/examples/peers-dab6f1ed7a88cac8.peers.68b906a3703a9fb1-cgu.01.rcgu.o" "/opt/rustwide/target/debug/examples/peers-dab6f1ed7a88cac8.peers.68b906a3703a9fb1-cgu.02.rcgu.o" "/opt/rustwide/target/debug/examples/peers-dab6f1ed7a88cac8.peers.68b906a3703a9fb1-cgu.03.rcgu.o" "/opt/rustwide/target/debug/examples/peers-dab6f1ed7a88cac8.peers.68b906a3703a9fb1-cgu.04.rcgu.o" "/opt/rustwide/target/debug/examples/peers-dab6f1ed7a88cac8.peers.68b906a3703a9fb1-cgu.05.rcgu.o" "/opt/rustwide/target/debug/examples/peers-dab6f1ed7a88cac8.peers.68b906a3703a9fb1-cgu.06.rcgu.o" "/opt/rustwide/target/debug/examples/peers-dab6f1ed7a88cac8.peers.68b906a3703a9fb1-cgu.07.rcgu.o" "/opt/rustwide/target/debug/examples/peers-dab6f1ed7a88cac8.peers.68b906a3703a9fb1-cgu.08.rcgu.o" "/opt/rustwide/target/debug/examples/peers-dab6f1ed7a88cac8.peers.68b906a3703a9fb1-cgu.09.rcgu.o" "/opt/rustwide/target/debug/examples/peers-dab6f1ed7a88cac8.peers.68b906a3703a9fb1-cgu.10.rcgu.o" "/opt/rustwide/target/debug/examples/peers-dab6f1ed7a88cac8.peers.68b906a3703a9fb1-cgu.11.rcgu.o" "/opt/rustwide/target/debug/examples/peers-dab6f1ed7a88cac8.peers.68b906a3703a9fb1-cgu.12.rcgu.o" "/opt/rustwide/target/debug/examples/peers-dab6f1ed7a88cac8.peers.68b906a3703a9fb1-cgu.13.rcgu.o" "/opt/rustwide/target/debug/examples/peers-dab6f1ed7a88cac8.peers.68b906a3703a9fb1-cgu.14.rcgu.o" "/opt/rustwide/target/debug/examples/peers-dab6f1ed7a88cac8.peers.68b906a3703a9fb1-cgu.15.rcgu.o" "/opt/rustwide/target/debug/examples/peers-dab6f1ed7a88cac8.5324i53c7sjtlbn5.rcgu.o" "-Wl,--as-needed" "-L" "/opt/rustwide/target/debug/deps" "-L" "/opt/rustwide/target/debug/build/ring-340fd659df181cd3/out" "-L" "/opt/rustwide/rustup-home/toolchains/1.75.0-x86_64-unknown-linux-gnu/lib/rustlib/x86_64-unknown-linux-gnu/lib" "-Wl,-Bstatic" "/opt/rustwide/target/debug/deps/libiota_client-b61ed269af2cccfc.rlib" "/opt/rustwide/target/debug/deps/libfutures-2f29798cba391d36.rlib" "/opt/rustwide/target/debug/deps/libfutures_executor-9eebdb5686314d98.rlib" "/opt/rustwide/target/debug/deps/libreqwest-4d5f3df9345969c8.rlib" "/opt/rustwide/target/debug/deps/librustls_pemfile-fec5ec6ec1e5892c.rlib" "/opt/rustwide/target/debug/deps/libhyper_rustls-d391209c584adaf9.rlib" "/opt/rustwide/target/debug/deps/libwebpki_roots-5239de5108d0db77.rlib" "/opt/rustwide/target/debug/deps/libipnet-925216cca3239180.rlib" "/opt/rustwide/target/debug/deps/libtokio_rustls-d5ef2170f19ff345.rlib" "/opt/rustwide/target/debug/deps/libserde_urlencoded-1085fe10e7474a6e.rlib" "/opt/rustwide/target/debug/deps/libmime-450b243d21db2a61.rlib" "/opt/rustwide/target/debug/deps/libencoding_rs-a830fab037b07ca6.rlib" "/opt/rustwide/target/debug/deps/libbase64-8ea64d3566a9d67e.rlib" "/opt/rustwide/target/debug/deps/librustls-065190ba50f8af3d.rlib" "/opt/rustwide/target/debug/deps/libsct-2334127ec5392b51.rlib" "/opt/rustwide/target/debug/deps/libwebpki-bcccc2c27af31e01.rlib" "/opt/rustwide/target/debug/deps/libring-8a48da89374401a7.rlib" "/opt/rustwide/target/debug/deps/libuntrusted-5ec0aa78ed8cda5c.rlib" "/opt/rustwide/target/debug/deps/libonce_cell-d4185e3ff62717e2.rlib" "/opt/rustwide/target/debug/deps/libhyper-a54cd3fb30ad1cdc.rlib" "/opt/rustwide/target/debug/deps/libwant-26dcf63b67a9918e.rlib" "/opt/rustwide/target/debug/deps/libtry_lock-6573df21d991c823.rlib" "/opt/rustwide/target/debug/deps/libhttparse-fd503c4a6f8da724.rlib" "/opt/rustwide/target/debug/deps/libh2-91106820b2cd38f2.rlib" "/opt/rustwide/target/debug/deps/libindexmap-2b28d93081fd5af1.rlib" "/opt/rustwide/target/debug/deps/libhashbrown-60eca540826c5d5d.rlib" "/opt/rustwide/target/debug/deps/libtokio_util-48427a6ecab88645.rlib" "/opt/rustwide/target/debug/deps/libtower_service-9991ae2cafd1f41b.rlib" "/opt/rustwide/target/debug/deps/libtracing-e02dbe1b59fa35c6.rlib" "/opt/rustwide/target/debug/deps/libtracing_core-4c48636ae0fc2164.rlib" "/opt/rustwide/target/debug/deps/libhttp_body-39bacd65430131ac.rlib" "/opt/rustwide/target/debug/deps/libfutures_util-d0a73a2c7e4fb6f8.rlib" "/opt/rustwide/target/debug/deps/libfutures_io-116bfed72b11ea9e.rlib" "/opt/rustwide/target/debug/deps/libslab-3fdda774eccf4f9f.rlib" "/opt/rustwide/target/debug/deps/libfutures_channel-b12d3100cbcad3e3.rlib" "/opt/rustwide/target/debug/deps/libfutures_sink-05f2cb5fbc7977ea.rlib" "/opt/rustwide/target/debug/deps/libfutures_task-be5dcf70b5fcba4c.rlib" "/opt/rustwide/target/debug/deps/libpin_utils-741f7d9d160e4a16.rlib" "/opt/rustwide/target/debug/deps/libfutures_core-561ba3cced7f43f6.rlib" "/opt/rustwide/target/debug/deps/libhttp-f8579927572df7fb.rlib" "/opt/rustwide/target/debug/deps/libfnv-18bf5144d055e772.rlib" "/opt/rustwide/target/debug/deps/libregex-2e01b630ed26481a.rlib" "/opt/rustwide/target/debug/deps/libregex_syntax-4999cee6c2b746ad.rlib" "/opt/rustwide/target/debug/deps/liburl-b3c55e1331b77670.rlib" "/opt/rustwide/target/debug/deps/libidna-7f2f8d2a0fa45e7d.rlib" "/opt/rustwide/target/debug/deps/libunicode_bidi-d3ecfe40977b4a59.rlib" "/opt/rustwide/target/debug/deps/libform_urlencoded-74b1dcad9e8d80e6.rlib" "/opt/rustwide/target/debug/deps/libpercent_encoding-526c9d71c02fb5bb.rlib" "/opt/rustwide/target/debug/deps/libmatches-e0861c3f10bd1789.rlib" "/opt/rustwide/target/debug/deps/libtokio-725c48390aa38b4d.rlib" "/opt/rustwide/target/debug/deps/libnum_cpus-ec3e7a646517c16a.rlib" "/opt/rustwide/target/debug/deps/libsocket2-b520d64f79f19f65.rlib" "/opt/rustwide/target/debug/deps/libmemchr-651b9a52835bc194.rlib" "/opt/rustwide/target/debug/deps/libbytes-55e4baa7bb335bc7.rlib" "/opt/rustwide/target/debug/deps/libpin_project_lite-bd863d416e545bf5.rlib" "/opt/rustwide/target/debug/deps/libmio-3065a2d3172c4e01.rlib" "/opt/rustwide/target/debug/deps/libbee_rest_api-69fa25b0e4477d4f.rlib" "/opt/rustwide/target/debug/deps/libserde_json-64a01f5c6262cb4f.rlib" "/opt/rustwide/target/debug/deps/libryu-f7e2acf8545a3e65.rlib" "/opt/rustwide/target/debug/deps/libbee_ledger-485c25e932939bc7.rlib" "/opt/rustwide/target/debug/deps/libbee_message-1e39d1d5d27cf7e0.rlib" "/opt/rustwide/target/debug/deps/libbytemuck-4edbdee47498c840.rlib" "/opt/rustwide/target/debug/deps/libbech32-21708d67d6792fc1.rlib" "/opt/rustwide/target/debug/deps/libbee_pow-5181c93d6da5da4f.rlib" "/opt/rustwide/target/debug/deps/libbee_common-3d989d7d10b180f1.rlib" "/opt/rustwide/target/debug/deps/libtime-f03837e3f0a0ddc0.rlib" "/opt/rustwide/target/debug/deps/libnum_threads-8fbad3ad16e4de06.rlib" "/opt/rustwide/target/debug/deps/libitoa-c68eaa30402a4ff5.rlib" "/opt/rustwide/target/debug/deps/libfern-34930bd46a3ea5dc.rlib" "/opt/rustwide/target/debug/deps/libcolored-9782fa22d51cc1df.rlib" "/opt/rustwide/target/debug/deps/libatty-9d5673bcedc1f9d4.rlib" "/opt/rustwide/target/debug/deps/liblog-77e5ffec31d29890.rlib" "/opt/rustwide/target/debug/deps/libcrypto-b084e2259b50a92d.rlib" "/opt/rustwide/target/debug/deps/libgetrandom-09073100414926d4.rlib" "/opt/rustwide/target/debug/deps/libed25519_zebra-2430a8ea03144d24.rlib" "/opt/rustwide/target/debug/deps/libhex-05644b5497b79c5b.rlib" "/opt/rustwide/target/debug/deps/libthiserror-edde8d869373ac81.rlib" "/opt/rustwide/target/debug/deps/libcurve25519_dalek-f52bcd1838977798.rlib" "/opt/rustwide/target/debug/deps/libzeroize-dc7af5535416f218.rlib" "/opt/rustwide/target/debug/deps/librand_core-a0450b8b13a695d3.rlib" "/opt/rustwide/target/debug/deps/libgetrandom-e42ee8cbec3eafe6.rlib" "/opt/rustwide/target/debug/deps/liblibc-9c2267a594730902.rlib" "/opt/rustwide/target/debug/deps/libbyteorder-ebdd15cc4c596795.rlib" "/opt/rustwide/target/debug/deps/libpbkdf2-ddee246be538f1e8.rlib" "/opt/rustwide/target/debug/deps/libhmac-584b80db604194c8.rlib" "/opt/rustwide/target/debug/deps/libcrypto_mac-c4e340a6c4ca9438.rlib" "/opt/rustwide/target/debug/deps/libunicode_normalization-fa540275a0f8725d.rlib" "/opt/rustwide/target/debug/deps/libtinyvec-fc2adea61ab58f5e.rlib" "/opt/rustwide/target/debug/deps/libtinyvec_macros-bfeb7a087f0273ce.rlib" "/opt/rustwide/target/debug/deps/libsha2-c44e458560b4bf3e.rlib" "/opt/rustwide/target/debug/deps/libcpufeatures-68ff2c2a83d8484f.rlib" "/opt/rustwide/target/debug/deps/libcfg_if-61dc7a6799e72b18.rlib" "/opt/rustwide/target/debug/deps/libblock_buffer-d407474464f04ffe.rlib" "/opt/rustwide/target/debug/deps/libblake2-cad01668729b1651.rlib" "/opt/rustwide/target/debug/deps/libopaque_debug-15273823c1ba1453.rlib" "/opt/rustwide/target/debug/deps/libcrypto_mac-df4965a013b25984.rlib" "/opt/rustwide/target/debug/deps/libsubtle-e81364e96654a740.rlib" "/opt/rustwide/target/debug/deps/libdigest-1e6bba26561e4c70.rlib" "/opt/rustwide/target/debug/deps/libgeneric_array-f7954710fe39b78c.rlib" "/opt/rustwide/target/debug/deps/libtypenum-62ca5a12b60d0fda.rlib" "/opt/rustwide/target/debug/deps/liblazy_static-60e62d7dacb95196.rlib" "/opt/rustwide/target/debug/deps/libspin-c4098cd951aef6c9.rlib" "/opt/rustwide/target/debug/deps/libbee_ternary-f62c73fa69e7e417.rlib" "/opt/rustwide/target/debug/deps/libnum_traits-24aa93b4806ad567.rlib" "/opt/rustwide/target/debug/deps/libserde-f46a5dd7457ed8c4.rlib" "/opt/rustwide/rustup-home/toolchains/1.75.0-x86_64-unknown-linux-gnu/lib/rustlib/x86_64-unknown-linux-gnu/lib/libstd-90f6ddbf82de36ec.rlib" "/opt/rustwide/rustup-home/toolchains/1.75.0-x86_64-unknown-linux-gnu/lib/rustlib/x86_64-unknown-linux-gnu/lib/libpanic_unwind-480c41e9d4e1f677.rlib" "/opt/rustwide/rustup-home/toolchains/1.75.0-x86_64-unknown-linux-gnu/lib/rustlib/x86_64-unknown-linux-gnu/lib/libobject-db744c0ca03eed1d.rlib" "/opt/rustwide/rustup-home/toolchains/1.75.0-x86_64-unknown-linux-gnu/lib/rustlib/x86_64-unknown-linux-gnu/lib/libmemchr-8ba652dc7d4b285a.rlib" "/opt/rustwide/rustup-home/toolchains/1.75.0-x86_64-unknown-linux-gnu/lib/rustlib/x86_64-unknown-linux-gnu/lib/libaddr2line-d5f4520a9ebc0d58.rlib" "/opt/rustwide/rustup-home/toolchains/1.75.0-x86_64-unknown-linux-gnu/lib/rustlib/x86_64-unknown-linux-gnu/lib/libgimli-4ad84de58f0cb463.rlib" "/opt/rustwide/rustup-home/toolchains/1.75.0-x86_64-unknown-linux-gnu/lib/rustlib/x86_64-unknown-linux-gnu/lib/librustc_demangle-0d10aae2e0f38735.rlib" "/opt/rustwide/rustup-home/toolchains/1.75.0-x86_64-unknown-linux-gnu/lib/rustlib/x86_64-unknown-linux-gnu/lib/libstd_detect-0c17cff739e6745b.rlib" "/opt/rustwide/rustup-home/toolchains/1.75.0-x86_64-unknown-linux-gnu/lib/rustlib/x86_64-unknown-linux-gnu/lib/libhashbrown-b29e17139dde1aa8.rlib" "/opt/rustwide/rustup-home/toolchains/1.75.0-x86_64-unknown-linux-gnu/lib/rustlib/x86_64-unknown-linux-gnu/lib/librustc_std_workspace_alloc-1f975299829cc7bd.rlib" "/opt/rustwide/rustup-home/toolchains/1.75.0-x86_64-unknown-linux-gnu/lib/rustlib/x86_64-unknown-linux-gnu/lib/libminiz_oxide-86bae3bc3079f89b.rlib" "/opt/rustwide/rustup-home/toolchains/1.75.0-x86_64-unknown-linux-gnu/lib/rustlib/x86_64-unknown-linux-gnu/lib/libadler-321b82c30dffdf5f.rlib" "/opt/rustwide/rustup-home/toolchains/1.75.0-x86_64-unknown-linux-gnu/lib/rustlib/x86_64-unknown-linux-gnu/lib/libunwind-3dd8a6810a0bdfef.rlib" "/opt/rustwide/rustup-home/toolchains/1.75.0-x86_64-unknown-linux-gnu/lib/rustlib/x86_64-unknown-linux-gnu/lib/libcfg_if-eb39a61c0c879984.rlib" "/opt/rustwide/rustup-home/toolchains/1.75.0-x86_64-unknown-linux-gnu/lib/rustlib/x86_64-unknown-linux-gnu/lib/liblibc-aa769569f91c3548.rlib" "/opt/rustwide/rustup-home/toolchains/1.75.0-x86_64-unknown-linux-gnu/lib/rustlib/x86_64-unknown-linux-gnu/lib/liballoc-510a192a50a983ed.rlib" "/opt/rustwide/rustup-home/toolchains/1.75.0-x86_64-unknown-linux-gnu/lib/rustlib/x86_64-unknown-linux-gnu/lib/librustc_std_workspace_core-0577018320f99037.rlib" "/opt/rustwide/rustup-home/toolchains/1.75.0-x86_64-unknown-linux-gnu/lib/rustlib/x86_64-unknown-linux-gnu/lib/libcore-193cf992125ccd4c.rlib" "/opt/rustwide/rustup-home/toolchains/1.75.0-x86_64-unknown-linux-gnu/lib/rustlib/x86_64-unknown-linux-gnu/lib/libcompiler_builtins-8e138eaf26ebb4a8.rlib" "-Wl,-Bdynamic" "-lgcc_s" "-lutil" "-lrt" "-lpthread" "-lm" "-ldl" "-lc" "-Wl,--eh-frame-hdr" "-Wl,-z,noexecstack" "-L" "/opt/rustwide/rustup-home/toolchains/1.75.0-x86_64-unknown-linux-gnu/lib/rustlib/x86_64-unknown-linux-gnu/lib" "-o" "/opt/rustwide/target/debug/examples/peers-dab6f1ed7a88cac8" "-Wl,--gc-sections" "-pie" "-Wl,-z,relro,-z,now" "-nodefaultlibs"
[INFO] [stdout]   = note: collect2: fatal error: ld terminated with signal 9 [Killed]
[INFO] [stdout]           compilation terminated.
[INFO] [stdout]           
[INFO] [stdout] 
[INFO] [stdout] 
[INFO] [stdout] error: aborting due to previous error
[INFO] [stdout] 
[INFO] [stdout] 
[INFO] [stderr] error: could not compile `iota-client` (example "peers") due to 2 previous errors
[INFO] [stdout] error: linking with `cc` failed: exit status: 1
[INFO] [stdout]   |
[INFO] [stdout]   = note: LC_ALL="C" PATH="/opt/rustwide/rustup-home/toolchains/1.75.0-x86_64-unknown-linux-gnu/lib/rustlib/x86_64-unknown-linux-gnu/bin:/opt/rustwide/cargo-home/bin:/usr/local/sbin:/usr/local/bin:/usr/sbin:/usr/bin:/sbin:/bin" VSLANG="1033" "cc" "-m64" "/tmp/rustcVSnV6D/symbols.o" "/opt/rustwide/target/debug/examples/quorum-1dfd320a4e763522.quorum.516f081667a5cee6-cgu.00.rcgu.o" "/opt/rustwide/target/debug/examples/quorum-1dfd320a4e763522.quorum.516f081667a5cee6-cgu.01.rcgu.o" "/opt/rustwide/target/debug/examples/quorum-1dfd320a4e763522.quorum.516f081667a5cee6-cgu.02.rcgu.o" "/opt/rustwide/target/debug/examples/quorum-1dfd320a4e763522.quorum.516f081667a5cee6-cgu.03.rcgu.o" "/opt/rustwide/target/debug/examples/quorum-1dfd320a4e763522.quorum.516f081667a5cee6-cgu.04.rcgu.o" "/opt/rustwide/target/debug/examples/quorum-1dfd320a4e763522.quorum.516f081667a5cee6-cgu.05.rcgu.o" "/opt/rustwide/target/debug/examples/quorum-1dfd320a4e763522.quorum.516f081667a5cee6-cgu.06.rcgu.o" "/opt/rustwide/target/debug/examples/quorum-1dfd320a4e763522.quorum.516f081667a5cee6-cgu.07.rcgu.o" "/opt/rustwide/target/debug/examples/quorum-1dfd320a4e763522.quorum.516f081667a5cee6-cgu.08.rcgu.o" "/opt/rustwide/target/debug/examples/quorum-1dfd320a4e763522.quorum.516f081667a5cee6-cgu.09.rcgu.o" "/opt/rustwide/target/debug/examples/quorum-1dfd320a4e763522.quorum.516f081667a5cee6-cgu.10.rcgu.o" "/opt/rustwide/target/debug/examples/quorum-1dfd320a4e763522.quorum.516f081667a5cee6-cgu.11.rcgu.o" "/opt/rustwide/target/debug/examples/quorum-1dfd320a4e763522.quorum.516f081667a5cee6-cgu.12.rcgu.o" "/opt/rustwide/target/debug/examples/quorum-1dfd320a4e763522.quorum.516f081667a5cee6-cgu.13.rcgu.o" "/opt/rustwide/target/debug/examples/quorum-1dfd320a4e763522.quorum.516f081667a5cee6-cgu.14.rcgu.o" "/opt/rustwide/target/debug/examples/quorum-1dfd320a4e763522.quorum.516f081667a5cee6-cgu.15.rcgu.o" "/opt/rustwide/target/debug/examples/quorum-1dfd320a4e763522.2e5im7hd6inco58h.rcgu.o" "-Wl,--as-needed" "-L" "/opt/rustwide/target/debug/deps" "-L" "/opt/rustwide/target/debug/build/ring-340fd659df181cd3/out" "-L" "/opt/rustwide/rustup-home/toolchains/1.75.0-x86_64-unknown-linux-gnu/lib/rustlib/x86_64-unknown-linux-gnu/lib" "-Wl,-Bstatic" "/opt/rustwide/target/debug/deps/libiota_client-b61ed269af2cccfc.rlib" "/opt/rustwide/target/debug/deps/libfutures-2f29798cba391d36.rlib" "/opt/rustwide/target/debug/deps/libfutures_executor-9eebdb5686314d98.rlib" "/opt/rustwide/target/debug/deps/libreqwest-4d5f3df9345969c8.rlib" "/opt/rustwide/target/debug/deps/librustls_pemfile-fec5ec6ec1e5892c.rlib" "/opt/rustwide/target/debug/deps/libhyper_rustls-d391209c584adaf9.rlib" "/opt/rustwide/target/debug/deps/libwebpki_roots-5239de5108d0db77.rlib" "/opt/rustwide/target/debug/deps/libipnet-925216cca3239180.rlib" "/opt/rustwide/target/debug/deps/libtokio_rustls-d5ef2170f19ff345.rlib" "/opt/rustwide/target/debug/deps/libserde_urlencoded-1085fe10e7474a6e.rlib" "/opt/rustwide/target/debug/deps/libmime-450b243d21db2a61.rlib" "/opt/rustwide/target/debug/deps/libencoding_rs-a830fab037b07ca6.rlib" "/opt/rustwide/target/debug/deps/libbase64-8ea64d3566a9d67e.rlib" "/opt/rustwide/target/debug/deps/librustls-065190ba50f8af3d.rlib" "/opt/rustwide/target/debug/deps/libsct-2334127ec5392b51.rlib" "/opt/rustwide/target/debug/deps/libwebpki-bcccc2c27af31e01.rlib" "/opt/rustwide/target/debug/deps/libring-8a48da89374401a7.rlib" "/opt/rustwide/target/debug/deps/libuntrusted-5ec0aa78ed8cda5c.rlib" "/opt/rustwide/target/debug/deps/libonce_cell-d4185e3ff62717e2.rlib" "/opt/rustwide/target/debug/deps/libhyper-a54cd3fb30ad1cdc.rlib" "/opt/rustwide/target/debug/deps/libwant-26dcf63b67a9918e.rlib" "/opt/rustwide/target/debug/deps/libtry_lock-6573df21d991c823.rlib" "/opt/rustwide/target/debug/deps/libhttparse-fd503c4a6f8da724.rlib" "/opt/rustwide/target/debug/deps/libh2-91106820b2cd38f2.rlib" "/opt/rustwide/target/debug/deps/libindexmap-2b28d93081fd5af1.rlib" "/opt/rustwide/target/debug/deps/libhashbrown-60eca540826c5d5d.rlib" "/opt/rustwide/target/debug/deps/libtokio_util-48427a6ecab88645.rlib" "/opt/rustwide/target/debug/deps/libtower_service-9991ae2cafd1f41b.rlib" "/opt/rustwide/target/debug/deps/libtracing-e02dbe1b59fa35c6.rlib" "/opt/rustwide/target/debug/deps/libtracing_core-4c48636ae0fc2164.rlib" "/opt/rustwide/target/debug/deps/libhttp_body-39bacd65430131ac.rlib" "/opt/rustwide/target/debug/deps/libfutures_util-d0a73a2c7e4fb6f8.rlib" "/opt/rustwide/target/debug/deps/libfutures_io-116bfed72b11ea9e.rlib" "/opt/rustwide/target/debug/deps/libslab-3fdda774eccf4f9f.rlib" "/opt/rustwide/target/debug/deps/libfutures_channel-b12d3100cbcad3e3.rlib" "/opt/rustwide/target/debug/deps/libfutures_sink-05f2cb5fbc7977ea.rlib" "/opt/rustwide/target/debug/deps/libfutures_task-be5dcf70b5fcba4c.rlib" "/opt/rustwide/target/debug/deps/libpin_utils-741f7d9d160e4a16.rlib" "/opt/rustwide/target/debug/deps/libfutures_core-561ba3cced7f43f6.rlib" "/opt/rustwide/target/debug/deps/libhttp-f8579927572df7fb.rlib" "/opt/rustwide/target/debug/deps/libfnv-18bf5144d055e772.rlib" "/opt/rustwide/target/debug/deps/libregex-2e01b630ed26481a.rlib" "/opt/rustwide/target/debug/deps/libregex_syntax-4999cee6c2b746ad.rlib" "/opt/rustwide/target/debug/deps/liburl-b3c55e1331b77670.rlib" "/opt/rustwide/target/debug/deps/libidna-7f2f8d2a0fa45e7d.rlib" "/opt/rustwide/target/debug/deps/libunicode_bidi-d3ecfe40977b4a59.rlib" "/opt/rustwide/target/debug/deps/libform_urlencoded-74b1dcad9e8d80e6.rlib" "/opt/rustwide/target/debug/deps/libpercent_encoding-526c9d71c02fb5bb.rlib" "/opt/rustwide/target/debug/deps/libmatches-e0861c3f10bd1789.rlib" "/opt/rustwide/target/debug/deps/libtokio-725c48390aa38b4d.rlib" "/opt/rustwide/target/debug/deps/libnum_cpus-ec3e7a646517c16a.rlib" "/opt/rustwide/target/debug/deps/libsocket2-b520d64f79f19f65.rlib" "/opt/rustwide/target/debug/deps/libmemchr-651b9a52835bc194.rlib" "/opt/rustwide/target/debug/deps/libbytes-55e4baa7bb335bc7.rlib" "/opt/rustwide/target/debug/deps/libpin_project_lite-bd863d416e545bf5.rlib" "/opt/rustwide/target/debug/deps/libmio-3065a2d3172c4e01.rlib" "/opt/rustwide/target/debug/deps/libbee_rest_api-69fa25b0e4477d4f.rlib" "/opt/rustwide/target/debug/deps/libserde_json-64a01f5c6262cb4f.rlib" "/opt/rustwide/target/debug/deps/libryu-f7e2acf8545a3e65.rlib" "/opt/rustwide/target/debug/deps/libbee_ledger-485c25e932939bc7.rlib" "/opt/rustwide/target/debug/deps/libbee_message-1e39d1d5d27cf7e0.rlib" "/opt/rustwide/target/debug/deps/libbytemuck-4edbdee47498c840.rlib" "/opt/rustwide/target/debug/deps/libbech32-21708d67d6792fc1.rlib" "/opt/rustwide/target/debug/deps/libbee_pow-5181c93d6da5da4f.rlib" "/opt/rustwide/target/debug/deps/libbee_common-3d989d7d10b180f1.rlib" "/opt/rustwide/target/debug/deps/libtime-f03837e3f0a0ddc0.rlib" "/opt/rustwide/target/debug/deps/libnum_threads-8fbad3ad16e4de06.rlib" "/opt/rustwide/target/debug/deps/libitoa-c68eaa30402a4ff5.rlib" "/opt/rustwide/target/debug/deps/libfern-34930bd46a3ea5dc.rlib" "/opt/rustwide/target/debug/deps/libcolored-9782fa22d51cc1df.rlib" "/opt/rustwide/target/debug/deps/libatty-9d5673bcedc1f9d4.rlib" "/opt/rustwide/target/debug/deps/liblog-77e5ffec31d29890.rlib" "/opt/rustwide/target/debug/deps/libcrypto-b084e2259b50a92d.rlib" "/opt/rustwide/target/debug/deps/libgetrandom-09073100414926d4.rlib" "/opt/rustwide/target/debug/deps/libed25519_zebra-2430a8ea03144d24.rlib" "/opt/rustwide/target/debug/deps/libhex-05644b5497b79c5b.rlib" "/opt/rustwide/target/debug/deps/libthiserror-edde8d869373ac81.rlib" "/opt/rustwide/target/debug/deps/libcurve25519_dalek-f52bcd1838977798.rlib" "/opt/rustwide/target/debug/deps/libzeroize-dc7af5535416f218.rlib" "/opt/rustwide/target/debug/deps/librand_core-a0450b8b13a695d3.rlib" "/opt/rustwide/target/debug/deps/libgetrandom-e42ee8cbec3eafe6.rlib" "/opt/rustwide/target/debug/deps/liblibc-9c2267a594730902.rlib" "/opt/rustwide/target/debug/deps/libbyteorder-ebdd15cc4c596795.rlib" "/opt/rustwide/target/debug/deps/libpbkdf2-ddee246be538f1e8.rlib" "/opt/rustwide/target/debug/deps/libhmac-584b80db604194c8.rlib" "/opt/rustwide/target/debug/deps/libcrypto_mac-c4e340a6c4ca9438.rlib" "/opt/rustwide/target/debug/deps/libunicode_normalization-fa540275a0f8725d.rlib" "/opt/rustwide/target/debug/deps/libtinyvec-fc2adea61ab58f5e.rlib" "/opt/rustwide/target/debug/deps/libtinyvec_macros-bfeb7a087f0273ce.rlib" "/opt/rustwide/target/debug/deps/libsha2-c44e458560b4bf3e.rlib" "/opt/rustwide/target/debug/deps/libcpufeatures-68ff2c2a83d8484f.rlib" "/opt/rustwide/target/debug/deps/libcfg_if-61dc7a6799e72b18.rlib" "/opt/rustwide/target/debug/deps/libblock_buffer-d407474464f04ffe.rlib" "/opt/rustwide/target/debug/deps/libblake2-cad01668729b1651.rlib" "/opt/rustwide/target/debug/deps/libopaque_debug-15273823c1ba1453.rlib" "/opt/rustwide/target/debug/deps/libcrypto_mac-df4965a013b25984.rlib" "/opt/rustwide/target/debug/deps/libsubtle-e81364e96654a740.rlib" "/opt/rustwide/target/debug/deps/libdigest-1e6bba26561e4c70.rlib" "/opt/rustwide/target/debug/deps/libgeneric_array-f7954710fe39b78c.rlib" "/opt/rustwide/target/debug/deps/libtypenum-62ca5a12b60d0fda.rlib" "/opt/rustwide/target/debug/deps/liblazy_static-60e62d7dacb95196.rlib" "/opt/rustwide/target/debug/deps/libspin-c4098cd951aef6c9.rlib" "/opt/rustwide/target/debug/deps/libbee_ternary-f62c73fa69e7e417.rlib" "/opt/rustwide/target/debug/deps/libnum_traits-24aa93b4806ad567.rlib" "/opt/rustwide/target/debug/deps/libserde-f46a5dd7457ed8c4.rlib" "/opt/rustwide/target/debug/deps/libdotenv-74253baa84974fa1.rlib" "/opt/rustwide/rustup-home/toolchains/1.75.0-x86_64-unknown-linux-gnu/lib/rustlib/x86_64-unknown-linux-gnu/lib/libstd-90f6ddbf82de36ec.rlib" "/opt/rustwide/rustup-home/toolchains/1.75.0-x86_64-unknown-linux-gnu/lib/rustlib/x86_64-unknown-linux-gnu/lib/libpanic_unwind-480c41e9d4e1f677.rlib" "/opt/rustwide/rustup-home/toolchains/1.75.0-x86_64-unknown-linux-gnu/lib/rustlib/x86_64-unknown-linux-gnu/lib/libobject-db744c0ca03eed1d.rlib" "/opt/rustwide/rustup-home/toolchains/1.75.0-x86_64-unknown-linux-gnu/lib/rustlib/x86_64-unknown-linux-gnu/lib/libmemchr-8ba652dc7d4b285a.rlib" "/opt/rustwide/rustup-home/toolchains/1.75.0-x86_64-unknown-linux-gnu/lib/rustlib/x86_64-unknown-linux-gnu/lib/libaddr2line-d5f4520a9ebc0d58.rlib" "/opt/rustwide/rustup-home/toolchains/1.75.0-x86_64-unknown-linux-gnu/lib/rustlib/x86_64-unknown-linux-gnu/lib/libgimli-4ad84de58f0cb463.rlib" "/opt/rustwide/rustup-home/toolchains/1.75.0-x86_64-unknown-linux-gnu/lib/rustlib/x86_64-unknown-linux-gnu/lib/librustc_demangle-0d10aae2e0f38735.rlib" "/opt/rustwide/rustup-home/toolchains/1.75.0-x86_64-unknown-linux-gnu/lib/rustlib/x86_64-unknown-linux-gnu/lib/libstd_detect-0c17cff739e6745b.rlib" "/opt/rustwide/rustup-home/toolchains/1.75.0-x86_64-unknown-linux-gnu/lib/rustlib/x86_64-unknown-linux-gnu/lib/libhashbrown-b29e17139dde1aa8.rlib" "/opt/rustwide/rustup-home/toolchains/1.75.0-x86_64-unknown-linux-gnu/lib/rustlib/x86_64-unknown-linux-gnu/lib/librustc_std_workspace_alloc-1f975299829cc7bd.rlib" "/opt/rustwide/rustup-home/toolchains/1.75.0-x86_64-unknown-linux-gnu/lib/rustlib/x86_64-unknown-linux-gnu/lib/libminiz_oxide-86bae3bc3079f89b.rlib" "/opt/rustwide/rustup-home/toolchains/1.75.0-x86_64-unknown-linux-gnu/lib/rustlib/x86_64-unknown-linux-gnu/lib/libadler-321b82c30dffdf5f.rlib" "/opt/rustwide/rustup-home/toolchains/1.75.0-x86_64-unknown-linux-gnu/lib/rustlib/x86_64-unknown-linux-gnu/lib/libunwind-3dd8a6810a0bdfef.rlib" "/opt/rustwide/rustup-home/toolchains/1.75.0-x86_64-unknown-linux-gnu/lib/rustlib/x86_64-unknown-linux-gnu/lib/libcfg_if-eb39a61c0c879984.rlib" "/opt/rustwide/rustup-home/toolchains/1.75.0-x86_64-unknown-linux-gnu/lib/rustlib/x86_64-unknown-linux-gnu/lib/liblibc-aa769569f91c3548.rlib" "/opt/rustwide/rustup-home/toolchains/1.75.0-x86_64-unknown-linux-gnu/lib/rustlib/x86_64-unknown-linux-gnu/lib/liballoc-510a192a50a983ed.rlib" "/opt/rustwide/rustup-home/toolchains/1.75.0-x86_64-unknown-linux-gnu/lib/rustlib/x86_64-unknown-linux-gnu/lib/librustc_std_workspace_core-0577018320f99037.rlib" "/opt/rustwide/rustup-home/toolchains/1.75.0-x86_64-unknown-linux-gnu/lib/rustlib/x86_64-unknown-linux-gnu/lib/libcore-193cf992125ccd4c.rlib" "/opt/rustwide/rustup-home/toolchains/1.75.0-x86_64-unknown-linux-gnu/lib/rustlib/x86_64-unknown-linux-gnu/lib/libcompiler_builtins-8e138eaf26ebb4a8.rlib" "-Wl,-Bdynamic" "-lgcc_s" "-lutil" "-lrt" "-lpthread" "-lm" "-ldl" "-lc" "-Wl,--eh-frame-hdr" "-Wl,-z,noexecstack" "-L" "/opt/rustwide/rustup-home/toolchains/1.75.0-x86_64-unknown-linux-gnu/lib/rustlib/x86_64-unknown-linux-gnu/lib" "-o" "/opt/rustwide/target/debug/examples/quorum-1dfd320a4e763522" "-Wl,--gc-sections" "-pie" "-Wl,-z,relro,-z,now" "-nodefaultlibs"
[INFO] [stdout]   = note: collect2: fatal error: ld terminated with signal 9 [Killed]
[INFO] [stdout]           compilation terminated.
[INFO] [stdout]           
[INFO] [stdout] 
[INFO] [stdout] 
[INFO] [stdout] error: aborting due to previous error
[INFO] [stdout] 
[INFO] [stdout] 
[INFO] [stderr] error: could not compile `iota-client` (example "quorum") due to 2 previous errors
[INFO] running `Command { std: "docker" "inspect" "7370e00dabe65ba35ff88126526c4fbe4291b63c33953cd0610ca6cef0a61619", kill_on_drop: false }`
[INFO] running `Command { std: "docker" "rm" "-f" "7370e00dabe65ba35ff88126526c4fbe4291b63c33953cd0610ca6cef0a61619", kill_on_drop: false }`
[INFO] [stdout] 7370e00dabe65ba35ff88126526c4fbe4291b63c33953cd0610ca6cef0a61619
