[INFO] fetching crate invidious 0.7.4...
[INFO] testing invidious-0.7.4 against 1.75.0 for beta-1.76-1
[INFO] extracting crate invidious 0.7.4 into /workspace/builds/worker-2-tc1/source
[INFO] validating manifest of crates.io crate invidious 0.7.4 on toolchain 1.75.0
[INFO] running `Command { std: CARGO_HOME="/workspace/cargo-home" RUSTUP_HOME="/workspace/rustup-home" "/workspace/cargo-home/bin/cargo" "+1.75.0" "metadata" "--manifest-path" "Cargo.toml" "--no-deps", kill_on_drop: false }`
[INFO] started tweaking crates.io crate invidious 0.7.4
[INFO] finished tweaking crates.io crate invidious 0.7.4
[INFO] tweaked toml for crates.io crate invidious 0.7.4 written to /workspace/builds/worker-2-tc1/source/Cargo.toml
[INFO] running `Command { std: CARGO_HOME="/workspace/cargo-home" RUSTUP_HOME="/workspace/rustup-home" "/workspace/cargo-home/bin/cargo" "+1.75.0" "generate-lockfile" "--manifest-path" "Cargo.toml", kill_on_drop: false }`
[INFO] [stderr]     Updating crates.io index
[INFO] running `Command { std: CARGO_HOME="/workspace/cargo-home" RUSTUP_HOME="/workspace/rustup-home" "/workspace/cargo-home/bin/cargo" "+1.75.0" "fetch" "--manifest-path" "Cargo.toml", kill_on_drop: false }`
[INFO] [stderr]  Downloading crates ...
[INFO] [stderr]   Downloaded http_req v0.9.3
[INFO] running `Command { std: "docker" "create" "-v" "/var/lib/crater-agent-workspace/builds/worker-2-tc1/target:/opt/rustwide/target:rw,Z" "-v" "/var/lib/crater-agent-workspace/builds/worker-2-tc1/source:/opt/rustwide/workdir:ro,Z" "-v" "/var/lib/crater-agent-workspace/cargo-home:/opt/rustwide/cargo-home:ro,Z" "-v" "/var/lib/crater-agent-workspace/rustup-home:/opt/rustwide/rustup-home:ro,Z" "-e" "SOURCE_DIR=/opt/rustwide/workdir" "-e" "CARGO_TARGET_DIR=/opt/rustwide/target" "-e" "CARGO_HOME=/opt/rustwide/cargo-home" "-e" "RUSTUP_HOME=/opt/rustwide/rustup-home" "-w" "/opt/rustwide/workdir" "-m" "1610612736" "--user" "0:0" "--network" "none" "ghcr.io/rust-lang/crates-build-env/linux@sha256:2788e3201cd34a07e3172128adcd8b3090168a8e3bcc40d7c032b9dda1df7d1c" "/opt/rustwide/cargo-home/bin/cargo" "+1.75.0" "metadata" "--no-deps" "--format-version=1", kill_on_drop: false }`
[INFO] [stdout] 9fd076539bd5e5142842f3b0c6aede236326942e8fb231985bc4b32f1af8f2c7
[INFO] running `Command { std: "docker" "start" "-a" "9fd076539bd5e5142842f3b0c6aede236326942e8fb231985bc4b32f1af8f2c7", kill_on_drop: false }`
[INFO] running `Command { std: "docker" "inspect" "9fd076539bd5e5142842f3b0c6aede236326942e8fb231985bc4b32f1af8f2c7", kill_on_drop: false }`
[INFO] running `Command { std: "docker" "rm" "-f" "9fd076539bd5e5142842f3b0c6aede236326942e8fb231985bc4b32f1af8f2c7", kill_on_drop: false }`
[INFO] [stdout] 9fd076539bd5e5142842f3b0c6aede236326942e8fb231985bc4b32f1af8f2c7
[INFO] running `Command { std: "docker" "create" "-v" "/var/lib/crater-agent-workspace/builds/worker-2-tc1/target:/opt/rustwide/target:rw,Z" "-v" "/var/lib/crater-agent-workspace/builds/worker-2-tc1/source:/opt/rustwide/workdir:ro,Z" "-v" "/var/lib/crater-agent-workspace/cargo-home:/opt/rustwide/cargo-home:ro,Z" "-v" "/var/lib/crater-agent-workspace/rustup-home:/opt/rustwide/rustup-home:ro,Z" "-e" "SOURCE_DIR=/opt/rustwide/workdir" "-e" "CARGO_TARGET_DIR=/opt/rustwide/target" "-e" "CARGO_INCREMENTAL=0" "-e" "RUST_BACKTRACE=full" "-e" "RUSTFLAGS=--cap-lints=warn" "-e" "RUSTDOCFLAGS=--cap-lints=warn" "-e" "CARGO_HOME=/opt/rustwide/cargo-home" "-e" "RUSTUP_HOME=/opt/rustwide/rustup-home" "-w" "/opt/rustwide/workdir" "-m" "1610612736" "--user" "0:0" "--network" "none" "ghcr.io/rust-lang/crates-build-env/linux@sha256:2788e3201cd34a07e3172128adcd8b3090168a8e3bcc40d7c032b9dda1df7d1c" "/opt/rustwide/cargo-home/bin/cargo" "+1.75.0" "build" "--frozen" "--message-format=json", kill_on_drop: false }`
[INFO] [stdout] 5d1a457ea6dcf557c5dd1cf0e7fb64bc06e00649ca68297df41aa00d821fb16b
[INFO] running `Command { std: "docker" "start" "-a" "5d1a457ea6dcf557c5dd1cf0e7fb64bc06e00649ca68297df41aa00d821fb16b", kill_on_drop: false }`
[INFO] [stderr]    Compiling libc v0.2.151
[INFO] [stderr]    Compiling proc-macro2 v1.0.75
[INFO] [stderr]    Compiling unicode-ident v1.0.12
[INFO] [stderr]    Compiling pkg-config v0.3.28
[INFO] [stderr]    Compiling vcpkg v0.2.15
[INFO] [stderr]    Compiling foreign-types-shared v0.1.1
[INFO] [stderr]    Compiling openssl v0.10.62
[INFO] [stderr]    Compiling version_check v0.9.4
[INFO] [stderr]    Compiling bitflags v2.4.1
[INFO] [stderr]    Compiling once_cell v1.19.0
[INFO] [stderr]    Compiling serde v1.0.194
[INFO] [stderr]    Compiling native-tls v0.2.11
[INFO] [stderr]    Compiling cfg-if v1.0.0
[INFO] [stderr]    Compiling log v0.4.20
[INFO] [stderr]    Compiling serde_json v1.0.111
[INFO] [stderr]    Compiling foreign-types v0.3.2
[INFO] [stderr]    Compiling openssl-probe v0.1.5
[INFO] [stderr]    Compiling itoa v1.0.10
[INFO] [stderr]    Compiling ryu v1.0.16
[INFO] [stderr]    Compiling unicase v2.7.0
[INFO] [stderr]    Compiling quote v1.0.35
[INFO] [stderr]    Compiling syn v2.0.48
[INFO] [stderr]    Compiling cc v1.0.83
[INFO] [stderr]    Compiling openssl-sys v0.9.98
[INFO] [stderr]    Compiling openssl-macros v0.1.1
[INFO] [stderr]    Compiling serde_derive v1.0.194
[INFO] [stderr]    Compiling http_req v0.9.3
[INFO] [stderr]    Compiling invidious v0.7.4 (/opt/rustwide/workdir)
[INFO] [stderr]     Finished dev [unoptimized + debuginfo] target(s) in 7.86s
[INFO] running `Command { std: "docker" "inspect" "5d1a457ea6dcf557c5dd1cf0e7fb64bc06e00649ca68297df41aa00d821fb16b", kill_on_drop: false }`
[INFO] running `Command { std: "docker" "rm" "-f" "5d1a457ea6dcf557c5dd1cf0e7fb64bc06e00649ca68297df41aa00d821fb16b", kill_on_drop: false }`
[INFO] [stdout] 5d1a457ea6dcf557c5dd1cf0e7fb64bc06e00649ca68297df41aa00d821fb16b
[INFO] running `Command { std: "docker" "create" "-v" "/var/lib/crater-agent-workspace/builds/worker-2-tc1/target:/opt/rustwide/target:rw,Z" "-v" "/var/lib/crater-agent-workspace/builds/worker-2-tc1/source:/opt/rustwide/workdir:ro,Z" "-v" "/var/lib/crater-agent-workspace/cargo-home:/opt/rustwide/cargo-home:ro,Z" "-v" "/var/lib/crater-agent-workspace/rustup-home:/opt/rustwide/rustup-home:ro,Z" "-e" "SOURCE_DIR=/opt/rustwide/workdir" "-e" "CARGO_TARGET_DIR=/opt/rustwide/target" "-e" "CARGO_INCREMENTAL=0" "-e" "RUST_BACKTRACE=full" "-e" "RUSTFLAGS=--cap-lints=warn" "-e" "RUSTDOCFLAGS=--cap-lints=warn" "-e" "CARGO_HOME=/opt/rustwide/cargo-home" "-e" "RUSTUP_HOME=/opt/rustwide/rustup-home" "-w" "/opt/rustwide/workdir" "-m" "1610612736" "--user" "0:0" "--network" "none" "ghcr.io/rust-lang/crates-build-env/linux@sha256:2788e3201cd34a07e3172128adcd8b3090168a8e3bcc40d7c032b9dda1df7d1c" "/opt/rustwide/cargo-home/bin/cargo" "+1.75.0" "test" "--frozen" "--no-run" "--message-format=json", kill_on_drop: false }`
[INFO] [stdout] fbf1afb3a19a0cd45f0fef9bad0241dca1d81ad9f23b699007c1cac74ad46e9d
[INFO] running `Command { std: "docker" "start" "-a" "fbf1afb3a19a0cd45f0fef9bad0241dca1d81ad9f23b699007c1cac74ad46e9d", kill_on_drop: false }`
[INFO] [stderr]    Compiling pin-project-lite v0.2.13
[INFO] [stderr]    Compiling tokio-macros v2.2.0
[INFO] [stderr]    Compiling tokio v1.35.1
[INFO] [stderr]    Compiling invidious v0.7.4 (/opt/rustwide/workdir)
[INFO] [stdout] error: The #[tokio::test] macro requires rt or rt-multi-thread.
[INFO] [stdout]   --> src/tests/methods.rs:24:1
[INFO] [stdout]    |
[INFO] [stdout] 24 | #[tokio::test]
[INFO] [stdout]    | ^^^^^^^^^^^^^^
[INFO] [stdout]    |
[INFO] [stdout]    = note: this error originates in the attribute macro `tokio::test` (in Nightly builds, run with -Z macro-backtrace for more info)
[INFO] [stdout] 
[INFO] [stdout] 
[INFO] [stdout] error: The #[tokio::test] macro requires rt or rt-multi-thread.
[INFO] [stdout]   --> src/tests/methods.rs:61:1
[INFO] [stdout]    |
[INFO] [stdout] 61 | #[tokio::test]
[INFO] [stdout]    | ^^^^^^^^^^^^^^
[INFO] [stdout]    |
[INFO] [stdout]    = note: this error originates in the attribute macro `tokio::test` (in Nightly builds, run with -Z macro-backtrace for more info)
[INFO] [stdout] 
[INFO] [stdout] 
[INFO] [stdout] error: The #[tokio::test] macro requires rt or rt-multi-thread.
[INFO] [stdout]   --> src/tests/methods.rs:70:1
[INFO] [stdout]    |
[INFO] [stdout] 70 | #[tokio::test]
[INFO] [stdout]    | ^^^^^^^^^^^^^^
[INFO] [stdout]    |
[INFO] [stdout]    = note: this error originates in the attribute macro `tokio::test` (in Nightly builds, run with -Z macro-backtrace for more info)
[INFO] [stdout] 
[INFO] [stdout] 
[INFO] [stdout] error[E0599]: no variant or associated item named `Reqwest` found for enum `global::methods::MethodSync` in the current scope
[INFO] [stdout]   --> src/tests/methods.rs:6:29
[INFO] [stdout]    |
[INFO] [stdout] 6  |         .method(MethodSync::Reqwest)
[INFO] [stdout]    |                             ^^^^^^^ variant or associated item not found in `MethodSync`
[INFO] [stdout]    |
[INFO] [stdout]   ::: src/structs/global/methods.rs:31:1
[INFO] [stdout]    |
[INFO] [stdout] 31 | pub enum MethodSync {
[INFO] [stdout]    | ------------------- variant or associated item `Reqwest` not found for this enum
[INFO] [stdout] 
[INFO] [stdout] 
[INFO] [stdout] error[E0599]: no variant or associated item named `Ureq` found for enum `global::methods::MethodSync` in the current scope
[INFO] [stdout]   --> src/tests/methods.rs:14:29
[INFO] [stdout]    |
[INFO] [stdout] 14 |         .method(MethodSync::Ureq)
[INFO] [stdout]    |                             ^^^^ variant or associated item not found in `MethodSync`
[INFO] [stdout]    |
[INFO] [stdout]   ::: src/structs/global/methods.rs:31:1
[INFO] [stdout]    |
[INFO] [stdout] 31 | pub enum MethodSync {
[INFO] [stdout]    | ------------------- variant or associated item `Ureq` not found for this enum
[INFO] [stdout] 
[INFO] [stdout] 
[INFO] [stdout] error[E0599]: no variant or associated item named `MinReqHttp` found for enum `global::methods::MethodSync` in the current scope
[INFO] [stdout]   --> src/tests/methods.rs:40:29
[INFO] [stdout]    |
[INFO] [stdout] 40 |         .method(MethodSync::MinReqHttp)
[INFO] [stdout]    |                             ^^^^^^^^^^ variant or associated item not found in `MethodSync`
[INFO] [stdout]    |
[INFO] [stdout]   ::: src/structs/global/methods.rs:31:1
[INFO] [stdout]    |
[INFO] [stdout] 31 | pub enum MethodSync {
[INFO] [stdout]    | ------------------- variant or associated item `MinReqHttp` not found for this enum
[INFO] [stdout] 
[INFO] [stdout] 
[INFO] [stdout] error[E0599]: no variant or associated item named `MinReq` found for enum `global::methods::MethodSync` in the current scope
[INFO] [stdout]   --> src/tests/methods.rs:48:29
[INFO] [stdout]    |
[INFO] [stdout] 48 |         .method(MethodSync::MinReq)
[INFO] [stdout]    |                             ^^^^^^ variant or associated item not found in `MethodSync`
[INFO] [stdout]    |
[INFO] [stdout]   ::: src/structs/global/methods.rs:31:1
[INFO] [stdout]    |
[INFO] [stdout] 31 | pub enum MethodSync {
[INFO] [stdout]    | ------------------- variant or associated item `MinReq` not found for this enum
[INFO] [stdout] 
[INFO] [stdout] 
[INFO] [stdout] error[E0599]: no variant or associated item named `Isahc` found for enum `global::methods::MethodSync` in the current scope
[INFO] [stdout]   --> src/tests/methods.rs:56:29
[INFO] [stdout]    |
[INFO] [stdout] 56 |         .method(MethodSync::Isahc)
[INFO] [stdout]    |                             ^^^^^ variant or associated item not found in `MethodSync`
[INFO] [stdout]    |
[INFO] [stdout]   ::: src/structs/global/methods.rs:31:1
[INFO] [stdout]    |
[INFO] [stdout] 31 | pub enum MethodSync {
[INFO] [stdout]    | ------------------- variant or associated item `Isahc` not found for this enum
[INFO] [stdout] 
[INFO] [stdout] 
[INFO] [stdout] error: aborting due to 8 previous errors
[INFO] [stdout] 
[INFO] [stdout] 
[INFO] [stdout] For more information about this error, try `rustc --explain E0599`.
[INFO] [stdout] 
[INFO] [stderr] error: could not compile `invidious` (lib test) due to 9 previous errors
[INFO] running `Command { std: "docker" "inspect" "fbf1afb3a19a0cd45f0fef9bad0241dca1d81ad9f23b699007c1cac74ad46e9d", kill_on_drop: false }`
[INFO] running `Command { std: "docker" "rm" "-f" "fbf1afb3a19a0cd45f0fef9bad0241dca1d81ad9f23b699007c1cac74ad46e9d", kill_on_drop: false }`
[INFO] [stdout] fbf1afb3a19a0cd45f0fef9bad0241dca1d81ad9f23b699007c1cac74ad46e9d
