[INFO] fetching crate interval_adapter 0.3.0...
[INFO] testing interval_adapter-0.3.0 against 1.75.0 for beta-1.76-1
[INFO] extracting crate interval_adapter 0.3.0 into /workspace/builds/worker-6-tc1/source
[INFO] validating manifest of crates.io crate interval_adapter 0.3.0 on toolchain 1.75.0
[INFO] running `Command { std: CARGO_HOME="/workspace/cargo-home" RUSTUP_HOME="/workspace/rustup-home" "/workspace/cargo-home/bin/cargo" "+1.75.0" "metadata" "--manifest-path" "Cargo.toml" "--no-deps", kill_on_drop: false }`
[INFO] started tweaking crates.io crate interval_adapter 0.3.0
[INFO] finished tweaking crates.io crate interval_adapter 0.3.0
[INFO] tweaked toml for crates.io crate interval_adapter 0.3.0 written to /workspace/builds/worker-6-tc1/source/Cargo.toml
[INFO] crate crates.io crate interval_adapter 0.3.0 already has a lockfile, it will not be regenerated
[INFO] running `Command { std: CARGO_HOME="/workspace/cargo-home" RUSTUP_HOME="/workspace/rustup-home" "/workspace/cargo-home/bin/cargo" "+1.75.0" "fetch" "--manifest-path" "Cargo.toml", kill_on_drop: false }`
[INFO] [stderr]     Updating crates.io index
[INFO] [stderr]  Downloading crates ...
[INFO] [stderr]   Downloaded interval_adapter v0.2.3
[INFO] [stderr]   Downloaded typing_tools v0.2.0
[INFO] [stderr]   Downloaded macro_tools v0.2.0
[INFO] [stderr]   Downloaded derive_tools v0.2.0
[INFO] [stderr]   Downloaded impls_index_meta v0.2.0
[INFO] [stderr]   Downloaded implements v0.3.0
[INFO] [stderr]   Downloaded inspect_type v0.4.0
[INFO] [stderr]   Downloaded impls_index v0.2.0
[INFO] [stderr]   Downloaded diagnostics_tools v0.2.0
[INFO] [stderr]   Downloaded is_slice v0.3.0
[INFO] [stderr]   Downloaded derive_tools_meta v0.2.0
[INFO] [stderr]   Downloaded mod_interface_meta v0.3.0
[INFO] [stderr]   Downloaded for_each v0.3.0
[INFO] [stderr]   Downloaded meta_tools v0.4.0
[INFO] [stderr]   Downloaded mod_interface v0.3.0
[INFO] [stderr]   Downloaded test_tools v0.3.0
[INFO] running `Command { std: "docker" "create" "-v" "/var/lib/crater-agent-workspace/builds/worker-6-tc1/target:/opt/rustwide/target:rw,Z" "-v" "/var/lib/crater-agent-workspace/builds/worker-6-tc1/source:/opt/rustwide/workdir:ro,Z" "-v" "/var/lib/crater-agent-workspace/cargo-home:/opt/rustwide/cargo-home:ro,Z" "-v" "/var/lib/crater-agent-workspace/rustup-home:/opt/rustwide/rustup-home:ro,Z" "-e" "SOURCE_DIR=/opt/rustwide/workdir" "-e" "CARGO_TARGET_DIR=/opt/rustwide/target" "-e" "CARGO_HOME=/opt/rustwide/cargo-home" "-e" "RUSTUP_HOME=/opt/rustwide/rustup-home" "-w" "/opt/rustwide/workdir" "-m" "1610612736" "--user" "0:0" "--network" "none" "ghcr.io/rust-lang/crates-build-env/linux@sha256:2788e3201cd34a07e3172128adcd8b3090168a8e3bcc40d7c032b9dda1df7d1c" "/opt/rustwide/cargo-home/bin/cargo" "+1.75.0" "metadata" "--no-deps" "--format-version=1", kill_on_drop: false }`
[INFO] [stdout] e2658036e5cdbd604409eb1be2aac5d3e98bcdb6476203a89baca6f334928a0b
[INFO] running `Command { std: "docker" "start" "-a" "e2658036e5cdbd604409eb1be2aac5d3e98bcdb6476203a89baca6f334928a0b", kill_on_drop: false }`
[INFO] running `Command { std: "docker" "inspect" "e2658036e5cdbd604409eb1be2aac5d3e98bcdb6476203a89baca6f334928a0b", kill_on_drop: false }`
[INFO] running `Command { std: "docker" "rm" "-f" "e2658036e5cdbd604409eb1be2aac5d3e98bcdb6476203a89baca6f334928a0b", kill_on_drop: false }`
[INFO] [stdout] e2658036e5cdbd604409eb1be2aac5d3e98bcdb6476203a89baca6f334928a0b
[INFO] running `Command { std: "docker" "create" "-v" "/var/lib/crater-agent-workspace/builds/worker-6-tc1/target:/opt/rustwide/target:rw,Z" "-v" "/var/lib/crater-agent-workspace/builds/worker-6-tc1/source:/opt/rustwide/workdir:ro,Z" "-v" "/var/lib/crater-agent-workspace/cargo-home:/opt/rustwide/cargo-home:ro,Z" "-v" "/var/lib/crater-agent-workspace/rustup-home:/opt/rustwide/rustup-home:ro,Z" "-e" "SOURCE_DIR=/opt/rustwide/workdir" "-e" "CARGO_TARGET_DIR=/opt/rustwide/target" "-e" "CARGO_INCREMENTAL=0" "-e" "RUST_BACKTRACE=full" "-e" "RUSTFLAGS=--cap-lints=warn" "-e" "RUSTDOCFLAGS=--cap-lints=warn" "-e" "CARGO_HOME=/opt/rustwide/cargo-home" "-e" "RUSTUP_HOME=/opt/rustwide/rustup-home" "-w" "/opt/rustwide/workdir" "-m" "1610612736" "--user" "0:0" "--network" "none" "ghcr.io/rust-lang/crates-build-env/linux@sha256:2788e3201cd34a07e3172128adcd8b3090168a8e3bcc40d7c032b9dda1df7d1c" "/opt/rustwide/cargo-home/bin/cargo" "+1.75.0" "build" "--frozen" "--message-format=json", kill_on_drop: false }`
[INFO] [stdout] 4a5b03605212fd598bdb32f5daec2dc4f8a02a38d4bf83438710092aff80b255
[INFO] running `Command { std: "docker" "start" "-a" "4a5b03605212fd598bdb32f5daec2dc4f8a02a38d4bf83438710092aff80b255", kill_on_drop: false }`
[INFO] [stderr]    Compiling interval_adapter v0.3.0 (/opt/rustwide/workdir)
[INFO] [stderr]     Finished dev [unoptimized + debuginfo] target(s) in 0.20s
[INFO] running `Command { std: "docker" "inspect" "4a5b03605212fd598bdb32f5daec2dc4f8a02a38d4bf83438710092aff80b255", kill_on_drop: false }`
[INFO] running `Command { std: "docker" "rm" "-f" "4a5b03605212fd598bdb32f5daec2dc4f8a02a38d4bf83438710092aff80b255", kill_on_drop: false }`
[INFO] [stdout] 4a5b03605212fd598bdb32f5daec2dc4f8a02a38d4bf83438710092aff80b255
[INFO] running `Command { std: "docker" "create" "-v" "/var/lib/crater-agent-workspace/builds/worker-6-tc1/target:/opt/rustwide/target:rw,Z" "-v" "/var/lib/crater-agent-workspace/builds/worker-6-tc1/source:/opt/rustwide/workdir:ro,Z" "-v" "/var/lib/crater-agent-workspace/cargo-home:/opt/rustwide/cargo-home:ro,Z" "-v" "/var/lib/crater-agent-workspace/rustup-home:/opt/rustwide/rustup-home:ro,Z" "-e" "SOURCE_DIR=/opt/rustwide/workdir" "-e" "CARGO_TARGET_DIR=/opt/rustwide/target" "-e" "CARGO_INCREMENTAL=0" "-e" "RUST_BACKTRACE=full" "-e" "RUSTFLAGS=--cap-lints=warn" "-e" "RUSTDOCFLAGS=--cap-lints=warn" "-e" "CARGO_HOME=/opt/rustwide/cargo-home" "-e" "RUSTUP_HOME=/opt/rustwide/rustup-home" "-w" "/opt/rustwide/workdir" "-m" "1610612736" "--user" "0:0" "--network" "none" "ghcr.io/rust-lang/crates-build-env/linux@sha256:2788e3201cd34a07e3172128adcd8b3090168a8e3bcc40d7c032b9dda1df7d1c" "/opt/rustwide/cargo-home/bin/cargo" "+1.75.0" "test" "--frozen" "--no-run" "--message-format=json", kill_on_drop: false }`
[INFO] [stdout] accfb27bd58e12fffda167af1a37ed88195978b35980a1c559f9afadb2bd1e9f
[INFO] running `Command { std: "docker" "start" "-a" "accfb27bd58e12fffda167af1a37ed88195978b35980a1c559f9afadb2bd1e9f", kill_on_drop: false }`
[INFO] [stderr]    Compiling proc-macro2 v1.0.68
[INFO] [stderr]    Compiling unicode-ident v1.0.12
[INFO] [stderr]    Compiling syn v1.0.109
[INFO] [stderr]    Compiling interval_adapter v0.2.3
[INFO] [stderr]    Compiling convert_case v0.4.0
[INFO] [stderr]    Compiling serde v1.0.188
[INFO] [stderr]    Compiling serde_json v1.0.107
[INFO] [stderr]    Compiling autocfg v1.1.0
[INFO] [stderr]    Compiling paste v1.0.14
[INFO] [stderr]    Compiling ryu v1.0.15
[INFO] [stderr]    Compiling rustversion v1.0.14
[INFO] [stderr]    Compiling trybuild v1.0.85
[INFO] [stderr]    Compiling num-traits v0.2.16
[INFO] [stderr]    Compiling anyhow v1.0.75
[INFO] [stderr]    Compiling itoa v1.0.9
[INFO] [stderr]    Compiling diff v0.1.13
[INFO] [stderr]    Compiling glob v0.3.1
[INFO] [stderr]    Compiling type_constructor v0.1.19
[INFO] [stderr]    Compiling pretty_assertions v1.2.1
[INFO] [stderr]    Compiling literally v0.1.3
[INFO] [stderr]    Compiling for_each v0.3.0
[INFO] [stderr]    Compiling inspect_type v0.4.0
[INFO] [stderr]    Compiling quote v1.0.33
[INFO] [stderr]    Compiling termcolor v1.3.0
[INFO] [stderr]    Compiling winterval v0.1.5
[INFO] [stderr]    Compiling is_slice v0.3.0
[INFO] [stderr]    Compiling syn v2.0.38
[INFO] [stderr]    Compiling dissimilar v1.0.7
[INFO] [stderr]    Compiling implements v0.3.0
[INFO] [stderr]    Compiling once_cell v1.18.0
[INFO] [stderr]    Compiling either v1.6.1
[INFO] [stderr]    Compiling typing_tools v0.2.0
[INFO] [stderr]    Compiling diagnostics_tools v0.2.0
[INFO] [stderr]    Compiling data_type v0.1.9
[INFO] [stderr]    Compiling mem_tools v0.1.1
[INFO] [stderr]    Compiling basic-toml v0.1.4
[INFO] [stderr]    Compiling serde_derive v1.0.188
[INFO] [stderr]    Compiling macro_tools v0.2.0
[INFO] [stderr]    Compiling derive_tools_meta v0.2.0
[INFO] [stderr]    Compiling derive_more v0.99.17
[INFO] [stderr]    Compiling impls_index_meta v0.2.0
[INFO] [stderr]    Compiling impls_index v0.2.0
[INFO] [stderr]    Compiling derive_tools v0.2.0
[INFO] [stderr]    Compiling mod_interface_meta v0.3.0
[INFO] [stderr]    Compiling mod_interface v0.3.0
[INFO] [stderr]    Compiling meta_tools v0.4.0
[INFO] [stderr]    Compiling test_tools v0.3.0
[INFO] [stderr]    Compiling interval_adapter v0.3.0 (/opt/rustwide/workdir)
[INFO] [stdout] error[E0034]: multiple applicable items in scope
[INFO] [stdout]    --> tests/inc/mod.rs:150:16
[INFO] [stdout]     |
[INFO] [stdout] 150 |       a_id!( src.closed(), ( 2, 4 ) );
[INFO] [stdout]     |                  ^^^^^^ multiple `closed` found
[INFO] [stdout] ...
[INFO] [stdout] 235 | / tests_index!
[INFO] [stdout] 236 | | {
[INFO] [stdout] 237 | |   info_from,
[INFO] [stdout] 238 | |   from_std,
[INFO] [stdout] ...   |
[INFO] [stdout] 244 | |   non_interable_smoke,
[INFO] [stdout] 245 | | }
[INFO] [stdout]     | |_- in this macro invocation
[INFO] [stdout]     |
[INFO] [stdout]     = note: candidate #1 is defined in an impl of the trait `test_tools::IntervalAdapter` for the type `RangeInclusive<T>`
[INFO] [stdout]     = note: candidate #2 is defined in an impl of the trait `interval_adapter::NonIterableInterval` for the type `RangeInclusive<T>`
[INFO] [stdout]     = note: this error originates in the macro `adapter_std_closed` which comes from the expansion of the macro `tests_index` (in Nightly builds, run with -Z macro-backtrace for more info)
[INFO] [stdout] help: disambiguate the method for candidate #1
[INFO] [stdout]     |
[INFO] [stdout] 150 |     a_id!( test_tools::IntervalAdapter::closed(&src), ( 2, 4 ) );
[INFO] [stdout]     |            ~~~~~~~~~~~~~~~~~~~~~~~~~~~~~~~~~~~~~~~~~
[INFO] [stdout] help: disambiguate the method for candidate #2
[INFO] [stdout]     |
[INFO] [stdout] 150 |     a_id!( interval_adapter::NonIterableInterval::closed(&src), ( 2, 4 ) );
[INFO] [stdout]     |            ~~~~~~~~~~~~~~~~~~~~~~~~~~~~~~~~~~~~~~~~~~~~~~~~~~~
[INFO] [stdout] 
[INFO] [stdout] 
[INFO] [stdout] error[E0034]: multiple applicable items in scope
[INFO] [stdout]    --> tests/inc/mod.rs:129:16
[INFO] [stdout]     |
[INFO] [stdout] 129 |       a_id!( src.closed(), ( 2, 4 ) );
[INFO] [stdout]     |                  ^^^^^^ multiple `closed` found
[INFO] [stdout] ...
[INFO] [stdout] 235 | / tests_index!
[INFO] [stdout] 236 | | {
[INFO] [stdout] 237 | |   info_from,
[INFO] [stdout] 238 | |   from_std,
[INFO] [stdout] ...   |
[INFO] [stdout] 244 | |   non_interable_smoke,
[INFO] [stdout] 245 | | }
[INFO] [stdout]     | |_- in this macro invocation
[INFO] [stdout]     |
[INFO] [stdout]     = note: candidate #1 is defined in an impl of the trait `test_tools::IntervalAdapter` for the type `std::ops::Range<T>`
[INFO] [stdout]     = note: candidate #2 is defined in an impl of the trait `interval_adapter::NonIterableInterval` for the type `std::ops::Range<T>`
[INFO] [stdout]     = note: this error originates in the macro `adapter_std_closed_open` which comes from the expansion of the macro `tests_index` (in Nightly builds, run with -Z macro-backtrace for more info)
[INFO] [stdout] help: disambiguate the method for candidate #1
[INFO] [stdout]     |
[INFO] [stdout] 129 |     a_id!( test_tools::IntervalAdapter::closed(&src), ( 2, 4 ) );
[INFO] [stdout]     |            ~~~~~~~~~~~~~~~~~~~~~~~~~~~~~~~~~~~~~~~~~
[INFO] [stdout] help: disambiguate the method for candidate #2
[INFO] [stdout]     |
[INFO] [stdout] 129 |     a_id!( interval_adapter::NonIterableInterval::closed(&src), ( 2, 4 ) );
[INFO] [stdout]     |            ~~~~~~~~~~~~~~~~~~~~~~~~~~~~~~~~~~~~~~~~~~~~~~~~~~~
[INFO] [stdout] 
[INFO] [stdout] 
[INFO] [stdout] error: aborting due to 2 previous errors
[INFO] [stdout] 
[INFO] [stdout] 
[INFO] [stdout] For more information about this error, try `rustc --explain E0034`.
[INFO] [stdout] 
[INFO] [stderr] error: could not compile `interval_adapter` (test "interval_tests") due to 3 previous errors
[INFO] [stderr] warning: build failed, waiting for other jobs to finish...
[INFO] running `Command { std: "docker" "inspect" "accfb27bd58e12fffda167af1a37ed88195978b35980a1c559f9afadb2bd1e9f", kill_on_drop: false }`
[INFO] running `Command { std: "docker" "rm" "-f" "accfb27bd58e12fffda167af1a37ed88195978b35980a1c559f9afadb2bd1e9f", kill_on_drop: false }`
[INFO] [stdout] accfb27bd58e12fffda167af1a37ed88195978b35980a1c559f9afadb2bd1e9f
[INFO] testing interval_adapter-0.3.0 against beta-2023-12-22 for beta-1.76-1
[INFO] extracting crate interval_adapter 0.3.0 into /workspace/builds/worker-6-tc2/source
[INFO] validating manifest of crates.io crate interval_adapter 0.3.0 on toolchain beta-2023-12-22
[INFO] running `Command { std: CARGO_HOME="/workspace/cargo-home" RUSTUP_HOME="/workspace/rustup-home" "/workspace/cargo-home/bin/cargo" "+beta-2023-12-22" "metadata" "--manifest-path" "Cargo.toml" "--no-deps", kill_on_drop: false }`
[INFO] started tweaking crates.io crate interval_adapter 0.3.0
[INFO] finished tweaking crates.io crate interval_adapter 0.3.0
[INFO] tweaked toml for crates.io crate interval_adapter 0.3.0 written to /workspace/builds/worker-6-tc2/source/Cargo.toml
[INFO] crate crates.io crate interval_adapter 0.3.0 already has a lockfile, it will not be regenerated
[INFO] running `Command { std: CARGO_HOME="/workspace/cargo-home" RUSTUP_HOME="/workspace/rustup-home" "/workspace/cargo-home/bin/cargo" "+beta-2023-12-22" "fetch" "--manifest-path" "Cargo.toml", kill_on_drop: false }`
[INFO] running `Command { std: "docker" "create" "-v" "/var/lib/crater-agent-workspace/builds/worker-6-tc2/target:/opt/rustwide/target:rw,Z" "-v" "/var/lib/crater-agent-workspace/builds/worker-6-tc2/source:/opt/rustwide/workdir:ro,Z" "-v" "/var/lib/crater-agent-workspace/cargo-home:/opt/rustwide/cargo-home:ro,Z" "-v" "/var/lib/crater-agent-workspace/rustup-home:/opt/rustwide/rustup-home:ro,Z" "-e" "SOURCE_DIR=/opt/rustwide/workdir" "-e" "CARGO_TARGET_DIR=/opt/rustwide/target" "-e" "CARGO_HOME=/opt/rustwide/cargo-home" "-e" "RUSTUP_HOME=/opt/rustwide/rustup-home" "-w" "/opt/rustwide/workdir" "-m" "1610612736" "--user" "0:0" "--network" "none" "ghcr.io/rust-lang/crates-build-env/linux@sha256:2788e3201cd34a07e3172128adcd8b3090168a8e3bcc40d7c032b9dda1df7d1c" "/opt/rustwide/cargo-home/bin/cargo" "+beta-2023-12-22" "metadata" "--no-deps" "--format-version=1", kill_on_drop: false }`
[INFO] [stdout] 919cfa2525e684d7fdee2117e3e327294d30bbd6be121427d8409a43af4a5581
[INFO] running `Command { std: "docker" "start" "-a" "919cfa2525e684d7fdee2117e3e327294d30bbd6be121427d8409a43af4a5581", kill_on_drop: false }`
[INFO] running `Command { std: "docker" "inspect" "919cfa2525e684d7fdee2117e3e327294d30bbd6be121427d8409a43af4a5581", kill_on_drop: false }`
[INFO] running `Command { std: "docker" "rm" "-f" "919cfa2525e684d7fdee2117e3e327294d30bbd6be121427d8409a43af4a5581", kill_on_drop: false }`
[INFO] [stdout] 919cfa2525e684d7fdee2117e3e327294d30bbd6be121427d8409a43af4a5581
[INFO] running `Command { std: "docker" "create" "-v" "/var/lib/crater-agent-workspace/builds/worker-6-tc2/target:/opt/rustwide/target:rw,Z" "-v" "/var/lib/crater-agent-workspace/builds/worker-6-tc2/source:/opt/rustwide/workdir:ro,Z" "-v" "/var/lib/crater-agent-workspace/cargo-home:/opt/rustwide/cargo-home:ro,Z" "-v" "/var/lib/crater-agent-workspace/rustup-home:/opt/rustwide/rustup-home:ro,Z" "-e" "SOURCE_DIR=/opt/rustwide/workdir" "-e" "CARGO_TARGET_DIR=/opt/rustwide/target" "-e" "CARGO_INCREMENTAL=0" "-e" "RUST_BACKTRACE=full" "-e" "RUSTFLAGS=--cap-lints=warn" "-e" "RUSTDOCFLAGS=--cap-lints=warn" "-e" "CARGO_HOME=/opt/rustwide/cargo-home" "-e" "RUSTUP_HOME=/opt/rustwide/rustup-home" "-w" "/opt/rustwide/workdir" "-m" "1610612736" "--user" "0:0" "--network" "none" "ghcr.io/rust-lang/crates-build-env/linux@sha256:2788e3201cd34a07e3172128adcd8b3090168a8e3bcc40d7c032b9dda1df7d1c" "/opt/rustwide/cargo-home/bin/cargo" "+beta-2023-12-22" "build" "--frozen" "--message-format=json", kill_on_drop: false }`
[INFO] [stdout] 0bcadbfdb2b4fee0dbfe0a89f59983248501d3f421194fbb9147581f36bd5a90
[INFO] running `Command { std: "docker" "start" "-a" "0bcadbfdb2b4fee0dbfe0a89f59983248501d3f421194fbb9147581f36bd5a90", kill_on_drop: false }`
[INFO] [stderr]    Compiling interval_adapter v0.3.0 (/opt/rustwide/workdir)
[INFO] [stderr]     Finished dev [unoptimized + debuginfo] target(s) in 0.11s
[INFO] running `Command { std: "docker" "inspect" "0bcadbfdb2b4fee0dbfe0a89f59983248501d3f421194fbb9147581f36bd5a90", kill_on_drop: false }`
[INFO] running `Command { std: "docker" "rm" "-f" "0bcadbfdb2b4fee0dbfe0a89f59983248501d3f421194fbb9147581f36bd5a90", kill_on_drop: false }`
[INFO] [stdout] 0bcadbfdb2b4fee0dbfe0a89f59983248501d3f421194fbb9147581f36bd5a90
[INFO] running `Command { std: "docker" "create" "-v" "/var/lib/crater-agent-workspace/builds/worker-6-tc2/target:/opt/rustwide/target:rw,Z" "-v" "/var/lib/crater-agent-workspace/builds/worker-6-tc2/source:/opt/rustwide/workdir:ro,Z" "-v" "/var/lib/crater-agent-workspace/cargo-home:/opt/rustwide/cargo-home:ro,Z" "-v" "/var/lib/crater-agent-workspace/rustup-home:/opt/rustwide/rustup-home:ro,Z" "-e" "SOURCE_DIR=/opt/rustwide/workdir" "-e" "CARGO_TARGET_DIR=/opt/rustwide/target" "-e" "CARGO_INCREMENTAL=0" "-e" "RUST_BACKTRACE=full" "-e" "RUSTFLAGS=--cap-lints=warn" "-e" "RUSTDOCFLAGS=--cap-lints=warn" "-e" "CARGO_HOME=/opt/rustwide/cargo-home" "-e" "RUSTUP_HOME=/opt/rustwide/rustup-home" "-w" "/opt/rustwide/workdir" "-m" "1610612736" "--user" "0:0" "--network" "none" "ghcr.io/rust-lang/crates-build-env/linux@sha256:2788e3201cd34a07e3172128adcd8b3090168a8e3bcc40d7c032b9dda1df7d1c" "/opt/rustwide/cargo-home/bin/cargo" "+beta-2023-12-22" "test" "--frozen" "--no-run" "--message-format=json", kill_on_drop: false }`
[INFO] [stdout] cc7156a40c22506bc54762c62488c3a72140f5e62e327af582f8ca31aca10360
[INFO] running `Command { std: "docker" "start" "-a" "cc7156a40c22506bc54762c62488c3a72140f5e62e327af582f8ca31aca10360", kill_on_drop: false }`
[INFO] [stderr]    Compiling proc-macro2 v1.0.68
[INFO] [stderr]    Compiling unicode-ident v1.0.12
[INFO] [stderr]    Compiling syn v1.0.109
[INFO] [stderr]    Compiling interval_adapter v0.2.3
[INFO] [stderr]    Compiling serde v1.0.188
[INFO] [stderr]    Compiling convert_case v0.4.0
[INFO] [stderr]    Compiling autocfg v1.1.0
[INFO] [stderr]    Compiling paste v1.0.14
[INFO] [stderr]    Compiling serde_json v1.0.107
[INFO] [stderr]    Compiling diff v0.1.13
[INFO] [stderr]    Compiling itoa v1.0.9
[INFO] [stderr]    Compiling trybuild v1.0.85
[INFO] [stderr]    Compiling anyhow v1.0.75
[INFO] [stderr]    Compiling num-traits v0.2.16
[INFO] [stderr]    Compiling rustversion v1.0.14
[INFO] [stderr]    Compiling ryu v1.0.15
[INFO] [stderr]    Compiling pretty_assertions v1.2.1
[INFO] [stderr]    Compiling implements v0.3.0
[INFO] [stderr]    Compiling either v1.6.1
[INFO] [stderr]    Compiling is_slice v0.3.0
[INFO] [stderr]    Compiling quote v1.0.33
[INFO] [stderr]    Compiling type_constructor v0.1.19
[INFO] [stderr]    Compiling literally v0.1.3
[INFO] [stderr]    Compiling inspect_type v0.4.0
[INFO] [stderr]    Compiling winterval v0.1.5
[INFO] [stderr]    Compiling dissimilar v1.0.7
[INFO] [stderr]    Compiling glob v0.3.1
[INFO] [stderr]    Compiling for_each v0.3.0
[INFO] [stderr]    Compiling syn v2.0.38
[INFO] [stderr]    Compiling once_cell v1.18.0
[INFO] [stderr]    Compiling termcolor v1.3.0
[INFO] [stderr]    Compiling data_type v0.1.9
[INFO] [stderr]    Compiling typing_tools v0.2.0
[INFO] [stderr]    Compiling diagnostics_tools v0.2.0
[INFO] [stderr]    Compiling mem_tools v0.1.1
[INFO] [stderr]    Compiling serde_derive v1.0.188
[INFO] [stderr]    Compiling basic-toml v0.1.4
[INFO] [stderr]    Compiling macro_tools v0.2.0
[INFO] [stderr]    Compiling derive_tools_meta v0.2.0
[INFO] [stderr]    Compiling derive_more v0.99.17
[INFO] [stderr]    Compiling impls_index_meta v0.2.0
[INFO] [stderr]    Compiling impls_index v0.2.0
[INFO] [stderr]    Compiling derive_tools v0.2.0
[INFO] [stderr]    Compiling mod_interface_meta v0.3.0
[INFO] [stderr]    Compiling mod_interface v0.3.0
[INFO] [stderr]    Compiling meta_tools v0.4.0
[INFO] [stderr]    Compiling test_tools v0.3.0
[INFO] [stderr]    Compiling interval_adapter v0.3.0 (/opt/rustwide/workdir)
[INFO] [stdout] error[E0034]: multiple applicable items in scope
[INFO] [stdout]    --> tests/inc/mod.rs:150:16
[INFO] [stdout]     |
[INFO] [stdout] 150 |       a_id!( src.closed(), ( 2, 4 ) );
[INFO] [stdout]     |                  ^^^^^^ multiple `closed` found
[INFO] [stdout] ...
[INFO] [stdout] 235 | / tests_index!
[INFO] [stdout] 236 | | {
[INFO] [stdout] 237 | |   info_from,
[INFO] [stdout] 238 | |   from_std,
[INFO] [stdout] ...   |
[INFO] [stdout] 244 | |   non_interable_smoke,
[INFO] [stdout] 245 | | }
[INFO] [stdout]     | |_- in this macro invocation
[INFO] [stdout]     |
[INFO] [stdout]     = note: candidate #1 is defined in an impl of the trait `test_tools::IntervalAdapter` for the type `RangeInclusive<T>`
[INFO] [stdout]     = note: candidate #2 is defined in an impl of the trait `interval_adapter::NonIterableInterval` for the type `RangeInclusive<T>`
[INFO] [stdout]     = note: this error originates in the macro `adapter_std_closed` which comes from the expansion of the macro `tests_index` (in Nightly builds, run with -Z macro-backtrace for more info)
[INFO] [stdout] help: disambiguate the method for candidate #1
[INFO] [stdout]     |
[INFO] [stdout] 150 |     a_id!( test_tools::IntervalAdapter::closed(&src), ( 2, 4 ) );
[INFO] [stdout]     |            ~~~~~~~~~~~~~~~~~~~~~~~~~~~~~~~~~~~~~~~~~
[INFO] [stdout] help: disambiguate the method for candidate #2
[INFO] [stdout]     |
[INFO] [stdout] 150 |     a_id!( interval_adapter::NonIterableInterval::closed(&src), ( 2, 4 ) );
[INFO] [stdout]     |            ~~~~~~~~~~~~~~~~~~~~~~~~~~~~~~~~~~~~~~~~~~~~~~~~~~~
[INFO] [stdout] 
[INFO] [stdout] 
[INFO] [stdout] error[E0034]: multiple applicable items in scope
[INFO] [stdout]    --> tests/inc/mod.rs:129:16
[INFO] [stdout]     |
[INFO] [stdout] 129 |       a_id!( src.closed(), ( 2, 4 ) );
[INFO] [stdout]     |                  ^^^^^^ multiple `closed` found
[INFO] [stdout] ...
[INFO] [stdout] 235 | / tests_index!
[INFO] [stdout] 236 | | {
[INFO] [stdout] 237 | |   info_from,
[INFO] [stdout] 238 | |   from_std,
[INFO] [stdout] ...   |
[INFO] [stdout] 244 | |   non_interable_smoke,
[INFO] [stdout] 245 | | }
[INFO] [stdout]     | |_- in this macro invocation
[INFO] [stdout]     |
[INFO] [stdout]     = note: candidate #1 is defined in an impl of the trait `test_tools::IntervalAdapter` for the type `std::ops::Range<T>`
[INFO] [stdout]     = note: candidate #2 is defined in an impl of the trait `interval_adapter::NonIterableInterval` for the type `std::ops::Range<T>`
[INFO] [stdout]     = note: this error originates in the macro `adapter_std_closed_open` which comes from the expansion of the macro `tests_index` (in Nightly builds, run with -Z macro-backtrace for more info)
[INFO] [stdout] help: disambiguate the method for candidate #1
[INFO] [stdout]     |
[INFO] [stdout] 129 |     a_id!( test_tools::IntervalAdapter::closed(&src), ( 2, 4 ) );
[INFO] [stdout]     |            ~~~~~~~~~~~~~~~~~~~~~~~~~~~~~~~~~~~~~~~~~
[INFO] [stdout] help: disambiguate the method for candidate #2
[INFO] [stdout]     |
[INFO] [stdout] 129 |     a_id!( interval_adapter::NonIterableInterval::closed(&src), ( 2, 4 ) );
[INFO] [stdout]     |            ~~~~~~~~~~~~~~~~~~~~~~~~~~~~~~~~~~~~~~~~~~~~~~~~~~~
[INFO] [stdout] 
[INFO] [stdout] 
[INFO] [stdout] error: aborting due to 2 previous errors
[INFO] [stdout] 
[INFO] [stdout] 
[INFO] [stdout] For more information about this error, try `rustc --explain E0034`.
[INFO] [stdout] 
[INFO] [stderr] error: could not compile `interval_adapter` (test "interval_tests") due to 3 previous errors
[INFO] [stderr] warning: build failed, waiting for other jobs to finish...
[INFO] running `Command { std: "docker" "inspect" "cc7156a40c22506bc54762c62488c3a72140f5e62e327af582f8ca31aca10360", kill_on_drop: false }`
[INFO] running `Command { std: "docker" "rm" "-f" "cc7156a40c22506bc54762c62488c3a72140f5e62e327af582f8ca31aca10360", kill_on_drop: false }`
[INFO] [stdout] cc7156a40c22506bc54762c62488c3a72140f5e62e327af582f8ca31aca10360
