[INFO] fetching crate interledger 0.6.0...
[INFO] testing interledger-0.6.0 against 1.75.0 for beta-1.76-1
[INFO] extracting crate interledger 0.6.0 into /workspace/builds/worker-4-tc1/source
[INFO] validating manifest of crates.io crate interledger 0.6.0 on toolchain 1.75.0
[INFO] running `Command { std: CARGO_HOME="/workspace/cargo-home" RUSTUP_HOME="/workspace/rustup-home" "/workspace/cargo-home/bin/cargo" "+1.75.0" "metadata" "--manifest-path" "Cargo.toml" "--no-deps", kill_on_drop: false }`
[INFO] started tweaking crates.io crate interledger 0.6.0
[INFO] finished tweaking crates.io crate interledger 0.6.0
[INFO] tweaked toml for crates.io crate interledger 0.6.0 written to /workspace/builds/worker-4-tc1/source/Cargo.toml
[INFO] running `Command { std: CARGO_HOME="/workspace/cargo-home" RUSTUP_HOME="/workspace/rustup-home" "/workspace/cargo-home/bin/cargo" "+1.75.0" "generate-lockfile" "--manifest-path" "Cargo.toml", kill_on_drop: false }`
[INFO] [stderr]     Updating crates.io index
[INFO] running `Command { std: CARGO_HOME="/workspace/cargo-home" RUSTUP_HOME="/workspace/rustup-home" "/workspace/cargo-home/bin/cargo" "+1.75.0" "fetch" "--manifest-path" "Cargo.toml", kill_on_drop: false }`
[INFO] [stderr]  Downloading crates ...
[INFO] [stderr]   Downloaded interledger-ildcp v0.4.0
[INFO] [stderr]   Downloaded stream-cancel v0.4.4
[INFO] [stderr]   Downloaded headers-core v0.1.1
[INFO] [stderr]   Downloaded interledger-router v0.4.0
[INFO] [stderr]   Downloaded headers v0.2.3
[INFO] [stderr]   Downloaded interledger-service v0.4.0
[INFO] [stderr]   Downloaded interledger-spsp v0.4.0
[INFO] [stderr]   Downloaded warp v0.1.23
[INFO] [stderr]   Downloaded redis v0.13.0
[INFO] [stderr]   Downloaded interledger-btp v0.4.0
[INFO] [stderr]   Downloaded tokio-dns-unofficial v0.3.1
[INFO] [stderr]   Downloaded zeroize v1.0.0
[INFO] [stderr]   Downloaded futures-retry v0.3.3
[INFO] [stderr]   Downloaded input_buffer v0.2.0
[INFO] [stderr]   Downloaded interledger-api v0.3.0
[INFO] [stderr]   Downloaded interledger-packet v0.4.0
[INFO] [stderr]   Downloaded tokio-tungstenite v0.9.0
[INFO] [stderr]   Downloaded interledger-ccp v0.3.0
[INFO] [stderr]   Downloaded interledger-service-util v0.4.0
[INFO] [stderr]   Downloaded interledger-store-redis v0.4.0
[INFO] [stderr]   Downloaded tracing-futures v0.1.1
[INFO] [stderr]   Downloaded interledger-http v0.4.0
[INFO] [stderr]   Downloaded tungstenite v0.9.2
[INFO] [stderr]   Downloaded interledger-settlement v0.3.0
[INFO] [stderr]   Downloaded interledger-stream v0.4.0
[INFO] [stderr]   Downloaded secrecy v0.5.2
[INFO] running `Command { std: "docker" "create" "-v" "/var/lib/crater-agent-workspace/builds/worker-4-tc1/target:/opt/rustwide/target:rw,Z" "-v" "/var/lib/crater-agent-workspace/builds/worker-4-tc1/source:/opt/rustwide/workdir:ro,Z" "-v" "/var/lib/crater-agent-workspace/cargo-home:/opt/rustwide/cargo-home:ro,Z" "-v" "/var/lib/crater-agent-workspace/rustup-home:/opt/rustwide/rustup-home:ro,Z" "-e" "SOURCE_DIR=/opt/rustwide/workdir" "-e" "CARGO_TARGET_DIR=/opt/rustwide/target" "-e" "CARGO_HOME=/opt/rustwide/cargo-home" "-e" "RUSTUP_HOME=/opt/rustwide/rustup-home" "-w" "/opt/rustwide/workdir" "-m" "1610612736" "--user" "0:0" "--network" "none" "ghcr.io/rust-lang/crates-build-env/linux@sha256:2788e3201cd34a07e3172128adcd8b3090168a8e3bcc40d7c032b9dda1df7d1c" "/opt/rustwide/cargo-home/bin/cargo" "+1.75.0" "metadata" "--no-deps" "--format-version=1", kill_on_drop: false }`
[INFO] [stdout] c78baa4d4eb3c621dd83fdb4d7c2fdd6a3d25c8620589e6f796739040b60ad2d
[INFO] running `Command { std: "docker" "start" "-a" "c78baa4d4eb3c621dd83fdb4d7c2fdd6a3d25c8620589e6f796739040b60ad2d", kill_on_drop: false }`
[INFO] running `Command { std: "docker" "inspect" "c78baa4d4eb3c621dd83fdb4d7c2fdd6a3d25c8620589e6f796739040b60ad2d", kill_on_drop: false }`
[INFO] running `Command { std: "docker" "rm" "-f" "c78baa4d4eb3c621dd83fdb4d7c2fdd6a3d25c8620589e6f796739040b60ad2d", kill_on_drop: false }`
[INFO] [stdout] c78baa4d4eb3c621dd83fdb4d7c2fdd6a3d25c8620589e6f796739040b60ad2d
[INFO] running `Command { std: "docker" "create" "-v" "/var/lib/crater-agent-workspace/builds/worker-4-tc1/target:/opt/rustwide/target:rw,Z" "-v" "/var/lib/crater-agent-workspace/builds/worker-4-tc1/source:/opt/rustwide/workdir:ro,Z" "-v" "/var/lib/crater-agent-workspace/cargo-home:/opt/rustwide/cargo-home:ro,Z" "-v" "/var/lib/crater-agent-workspace/rustup-home:/opt/rustwide/rustup-home:ro,Z" "-e" "SOURCE_DIR=/opt/rustwide/workdir" "-e" "CARGO_TARGET_DIR=/opt/rustwide/target" "-e" "CARGO_INCREMENTAL=0" "-e" "RUST_BACKTRACE=full" "-e" "RUSTFLAGS=--cap-lints=warn" "-e" "RUSTDOCFLAGS=--cap-lints=warn" "-e" "CARGO_HOME=/opt/rustwide/cargo-home" "-e" "RUSTUP_HOME=/opt/rustwide/rustup-home" "-w" "/opt/rustwide/workdir" "-m" "1610612736" "--user" "0:0" "--network" "none" "ghcr.io/rust-lang/crates-build-env/linux@sha256:2788e3201cd34a07e3172128adcd8b3090168a8e3bcc40d7c032b9dda1df7d1c" "/opt/rustwide/cargo-home/bin/cargo" "+1.75.0" "build" "--frozen" "--message-format=json", kill_on_drop: false }`
[INFO] [stdout] 8659bf1fa87f9f258f73d6dfb2f91bba2025e223926948a6d864226666836d89
[INFO] running `Command { std: "docker" "start" "-a" "8659bf1fa87f9f258f73d6dfb2f91bba2025e223926948a6d864226666836d89", kill_on_drop: false }`
[INFO] [stderr]    Compiling serde v1.0.194
[INFO] [stderr]    Compiling futures v0.1.31
[INFO] [stderr]    Compiling crossbeam-utils v0.7.2
[INFO] [stderr]    Compiling iovec v0.1.4
[INFO] [stderr]    Compiling maybe-uninit v2.0.0
[INFO] [stderr]    Compiling cc v1.0.83
[INFO] [stderr]    Compiling parking_lot_core v0.6.3
[INFO] [stderr]    Compiling num_cpus v1.16.0
[INFO] [stderr]    Compiling parking_lot v0.9.0
[INFO] [stderr]    Compiling net2 v0.2.39
[INFO] [stderr]    Compiling smallvec v0.6.14
[INFO] [stderr]    Compiling lock_api v0.3.4
[INFO] [stderr]    Compiling mio v0.6.23
[INFO] [stderr]    Compiling memoffset v0.5.6
[INFO] [stderr]    Compiling crossbeam-epoch v0.8.2
[INFO] [stderr]    Compiling crossbeam-queue v0.2.3
[INFO] [stderr]    Compiling itoa v0.4.8
[INFO] [stderr]    Compiling num-traits v0.2.17
[INFO] [stderr]    Compiling tokio-executor v0.1.10
[INFO] [stderr]    Compiling tokio-sync v0.1.8
[INFO] [stderr]    Compiling tokio-timer v0.2.13
[INFO] [stderr]    Compiling crossbeam-deque v0.7.4
[INFO] [stderr]    Compiling mio-uds v0.6.8
[INFO] [stderr]    Compiling tokio-current-thread v0.1.7
[INFO] [stderr]    Compiling tokio-threadpool v0.1.18
[INFO] [stderr]    Compiling openssl-sys v0.9.98
[INFO] [stderr]    Compiling autocfg v0.1.8
[INFO] [stderr]    Compiling openssl-macros v0.1.1
[INFO] [stderr]    Compiling base64 v0.10.1
[INFO] [stderr]    Compiling regex-syntax v0.8.2
[INFO] [stderr]    Compiling tracing-attributes v0.1.27
[INFO] [stderr]    Compiling time v0.1.45
[INFO] [stderr]    Compiling openssl v0.10.62
[INFO] [stderr]    Compiling native-tls v0.2.11
[INFO] [stderr]    Compiling indexmap v1.9.3
[INFO] [stderr]    Compiling memchr v2.7.1
[INFO] [stderr]    Compiling syn v1.0.109
[INFO] [stderr]    Compiling chrono v0.4.31
[INFO] [stderr]    Compiling futures-cpupool v0.1.8
[INFO] [stderr]    Compiling regex-automata v0.4.3
[INFO] [stderr]    Compiling bytes v0.4.12
[INFO] [stderr]    Compiling url v2.5.0
[INFO] [stderr]    Compiling byte-tools v0.3.1
[INFO] [stderr]    Compiling hex v0.4.3
[INFO] [stderr]    Compiling tokio-io v0.1.13
[INFO] [stderr]    Compiling http v0.1.21
[INFO] [stderr]    Compiling tracing v0.1.40
[INFO] [stderr]    Compiling tokio-reactor v0.1.12
[INFO] [stderr]    Compiling tokio-codec v0.1.2
[INFO] [stderr]    Compiling tokio-fs v0.1.7
[INFO] [stderr]    Compiling tokio-uds v0.2.7
[INFO] [stderr]    Compiling tokio-tcp v0.1.4
[INFO] [stderr]    Compiling tokio-udp v0.1.6
[INFO] [stderr]    Compiling tokio v0.1.22
[INFO] [stderr]    Compiling regex v1.10.2
[INFO] [stderr]    Compiling string v0.2.1
[INFO] [stderr]    Compiling tokio-buf v0.1.1
[INFO] [stderr]    Compiling miniz_oxide v0.7.1
[INFO] [stderr]    Compiling tracing-futures v0.1.1
[INFO] [stderr]    Compiling block-padding v0.1.5
[INFO] [stderr]    Compiling interledger-packet v0.4.0
[INFO] [stdout] error[E0425]: cannot find function `encode` in crate `hex`
[INFO] [stdout]    --> /opt/rustwide/cargo-home/registry/src/index.crates.io-6f17d22bba15001f/interledger-packet-0.4.0/src/packet.rs:252:23
[INFO] [stdout]     |
[INFO] [stdout] 252 |                 &hex::encode(self.execution_condition()),
[INFO] [stdout]     |                       ^^^^^^ not found in `hex`
[INFO] [stdout]     |
[INFO] [stdout] note: found an item that was configured out
[INFO] [stdout]    --> /opt/rustwide/cargo-home/registry/src/index.crates.io-6f17d22bba15001f/hex-0.4.3/src/lib.rs:259:8
[INFO] [stdout]     |
[INFO] [stdout] 259 | pub fn encode<T: AsRef<[u8]>>(data: T) -> String {
[INFO] [stdout]     |        ^^^^^^
[INFO] [stdout]     = note: the item is gated behind the `alloc` feature
[INFO] [stdout] 
[INFO] [stdout] 
[INFO] [stdout] error[E0425]: cannot find function `encode` in crate `hex`
[INFO] [stdout]    --> /opt/rustwide/cargo-home/registry/src/index.crates.io-6f17d22bba15001f/interledger-packet-0.4.0/src/packet.rs:366:41
[INFO] [stdout]     |
[INFO] [stdout] 366 |             .field("fulfillment", &hex::encode(self.fulfillment()))
[INFO] [stdout]     |                                         ^^^^^^ not found in `hex`
[INFO] [stdout]     |
[INFO] [stdout] note: found an item that was configured out
[INFO] [stdout]    --> /opt/rustwide/cargo-home/registry/src/index.crates.io-6f17d22bba15001f/hex-0.4.3/src/lib.rs:259:8
[INFO] [stdout]     |
[INFO] [stdout] 259 | pub fn encode<T: AsRef<[u8]>>(data: T) -> String {
[INFO] [stdout]     |        ^^^^^^
[INFO] [stdout]     = note: the item is gated behind the `alloc` feature
[INFO] [stdout] 
[INFO] [stdout] 
[INFO] [stdout] error: aborting due to 2 previous errors
[INFO] [stdout] 
[INFO] [stdout] 
[INFO] [stdout] For more information about this error, try `rustc --explain E0425`.
[INFO] [stdout] 
[INFO] [stderr] error: could not compile `interledger-packet` (lib) due to 3 previous errors
[INFO] [stderr] warning: build failed, waiting for other jobs to finish...
[INFO] running `Command { std: "docker" "inspect" "8659bf1fa87f9f258f73d6dfb2f91bba2025e223926948a6d864226666836d89", kill_on_drop: false }`
[INFO] running `Command { std: "docker" "rm" "-f" "8659bf1fa87f9f258f73d6dfb2f91bba2025e223926948a6d864226666836d89", kill_on_drop: false }`
[INFO] [stdout] 8659bf1fa87f9f258f73d6dfb2f91bba2025e223926948a6d864226666836d89
[INFO] testing interledger-0.6.0 against beta-2023-12-22 for beta-1.76-1
[INFO] extracting crate interledger 0.6.0 into /workspace/builds/worker-4-tc2/source
[INFO] validating manifest of crates.io crate interledger 0.6.0 on toolchain beta-2023-12-22
[INFO] running `Command { std: CARGO_HOME="/workspace/cargo-home" RUSTUP_HOME="/workspace/rustup-home" "/workspace/cargo-home/bin/cargo" "+beta-2023-12-22" "metadata" "--manifest-path" "Cargo.toml" "--no-deps", kill_on_drop: false }`
[INFO] started tweaking crates.io crate interledger 0.6.0
[INFO] finished tweaking crates.io crate interledger 0.6.0
[INFO] tweaked toml for crates.io crate interledger 0.6.0 written to /workspace/builds/worker-4-tc2/source/Cargo.toml
[INFO] running `Command { std: CARGO_HOME="/workspace/cargo-home" RUSTUP_HOME="/workspace/rustup-home" "/workspace/cargo-home/bin/cargo" "+beta-2023-12-22" "generate-lockfile" "--manifest-path" "Cargo.toml", kill_on_drop: false }`
[INFO] [stderr]     Updating crates.io index
[INFO] running `Command { std: CARGO_HOME="/workspace/cargo-home" RUSTUP_HOME="/workspace/rustup-home" "/workspace/cargo-home/bin/cargo" "+beta-2023-12-22" "fetch" "--manifest-path" "Cargo.toml", kill_on_drop: false }`
[INFO] running `Command { std: "docker" "create" "-v" "/var/lib/crater-agent-workspace/builds/worker-4-tc2/target:/opt/rustwide/target:rw,Z" "-v" "/var/lib/crater-agent-workspace/builds/worker-4-tc2/source:/opt/rustwide/workdir:ro,Z" "-v" "/var/lib/crater-agent-workspace/cargo-home:/opt/rustwide/cargo-home:ro,Z" "-v" "/var/lib/crater-agent-workspace/rustup-home:/opt/rustwide/rustup-home:ro,Z" "-e" "SOURCE_DIR=/opt/rustwide/workdir" "-e" "CARGO_TARGET_DIR=/opt/rustwide/target" "-e" "CARGO_HOME=/opt/rustwide/cargo-home" "-e" "RUSTUP_HOME=/opt/rustwide/rustup-home" "-w" "/opt/rustwide/workdir" "-m" "1610612736" "--user" "0:0" "--network" "none" "ghcr.io/rust-lang/crates-build-env/linux@sha256:2788e3201cd34a07e3172128adcd8b3090168a8e3bcc40d7c032b9dda1df7d1c" "/opt/rustwide/cargo-home/bin/cargo" "+beta-2023-12-22" "metadata" "--no-deps" "--format-version=1", kill_on_drop: false }`
[INFO] [stdout] f88dc696c323e59e361c17890f0aad8be2e860ed2c289a3da0b22c6b32eb31ee
[INFO] running `Command { std: "docker" "start" "-a" "f88dc696c323e59e361c17890f0aad8be2e860ed2c289a3da0b22c6b32eb31ee", kill_on_drop: false }`
[INFO] running `Command { std: "docker" "inspect" "f88dc696c323e59e361c17890f0aad8be2e860ed2c289a3da0b22c6b32eb31ee", kill_on_drop: false }`
[INFO] running `Command { std: "docker" "rm" "-f" "f88dc696c323e59e361c17890f0aad8be2e860ed2c289a3da0b22c6b32eb31ee", kill_on_drop: false }`
[INFO] [stdout] f88dc696c323e59e361c17890f0aad8be2e860ed2c289a3da0b22c6b32eb31ee
[INFO] running `Command { std: "docker" "create" "-v" "/var/lib/crater-agent-workspace/builds/worker-4-tc2/target:/opt/rustwide/target:rw,Z" "-v" "/var/lib/crater-agent-workspace/builds/worker-4-tc2/source:/opt/rustwide/workdir:ro,Z" "-v" "/var/lib/crater-agent-workspace/cargo-home:/opt/rustwide/cargo-home:ro,Z" "-v" "/var/lib/crater-agent-workspace/rustup-home:/opt/rustwide/rustup-home:ro,Z" "-e" "SOURCE_DIR=/opt/rustwide/workdir" "-e" "CARGO_TARGET_DIR=/opt/rustwide/target" "-e" "CARGO_INCREMENTAL=0" "-e" "RUST_BACKTRACE=full" "-e" "RUSTFLAGS=--cap-lints=warn" "-e" "RUSTDOCFLAGS=--cap-lints=warn" "-e" "CARGO_HOME=/opt/rustwide/cargo-home" "-e" "RUSTUP_HOME=/opt/rustwide/rustup-home" "-w" "/opt/rustwide/workdir" "-m" "1610612736" "--user" "0:0" "--network" "none" "ghcr.io/rust-lang/crates-build-env/linux@sha256:2788e3201cd34a07e3172128adcd8b3090168a8e3bcc40d7c032b9dda1df7d1c" "/opt/rustwide/cargo-home/bin/cargo" "+beta-2023-12-22" "build" "--frozen" "--message-format=json", kill_on_drop: false }`
[INFO] [stdout] e29e83cb7954ff4ffd8c3181d47b7a63bdb8cecc2499e6922927728cbdbc78d9
[INFO] running `Command { std: "docker" "start" "-a" "e29e83cb7954ff4ffd8c3181d47b7a63bdb8cecc2499e6922927728cbdbc78d9", kill_on_drop: false }`
[INFO] [stderr]    Compiling serde v1.0.194
[INFO] [stderr]    Compiling futures v0.1.31
[INFO] [stderr]    Compiling crossbeam-utils v0.7.2
[INFO] [stderr]    Compiling iovec v0.1.4
[INFO] [stderr]    Compiling maybe-uninit v2.0.0
[INFO] [stderr]    Compiling cc v1.0.83
[INFO] [stderr]    Compiling parking_lot_core v0.6.3
[INFO] [stderr]    Compiling num_cpus v1.16.0
[INFO] [stderr]    Compiling parking_lot v0.9.0
[INFO] [stderr]    Compiling net2 v0.2.39
[INFO] [stderr]    Compiling smallvec v0.6.14
[INFO] [stderr]    Compiling lock_api v0.3.4
[INFO] [stderr]    Compiling mio v0.6.23
[INFO] [stderr]    Compiling memoffset v0.5.6
[INFO] [stderr]    Compiling crossbeam-epoch v0.8.2
[INFO] [stderr]    Compiling crossbeam-queue v0.2.3
[INFO] [stderr]    Compiling itoa v0.4.8
[INFO] [stderr]    Compiling num-traits v0.2.17
[INFO] [stderr]    Compiling autocfg v0.1.8
[INFO] [stderr]    Compiling openssl-macros v0.1.1
[INFO] [stderr]    Compiling tokio-executor v0.1.10
[INFO] [stderr]    Compiling tokio-sync v0.1.8
[INFO] [stderr]    Compiling crossbeam-deque v0.7.4
[INFO] [stderr]    Compiling mio-uds v0.6.8
[INFO] [stderr]    Compiling tokio-timer v0.2.13
[INFO] [stderr]    Compiling tokio-threadpool v0.1.18
[INFO] [stderr]    Compiling tokio-current-thread v0.1.7
[INFO] [stderr]    Compiling openssl-sys v0.9.98
[INFO] [stderr]    Compiling base64 v0.10.1
[INFO] [stderr]    Compiling regex-syntax v0.8.2
[INFO] [stderr]    Compiling tracing-attributes v0.1.27
[INFO] [stderr]    Compiling time v0.1.45
[INFO] [stderr]    Compiling indexmap v1.9.3
[INFO] [stderr]    Compiling memchr v2.7.1
[INFO] [stderr]    Compiling openssl v0.10.62
[INFO] [stderr]    Compiling native-tls v0.2.11
[INFO] [stderr]    Compiling syn v1.0.109
[INFO] [stderr]    Compiling chrono v0.4.31
[INFO] [stderr]    Compiling futures-cpupool v0.1.8
[INFO] [stderr]    Compiling byte-tools v0.3.1
[INFO] [stderr]    Compiling regex-automata v0.4.3
[INFO] [stderr]    Compiling hex v0.4.3
[INFO] [stderr]    Compiling bytes v0.4.12
[INFO] [stderr]    Compiling url v2.5.0
[INFO] [stderr]    Compiling tokio-io v0.1.13
[INFO] [stderr]    Compiling http v0.1.21
[INFO] [stderr]    Compiling tracing v0.1.40
[INFO] [stderr]    Compiling tokio-reactor v0.1.12
[INFO] [stderr]    Compiling tokio-codec v0.1.2
[INFO] [stderr]    Compiling tokio-fs v0.1.7
[INFO] [stderr]    Compiling tokio-uds v0.2.7
[INFO] [stderr]    Compiling tokio-tcp v0.1.4
[INFO] [stderr]    Compiling tokio-udp v0.1.6
[INFO] [stderr]    Compiling regex v1.10.2
[INFO] [stderr]    Compiling tokio v0.1.22
[INFO] [stderr]    Compiling tokio-buf v0.1.1
[INFO] [stderr]    Compiling string v0.2.1
[INFO] [stderr]    Compiling miniz_oxide v0.7.1
[INFO] [stderr]    Compiling block-padding v0.1.5
[INFO] [stderr]    Compiling interledger-packet v0.4.0
[INFO] [stdout] error[E0425]: cannot find function `encode` in crate `hex`
[INFO] [stdout]    --> /opt/rustwide/cargo-home/registry/src/index.crates.io-6f17d22bba15001f/interledger-packet-0.4.0/src/packet.rs:252:23
[INFO] [stdout]     |
[INFO] [stdout] 252 |                 &hex::encode(self.execution_condition()),
[INFO] [stdout]     |                       ^^^^^^ not found in `hex`
[INFO] [stdout]     |
[INFO] [stdout] note: found an item that was configured out
[INFO] [stdout]    --> /opt/rustwide/cargo-home/registry/src/index.crates.io-6f17d22bba15001f/hex-0.4.3/src/lib.rs:259:8
[INFO] [stdout]     |
[INFO] [stdout] 259 | pub fn encode<T: AsRef<[u8]>>(data: T) -> String {
[INFO] [stdout]     |        ^^^^^^
[INFO] [stdout]     = note: the item is gated behind the `alloc` feature
[INFO] [stdout] 
[INFO] [stdout] 
[INFO] [stdout] error[E0425]: cannot find function `encode` in crate `hex`
[INFO] [stdout]    --> /opt/rustwide/cargo-home/registry/src/index.crates.io-6f17d22bba15001f/interledger-packet-0.4.0/src/packet.rs:366:41
[INFO] [stdout]     |
[INFO] [stdout] 366 |             .field("fulfillment", &hex::encode(self.fulfillment()))
[INFO] [stdout]     |                                         ^^^^^^ not found in `hex`
[INFO] [stdout]     |
[INFO] [stdout] note: found an item that was configured out
[INFO] [stdout]    --> /opt/rustwide/cargo-home/registry/src/index.crates.io-6f17d22bba15001f/hex-0.4.3/src/lib.rs:259:8
[INFO] [stdout]     |
[INFO] [stdout] 259 | pub fn encode<T: AsRef<[u8]>>(data: T) -> String {
[INFO] [stdout]     |        ^^^^^^
[INFO] [stdout]     = note: the item is gated behind the `alloc` feature
[INFO] [stdout] 
[INFO] [stdout] 
[INFO] [stdout] error: aborting due to 2 previous errors
[INFO] [stdout] 
[INFO] [stdout] 
[INFO] [stdout] For more information about this error, try `rustc --explain E0425`.
[INFO] [stdout] 
[INFO] [stderr] error: could not compile `interledger-packet` (lib) due to 3 previous errors
[INFO] [stderr] warning: build failed, waiting for other jobs to finish...
[INFO] running `Command { std: "docker" "inspect" "e29e83cb7954ff4ffd8c3181d47b7a63bdb8cecc2499e6922927728cbdbc78d9", kill_on_drop: false }`
[INFO] running `Command { std: "docker" "rm" "-f" "e29e83cb7954ff4ffd8c3181d47b7a63bdb8cecc2499e6922927728cbdbc78d9", kill_on_drop: false }`
[INFO] [stdout] e29e83cb7954ff4ffd8c3181d47b7a63bdb8cecc2499e6922927728cbdbc78d9
