[INFO] fetching crate interceptor-rs 0.1.0...
[INFO] testing interceptor-rs-0.1.0 against 1.75.0 for beta-1.76-1
[INFO] extracting crate interceptor-rs 0.1.0 into /workspace/builds/worker-6-tc1/source
[INFO] validating manifest of crates.io crate interceptor-rs 0.1.0 on toolchain 1.75.0
[INFO] running `Command { std: CARGO_HOME="/workspace/cargo-home" RUSTUP_HOME="/workspace/rustup-home" "/workspace/cargo-home/bin/cargo" "+1.75.0" "metadata" "--manifest-path" "Cargo.toml" "--no-deps", kill_on_drop: false }`
[INFO] removed /workspace/builds/worker-6-tc1/source/.cargo/config.toml
[INFO] started tweaking crates.io crate interceptor-rs 0.1.0
[INFO] finished tweaking crates.io crate interceptor-rs 0.1.0
[INFO] tweaked toml for crates.io crate interceptor-rs 0.1.0 written to /workspace/builds/worker-6-tc1/source/Cargo.toml
[INFO] crate crates.io crate interceptor-rs 0.1.0 already has a lockfile, it will not be regenerated
[INFO] running `Command { std: CARGO_HOME="/workspace/cargo-home" RUSTUP_HOME="/workspace/rustup-home" "/workspace/cargo-home/bin/cargo" "+1.75.0" "fetch" "--manifest-path" "Cargo.toml", kill_on_drop: false }`
[INFO] [stderr]     Updating crates.io index
[INFO] [stderr]  Downloading crates ...
[INFO] [stderr]   Downloaded inter_mem v0.1.0
[INFO] [stderr]   Downloaded syscall_attr v0.1.0
[INFO] [stderr]   Downloaded pete v0.9.0
[INFO] running `Command { std: "docker" "create" "-v" "/var/lib/crater-agent-workspace/builds/worker-6-tc1/target:/opt/rustwide/target:rw,Z" "-v" "/var/lib/crater-agent-workspace/builds/worker-6-tc1/source:/opt/rustwide/workdir:ro,Z" "-v" "/var/lib/crater-agent-workspace/cargo-home:/opt/rustwide/cargo-home:ro,Z" "-v" "/var/lib/crater-agent-workspace/rustup-home:/opt/rustwide/rustup-home:ro,Z" "-e" "SOURCE_DIR=/opt/rustwide/workdir" "-e" "CARGO_TARGET_DIR=/opt/rustwide/target" "-e" "CARGO_HOME=/opt/rustwide/cargo-home" "-e" "RUSTUP_HOME=/opt/rustwide/rustup-home" "-w" "/opt/rustwide/workdir" "-m" "1610612736" "--user" "0:0" "--network" "none" "ghcr.io/rust-lang/crates-build-env/linux@sha256:2788e3201cd34a07e3172128adcd8b3090168a8e3bcc40d7c032b9dda1df7d1c" "/opt/rustwide/cargo-home/bin/cargo" "+1.75.0" "metadata" "--no-deps" "--format-version=1", kill_on_drop: false }`
[INFO] [stdout] c925d7d0ffcd0336f13f2d5ab1365696c1302c1dcbbfbfbb19c35a93067b4f44
[INFO] running `Command { std: "docker" "start" "-a" "c925d7d0ffcd0336f13f2d5ab1365696c1302c1dcbbfbfbb19c35a93067b4f44", kill_on_drop: false }`
[INFO] running `Command { std: "docker" "inspect" "c925d7d0ffcd0336f13f2d5ab1365696c1302c1dcbbfbfbb19c35a93067b4f44", kill_on_drop: false }`
[INFO] running `Command { std: "docker" "rm" "-f" "c925d7d0ffcd0336f13f2d5ab1365696c1302c1dcbbfbfbb19c35a93067b4f44", kill_on_drop: false }`
[INFO] [stdout] c925d7d0ffcd0336f13f2d5ab1365696c1302c1dcbbfbfbb19c35a93067b4f44
[INFO] running `Command { std: "docker" "create" "-v" "/var/lib/crater-agent-workspace/builds/worker-6-tc1/target:/opt/rustwide/target:rw,Z" "-v" "/var/lib/crater-agent-workspace/builds/worker-6-tc1/source:/opt/rustwide/workdir:ro,Z" "-v" "/var/lib/crater-agent-workspace/cargo-home:/opt/rustwide/cargo-home:ro,Z" "-v" "/var/lib/crater-agent-workspace/rustup-home:/opt/rustwide/rustup-home:ro,Z" "-e" "SOURCE_DIR=/opt/rustwide/workdir" "-e" "CARGO_TARGET_DIR=/opt/rustwide/target" "-e" "CARGO_INCREMENTAL=0" "-e" "RUST_BACKTRACE=full" "-e" "RUSTFLAGS=--cap-lints=warn" "-e" "RUSTDOCFLAGS=--cap-lints=warn" "-e" "CARGO_HOME=/opt/rustwide/cargo-home" "-e" "RUSTUP_HOME=/opt/rustwide/rustup-home" "-w" "/opt/rustwide/workdir" "-m" "1610612736" "--user" "0:0" "--network" "none" "ghcr.io/rust-lang/crates-build-env/linux@sha256:2788e3201cd34a07e3172128adcd8b3090168a8e3bcc40d7c032b9dda1df7d1c" "/opt/rustwide/cargo-home/bin/cargo" "+1.75.0" "build" "--frozen" "--message-format=json", kill_on_drop: false }`
[INFO] [stdout] c8c5fd2a02388e158e6aa1d88067847df6c420ff168c4863f97237b7bab2d76a
[INFO] running `Command { std: "docker" "start" "-a" "c8c5fd2a02388e158e6aa1d88067847df6c420ff168c4863f97237b7bab2d76a", kill_on_drop: false }`
[INFO] [stderr]    Compiling syn v1.0.109
[INFO] [stderr]    Compiling memoffset v0.6.5
[INFO] [stderr]    Compiling smallvec v1.10.0
[INFO] [stderr]    Compiling ppv-lite86 v0.2.17
[INFO] [stderr]    Compiling scopeguard v1.1.0
[INFO] [stderr]    Compiling lock_api v0.4.9
[INFO] [stderr]    Compiling parking_lot_core v0.9.7
[INFO] [stderr]    Compiling tracing-core v0.1.30
[INFO] [stderr]    Compiling pin-project-lite v0.2.9
[INFO] [stderr]    Compiling interceptor-rs v0.1.0 (/opt/rustwide/workdir)
[INFO] [stderr]    Compiling getrandom v0.2.8
[INFO] [stderr]    Compiling rand_core v0.6.4
[INFO] [stderr]    Compiling nix v0.25.1
[INFO] [stderr]    Compiling rand_chacha v0.3.1
[INFO] [stderr]    Compiling parking_lot v0.12.1
[INFO] [stderr]    Compiling rand v0.8.5
[INFO] [stderr]    Compiling pete v0.9.0
[INFO] [stderr]    Compiling tracing-attributes v0.1.23
[INFO] [stderr]    Compiling ctor v0.1.26
[INFO] [stderr]    Compiling syscall_attr v0.1.0
[INFO] [stderr]    Compiling inter_mem v0.1.0
[INFO] [stderr]    Compiling tracing v0.1.37
[INFO] [stdout] warning: variable does not need to be mutable
[INFO] [stdout]    --> src/ptr.rs:304:9
[INFO] [stdout]     |
[INFO] [stdout] 304 |     let mut mem = mem.as_mut().unwrap();
[INFO] [stdout]     |         ----^^^
[INFO] [stdout]     |         |
[INFO] [stdout]     |         help: remove this `mut`
[INFO] [stdout]     |
[INFO] [stdout]     = note: `#[warn(unused_mut)]` on by default
[INFO] [stdout] 
[INFO] [stdout] 
[INFO] [stdout] warning: 1 warning emitted
[INFO] [stdout] 
[INFO] [stdout] 
[INFO] [stderr]     Finished dev [unoptimized + debuginfo] target(s) in 4.50s
[INFO] running `Command { std: "docker" "inspect" "c8c5fd2a02388e158e6aa1d88067847df6c420ff168c4863f97237b7bab2d76a", kill_on_drop: false }`
[INFO] running `Command { std: "docker" "rm" "-f" "c8c5fd2a02388e158e6aa1d88067847df6c420ff168c4863f97237b7bab2d76a", kill_on_drop: false }`
[INFO] [stdout] c8c5fd2a02388e158e6aa1d88067847df6c420ff168c4863f97237b7bab2d76a
[INFO] running `Command { std: "docker" "create" "-v" "/var/lib/crater-agent-workspace/builds/worker-6-tc1/target:/opt/rustwide/target:rw,Z" "-v" "/var/lib/crater-agent-workspace/builds/worker-6-tc1/source:/opt/rustwide/workdir:ro,Z" "-v" "/var/lib/crater-agent-workspace/cargo-home:/opt/rustwide/cargo-home:ro,Z" "-v" "/var/lib/crater-agent-workspace/rustup-home:/opt/rustwide/rustup-home:ro,Z" "-e" "SOURCE_DIR=/opt/rustwide/workdir" "-e" "CARGO_TARGET_DIR=/opt/rustwide/target" "-e" "CARGO_INCREMENTAL=0" "-e" "RUST_BACKTRACE=full" "-e" "RUSTFLAGS=--cap-lints=warn" "-e" "RUSTDOCFLAGS=--cap-lints=warn" "-e" "CARGO_HOME=/opt/rustwide/cargo-home" "-e" "RUSTUP_HOME=/opt/rustwide/rustup-home" "-w" "/opt/rustwide/workdir" "-m" "1610612736" "--user" "0:0" "--network" "none" "ghcr.io/rust-lang/crates-build-env/linux@sha256:2788e3201cd34a07e3172128adcd8b3090168a8e3bcc40d7c032b9dda1df7d1c" "/opt/rustwide/cargo-home/bin/cargo" "+1.75.0" "test" "--frozen" "--no-run" "--message-format=json", kill_on_drop: false }`
[INFO] [stdout] bffa2e8b1578698a3d1c846747701555f43f056e14a95508650ba85f3e9e9c89
[INFO] running `Command { std: "docker" "start" "-a" "bffa2e8b1578698a3d1c846747701555f43f056e14a95508650ba85f3e9e9c89", kill_on_drop: false }`
[INFO] [stderr]    Compiling interceptor-rs v0.1.0 (/opt/rustwide/workdir)
[INFO] [stdout] warning: variable does not need to be mutable
[INFO] [stdout]    --> src/ptr.rs:304:9
[INFO] [stdout]     |
[INFO] [stdout] 304 |     let mut mem = mem.as_mut().unwrap();
[INFO] [stdout]     |         ----^^^
[INFO] [stdout]     |         |
[INFO] [stdout]     |         help: remove this `mut`
[INFO] [stdout]     |
[INFO] [stdout]     = note: `#[warn(unused_mut)]` on by default
[INFO] [stdout] 
[INFO] [stdout] 
[INFO] [stdout] warning: variable does not need to be mutable
[INFO] [stdout]    --> src/ptr.rs:304:9
[INFO] [stdout]     |
[INFO] [stdout] 304 |     let mut mem = mem.as_mut().unwrap();
[INFO] [stdout]     |         ----^^^
[INFO] [stdout]     |         |
[INFO] [stdout]     |         help: remove this `mut`
[INFO] [stdout]     |
[INFO] [stdout]     = note: `#[warn(unused_mut)]` on by default
[INFO] [stdout] 
[INFO] [stdout] 
[INFO] [stdout] warning: 1 warning emitted
[INFO] [stdout] 
[INFO] [stdout] 
[INFO] [stdout] error[E0433]: failed to resolve: use of undeclared crate or module `interceptor`
[INFO] [stdout]   --> examples/demo.rs:19:1
[INFO] [stdout]    |
[INFO] [stdout] 19 | #[syscall]
[INFO] [stdout]    | ^^^^^^^^^^ use of undeclared crate or module `interceptor`
[INFO] [stdout]    |
[INFO] [stdout]    = note: this error originates in the attribute macro `syscall` (in Nightly builds, run with -Z macro-backtrace for more info)
[INFO] [stdout] help: there is a crate or module with a similar name
[INFO] [stdout]    |
[INFO] [stdout] 19 | interceptor_rs
[INFO] [stdout]    |
[INFO] [stdout] help: consider importing this module
[INFO] [stdout]    |
[INFO] [stdout] 1  + use interceptor_rs::syscall;
[INFO] [stdout]    |
[INFO] [stdout] 
[INFO] [stdout] 
[INFO] [stdout] error[E0433]: failed to resolve: use of undeclared crate or module `interceptor`
[INFO] [stdout]   --> examples/demo.rs:19:1
[INFO] [stdout]    |
[INFO] [stdout] 19 | #[syscall]
[INFO] [stdout]    | ^^^^^^^^^^ use of undeclared crate or module `interceptor`
[INFO] [stdout]    |
[INFO] [stdout]    = note: this error originates in the attribute macro `syscall` (in Nightly builds, run with -Z macro-backtrace for more info)
[INFO] [stdout] help: there is a crate or module with a similar name
[INFO] [stdout]    |
[INFO] [stdout] 19 | interceptor_rs
[INFO] [stdout]    |
[INFO] [stdout] help: consider importing one of these items
[INFO] [stdout]    |
[INFO] [stdout] 1  + use crate::syscall::Variant;
[INFO] [stdout]    |
[INFO] [stdout] 1  + use interceptor_rs::syscall::Variant;
[INFO] [stdout]    |
[INFO] [stdout] 
[INFO] [stdout] 
[INFO] [stdout] error[E0433]: failed to resolve: use of undeclared crate or module `interceptor`
[INFO] [stdout]   --> examples/demo.rs:19:1
[INFO] [stdout]    |
[INFO] [stdout] 19 | #[syscall]
[INFO] [stdout]    | ^^^^^^^^^^ use of undeclared crate or module `interceptor`
[INFO] [stdout]    |
[INFO] [stdout]    = note: this error originates in the attribute macro `syscall` (in Nightly builds, run with -Z macro-backtrace for more info)
[INFO] [stdout] help: there is a crate or module with a similar name
[INFO] [stdout]    |
[INFO] [stdout] 19 | interceptor_rs
[INFO] [stdout]    |
[INFO] [stdout] help: consider importing one of these items
[INFO] [stdout]    |
[INFO] [stdout] 1  + use crate::syscall::PassthroughVariant;
[INFO] [stdout]    |
[INFO] [stdout] 1  + use interceptor_rs::syscall::PassthroughVariant;
[INFO] [stdout]    |
[INFO] [stdout] 
[INFO] [stdout] 
[INFO] [stdout] error: aborting due to 3 previous errors
[INFO] [stdout] 
[INFO] [stdout] 
[INFO] [stdout] For more information about this error, try `rustc --explain E0433`.
[INFO] [stdout] 
[INFO] [stderr] error: could not compile `interceptor-rs` (example "demo") due to 4 previous errors
[INFO] [stderr] warning: build failed, waiting for other jobs to finish...
[INFO] [stdout] warning: 1 warning emitted
[INFO] [stdout] 
[INFO] [stdout] 
[INFO] running `Command { std: "docker" "inspect" "bffa2e8b1578698a3d1c846747701555f43f056e14a95508650ba85f3e9e9c89", kill_on_drop: false }`
[INFO] running `Command { std: "docker" "rm" "-f" "bffa2e8b1578698a3d1c846747701555f43f056e14a95508650ba85f3e9e9c89", kill_on_drop: false }`
[INFO] [stdout] bffa2e8b1578698a3d1c846747701555f43f056e14a95508650ba85f3e9e9c89
[INFO] testing interceptor-rs-0.1.0 against beta-2023-12-22 for beta-1.76-1
[INFO] extracting crate interceptor-rs 0.1.0 into /workspace/builds/worker-6-tc2/source
[INFO] validating manifest of crates.io crate interceptor-rs 0.1.0 on toolchain beta-2023-12-22
[INFO] running `Command { std: CARGO_HOME="/workspace/cargo-home" RUSTUP_HOME="/workspace/rustup-home" "/workspace/cargo-home/bin/cargo" "+beta-2023-12-22" "metadata" "--manifest-path" "Cargo.toml" "--no-deps", kill_on_drop: false }`
[INFO] removed /workspace/builds/worker-6-tc2/source/.cargo/config.toml
[INFO] started tweaking crates.io crate interceptor-rs 0.1.0
[INFO] finished tweaking crates.io crate interceptor-rs 0.1.0
[INFO] tweaked toml for crates.io crate interceptor-rs 0.1.0 written to /workspace/builds/worker-6-tc2/source/Cargo.toml
[INFO] crate crates.io crate interceptor-rs 0.1.0 already has a lockfile, it will not be regenerated
[INFO] running `Command { std: CARGO_HOME="/workspace/cargo-home" RUSTUP_HOME="/workspace/rustup-home" "/workspace/cargo-home/bin/cargo" "+beta-2023-12-22" "fetch" "--manifest-path" "Cargo.toml", kill_on_drop: false }`
[INFO] running `Command { std: "docker" "create" "-v" "/var/lib/crater-agent-workspace/builds/worker-6-tc2/target:/opt/rustwide/target:rw,Z" "-v" "/var/lib/crater-agent-workspace/builds/worker-6-tc2/source:/opt/rustwide/workdir:ro,Z" "-v" "/var/lib/crater-agent-workspace/cargo-home:/opt/rustwide/cargo-home:ro,Z" "-v" "/var/lib/crater-agent-workspace/rustup-home:/opt/rustwide/rustup-home:ro,Z" "-e" "SOURCE_DIR=/opt/rustwide/workdir" "-e" "CARGO_TARGET_DIR=/opt/rustwide/target" "-e" "CARGO_HOME=/opt/rustwide/cargo-home" "-e" "RUSTUP_HOME=/opt/rustwide/rustup-home" "-w" "/opt/rustwide/workdir" "-m" "1610612736" "--user" "0:0" "--network" "none" "ghcr.io/rust-lang/crates-build-env/linux@sha256:2788e3201cd34a07e3172128adcd8b3090168a8e3bcc40d7c032b9dda1df7d1c" "/opt/rustwide/cargo-home/bin/cargo" "+beta-2023-12-22" "metadata" "--no-deps" "--format-version=1", kill_on_drop: false }`
[INFO] [stdout] 8104c29f3a95906853422e8e4971636f6f9a389d4cfa90dd5e3f9f9383351e73
[INFO] running `Command { std: "docker" "start" "-a" "8104c29f3a95906853422e8e4971636f6f9a389d4cfa90dd5e3f9f9383351e73", kill_on_drop: false }`
[INFO] running `Command { std: "docker" "inspect" "8104c29f3a95906853422e8e4971636f6f9a389d4cfa90dd5e3f9f9383351e73", kill_on_drop: false }`
[INFO] running `Command { std: "docker" "rm" "-f" "8104c29f3a95906853422e8e4971636f6f9a389d4cfa90dd5e3f9f9383351e73", kill_on_drop: false }`
[INFO] [stdout] 8104c29f3a95906853422e8e4971636f6f9a389d4cfa90dd5e3f9f9383351e73
[INFO] running `Command { std: "docker" "create" "-v" "/var/lib/crater-agent-workspace/builds/worker-6-tc2/target:/opt/rustwide/target:rw,Z" "-v" "/var/lib/crater-agent-workspace/builds/worker-6-tc2/source:/opt/rustwide/workdir:ro,Z" "-v" "/var/lib/crater-agent-workspace/cargo-home:/opt/rustwide/cargo-home:ro,Z" "-v" "/var/lib/crater-agent-workspace/rustup-home:/opt/rustwide/rustup-home:ro,Z" "-e" "SOURCE_DIR=/opt/rustwide/workdir" "-e" "CARGO_TARGET_DIR=/opt/rustwide/target" "-e" "CARGO_INCREMENTAL=0" "-e" "RUST_BACKTRACE=full" "-e" "RUSTFLAGS=--cap-lints=warn" "-e" "RUSTDOCFLAGS=--cap-lints=warn" "-e" "CARGO_HOME=/opt/rustwide/cargo-home" "-e" "RUSTUP_HOME=/opt/rustwide/rustup-home" "-w" "/opt/rustwide/workdir" "-m" "1610612736" "--user" "0:0" "--network" "none" "ghcr.io/rust-lang/crates-build-env/linux@sha256:2788e3201cd34a07e3172128adcd8b3090168a8e3bcc40d7c032b9dda1df7d1c" "/opt/rustwide/cargo-home/bin/cargo" "+beta-2023-12-22" "build" "--frozen" "--message-format=json", kill_on_drop: false }`
[INFO] [stdout] d6fdc645b5f9a192e9edf354ad79aa793b604aa17a2d0691337edd625d0195ab
[INFO] running `Command { std: "docker" "start" "-a" "d6fdc645b5f9a192e9edf354ad79aa793b604aa17a2d0691337edd625d0195ab", kill_on_drop: false }`
[INFO] [stderr]    Compiling syn v1.0.109
[INFO] [stderr]    Compiling scopeguard v1.1.0
[INFO] [stderr]    Compiling ppv-lite86 v0.2.17
[INFO] [stderr]    Compiling smallvec v1.10.0
[INFO] [stderr]    Compiling memoffset v0.6.5
[INFO] [stderr]    Compiling parking_lot_core v0.9.7
[INFO] [stderr]    Compiling tracing-core v0.1.30
[INFO] [stderr]    Compiling pin-project-lite v0.2.9
[INFO] [stderr]    Compiling interceptor-rs v0.1.0 (/opt/rustwide/workdir)
[INFO] [stderr]    Compiling getrandom v0.2.8
[INFO] [stderr]    Compiling lock_api v0.4.9
[INFO] [stderr]    Compiling rand_core v0.6.4
[INFO] [stderr]    Compiling nix v0.25.1
[INFO] [stderr]    Compiling parking_lot v0.12.1
[INFO] [stderr]    Compiling rand_chacha v0.3.1
[INFO] [stderr]    Compiling rand v0.8.5
[INFO] [stderr]    Compiling pete v0.9.0
[INFO] [stderr]    Compiling tracing-attributes v0.1.23
[INFO] [stderr]    Compiling ctor v0.1.26
[INFO] [stderr]    Compiling syscall_attr v0.1.0
[INFO] [stderr]    Compiling inter_mem v0.1.0
[INFO] [stderr]    Compiling tracing v0.1.37
[INFO] [stdout] warning: variable does not need to be mutable
[INFO] [stdout]    --> src/ptr.rs:304:9
[INFO] [stdout]     |
[INFO] [stdout] 304 |     let mut mem = mem.as_mut().unwrap();
[INFO] [stdout]     |         ----^^^
[INFO] [stdout]     |         |
[INFO] [stdout]     |         help: remove this `mut`
[INFO] [stdout]     |
[INFO] [stdout]     = note: `#[warn(unused_mut)]` on by default
[INFO] [stdout] 
[INFO] [stdout] 
[INFO] [stdout] warning: 1 warning emitted
[INFO] [stdout] 
[INFO] [stdout] 
[INFO] [stderr]     Finished dev [unoptimized + debuginfo] target(s) in 4.57s
[INFO] running `Command { std: "docker" "inspect" "d6fdc645b5f9a192e9edf354ad79aa793b604aa17a2d0691337edd625d0195ab", kill_on_drop: false }`
[INFO] running `Command { std: "docker" "rm" "-f" "d6fdc645b5f9a192e9edf354ad79aa793b604aa17a2d0691337edd625d0195ab", kill_on_drop: false }`
[INFO] [stdout] d6fdc645b5f9a192e9edf354ad79aa793b604aa17a2d0691337edd625d0195ab
[INFO] running `Command { std: "docker" "create" "-v" "/var/lib/crater-agent-workspace/builds/worker-6-tc2/target:/opt/rustwide/target:rw,Z" "-v" "/var/lib/crater-agent-workspace/builds/worker-6-tc2/source:/opt/rustwide/workdir:ro,Z" "-v" "/var/lib/crater-agent-workspace/cargo-home:/opt/rustwide/cargo-home:ro,Z" "-v" "/var/lib/crater-agent-workspace/rustup-home:/opt/rustwide/rustup-home:ro,Z" "-e" "SOURCE_DIR=/opt/rustwide/workdir" "-e" "CARGO_TARGET_DIR=/opt/rustwide/target" "-e" "CARGO_INCREMENTAL=0" "-e" "RUST_BACKTRACE=full" "-e" "RUSTFLAGS=--cap-lints=warn" "-e" "RUSTDOCFLAGS=--cap-lints=warn" "-e" "CARGO_HOME=/opt/rustwide/cargo-home" "-e" "RUSTUP_HOME=/opt/rustwide/rustup-home" "-w" "/opt/rustwide/workdir" "-m" "1610612736" "--user" "0:0" "--network" "none" "ghcr.io/rust-lang/crates-build-env/linux@sha256:2788e3201cd34a07e3172128adcd8b3090168a8e3bcc40d7c032b9dda1df7d1c" "/opt/rustwide/cargo-home/bin/cargo" "+beta-2023-12-22" "test" "--frozen" "--no-run" "--message-format=json", kill_on_drop: false }`
[INFO] [stdout] fe780ce11e8e4d97240a00a8eb0c0cf7527858a4491ed95e8b195818296e7af5
[INFO] running `Command { std: "docker" "start" "-a" "fe780ce11e8e4d97240a00a8eb0c0cf7527858a4491ed95e8b195818296e7af5", kill_on_drop: false }`
[INFO] [stderr]    Compiling interceptor-rs v0.1.0 (/opt/rustwide/workdir)
[INFO] [stdout] warning: variable does not need to be mutable
[INFO] [stdout]    --> src/ptr.rs:304:9
[INFO] [stdout]     |
[INFO] [stdout] 304 |     let mut mem = mem.as_mut().unwrap();
[INFO] [stdout]     |         ----^^^
[INFO] [stdout]     |         |
[INFO] [stdout]     |         help: remove this `mut`
[INFO] [stdout]     |
[INFO] [stdout]     = note: `#[warn(unused_mut)]` on by default
[INFO] [stdout] 
[INFO] [stdout] 
[INFO] [stdout] warning: variable does not need to be mutable
[INFO] [stdout]    --> src/ptr.rs:304:9
[INFO] [stdout]     |
[INFO] [stdout] 304 |     let mut mem = mem.as_mut().unwrap();
[INFO] [stdout]     |         ----^^^
[INFO] [stdout]     |         |
[INFO] [stdout]     |         help: remove this `mut`
[INFO] [stdout]     |
[INFO] [stdout]     = note: `#[warn(unused_mut)]` on by default
[INFO] [stdout] 
[INFO] [stdout] 
[INFO] [stdout] warning: 1 warning emitted
[INFO] [stdout] 
[INFO] [stdout] 
[INFO] [stdout] error[E0433]: failed to resolve: use of undeclared crate or module `interceptor`
[INFO] [stdout]   --> examples/demo.rs:19:1
[INFO] [stdout]    |
[INFO] [stdout] 19 | #[syscall]
[INFO] [stdout]    | ^^^^^^^^^^ use of undeclared crate or module `interceptor`
[INFO] [stdout]    |
[INFO] [stdout]    = note: this error originates in the attribute macro `syscall` (in Nightly builds, run with -Z macro-backtrace for more info)
[INFO] [stdout] help: there is a crate or module with a similar name
[INFO] [stdout]    |
[INFO] [stdout] 19 | interceptor_rs
[INFO] [stdout]    |
[INFO] [stdout] help: consider importing this module
[INFO] [stdout]    |
[INFO] [stdout] 1  + use interceptor_rs::syscall;
[INFO] [stdout]    |
[INFO] [stdout] 
[INFO] [stdout] 
[INFO] [stdout] error[E0433]: failed to resolve: use of undeclared crate or module `interceptor`
[INFO] [stdout]   --> examples/demo.rs:19:1
[INFO] [stdout]    |
[INFO] [stdout] 19 | #[syscall]
[INFO] [stdout]    | ^^^^^^^^^^ use of undeclared crate or module `interceptor`
[INFO] [stdout]    |
[INFO] [stdout]    = note: this error originates in the attribute macro `syscall` (in Nightly builds, run with -Z macro-backtrace for more info)
[INFO] [stdout] help: there is a crate or module with a similar name
[INFO] [stdout]    |
[INFO] [stdout] 19 | interceptor_rs
[INFO] [stdout]    |
[INFO] [stdout] help: consider importing one of these items
[INFO] [stdout]    |
[INFO] [stdout] 1  + use crate::syscall::Variant;
[INFO] [stdout]    |
[INFO] [stdout] 1  + use interceptor_rs::syscall::Variant;
[INFO] [stdout]    |
[INFO] [stdout] 
[INFO] [stdout] 
[INFO] [stdout] error[E0433]: failed to resolve: use of undeclared crate or module `interceptor`
[INFO] [stdout]   --> examples/demo.rs:19:1
[INFO] [stdout]    |
[INFO] [stdout] 19 | #[syscall]
[INFO] [stdout]    | ^^^^^^^^^^ use of undeclared crate or module `interceptor`
[INFO] [stdout]    |
[INFO] [stdout]    = note: this error originates in the attribute macro `syscall` (in Nightly builds, run with -Z macro-backtrace for more info)
[INFO] [stdout] help: there is a crate or module with a similar name
[INFO] [stdout]    |
[INFO] [stdout] 19 | interceptor_rs
[INFO] [stdout]    |
[INFO] [stdout] help: consider importing one of these items
[INFO] [stdout]    |
[INFO] [stdout] 1  + use crate::syscall::PassthroughVariant;
[INFO] [stdout]    |
[INFO] [stdout] 1  + use interceptor_rs::syscall::PassthroughVariant;
[INFO] [stdout]    |
[INFO] [stdout] 
[INFO] [stdout] 
[INFO] [stdout] error: aborting due to 3 previous errors
[INFO] [stdout] 
[INFO] [stdout] 
[INFO] [stdout] For more information about this error, try `rustc --explain E0433`.
[INFO] [stdout] 
[INFO] [stderr] error: could not compile `interceptor-rs` (example "demo") due to 4 previous errors
[INFO] [stderr] warning: build failed, waiting for other jobs to finish...
[INFO] [stdout] warning: 1 warning emitted
[INFO] [stdout] 
[INFO] [stdout] 
[INFO] running `Command { std: "docker" "inspect" "fe780ce11e8e4d97240a00a8eb0c0cf7527858a4491ed95e8b195818296e7af5", kill_on_drop: false }`
[INFO] running `Command { std: "docker" "rm" "-f" "fe780ce11e8e4d97240a00a8eb0c0cf7527858a4491ed95e8b195818296e7af5", kill_on_drop: false }`
[INFO] [stdout] fe780ce11e8e4d97240a00a8eb0c0cf7527858a4491ed95e8b195818296e7af5
