[INFO] fetching crate informalsystems-tonic 0.5.2...
[INFO] testing informalsystems-tonic-0.5.2 against 1.75.0 for beta-1.76-1
[INFO] extracting crate informalsystems-tonic 0.5.2 into /workspace/builds/worker-4-tc1/source
[INFO] validating manifest of crates.io crate informalsystems-tonic 0.5.2 on toolchain 1.75.0
[INFO] running `Command { std: CARGO_HOME="/workspace/cargo-home" RUSTUP_HOME="/workspace/rustup-home" "/workspace/cargo-home/bin/cargo" "+1.75.0" "metadata" "--manifest-path" "Cargo.toml" "--no-deps", kill_on_drop: false }`
[INFO] started tweaking crates.io crate informalsystems-tonic 0.5.2
[INFO] finished tweaking crates.io crate informalsystems-tonic 0.5.2
[INFO] tweaked toml for crates.io crate informalsystems-tonic 0.5.2 written to /workspace/builds/worker-4-tc1/source/Cargo.toml
[INFO] running `Command { std: CARGO_HOME="/workspace/cargo-home" RUSTUP_HOME="/workspace/rustup-home" "/workspace/cargo-home/bin/cargo" "+1.75.0" "generate-lockfile" "--manifest-path" "Cargo.toml", kill_on_drop: false }`
[INFO] [stderr]     Updating crates.io index
[INFO] running `Command { std: CARGO_HOME="/workspace/cargo-home" RUSTUP_HOME="/workspace/rustup-home" "/workspace/cargo-home/bin/cargo" "+1.75.0" "fetch" "--manifest-path" "Cargo.toml", kill_on_drop: false }`
[INFO] [stderr]  Downloading crates ...
[INFO] [stderr]   Downloaded informalsystems-prost-derive v0.8.1
[INFO] [stderr]   Downloaded informalsystems-prost v0.8.1
[INFO] [stderr]   Downloaded hdrhistogram v7.5.4
[INFO] running `Command { std: "docker" "create" "-v" "/var/lib/crater-agent-workspace/builds/worker-4-tc1/target:/opt/rustwide/target:rw,Z" "-v" "/var/lib/crater-agent-workspace/builds/worker-4-tc1/source:/opt/rustwide/workdir:ro,Z" "-v" "/var/lib/crater-agent-workspace/cargo-home:/opt/rustwide/cargo-home:ro,Z" "-v" "/var/lib/crater-agent-workspace/rustup-home:/opt/rustwide/rustup-home:ro,Z" "-e" "SOURCE_DIR=/opt/rustwide/workdir" "-e" "CARGO_TARGET_DIR=/opt/rustwide/target" "-e" "CARGO_HOME=/opt/rustwide/cargo-home" "-e" "RUSTUP_HOME=/opt/rustwide/rustup-home" "-w" "/opt/rustwide/workdir" "-m" "1610612736" "--user" "0:0" "--network" "none" "ghcr.io/rust-lang/crates-build-env/linux@sha256:2788e3201cd34a07e3172128adcd8b3090168a8e3bcc40d7c032b9dda1df7d1c" "/opt/rustwide/cargo-home/bin/cargo" "+1.75.0" "metadata" "--no-deps" "--format-version=1", kill_on_drop: false }`
[INFO] [stdout] 596f19b97f3e158a69a7b7dbaae292ffcea244f9919c6f05b94aa04b9f27f1bb
[INFO] running `Command { std: "docker" "start" "-a" "596f19b97f3e158a69a7b7dbaae292ffcea244f9919c6f05b94aa04b9f27f1bb", kill_on_drop: false }`
[INFO] running `Command { std: "docker" "inspect" "596f19b97f3e158a69a7b7dbaae292ffcea244f9919c6f05b94aa04b9f27f1bb", kill_on_drop: false }`
[INFO] running `Command { std: "docker" "rm" "-f" "596f19b97f3e158a69a7b7dbaae292ffcea244f9919c6f05b94aa04b9f27f1bb", kill_on_drop: false }`
[INFO] [stdout] 596f19b97f3e158a69a7b7dbaae292ffcea244f9919c6f05b94aa04b9f27f1bb
[INFO] running `Command { std: "docker" "create" "-v" "/var/lib/crater-agent-workspace/builds/worker-4-tc1/target:/opt/rustwide/target:rw,Z" "-v" "/var/lib/crater-agent-workspace/builds/worker-4-tc1/source:/opt/rustwide/workdir:ro,Z" "-v" "/var/lib/crater-agent-workspace/cargo-home:/opt/rustwide/cargo-home:ro,Z" "-v" "/var/lib/crater-agent-workspace/rustup-home:/opt/rustwide/rustup-home:ro,Z" "-e" "SOURCE_DIR=/opt/rustwide/workdir" "-e" "CARGO_TARGET_DIR=/opt/rustwide/target" "-e" "CARGO_INCREMENTAL=0" "-e" "RUST_BACKTRACE=full" "-e" "RUSTFLAGS=--cap-lints=warn" "-e" "RUSTDOCFLAGS=--cap-lints=warn" "-e" "CARGO_HOME=/opt/rustwide/cargo-home" "-e" "RUSTUP_HOME=/opt/rustwide/rustup-home" "-w" "/opt/rustwide/workdir" "-m" "1610612736" "--user" "0:0" "--network" "none" "ghcr.io/rust-lang/crates-build-env/linux@sha256:2788e3201cd34a07e3172128adcd8b3090168a8e3bcc40d7c032b9dda1df7d1c" "/opt/rustwide/cargo-home/bin/cargo" "+1.75.0" "build" "--frozen" "--message-format=json", kill_on_drop: false }`
[INFO] [stdout] 1f78afd17fb5a390f52e24e37c88a0b53f396d9695e1a8b3dac100121927d65f
[INFO] running `Command { std: "docker" "start" "-a" "1f78afd17fb5a390f52e24e37c88a0b53f396d9695e1a8b3dac100121927d65f", kill_on_drop: false }`
[INFO] [stderr]    Compiling proc-macro2 v1.0.75
[INFO] [stderr]    Compiling unicode-ident v1.0.12
[INFO] [stderr]    Compiling libc v0.2.151
[INFO] [stderr]    Compiling pin-project-lite v0.2.13
[INFO] [stderr]    Compiling autocfg v1.1.0
[INFO] [stderr]    Compiling bytes v1.5.0
[INFO] [stderr]    Compiling futures-core v0.3.30
[INFO] [stderr]    Compiling log v0.4.20
[INFO] [stderr]    Compiling once_cell v1.19.0
[INFO] [stderr]    Compiling futures-sink v0.3.30
[INFO] [stderr]    Compiling itoa v1.0.10
[INFO] [stderr]    Compiling futures-task v0.3.30
[INFO] [stderr]    Compiling tracing-core v0.1.32
[INFO] [stderr]    Compiling pin-utils v0.1.0
[INFO] [stderr]    Compiling fnv v1.0.7
[INFO] [stderr]    Compiling cfg-if v1.0.0
[INFO] [stderr]    Compiling futures-util v0.3.30
[INFO] [stderr]    Compiling http v0.2.11
[INFO] [stderr]    Compiling equivalent v1.0.1
[INFO] [stderr]    Compiling httparse v1.8.0
[INFO] [stderr]    Compiling slab v0.4.9
[INFO] [stderr]    Compiling num-traits v0.2.17
[INFO] [stderr]    Compiling syn v1.0.109
[INFO] [stderr]    Compiling quote v1.0.35
[INFO] [stderr]    Compiling anyhow v1.0.79
[INFO] [stderr]    Compiling hashbrown v0.14.3
[INFO] [stderr]    Compiling syn v2.0.48
[INFO] [stderr]    Compiling mio v0.8.10
[INFO] [stderr]    Compiling socket2 v0.5.5
[INFO] [stderr]    Compiling getrandom v0.2.11
[INFO] [stderr]    Compiling rand_core v0.6.4
[INFO] [stderr]    Compiling indexmap v2.1.0
[INFO] [stderr]    Compiling indexmap v1.9.3
[INFO] [stderr]    Compiling tower-service v0.3.2
[INFO] [stderr]    Compiling try-lock v0.2.5
[INFO] [stderr]    Compiling either v1.9.0
[INFO] [stderr]    Compiling ppv-lite86 v0.2.17
[INFO] [stderr]    Compiling want v0.3.1
[INFO] [stderr]    Compiling itertools v0.10.5
[INFO] [stderr]    Compiling http-body v0.4.6
[INFO] [stderr]    Compiling rand_chacha v0.3.1
[INFO] [stderr]    Compiling futures-channel v0.3.30
[INFO] [stderr]    Compiling byteorder v1.5.0
[INFO] [stderr]    Compiling httpdate v1.0.3
[INFO] [stderr]    Compiling async-trait v0.1.77
[INFO] [stderr]    Compiling hashbrown v0.12.3
[INFO] [stderr]    Compiling rand v0.8.5
[INFO] [stderr]    Compiling tower-layer v0.3.2
[INFO] [stderr]    Compiling hdrhistogram v7.5.4
[INFO] [stderr]    Compiling base64 v0.13.1
[INFO] [stderr]    Compiling percent-encoding v2.3.1
[INFO] [stderr]    Compiling tokio-macros v2.2.0
[INFO] [stderr]    Compiling tracing-attributes v0.1.27
[INFO] [stderr]    Compiling pin-project-internal v1.1.3
[INFO] [stderr]    Compiling async-stream-impl v0.3.5
[INFO] [stderr]    Compiling async-stream v0.3.5
[INFO] [stderr]    Compiling tokio v1.35.1
[INFO] [stderr]    Compiling informalsystems-prost-derive v0.8.1
[INFO] [stderr]    Compiling pin-project v1.1.3
[INFO] [stderr]    Compiling tracing v0.1.40
[INFO] [stderr]    Compiling tracing-futures v0.2.5
[INFO] [stderr]    Compiling informalsystems-prost v0.8.1
[INFO] [stderr]    Compiling tokio-util v0.7.10
[INFO] [stderr]    Compiling tokio-io-timeout v1.2.0
[INFO] [stderr]    Compiling tokio-util v0.6.10
[INFO] [stderr]    Compiling tokio-stream v0.1.14
[INFO] [stderr]    Compiling h2 v0.3.22
[INFO] [stderr]    Compiling tower v0.4.13
[INFO] [stderr]    Compiling hyper v0.14.28
[INFO] [stderr]    Compiling hyper-timeout v0.4.1
[INFO] [stderr]    Compiling informalsystems-tonic v0.5.2 (/opt/rustwide/workdir)
[INFO] [stdout] warning: fields `cert` and `key` are never read
[INFO] [stdout]   --> src/transport/tls.rs:10:16
[INFO] [stdout]    |
[INFO] [stdout] 9  | pub struct Identity {
[INFO] [stdout]    |            -------- fields in this struct
[INFO] [stdout] 10 |     pub(crate) cert: Certificate,
[INFO] [stdout]    |                ^^^^
[INFO] [stdout] 11 |     pub(crate) key: Vec<u8>,
[INFO] [stdout]    |                ^^^
[INFO] [stdout]    |
[INFO] [stdout]    = note: `Identity` has derived impls for the traits `Clone` and `Debug`, but these are intentionally ignored during dead code analysis
[INFO] [stdout]    = note: `#[warn(dead_code)]` on by default
[INFO] [stdout] 
[INFO] [stdout] 
[INFO] [stdout] warning: 1 warning emitted
[INFO] [stdout] 
[INFO] [stdout] 
[INFO] [stderr]     Finished dev [unoptimized + debuginfo] target(s) in 20.81s
[INFO] running `Command { std: "docker" "inspect" "1f78afd17fb5a390f52e24e37c88a0b53f396d9695e1a8b3dac100121927d65f", kill_on_drop: false }`
[INFO] running `Command { std: "docker" "rm" "-f" "1f78afd17fb5a390f52e24e37c88a0b53f396d9695e1a8b3dac100121927d65f", kill_on_drop: false }`
[INFO] [stdout] 1f78afd17fb5a390f52e24e37c88a0b53f396d9695e1a8b3dac100121927d65f
[INFO] running `Command { std: "docker" "create" "-v" "/var/lib/crater-agent-workspace/builds/worker-4-tc1/target:/opt/rustwide/target:rw,Z" "-v" "/var/lib/crater-agent-workspace/builds/worker-4-tc1/source:/opt/rustwide/workdir:ro,Z" "-v" "/var/lib/crater-agent-workspace/cargo-home:/opt/rustwide/cargo-home:ro,Z" "-v" "/var/lib/crater-agent-workspace/rustup-home:/opt/rustwide/rustup-home:ro,Z" "-e" "SOURCE_DIR=/opt/rustwide/workdir" "-e" "CARGO_TARGET_DIR=/opt/rustwide/target" "-e" "CARGO_INCREMENTAL=0" "-e" "RUST_BACKTRACE=full" "-e" "RUSTFLAGS=--cap-lints=warn" "-e" "RUSTDOCFLAGS=--cap-lints=warn" "-e" "CARGO_HOME=/opt/rustwide/cargo-home" "-e" "RUSTUP_HOME=/opt/rustwide/rustup-home" "-w" "/opt/rustwide/workdir" "-m" "1610612736" "--user" "0:0" "--network" "none" "ghcr.io/rust-lang/crates-build-env/linux@sha256:2788e3201cd34a07e3172128adcd8b3090168a8e3bcc40d7c032b9dda1df7d1c" "/opt/rustwide/cargo-home/bin/cargo" "+1.75.0" "test" "--frozen" "--no-run" "--message-format=json", kill_on_drop: false }`
[INFO] [stdout] fd0a58421d72978556fcefb5610787ac404ea8ec89d2bd92ff9370d8b1cdd74b
[INFO] running `Command { std: "docker" "start" "-a" "fd0a58421d72978556fcefb5610787ac404ea8ec89d2bd92ff9370d8b1cdd74b", kill_on_drop: false }`
[INFO] [stderr]    Compiling memchr v2.7.1
[INFO] [stderr]    Compiling regex-syntax v0.8.2
[INFO] [stderr]    Compiling quickcheck_macros v1.0.0
[INFO] [stderr]    Compiling bencher v0.1.5
[INFO] [stdout] warning: fields `cert` and `key` are never read
[INFO] [stdout]   --> src/transport/tls.rs:10:16
[INFO] [stdout]    |
[INFO] [stdout] 9  | pub struct Identity {
[INFO] [stdout]    |            -------- fields in this struct
[INFO] [stdout] 10 |     pub(crate) cert: Certificate,
[INFO] [stdout]    |                ^^^^
[INFO] [stdout] 11 |     pub(crate) key: Vec<u8>,
[INFO] [stdout]    |                ^^^
[INFO] [stdout]    |
[INFO] [stdout]    = note: `Identity` has derived impls for the traits `Clone` and `Debug`, but these are intentionally ignored during dead code analysis
[INFO] [stdout]    = note: `#[warn(dead_code)]` on by default
[INFO] [stdout] 
[INFO] [stdout] 
[INFO] [stderr]    Compiling static_assertions v1.1.0
[INFO] [stdout] warning: 1 warning emitted
[INFO] [stdout] 
[INFO] [stdout] 
[INFO] [stderr]    Compiling aho-corasick v1.1.2
[INFO] [stderr]    Compiling regex-automata v0.4.3
[INFO] [stderr]    Compiling regex v1.10.2
[INFO] [stderr]    Compiling env_logger v0.8.4
[INFO] [stderr]    Compiling quickcheck v1.0.3
[INFO] [stderr]    Compiling informalsystems-tonic v0.5.2 (/opt/rustwide/workdir)
[INFO] [stdout] error[E0432]: unresolved import `crate::codec::compression`
[INFO] [stdout]   --> src/codec/prost.rs:80:23
[INFO] [stdout]    |
[INFO] [stdout] 80 |     use crate::codec::compression::SingleMessageCompressionOverride;
[INFO] [stdout]    |                       ^^^^^^^^^^^ could not find `compression` in `codec`
[INFO] [stdout] 
[INFO] [stdout] 
[INFO] [stdout] error[E0061]: this function takes 2 arguments but 3 arguments were supplied
[INFO] [stdout]    --> src/codec/prost.rs:106:26
[INFO] [stdout]     |
[INFO] [stdout] 106 |         let mut stream = Streaming::new_request(decoder, body, None);
[INFO] [stdout]     |                          ^^^^^^^^^^^^^^^^^^^^^^              ------
[INFO] [stdout]     |                                                              | |
[INFO] [stdout]     |                                                              | unexpected argument of type `Option<_>`
[INFO] [stdout]     |                                                              help: remove the extra argument
[INFO] [stdout]     |
[INFO] [stdout] note: associated function defined here
[INFO] [stdout]    --> src/codec/decode.rs:88:12
[INFO] [stdout]     |
[INFO] [stdout] 88  |     pub fn new_request<B, D>(
[INFO] [stdout]     |            ^^^^^^^^^^^
[INFO] [stdout] 89  |         decoder: D,
[INFO] [stdout]     |         ----------
[INFO] [stdout] 90  |         body: B,
[INFO] [stdout]     |         -------
[INFO] [stdout] 
[INFO] [stdout] 
[INFO] [stdout] error[E0061]: this function takes 2 arguments but 4 arguments were supplied
[INFO] [stdout]    --> src/codec/prost.rs:125:20
[INFO] [stdout]     |
[INFO] [stdout] 125 |         let body = encode_server(
[INFO] [stdout]     |                    ^^^^^^^^^^^^^
[INFO] [stdout] ...
[INFO] [stdout] 128 |             None,
[INFO] [stdout]     |             ---- unexpected argument of type `Option<_>`
[INFO] [stdout] 129 |             SingleMessageCompressionOverride::default(),
[INFO] [stdout]     |             ------------------------------------------- unexpected argument
[INFO] [stdout]     |
[INFO] [stdout] note: function defined here
[INFO] [stdout]    --> src/codec/encode.rs:18:15
[INFO] [stdout]     |
[INFO] [stdout] 18  | pub(crate) fn encode_server<T, U>(
[INFO] [stdout]     |               ^^^^^^^^^^^^^
[INFO] [stdout] 19  |     encoder: T,
[INFO] [stdout]     |     ----------
[INFO] [stdout] 20  |     source: U,
[INFO] [stdout]     |     ---------
[INFO] [stdout] help: remove the extra arguments
[INFO] [stdout]     |
[INFO] [stdout] 127 -             source,
[INFO] [stdout] 128 -             None,
[INFO] [stdout] 127 +             source,
[INFO] [stdout]     |
[INFO] [stdout] 
[INFO] [stdout] 
[INFO] [stdout] error: aborting due to 3 previous errors
[INFO] [stdout] 
[INFO] [stdout] 
[INFO] [stdout] Some errors have detailed explanations: E0061, E0432.
[INFO] [stdout] 
[INFO] [stdout] For more information about an error, try `rustc --explain E0061`.
[INFO] [stdout] 
[INFO] [stderr] error: could not compile `informalsystems-tonic` (lib test) due to 4 previous errors
[INFO] running `Command { std: "docker" "inspect" "fd0a58421d72978556fcefb5610787ac404ea8ec89d2bd92ff9370d8b1cdd74b", kill_on_drop: false }`
[INFO] running `Command { std: "docker" "rm" "-f" "fd0a58421d72978556fcefb5610787ac404ea8ec89d2bd92ff9370d8b1cdd74b", kill_on_drop: false }`
[INFO] [stdout] fd0a58421d72978556fcefb5610787ac404ea8ec89d2bd92ff9370d8b1cdd74b
