[INFO] fetching crate infinitree 0.10.4...
[INFO] testing infinitree-0.10.4 against 1.75.0 for beta-1.76-1
[INFO] extracting crate infinitree 0.10.4 into /workspace/builds/worker-2-tc1/source
[INFO] validating manifest of crates.io crate infinitree 0.10.4 on toolchain 1.75.0
[INFO] running `Command { std: CARGO_HOME="/workspace/cargo-home" RUSTUP_HOME="/workspace/rustup-home" "/workspace/cargo-home/bin/cargo" "+1.75.0" "metadata" "--manifest-path" "Cargo.toml" "--no-deps", kill_on_drop: false }`
[INFO] started tweaking crates.io crate infinitree 0.10.4
[INFO] finished tweaking crates.io crate infinitree 0.10.4
[INFO] tweaked toml for crates.io crate infinitree 0.10.4 written to /workspace/builds/worker-2-tc1/source/Cargo.toml
[INFO] running `Command { std: CARGO_HOME="/workspace/cargo-home" RUSTUP_HOME="/workspace/rustup-home" "/workspace/cargo-home/bin/cargo" "+1.75.0" "generate-lockfile" "--manifest-path" "Cargo.toml", kill_on_drop: false }`
[INFO] [stderr]     Updating crates.io index
[INFO] running `Command { std: CARGO_HOME="/workspace/cargo-home" RUSTUP_HOME="/workspace/rustup-home" "/workspace/cargo-home/bin/cargo" "+1.75.0" "fetch" "--manifest-path" "Cargo.toml", kill_on_drop: false }`
[INFO] [stderr]  Downloading crates ...
[INFO] [stderr]   Downloaded rust-argon2 v1.0.1
[INFO] [stderr]   Downloaded infinitree-macros v0.10.4
[INFO] [stderr]   Downloaded yubico_manager v0.9.0
[INFO] [stderr]   Downloaded rusb v0.8.1
[INFO] [stderr]   Downloaded libusb1-sys v0.5.0
[INFO] [stderr]   Downloaded scc v1.9.1
[INFO] running `Command { std: "docker" "create" "-v" "/var/lib/crater-agent-workspace/builds/worker-2-tc1/target:/opt/rustwide/target:rw,Z" "-v" "/var/lib/crater-agent-workspace/builds/worker-2-tc1/source:/opt/rustwide/workdir:ro,Z" "-v" "/var/lib/crater-agent-workspace/cargo-home:/opt/rustwide/cargo-home:ro,Z" "-v" "/var/lib/crater-agent-workspace/rustup-home:/opt/rustwide/rustup-home:ro,Z" "-e" "SOURCE_DIR=/opt/rustwide/workdir" "-e" "CARGO_TARGET_DIR=/opt/rustwide/target" "-e" "CARGO_HOME=/opt/rustwide/cargo-home" "-e" "RUSTUP_HOME=/opt/rustwide/rustup-home" "-w" "/opt/rustwide/workdir" "-m" "1610612736" "--user" "0:0" "--network" "none" "ghcr.io/rust-lang/crates-build-env/linux@sha256:2788e3201cd34a07e3172128adcd8b3090168a8e3bcc40d7c032b9dda1df7d1c" "/opt/rustwide/cargo-home/bin/cargo" "+1.75.0" "metadata" "--no-deps" "--format-version=1", kill_on_drop: false }`
[INFO] [stdout] 3dcb12106c8c09e39c623cfede35af728d614ae989eaceac6026fd70132c5887
[INFO] running `Command { std: "docker" "start" "-a" "3dcb12106c8c09e39c623cfede35af728d614ae989eaceac6026fd70132c5887", kill_on_drop: false }`
[INFO] running `Command { std: "docker" "inspect" "3dcb12106c8c09e39c623cfede35af728d614ae989eaceac6026fd70132c5887", kill_on_drop: false }`
[INFO] running `Command { std: "docker" "rm" "-f" "3dcb12106c8c09e39c623cfede35af728d614ae989eaceac6026fd70132c5887", kill_on_drop: false }`
[INFO] [stdout] 3dcb12106c8c09e39c623cfede35af728d614ae989eaceac6026fd70132c5887
[INFO] running `Command { std: "docker" "create" "-v" "/var/lib/crater-agent-workspace/builds/worker-2-tc1/target:/opt/rustwide/target:rw,Z" "-v" "/var/lib/crater-agent-workspace/builds/worker-2-tc1/source:/opt/rustwide/workdir:ro,Z" "-v" "/var/lib/crater-agent-workspace/cargo-home:/opt/rustwide/cargo-home:ro,Z" "-v" "/var/lib/crater-agent-workspace/rustup-home:/opt/rustwide/rustup-home:ro,Z" "-e" "SOURCE_DIR=/opt/rustwide/workdir" "-e" "CARGO_TARGET_DIR=/opt/rustwide/target" "-e" "CARGO_INCREMENTAL=0" "-e" "RUST_BACKTRACE=full" "-e" "RUSTFLAGS=--cap-lints=warn" "-e" "RUSTDOCFLAGS=--cap-lints=warn" "-e" "CARGO_HOME=/opt/rustwide/cargo-home" "-e" "RUSTUP_HOME=/opt/rustwide/rustup-home" "-w" "/opt/rustwide/workdir" "-m" "1610612736" "--user" "0:0" "--network" "none" "ghcr.io/rust-lang/crates-build-env/linux@sha256:2788e3201cd34a07e3172128adcd8b3090168a8e3bcc40d7c032b9dda1df7d1c" "/opt/rustwide/cargo-home/bin/cargo" "+1.75.0" "build" "--frozen" "--message-format=json", kill_on_drop: false }`
[INFO] [stdout] e31b1d86e1dab888d1dd1370a43e0d3d7a8df53965eb517d73722a5eadf3b58b
[INFO] running `Command { std: "docker" "start" "-a" "e31b1d86e1dab888d1dd1370a43e0d3d7a8df53965eb517d73722a5eadf3b58b", kill_on_drop: false }`
[INFO] [stderr]    Compiling libc v0.2.151
[INFO] [stderr]    Compiling generic-array v0.14.7
[INFO] [stderr]    Compiling ahash v0.8.7
[INFO] [stderr]    Compiling zerocopy v0.7.32
[INFO] [stderr]    Compiling rustix v0.38.28
[INFO] [stderr]    Compiling memchr v2.7.1
[INFO] [stderr]    Compiling syn v2.0.48
[INFO] [stderr]    Compiling linux-raw-sys v0.4.12
[INFO] [stderr]    Compiling bitflags v2.4.1
[INFO] [stderr]    Compiling hashbrown v0.13.2
[INFO] [stderr]    Compiling core2 v0.4.0
[INFO] [stderr]    Compiling crc32fast v1.3.2
[INFO] [stderr]    Compiling rle-decode-fast v1.0.3
[INFO] [stderr]    Compiling lock_api v0.4.11
[INFO] [stderr]    Compiling strsim v0.10.0
[INFO] [stderr]    Compiling adler32 v1.2.0
[INFO] [stderr]    Compiling ident_case v1.0.1
[INFO] [stderr]    Compiling dary_heap v0.3.6
[INFO] [stderr]    Compiling fnv v1.0.7
[INFO] [stderr]    Compiling num-traits v0.2.17
[INFO] [stderr]    Compiling libflate_lz77 v2.0.0
[INFO] [stderr]    Compiling serde v1.0.194
[INFO] [stderr]    Compiling minisign-verify v0.2.1
[INFO] [stderr]    Compiling libflate v2.0.0
[INFO] [stderr]    Compiling proc-macro-hack-impl v0.4.3
[INFO] [stderr]    Compiling scopeguard v1.2.0
[INFO] [stderr]    Compiling cipher v0.3.0
[INFO] [stderr]    Compiling digest v0.9.0
[INFO] [stderr]    Compiling crossbeam-utils v0.8.18
[INFO] [stderr]    Compiling proc-macro-hack v0.4.3
[INFO] [stderr]    Compiling arrayref v0.3.7
[INFO] [stderr]    Compiling arrayvec v0.7.4
[INFO] [stderr]    Compiling constant_time_eq v0.3.0
[INFO] [stderr]    Compiling cc v1.0.83
[INFO] [stderr]    Compiling getrandom v0.2.11
[INFO] [stderr]    Compiling filetime v0.2.23
[INFO] [stderr]    Compiling rand_core v0.6.4
[INFO] [stderr]    Compiling quote v0.3.15
[INFO] [stderr]    Compiling rusb v0.8.1
[INFO] [stderr]    Compiling opaque-debug v0.3.0
[INFO] [stderr]    Compiling subtle v2.4.1
[INFO] [stderr]    Compiling parking_lot_core v0.9.9
[INFO] [stderr]    Compiling rand_chacha v0.3.1
[INFO] [stderr]    Compiling structure-macro-impl v0.1.2
[INFO] [stderr]    Compiling crypto-mac v0.11.1
[INFO] [stderr]    Compiling xattr v1.2.0
[INFO] [stderr]    Compiling block-buffer v0.9.0
[INFO] [stderr]    Compiling static_assertions v1.1.0
[INFO] [stderr]    Compiling block-padding v0.2.1
[INFO] [stderr]    Compiling tar v0.4.40
[INFO] [stderr]    Compiling block-modes v0.8.1
[INFO] [stderr]    Compiling twox-hash v1.6.3
[INFO] [stderr]    Compiling structure v0.1.2
[INFO] [stderr]    Compiling anyhow v1.0.79
[INFO] [stderr]    Compiling sha-1 v0.9.8
[INFO] [stderr]    Compiling rand v0.8.5
[INFO] [stderr]    Compiling hmac v0.11.0
[INFO] [stderr]    Compiling libusb1-sys v0.5.0
[INFO] [stderr]    Compiling ring v0.16.20
[INFO] [stderr]    Compiling blake3 v1.5.0
[INFO] [stderr]    Compiling rmp v0.8.12
[INFO] [stderr]    Compiling libsodium-sys-stable v1.20.4
[INFO] [stderr]    Compiling proc-macro-crate v1.3.1
[INFO] [stderr]    Compiling darling_core v0.20.3
[INFO] [stderr]    Compiling aes v0.7.5
[INFO] [stderr]    Compiling nanorand v0.7.0
[INFO] [stderr]    Compiling blake2b_simd v1.0.2
[INFO] [stderr]    Compiling spin v0.9.8
[INFO] [stderr]    Compiling futures-core v0.3.30
[INFO] [stderr]    Compiling infinitree v0.10.4 (/opt/rustwide/workdir)
[INFO] [stderr]    Compiling futures-sink v0.3.30
[INFO] [stderr]    Compiling yubico_manager v0.9.0
[INFO] [stderr]    Compiling secrecy v0.8.0
[INFO] [stderr]    Compiling infinitree-macros v0.10.4
[INFO] [stderr]    Compiling rust-argon2 v1.0.1
[INFO] [stderr]    Compiling lz4_flex v0.11.1
[INFO] [stderr]    Compiling parking_lot v0.12.1
[INFO] [stderr]    Compiling memmap2 v0.7.1
[INFO] [stderr]    Compiling lru v0.10.1
[INFO] [stderr]    Compiling scc v1.9.1
[INFO] [stderr]    Compiling serde_derive v1.0.194
[INFO] [stderr]    Compiling darling_macro v0.20.3
[INFO] [stderr]    Compiling pin-project-internal v1.1.3
[INFO] [stderr]    Compiling thiserror-impl v1.0.56
[INFO] [stderr]    Compiling darling v0.20.3
[INFO] [stderr]    Compiling serde_with_macros v3.4.0
[INFO] [stderr]    Compiling pin-project v1.1.3
[INFO] [stderr]    Compiling flume v0.10.14
[INFO] [stderr]    Compiling thiserror v1.0.56
[INFO] [stderr]    Compiling serde_with v3.4.0
[INFO] [stderr]    Compiling rmp-serde v1.1.2
[INFO] [stdout] warning: unused imports: `decompress`, `get_maximum_output_size`
[INFO] [stdout]  --> src/compress.rs:2:20
[INFO] [stdout]   |
[INFO] [stdout] 2 |     compress_into, decompress, decompress_into, get_maximum_output_size, CompressError,
[INFO] [stdout]   |                    ^^^^^^^^^^                   ^^^^^^^^^^^^^^^^^^^^^^^
[INFO] [stdout]   |
[INFO] [stdout]   = note: `#[warn(unused_imports)]` on by default
[INFO] [stdout] 
[INFO] [stdout] 
[INFO] [stdout] warning: 1 warning emitted
[INFO] [stdout] 
[INFO] [stdout] 
[INFO] [stderr]     Finished dev [unoptimized + debuginfo] target(s) in 1m 14s
[INFO] running `Command { std: "docker" "inspect" "e31b1d86e1dab888d1dd1370a43e0d3d7a8df53965eb517d73722a5eadf3b58b", kill_on_drop: false }`
[INFO] running `Command { std: "docker" "rm" "-f" "e31b1d86e1dab888d1dd1370a43e0d3d7a8df53965eb517d73722a5eadf3b58b", kill_on_drop: false }`
[INFO] [stdout] e31b1d86e1dab888d1dd1370a43e0d3d7a8df53965eb517d73722a5eadf3b58b
[INFO] running `Command { std: "docker" "create" "-v" "/var/lib/crater-agent-workspace/builds/worker-2-tc1/target:/opt/rustwide/target:rw,Z" "-v" "/var/lib/crater-agent-workspace/builds/worker-2-tc1/source:/opt/rustwide/workdir:ro,Z" "-v" "/var/lib/crater-agent-workspace/cargo-home:/opt/rustwide/cargo-home:ro,Z" "-v" "/var/lib/crater-agent-workspace/rustup-home:/opt/rustwide/rustup-home:ro,Z" "-e" "SOURCE_DIR=/opt/rustwide/workdir" "-e" "CARGO_TARGET_DIR=/opt/rustwide/target" "-e" "CARGO_INCREMENTAL=0" "-e" "RUST_BACKTRACE=full" "-e" "RUSTFLAGS=--cap-lints=warn" "-e" "RUSTDOCFLAGS=--cap-lints=warn" "-e" "CARGO_HOME=/opt/rustwide/cargo-home" "-e" "RUSTUP_HOME=/opt/rustwide/rustup-home" "-w" "/opt/rustwide/workdir" "-m" "1610612736" "--user" "0:0" "--network" "none" "ghcr.io/rust-lang/crates-build-env/linux@sha256:2788e3201cd34a07e3172128adcd8b3090168a8e3bcc40d7c032b9dda1df7d1c" "/opt/rustwide/cargo-home/bin/cargo" "+1.75.0" "test" "--frozen" "--no-run" "--message-format=json", kill_on_drop: false }`
[INFO] [stdout] b8c809414acb7b75dc834a91f5f5c4a2a414d8b374cedede3c3e790484ffb80c
[INFO] running `Command { std: "docker" "start" "-a" "b8c809414acb7b75dc834a91f5f5c4a2a414d8b374cedede3c3e790484ffb80c", kill_on_drop: false }`
[INFO] [stderr]    Compiling infinitree v0.10.4 (/opt/rustwide/workdir)
[INFO] [stdout] warning: unused imports: `decompress`, `get_maximum_output_size`
[INFO] [stdout]  --> src/compress.rs:2:20
[INFO] [stdout]   |
[INFO] [stdout] 2 |     compress_into, decompress, decompress_into, get_maximum_output_size, CompressError,
[INFO] [stdout]   |                    ^^^^^^^^^^                   ^^^^^^^^^^^^^^^^^^^^^^^
[INFO] [stdout]   |
[INFO] [stdout]   = note: `#[warn(unused_imports)]` on by default
[INFO] [stdout] 
[INFO] [stdout] 
[INFO] [stdout] warning: 1 warning emitted
[INFO] [stdout] 
[INFO] [stdout] 
[INFO] [stdout] error[E0432]: unresolved import `criterion`
[INFO] [stdout]    --> src/lib.rs:173:5
[INFO] [stdout]     |
[INFO] [stdout] 173 | use criterion as _;
[INFO] [stdout]     |     ^^^^^^^^^^^^^^ no external crate `criterion`
[INFO] [stdout] 
[INFO] [stdout] 
[INFO] [stdout] error[E0433]: failed to resolve: use of undeclared crate or module `paste`
[INFO] [stdout]    --> src/index.rs:209:13
[INFO] [stdout]     |
[INFO] [stdout] 209 |             paste::paste! {
[INFO] [stdout]     |             ^^^^^ use of undeclared crate or module `paste`
[INFO] [stdout]     |
[INFO] [stdout]    ::: src/fields/map.rs:297:5
[INFO] [stdout]     |
[INFO] [stdout] 297 |     crate::len_check_test!(TestMap, LocalField, init_map, |m: TestMap| m.len());
[INFO] [stdout]     |     --------------------------------------------------------------------------- in this macro invocation
[INFO] [stdout]     |
[INFO] [stdout]     = note: this error originates in the macro `crate::len_check_test` (in Nightly builds, run with -Z macro-backtrace for more info)
[INFO] [stdout] 
[INFO] [stdout] 
[INFO] [stdout] error[E0433]: failed to resolve: use of undeclared crate or module `paste`
[INFO] [stdout]    --> src/index.rs:209:13
[INFO] [stdout]     |
[INFO] [stdout] 209 |             paste::paste! {
[INFO] [stdout]     |             ^^^^^ use of undeclared crate or module `paste`
[INFO] [stdout]     |
[INFO] [stdout]    ::: src/fields/map.rs:298:5
[INFO] [stdout]     |
[INFO] [stdout] 298 |     crate::len_check_test!(TestMap, SparseField, init_map, |m: TestMap| m.len());
[INFO] [stdout]     |     ---------------------------------------------------------------------------- in this macro invocation
[INFO] [stdout]     |
[INFO] [stdout]     = note: this error originates in the macro `crate::len_check_test` (in Nightly builds, run with -Z macro-backtrace for more info)
[INFO] [stdout] 
[INFO] [stdout] 
[INFO] [stdout] error[E0433]: failed to resolve: use of undeclared crate or module `paste`
[INFO] [stdout]    --> src/index.rs:209:13
[INFO] [stdout]     |
[INFO] [stdout] 209 |               paste::paste! {
[INFO] [stdout]     |               ^^^^^ use of undeclared crate or module `paste`
[INFO] [stdout]     |
[INFO] [stdout]    ::: src/fields/list.rs:134:5
[INFO] [stdout]     |
[INFO] [stdout] 134 | /     crate::len_check_test!(TestList, LocalField, init_list, |l: TestList| l
[INFO] [stdout] 135 | |         .read()
[INFO] [stdout] 136 | |         .len());
[INFO] [stdout]     | |_______________- in this macro invocation
[INFO] [stdout]     |
[INFO] [stdout]     = note: this error originates in the macro `crate::len_check_test` (in Nightly builds, run with -Z macro-backtrace for more info)
[INFO] [stdout] 
[INFO] [stdout] 
[INFO] [stdout] error[E0433]: failed to resolve: use of undeclared crate or module `paste`
[INFO] [stdout]    --> src/index.rs:209:13
[INFO] [stdout]     |
[INFO] [stdout] 209 |               paste::paste! {
[INFO] [stdout]     |               ^^^^^ use of undeclared crate or module `paste`
[INFO] [stdout]     |
[INFO] [stdout]    ::: src/fields/list.rs:137:5
[INFO] [stdout]     |
[INFO] [stdout] 137 | /     crate::len_check_test!(TestList, SparseField, init_list, |l: TestList| l
[INFO] [stdout] 138 | |         .read()
[INFO] [stdout] 139 | |         .len());
[INFO] [stdout]     | |_______________- in this macro invocation
[INFO] [stdout]     |
[INFO] [stdout]     = note: this error originates in the macro `crate::len_check_test` (in Nightly builds, run with -Z macro-backtrace for more info)
[INFO] [stdout] 
[INFO] [stdout] 
[INFO] [stdout] error[E0433]: failed to resolve: use of undeclared crate or module `paste`
[INFO] [stdout]    --> src/index.rs:209:13
[INFO] [stdout]     |
[INFO] [stdout] 209 |               paste::paste! {
[INFO] [stdout]     |               ^^^^^ use of undeclared crate or module `paste`
[INFO] [stdout]     |
[INFO] [stdout]    ::: src/fields/versioned/list.rs:477:5
[INFO] [stdout]     |
[INFO] [stdout] 477 | /     crate::len_check_test!(TestList, LocalField, init_list, |l: TestList| {
[INFO] [stdout] 478 | |         let mut x = 0;
[INFO] [stdout] 479 | |         for _ in l.iter() {
[INFO] [stdout] 480 | |             x += 1;
[INFO] [stdout] 481 | |         }
[INFO] [stdout] 482 | |         x
[INFO] [stdout] 483 | |     });
[INFO] [stdout]     | |______- in this macro invocation
[INFO] [stdout]     |
[INFO] [stdout]     = note: this error originates in the macro `crate::len_check_test` (in Nightly builds, run with -Z macro-backtrace for more info)
[INFO] [stdout] 
[INFO] [stdout] 
[INFO] [stdout] error[E0433]: failed to resolve: use of undeclared crate or module `paste`
[INFO] [stdout]    --> src/index.rs:209:13
[INFO] [stdout]     |
[INFO] [stdout] 209 |               paste::paste! {
[INFO] [stdout]     |               ^^^^^ use of undeclared crate or module `paste`
[INFO] [stdout]     |
[INFO] [stdout]    ::: src/fields/versioned/list.rs:484:5
[INFO] [stdout]     |
[INFO] [stdout] 484 | /     crate::len_check_test!(TestList, SparseField, init_list, |l: TestList| {
[INFO] [stdout] 485 | |         let mut x = 0;
[INFO] [stdout] 486 | |         for _ in l.iter() {
[INFO] [stdout] 487 | |             x += 1;
[INFO] [stdout] 488 | |         }
[INFO] [stdout] 489 | |         x
[INFO] [stdout] 490 | |     });
[INFO] [stdout]     | |______- in this macro invocation
[INFO] [stdout]     |
[INFO] [stdout]     = note: this error originates in the macro `crate::len_check_test` (in Nightly builds, run with -Z macro-backtrace for more info)
[INFO] [stdout] 
[INFO] [stdout] 
[INFO] [stdout] error[E0433]: failed to resolve: use of undeclared crate or module `paste`
[INFO] [stdout]    --> src/index.rs:209:13
[INFO] [stdout]     |
[INFO] [stdout] 209 |             paste::paste! {
[INFO] [stdout]     |             ^^^^^ use of undeclared crate or module `paste`
[INFO] [stdout]     |
[INFO] [stdout]    ::: src/fields/versioned/map.rs:752:5
[INFO] [stdout]     |
[INFO] [stdout] 752 |     crate::len_check_test!(TestMap, LocalField, init_map, |m: TestMap| m.len());
[INFO] [stdout]     |     --------------------------------------------------------------------------- in this macro invocation
[INFO] [stdout]     |
[INFO] [stdout]     = note: this error originates in the macro `crate::len_check_test` (in Nightly builds, run with -Z macro-backtrace for more info)
[INFO] [stdout] 
[INFO] [stdout] 
[INFO] [stdout] error[E0433]: failed to resolve: use of undeclared crate or module `paste`
[INFO] [stdout]    --> src/index.rs:209:13
[INFO] [stdout]     |
[INFO] [stdout] 209 |             paste::paste! {
[INFO] [stdout]     |             ^^^^^ use of undeclared crate or module `paste`
[INFO] [stdout]     |
[INFO] [stdout]    ::: src/fields/versioned/map.rs:753:5
[INFO] [stdout]     |
[INFO] [stdout] 753 |     crate::len_check_test!(TestMap, SparseField, init_map, |m: TestMap| m.len());
[INFO] [stdout]     |     ---------------------------------------------------------------------------- in this macro invocation
[INFO] [stdout]     |
[INFO] [stdout]     = note: this error originates in the macro `crate::len_check_test` (in Nightly builds, run with -Z macro-backtrace for more info)
[INFO] [stdout] 
[INFO] [stdout] 
[INFO] [stdout] warning: unused imports: `decompress`, `get_maximum_output_size`
[INFO] [stdout]  --> src/compress.rs:2:20
[INFO] [stdout]   |
[INFO] [stdout] 2 |     compress_into, decompress, decompress_into, get_maximum_output_size, CompressError,
[INFO] [stdout]   |                    ^^^^^^^^^^                   ^^^^^^^^^^^^^^^^^^^^^^^
[INFO] [stdout]   |
[INFO] [stdout]   = note: `#[warn(unused_imports)]` on by default
[INFO] [stdout] 
[INFO] [stdout] 
[INFO] [stdout] warning: unused imports: `LocalField`, `SparseField`, `Strategy`, `index::test::store_then_load`
[INFO] [stdout]    --> src/fields/map.rs:236:18
[INFO] [stdout]     |
[INFO] [stdout] 236 |         fields::{LocalField, SparseField, Strategy},
[INFO] [stdout]     |                  ^^^^^^^^^^  ^^^^^^^^^^^  ^^^^^^^^
[INFO] [stdout] 237 |         index::test::store_then_load,
[INFO] [stdout]     |         ^^^^^^^^^^^^^^^^^^^^^^^^^^^^
[INFO] [stdout] 
[INFO] [stdout] 
[INFO] [stdout] warning: unused imports: `LocalField`, `SparseField`, `Strategy`, `index::test::store_then_load`
[INFO] [stdout]    --> src/fields/list.rs:125:18
[INFO] [stdout]     |
[INFO] [stdout] 125 |         fields::{LocalField, SparseField, Strategy},
[INFO] [stdout]     |                  ^^^^^^^^^^  ^^^^^^^^^^^  ^^^^^^^^
[INFO] [stdout] 126 |         index::test::store_then_load,
[INFO] [stdout]     |         ^^^^^^^^^^^^^^^^^^^^^^^^^^^^
[INFO] [stdout] 
[INFO] [stdout] 
[INFO] [stdout] warning: unused imports: `LocalField`, `SparseField`, `Strategy`, `index::test::store_then_load`
[INFO] [stdout]    --> src/fields/versioned/list.rs:467:18
[INFO] [stdout]     |
[INFO] [stdout] 467 |         fields::{LocalField, SparseField, Strategy},
[INFO] [stdout]     |                  ^^^^^^^^^^  ^^^^^^^^^^^  ^^^^^^^^
[INFO] [stdout] 468 |         index::test::store_then_load,
[INFO] [stdout]     |         ^^^^^^^^^^^^^^^^^^^^^^^^^^^^
[INFO] [stdout] 
[INFO] [stdout] 
[INFO] [stdout] warning: unused imports: `LocalField`, `SparseField`, `Strategy`, `index::test::store_then_load`
[INFO] [stdout]    --> src/fields/versioned/map.rs:630:18
[INFO] [stdout]     |
[INFO] [stdout] 630 |         fields::{LocalField, SparseField, Strategy},
[INFO] [stdout]     |                  ^^^^^^^^^^  ^^^^^^^^^^^  ^^^^^^^^
[INFO] [stdout] 631 |         index::test::store_then_load,
[INFO] [stdout]     |         ^^^^^^^^^^^^^^^^^^^^^^^^^^^^
[INFO] [stdout] 
[INFO] [stdout] 
[INFO] [stdout] error: aborting due to 9 previous errors; 5 warnings emitted
[INFO] [stdout] 
[INFO] [stdout] 
[INFO] [stdout] Some errors have detailed explanations: E0432, E0433.
[INFO] [stdout] 
[INFO] [stdout] For more information about an error, try `rustc --explain E0432`.
[INFO] [stdout] 
[INFO] [stderr] error: could not compile `infinitree` (lib test) due to 10 previous errors; 5 warnings emitted
[INFO] running `Command { std: "docker" "inspect" "b8c809414acb7b75dc834a91f5f5c4a2a414d8b374cedede3c3e790484ffb80c", kill_on_drop: false }`
[INFO] running `Command { std: "docker" "rm" "-f" "b8c809414acb7b75dc834a91f5f5c4a2a414d8b374cedede3c3e790484ffb80c", kill_on_drop: false }`
[INFO] [stdout] b8c809414acb7b75dc834a91f5f5c4a2a414d8b374cedede3c3e790484ffb80c
[INFO] testing infinitree-0.10.4 against beta-2023-12-22 for beta-1.76-1
[INFO] extracting crate infinitree 0.10.4 into /workspace/builds/worker-2-tc2/source
[INFO] validating manifest of crates.io crate infinitree 0.10.4 on toolchain beta-2023-12-22
[INFO] running `Command { std: CARGO_HOME="/workspace/cargo-home" RUSTUP_HOME="/workspace/rustup-home" "/workspace/cargo-home/bin/cargo" "+beta-2023-12-22" "metadata" "--manifest-path" "Cargo.toml" "--no-deps", kill_on_drop: false }`
[INFO] started tweaking crates.io crate infinitree 0.10.4
[INFO] finished tweaking crates.io crate infinitree 0.10.4
[INFO] tweaked toml for crates.io crate infinitree 0.10.4 written to /workspace/builds/worker-2-tc2/source/Cargo.toml
[INFO] running `Command { std: CARGO_HOME="/workspace/cargo-home" RUSTUP_HOME="/workspace/rustup-home" "/workspace/cargo-home/bin/cargo" "+beta-2023-12-22" "generate-lockfile" "--manifest-path" "Cargo.toml", kill_on_drop: false }`
[INFO] [stderr]     Updating crates.io index
[INFO] running `Command { std: CARGO_HOME="/workspace/cargo-home" RUSTUP_HOME="/workspace/rustup-home" "/workspace/cargo-home/bin/cargo" "+beta-2023-12-22" "fetch" "--manifest-path" "Cargo.toml", kill_on_drop: false }`
[INFO] running `Command { std: "docker" "create" "-v" "/var/lib/crater-agent-workspace/builds/worker-2-tc2/target:/opt/rustwide/target:rw,Z" "-v" "/var/lib/crater-agent-workspace/builds/worker-2-tc2/source:/opt/rustwide/workdir:ro,Z" "-v" "/var/lib/crater-agent-workspace/cargo-home:/opt/rustwide/cargo-home:ro,Z" "-v" "/var/lib/crater-agent-workspace/rustup-home:/opt/rustwide/rustup-home:ro,Z" "-e" "SOURCE_DIR=/opt/rustwide/workdir" "-e" "CARGO_TARGET_DIR=/opt/rustwide/target" "-e" "CARGO_HOME=/opt/rustwide/cargo-home" "-e" "RUSTUP_HOME=/opt/rustwide/rustup-home" "-w" "/opt/rustwide/workdir" "-m" "1610612736" "--user" "0:0" "--network" "none" "ghcr.io/rust-lang/crates-build-env/linux@sha256:2788e3201cd34a07e3172128adcd8b3090168a8e3bcc40d7c032b9dda1df7d1c" "/opt/rustwide/cargo-home/bin/cargo" "+beta-2023-12-22" "metadata" "--no-deps" "--format-version=1", kill_on_drop: false }`
[INFO] [stdout] 9db6e2786b2e72760e1135850b6cb7b17719ec571cb5cde43657d52c4a87797a
[INFO] running `Command { std: "docker" "start" "-a" "9db6e2786b2e72760e1135850b6cb7b17719ec571cb5cde43657d52c4a87797a", kill_on_drop: false }`
[INFO] running `Command { std: "docker" "inspect" "9db6e2786b2e72760e1135850b6cb7b17719ec571cb5cde43657d52c4a87797a", kill_on_drop: false }`
[INFO] running `Command { std: "docker" "rm" "-f" "9db6e2786b2e72760e1135850b6cb7b17719ec571cb5cde43657d52c4a87797a", kill_on_drop: false }`
[INFO] [stdout] 9db6e2786b2e72760e1135850b6cb7b17719ec571cb5cde43657d52c4a87797a
[INFO] running `Command { std: "docker" "create" "-v" "/var/lib/crater-agent-workspace/builds/worker-2-tc2/target:/opt/rustwide/target:rw,Z" "-v" "/var/lib/crater-agent-workspace/builds/worker-2-tc2/source:/opt/rustwide/workdir:ro,Z" "-v" "/var/lib/crater-agent-workspace/cargo-home:/opt/rustwide/cargo-home:ro,Z" "-v" "/var/lib/crater-agent-workspace/rustup-home:/opt/rustwide/rustup-home:ro,Z" "-e" "SOURCE_DIR=/opt/rustwide/workdir" "-e" "CARGO_TARGET_DIR=/opt/rustwide/target" "-e" "CARGO_INCREMENTAL=0" "-e" "RUST_BACKTRACE=full" "-e" "RUSTFLAGS=--cap-lints=warn" "-e" "RUSTDOCFLAGS=--cap-lints=warn" "-e" "CARGO_HOME=/opt/rustwide/cargo-home" "-e" "RUSTUP_HOME=/opt/rustwide/rustup-home" "-w" "/opt/rustwide/workdir" "-m" "1610612736" "--user" "0:0" "--network" "none" "ghcr.io/rust-lang/crates-build-env/linux@sha256:2788e3201cd34a07e3172128adcd8b3090168a8e3bcc40d7c032b9dda1df7d1c" "/opt/rustwide/cargo-home/bin/cargo" "+beta-2023-12-22" "build" "--frozen" "--message-format=json", kill_on_drop: false }`
[INFO] [stdout] f6763d5d2f994e96f3e6a8bffb1054c4f5989ec7d72e5b04a551e5a5608f58cc
[INFO] running `Command { std: "docker" "start" "-a" "f6763d5d2f994e96f3e6a8bffb1054c4f5989ec7d72e5b04a551e5a5608f58cc", kill_on_drop: false }`
[INFO] [stderr]    Compiling libc v0.2.151
[INFO] [stderr]    Compiling generic-array v0.14.7
[INFO] [stderr]    Compiling ahash v0.8.7
[INFO] [stderr]    Compiling zerocopy v0.7.32
[INFO] [stderr]    Compiling rustix v0.38.28
[INFO] [stderr]    Compiling bitflags v2.4.1
[INFO] [stderr]    Compiling linux-raw-sys v0.4.12
[INFO] [stderr]    Compiling syn v2.0.48
[INFO] [stderr]    Compiling memchr v2.7.1
[INFO] [stderr]    Compiling crc32fast v1.3.2
[INFO] [stderr]    Compiling rle-decode-fast v1.0.3
[INFO] [stderr]    Compiling lock_api v0.4.11
[INFO] [stderr]    Compiling hashbrown v0.13.2
[INFO] [stderr]    Compiling fnv v1.0.7
[INFO] [stderr]    Compiling core2 v0.4.0
[INFO] [stderr]    Compiling strsim v0.10.0
[INFO] [stderr]    Compiling dary_heap v0.3.6
[INFO] [stderr]    Compiling adler32 v1.2.0
[INFO] [stderr]    Compiling ident_case v1.0.1
[INFO] [stderr]    Compiling num-traits v0.2.17
[INFO] [stderr]    Compiling minisign-verify v0.2.1
[INFO] [stderr]    Compiling serde v1.0.194
[INFO] [stderr]    Compiling proc-macro-hack-impl v0.4.3
[INFO] [stderr]    Compiling libflate_lz77 v2.0.0
[INFO] [stderr]    Compiling scopeguard v1.2.0
[INFO] [stderr]    Compiling libflate v2.0.0
[INFO] [stderr]    Compiling proc-macro-hack v0.4.3
[INFO] [stderr]    Compiling digest v0.9.0
[INFO] [stderr]    Compiling cipher v0.3.0
[INFO] [stderr]    Compiling crossbeam-utils v0.8.18
[INFO] [stderr]    Compiling cc v1.0.83
[INFO] [stderr]    Compiling getrandom v0.2.11
[INFO] [stderr]    Compiling filetime v0.2.23
[INFO] [stderr]    Compiling arrayref v0.3.7
[INFO] [stderr]    Compiling rand_core v0.6.4
[INFO] [stderr]    Compiling subtle v2.4.1
[INFO] [stderr]    Compiling rusb v0.8.1
[INFO] [stderr]    Compiling quote v0.3.15
[INFO] [stderr]    Compiling constant_time_eq v0.3.0
[INFO] [stderr]    Compiling opaque-debug v0.3.0
[INFO] [stderr]    Compiling parking_lot_core v0.9.9
[INFO] [stderr]    Compiling arrayvec v0.7.4
[INFO] [stderr]    Compiling xattr v1.2.0
[INFO] [stderr]    Compiling structure-macro-impl v0.1.2
[INFO] [stderr]    Compiling rand_chacha v0.3.1
[INFO] [stderr]    Compiling tar v0.4.40
[INFO] [stderr]    Compiling crypto-mac v0.11.1
[INFO] [stderr]    Compiling block-buffer v0.9.0
[INFO] [stderr]    Compiling static_assertions v1.1.0
[INFO] [stderr]    Compiling block-padding v0.2.1
[INFO] [stderr]    Compiling block-modes v0.8.1
[INFO] [stderr]    Compiling twox-hash v1.6.3
[INFO] [stderr]    Compiling anyhow v1.0.79
[INFO] [stderr]    Compiling libusb1-sys v0.5.0
[INFO] [stderr]    Compiling ring v0.16.20
[INFO] [stderr]    Compiling blake3 v1.5.0
[INFO] [stderr]    Compiling rmp v0.8.12
[INFO] [stderr]    Compiling structure v0.1.2
[INFO] [stderr]    Compiling sha-1 v0.9.8
[INFO] [stderr]    Compiling rand v0.8.5
[INFO] [stderr]    Compiling libsodium-sys-stable v1.20.4
[INFO] [stderr]    Compiling darling_core v0.20.3
[INFO] [stderr]    Compiling hmac v0.11.0
[INFO] [stderr]    Compiling blake2b_simd v1.0.2
[INFO] [stderr]    Compiling proc-macro-crate v1.3.1
[INFO] [stderr]    Compiling aes v0.7.5
[INFO] [stderr]    Compiling nanorand v0.7.0
[INFO] [stderr]    Compiling spin v0.9.8
[INFO] [stderr]    Compiling infinitree v0.10.4 (/opt/rustwide/workdir)
[INFO] [stderr]    Compiling futures-core v0.3.30
[INFO] [stderr]    Compiling futures-sink v0.3.30
[INFO] [stderr]    Compiling secrecy v0.8.0
[INFO] [stderr]    Compiling rust-argon2 v1.0.1
[INFO] [stderr]    Compiling yubico_manager v0.9.0
[INFO] [stderr]    Compiling infinitree-macros v0.10.4
[INFO] [stderr]    Compiling parking_lot v0.12.1
[INFO] [stderr]    Compiling lz4_flex v0.11.1
[INFO] [stderr]    Compiling memmap2 v0.7.1
[INFO] [stderr]    Compiling lru v0.10.1
[INFO] [stderr]    Compiling scc v1.9.1
[INFO] [stderr]    Compiling serde_derive v1.0.194
[INFO] [stderr]    Compiling darling_macro v0.20.3
[INFO] [stderr]    Compiling pin-project-internal v1.1.3
[INFO] [stderr]    Compiling thiserror-impl v1.0.56
[INFO] [stderr]    Compiling darling v0.20.3
[INFO] [stderr]    Compiling serde_with_macros v3.4.0
[INFO] [stderr]    Compiling pin-project v1.1.3
[INFO] [stderr]    Compiling flume v0.10.14
[INFO] [stderr]    Compiling thiserror v1.0.56
[INFO] [stderr]    Compiling serde_with v3.4.0
[INFO] [stderr]    Compiling rmp-serde v1.1.2
[INFO] [stdout] warning: unused imports: `decompress`, `get_maximum_output_size`
[INFO] [stdout]  --> src/compress.rs:2:20
[INFO] [stdout]   |
[INFO] [stdout] 2 |     compress_into, decompress, decompress_into, get_maximum_output_size, CompressError,
[INFO] [stdout]   |                    ^^^^^^^^^^                   ^^^^^^^^^^^^^^^^^^^^^^^
[INFO] [stdout]   |
[INFO] [stdout]   = note: `#[warn(unused_imports)]` on by default
[INFO] [stdout] 
[INFO] [stdout] 
[INFO] [stdout] warning: 1 warning emitted
[INFO] [stdout] 
[INFO] [stdout] 
[INFO] [stderr]     Finished dev [unoptimized + debuginfo] target(s) in 42.63s
[INFO] running `Command { std: "docker" "inspect" "f6763d5d2f994e96f3e6a8bffb1054c4f5989ec7d72e5b04a551e5a5608f58cc", kill_on_drop: false }`
[INFO] running `Command { std: "docker" "rm" "-f" "f6763d5d2f994e96f3e6a8bffb1054c4f5989ec7d72e5b04a551e5a5608f58cc", kill_on_drop: false }`
[INFO] [stdout] f6763d5d2f994e96f3e6a8bffb1054c4f5989ec7d72e5b04a551e5a5608f58cc
[INFO] running `Command { std: "docker" "create" "-v" "/var/lib/crater-agent-workspace/builds/worker-2-tc2/target:/opt/rustwide/target:rw,Z" "-v" "/var/lib/crater-agent-workspace/builds/worker-2-tc2/source:/opt/rustwide/workdir:ro,Z" "-v" "/var/lib/crater-agent-workspace/cargo-home:/opt/rustwide/cargo-home:ro,Z" "-v" "/var/lib/crater-agent-workspace/rustup-home:/opt/rustwide/rustup-home:ro,Z" "-e" "SOURCE_DIR=/opt/rustwide/workdir" "-e" "CARGO_TARGET_DIR=/opt/rustwide/target" "-e" "CARGO_INCREMENTAL=0" "-e" "RUST_BACKTRACE=full" "-e" "RUSTFLAGS=--cap-lints=warn" "-e" "RUSTDOCFLAGS=--cap-lints=warn" "-e" "CARGO_HOME=/opt/rustwide/cargo-home" "-e" "RUSTUP_HOME=/opt/rustwide/rustup-home" "-w" "/opt/rustwide/workdir" "-m" "1610612736" "--user" "0:0" "--network" "none" "ghcr.io/rust-lang/crates-build-env/linux@sha256:2788e3201cd34a07e3172128adcd8b3090168a8e3bcc40d7c032b9dda1df7d1c" "/opt/rustwide/cargo-home/bin/cargo" "+beta-2023-12-22" "test" "--frozen" "--no-run" "--message-format=json", kill_on_drop: false }`
[INFO] [stdout] 23509b2d6d5863be41bc50c673e758e2c2f87aa464524db30a019021db85359e
[INFO] running `Command { std: "docker" "start" "-a" "23509b2d6d5863be41bc50c673e758e2c2f87aa464524db30a019021db85359e", kill_on_drop: false }`
[INFO] [stderr]    Compiling infinitree v0.10.4 (/opt/rustwide/workdir)
[INFO] [stdout] warning: unused imports: `decompress`, `get_maximum_output_size`
[INFO] [stdout]  --> src/compress.rs:2:20
[INFO] [stdout]   |
[INFO] [stdout] 2 |     compress_into, decompress, decompress_into, get_maximum_output_size, CompressError,
[INFO] [stdout]   |                    ^^^^^^^^^^                   ^^^^^^^^^^^^^^^^^^^^^^^
[INFO] [stdout]   |
[INFO] [stdout]   = note: `#[warn(unused_imports)]` on by default
[INFO] [stdout] 
[INFO] [stdout] 
[INFO] [stdout] warning: 1 warning emitted
[INFO] [stdout] 
[INFO] [stdout] 
[INFO] [stdout] error[E0432]: unresolved import `criterion`
[INFO] [stdout]    --> src/lib.rs:173:5
[INFO] [stdout]     |
[INFO] [stdout] 173 | use criterion as _;
[INFO] [stdout]     |     ^^^^^^^^^^^^^^ no external crate `criterion`
[INFO] [stdout] 
[INFO] [stdout] 
[INFO] [stdout] error[E0433]: failed to resolve: use of undeclared crate or module `paste`
[INFO] [stdout]    --> src/index.rs:209:13
[INFO] [stdout]     |
[INFO] [stdout] 209 |             paste::paste! {
[INFO] [stdout]     |             ^^^^^ use of undeclared crate or module `paste`
[INFO] [stdout]     |
[INFO] [stdout]    ::: src/fields/map.rs:297:5
[INFO] [stdout]     |
[INFO] [stdout] 297 |     crate::len_check_test!(TestMap, LocalField, init_map, |m: TestMap| m.len());
[INFO] [stdout]     |     --------------------------------------------------------------------------- in this macro invocation
[INFO] [stdout]     |
[INFO] [stdout]     = note: this error originates in the macro `crate::len_check_test` (in Nightly builds, run with -Z macro-backtrace for more info)
[INFO] [stdout] 
[INFO] [stdout] 
[INFO] [stdout] error[E0433]: failed to resolve: use of undeclared crate or module `paste`
[INFO] [stdout]    --> src/index.rs:209:13
[INFO] [stdout]     |
[INFO] [stdout] 209 |             paste::paste! {
[INFO] [stdout]     |             ^^^^^ use of undeclared crate or module `paste`
[INFO] [stdout]     |
[INFO] [stdout]    ::: src/fields/map.rs:298:5
[INFO] [stdout]     |
[INFO] [stdout] 298 |     crate::len_check_test!(TestMap, SparseField, init_map, |m: TestMap| m.len());
[INFO] [stdout]     |     ---------------------------------------------------------------------------- in this macro invocation
[INFO] [stdout]     |
[INFO] [stdout]     = note: this error originates in the macro `crate::len_check_test` (in Nightly builds, run with -Z macro-backtrace for more info)
[INFO] [stdout] 
[INFO] [stdout] 
[INFO] [stdout] error[E0433]: failed to resolve: use of undeclared crate or module `paste`
[INFO] [stdout]    --> src/index.rs:209:13
[INFO] [stdout]     |
[INFO] [stdout] 209 |               paste::paste! {
[INFO] [stdout]     |               ^^^^^ use of undeclared crate or module `paste`
[INFO] [stdout]     |
[INFO] [stdout]    ::: src/fields/list.rs:134:5
[INFO] [stdout]     |
[INFO] [stdout] 134 | /     crate::len_check_test!(TestList, LocalField, init_list, |l: TestList| l
[INFO] [stdout] 135 | |         .read()
[INFO] [stdout] 136 | |         .len());
[INFO] [stdout]     | |_______________- in this macro invocation
[INFO] [stdout]     |
[INFO] [stdout]     = note: this error originates in the macro `crate::len_check_test` (in Nightly builds, run with -Z macro-backtrace for more info)
[INFO] [stdout] 
[INFO] [stdout] 
[INFO] [stdout] error[E0433]: failed to resolve: use of undeclared crate or module `paste`
[INFO] [stdout]    --> src/index.rs:209:13
[INFO] [stdout]     |
[INFO] [stdout] 209 |               paste::paste! {
[INFO] [stdout]     |               ^^^^^ use of undeclared crate or module `paste`
[INFO] [stdout]     |
[INFO] [stdout]    ::: src/fields/list.rs:137:5
[INFO] [stdout]     |
[INFO] [stdout] 137 | /     crate::len_check_test!(TestList, SparseField, init_list, |l: TestList| l
[INFO] [stdout] 138 | |         .read()
[INFO] [stdout] 139 | |         .len());
[INFO] [stdout]     | |_______________- in this macro invocation
[INFO] [stdout]     |
[INFO] [stdout]     = note: this error originates in the macro `crate::len_check_test` (in Nightly builds, run with -Z macro-backtrace for more info)
[INFO] [stdout] 
[INFO] [stdout] 
[INFO] [stdout] error[E0433]: failed to resolve: use of undeclared crate or module `paste`
[INFO] [stdout]    --> src/index.rs:209:13
[INFO] [stdout]     |
[INFO] [stdout] 209 |               paste::paste! {
[INFO] [stdout]     |               ^^^^^ use of undeclared crate or module `paste`
[INFO] [stdout]     |
[INFO] [stdout]    ::: src/fields/versioned/list.rs:477:5
[INFO] [stdout]     |
[INFO] [stdout] 477 | /     crate::len_check_test!(TestList, LocalField, init_list, |l: TestList| {
[INFO] [stdout] 478 | |         let mut x = 0;
[INFO] [stdout] 479 | |         for _ in l.iter() {
[INFO] [stdout] 480 | |             x += 1;
[INFO] [stdout] 481 | |         }
[INFO] [stdout] 482 | |         x
[INFO] [stdout] 483 | |     });
[INFO] [stdout]     | |______- in this macro invocation
[INFO] [stdout]     |
[INFO] [stdout]     = note: this error originates in the macro `crate::len_check_test` (in Nightly builds, run with -Z macro-backtrace for more info)
[INFO] [stdout] 
[INFO] [stdout] 
[INFO] [stdout] error[E0433]: failed to resolve: use of undeclared crate or module `paste`
[INFO] [stdout]    --> src/index.rs:209:13
[INFO] [stdout]     |
[INFO] [stdout] 209 |               paste::paste! {
[INFO] [stdout]     |               ^^^^^ use of undeclared crate or module `paste`
[INFO] [stdout]     |
[INFO] [stdout]    ::: src/fields/versioned/list.rs:484:5
[INFO] [stdout]     |
[INFO] [stdout] 484 | /     crate::len_check_test!(TestList, SparseField, init_list, |l: TestList| {
[INFO] [stdout] 485 | |         let mut x = 0;
[INFO] [stdout] 486 | |         for _ in l.iter() {
[INFO] [stdout] 487 | |             x += 1;
[INFO] [stdout] 488 | |         }
[INFO] [stdout] 489 | |         x
[INFO] [stdout] 490 | |     });
[INFO] [stdout]     | |______- in this macro invocation
[INFO] [stdout]     |
[INFO] [stdout]     = note: this error originates in the macro `crate::len_check_test` (in Nightly builds, run with -Z macro-backtrace for more info)
[INFO] [stdout] 
[INFO] [stdout] 
[INFO] [stdout] error[E0433]: failed to resolve: use of undeclared crate or module `paste`
[INFO] [stdout]    --> src/index.rs:209:13
[INFO] [stdout]     |
[INFO] [stdout] 209 |             paste::paste! {
[INFO] [stdout]     |             ^^^^^ use of undeclared crate or module `paste`
[INFO] [stdout]     |
[INFO] [stdout]    ::: src/fields/versioned/map.rs:752:5
[INFO] [stdout]     |
[INFO] [stdout] 752 |     crate::len_check_test!(TestMap, LocalField, init_map, |m: TestMap| m.len());
[INFO] [stdout]     |     --------------------------------------------------------------------------- in this macro invocation
[INFO] [stdout]     |
[INFO] [stdout]     = note: this error originates in the macro `crate::len_check_test` (in Nightly builds, run with -Z macro-backtrace for more info)
[INFO] [stdout] 
[INFO] [stdout] 
[INFO] [stdout] error[E0433]: failed to resolve: use of undeclared crate or module `paste`
[INFO] [stdout]    --> src/index.rs:209:13
[INFO] [stdout]     |
[INFO] [stdout] 209 |             paste::paste! {
[INFO] [stdout]     |             ^^^^^ use of undeclared crate or module `paste`
[INFO] [stdout]     |
[INFO] [stdout]    ::: src/fields/versioned/map.rs:753:5
[INFO] [stdout]     |
[INFO] [stdout] 753 |     crate::len_check_test!(TestMap, SparseField, init_map, |m: TestMap| m.len());
[INFO] [stdout]     |     ---------------------------------------------------------------------------- in this macro invocation
[INFO] [stdout]     |
[INFO] [stdout]     = note: this error originates in the macro `crate::len_check_test` (in Nightly builds, run with -Z macro-backtrace for more info)
[INFO] [stdout] 
[INFO] [stdout] 
[INFO] [stdout] warning: unused imports: `decompress`, `get_maximum_output_size`
[INFO] [stdout]  --> src/compress.rs:2:20
[INFO] [stdout]   |
[INFO] [stdout] 2 |     compress_into, decompress, decompress_into, get_maximum_output_size, CompressError,
[INFO] [stdout]   |                    ^^^^^^^^^^                   ^^^^^^^^^^^^^^^^^^^^^^^
[INFO] [stdout]   |
[INFO] [stdout]   = note: `#[warn(unused_imports)]` on by default
[INFO] [stdout] 
[INFO] [stdout] 
[INFO] [stdout] warning: unused imports: `LocalField`, `SparseField`, `Strategy`, `index::test::store_then_load`
[INFO] [stdout]    --> src/fields/map.rs:236:18
[INFO] [stdout]     |
[INFO] [stdout] 236 |         fields::{LocalField, SparseField, Strategy},
[INFO] [stdout]     |                  ^^^^^^^^^^  ^^^^^^^^^^^  ^^^^^^^^
[INFO] [stdout] 237 |         index::test::store_then_load,
[INFO] [stdout]     |         ^^^^^^^^^^^^^^^^^^^^^^^^^^^^
[INFO] [stdout] 
[INFO] [stdout] 
[INFO] [stdout] warning: unused imports: `LocalField`, `SparseField`, `Strategy`, `index::test::store_then_load`
[INFO] [stdout]    --> src/fields/list.rs:125:18
[INFO] [stdout]     |
[INFO] [stdout] 125 |         fields::{LocalField, SparseField, Strategy},
[INFO] [stdout]     |                  ^^^^^^^^^^  ^^^^^^^^^^^  ^^^^^^^^
[INFO] [stdout] 126 |         index::test::store_then_load,
[INFO] [stdout]     |         ^^^^^^^^^^^^^^^^^^^^^^^^^^^^
[INFO] [stdout] 
[INFO] [stdout] 
[INFO] [stdout] warning: unused imports: `LocalField`, `SparseField`, `Strategy`, `index::test::store_then_load`
[INFO] [stdout]    --> src/fields/versioned/list.rs:467:18
[INFO] [stdout]     |
[INFO] [stdout] 467 |         fields::{LocalField, SparseField, Strategy},
[INFO] [stdout]     |                  ^^^^^^^^^^  ^^^^^^^^^^^  ^^^^^^^^
[INFO] [stdout] 468 |         index::test::store_then_load,
[INFO] [stdout]     |         ^^^^^^^^^^^^^^^^^^^^^^^^^^^^
[INFO] [stdout] 
[INFO] [stdout] 
[INFO] [stdout] warning: unused imports: `LocalField`, `SparseField`, `Strategy`, `index::test::store_then_load`
[INFO] [stdout]    --> src/fields/versioned/map.rs:630:18
[INFO] [stdout]     |
[INFO] [stdout] 630 |         fields::{LocalField, SparseField, Strategy},
[INFO] [stdout]     |                  ^^^^^^^^^^  ^^^^^^^^^^^  ^^^^^^^^
[INFO] [stdout] 631 |         index::test::store_then_load,
[INFO] [stdout]     |         ^^^^^^^^^^^^^^^^^^^^^^^^^^^^
[INFO] [stdout] 
[INFO] [stdout] 
[INFO] [stdout] error: aborting due to 9 previous errors; 5 warnings emitted
[INFO] [stdout] 
[INFO] [stdout] 
[INFO] [stdout] Some errors have detailed explanations: E0432, E0433.
[INFO] [stdout] 
[INFO] [stdout] For more information about an error, try `rustc --explain E0432`.
[INFO] [stdout] 
[INFO] [stderr] error: could not compile `infinitree` (lib test) due to 10 previous errors; 5 warnings emitted
[INFO] running `Command { std: "docker" "inspect" "23509b2d6d5863be41bc50c673e758e2c2f87aa464524db30a019021db85359e", kill_on_drop: false }`
[INFO] running `Command { std: "docker" "rm" "-f" "23509b2d6d5863be41bc50c673e758e2c2f87aa464524db30a019021db85359e", kill_on_drop: false }`
[INFO] [stdout] 23509b2d6d5863be41bc50c673e758e2c2f87aa464524db30a019021db85359e
