[INFO] fetching crate include-flate 0.3.0...
[INFO] testing include-flate-0.3.0 against 1.75.0 for beta-1.76-1
[INFO] extracting crate include-flate 0.3.0 into /workspace/builds/worker-4-tc1/source
[INFO] validating manifest of crates.io crate include-flate 0.3.0 on toolchain 1.75.0
[INFO] running `Command { std: CARGO_HOME="/workspace/cargo-home" RUSTUP_HOME="/workspace/rustup-home" "/workspace/cargo-home/bin/cargo" "+1.75.0" "metadata" "--manifest-path" "Cargo.toml" "--no-deps", kill_on_drop: false }`
[INFO] started tweaking crates.io crate include-flate 0.3.0
[INFO] finished tweaking crates.io crate include-flate 0.3.0
[INFO] tweaked toml for crates.io crate include-flate 0.3.0 written to /workspace/builds/worker-4-tc1/source/Cargo.toml
[INFO] running `Command { std: CARGO_HOME="/workspace/cargo-home" RUSTUP_HOME="/workspace/rustup-home" "/workspace/cargo-home/bin/cargo" "+1.75.0" "generate-lockfile" "--manifest-path" "Cargo.toml", kill_on_drop: false }`
[INFO] [stderr]     Updating crates.io index
[INFO] running `Command { std: CARGO_HOME="/workspace/cargo-home" RUSTUP_HOME="/workspace/rustup-home" "/workspace/cargo-home/bin/cargo" "+1.75.0" "fetch" "--manifest-path" "Cargo.toml", kill_on_drop: false }`
[INFO] [stderr]  Downloading crates ...
[INFO] [stderr]   Downloaded include-flate-codegen v0.2.0
[INFO] running `Command { std: "docker" "create" "-v" "/var/lib/crater-agent-workspace/builds/worker-4-tc1/target:/opt/rustwide/target:rw,Z" "-v" "/var/lib/crater-agent-workspace/builds/worker-4-tc1/source:/opt/rustwide/workdir:ro,Z" "-v" "/var/lib/crater-agent-workspace/cargo-home:/opt/rustwide/cargo-home:ro,Z" "-v" "/var/lib/crater-agent-workspace/rustup-home:/opt/rustwide/rustup-home:ro,Z" "-e" "SOURCE_DIR=/opt/rustwide/workdir" "-e" "CARGO_TARGET_DIR=/opt/rustwide/target" "-e" "CARGO_HOME=/opt/rustwide/cargo-home" "-e" "RUSTUP_HOME=/opt/rustwide/rustup-home" "-w" "/opt/rustwide/workdir" "-m" "1610612736" "--user" "0:0" "--network" "none" "ghcr.io/rust-lang/crates-build-env/linux@sha256:2788e3201cd34a07e3172128adcd8b3090168a8e3bcc40d7c032b9dda1df7d1c" "/opt/rustwide/cargo-home/bin/cargo" "+1.75.0" "metadata" "--no-deps" "--format-version=1", kill_on_drop: false }`
[INFO] [stdout] 9cf151dbb2b00d673c519accee4453f16c8debce6d796b2643bea477aa59e4d9
[INFO] running `Command { std: "docker" "start" "-a" "9cf151dbb2b00d673c519accee4453f16c8debce6d796b2643bea477aa59e4d9", kill_on_drop: false }`
[INFO] running `Command { std: "docker" "inspect" "9cf151dbb2b00d673c519accee4453f16c8debce6d796b2643bea477aa59e4d9", kill_on_drop: false }`
[INFO] running `Command { std: "docker" "rm" "-f" "9cf151dbb2b00d673c519accee4453f16c8debce6d796b2643bea477aa59e4d9", kill_on_drop: false }`
[INFO] [stdout] 9cf151dbb2b00d673c519accee4453f16c8debce6d796b2643bea477aa59e4d9
[INFO] running `Command { std: "docker" "create" "-v" "/var/lib/crater-agent-workspace/builds/worker-4-tc1/target:/opt/rustwide/target:rw,Z" "-v" "/var/lib/crater-agent-workspace/builds/worker-4-tc1/source:/opt/rustwide/workdir:ro,Z" "-v" "/var/lib/crater-agent-workspace/cargo-home:/opt/rustwide/cargo-home:ro,Z" "-v" "/var/lib/crater-agent-workspace/rustup-home:/opt/rustwide/rustup-home:ro,Z" "-e" "SOURCE_DIR=/opt/rustwide/workdir" "-e" "CARGO_TARGET_DIR=/opt/rustwide/target" "-e" "CARGO_INCREMENTAL=0" "-e" "RUST_BACKTRACE=full" "-e" "RUSTFLAGS=--cap-lints=warn" "-e" "RUSTDOCFLAGS=--cap-lints=warn" "-e" "CARGO_HOME=/opt/rustwide/cargo-home" "-e" "RUSTUP_HOME=/opt/rustwide/rustup-home" "-w" "/opt/rustwide/workdir" "-m" "1610612736" "--user" "0:0" "--network" "none" "ghcr.io/rust-lang/crates-build-env/linux@sha256:2788e3201cd34a07e3172128adcd8b3090168a8e3bcc40d7c032b9dda1df7d1c" "/opt/rustwide/cargo-home/bin/cargo" "+1.75.0" "build" "--frozen" "--message-format=json", kill_on_drop: false }`
[INFO] [stdout] adcde7fb3eeefa59186e954bd570fb084db3332a3a35d5b1f0e0ad3e1a049d5b
[INFO] running `Command { std: "docker" "start" "-a" "adcde7fb3eeefa59186e954bd570fb084db3332a3a35d5b1f0e0ad3e1a049d5b", kill_on_drop: false }`
[INFO] [stderr]    Compiling once_cell v1.19.0
[INFO] [stderr]    Compiling ahash v0.8.7
[INFO] [stderr]    Compiling proc-macro2 v1.0.75
[INFO] [stderr]    Compiling crc32fast v1.3.2
[INFO] [stderr]    Compiling memchr v2.7.1
[INFO] [stderr]    Compiling rle-decode-fast v1.0.3
[INFO] [stderr]    Compiling dary_heap v0.3.6
[INFO] [stderr]    Compiling adler32 v1.2.0
[INFO] [stderr]    Compiling hashbrown v0.13.2
[INFO] [stderr]    Compiling quote v1.0.35
[INFO] [stderr]    Compiling syn v2.0.48
[INFO] [stderr]    Compiling core2 v0.4.0
[INFO] [stderr]    Compiling libflate_lz77 v2.0.0
[INFO] [stderr]    Compiling libflate v2.0.0
[INFO] [stderr]    Compiling include-flate-codegen v0.2.0
[INFO] [stderr]    Compiling include-flate v0.3.0 (/opt/rustwide/workdir)
[INFO] [stderr]     Finished dev [unoptimized + debuginfo] target(s) in 6.84s
[INFO] running `Command { std: "docker" "inspect" "adcde7fb3eeefa59186e954bd570fb084db3332a3a35d5b1f0e0ad3e1a049d5b", kill_on_drop: false }`
[INFO] running `Command { std: "docker" "rm" "-f" "adcde7fb3eeefa59186e954bd570fb084db3332a3a35d5b1f0e0ad3e1a049d5b", kill_on_drop: false }`
[INFO] [stdout] adcde7fb3eeefa59186e954bd570fb084db3332a3a35d5b1f0e0ad3e1a049d5b
[INFO] running `Command { std: "docker" "create" "-v" "/var/lib/crater-agent-workspace/builds/worker-4-tc1/target:/opt/rustwide/target:rw,Z" "-v" "/var/lib/crater-agent-workspace/builds/worker-4-tc1/source:/opt/rustwide/workdir:ro,Z" "-v" "/var/lib/crater-agent-workspace/cargo-home:/opt/rustwide/cargo-home:ro,Z" "-v" "/var/lib/crater-agent-workspace/rustup-home:/opt/rustwide/rustup-home:ro,Z" "-e" "SOURCE_DIR=/opt/rustwide/workdir" "-e" "CARGO_TARGET_DIR=/opt/rustwide/target" "-e" "CARGO_INCREMENTAL=0" "-e" "RUST_BACKTRACE=full" "-e" "RUSTFLAGS=--cap-lints=warn" "-e" "RUSTDOCFLAGS=--cap-lints=warn" "-e" "CARGO_HOME=/opt/rustwide/cargo-home" "-e" "RUSTUP_HOME=/opt/rustwide/rustup-home" "-w" "/opt/rustwide/workdir" "-m" "1610612736" "--user" "0:0" "--network" "none" "ghcr.io/rust-lang/crates-build-env/linux@sha256:2788e3201cd34a07e3172128adcd8b3090168a8e3bcc40d7c032b9dda1df7d1c" "/opt/rustwide/cargo-home/bin/cargo" "+1.75.0" "test" "--frozen" "--no-run" "--message-format=json", kill_on_drop: false }`
[INFO] [stdout] d73bc867c9fc3c5caeebd45da80137d08af753b00ede3ec0a16e8d641855c7bd
[INFO] running `Command { std: "docker" "start" "-a" "d73bc867c9fc3c5caeebd45da80137d08af753b00ede3ec0a16e8d641855c7bd", kill_on_drop: false }`
[INFO] [stderr]    Compiling include-flate v0.3.0 (/opt/rustwide/workdir)
[INFO] [stdout] error[E0554]: `#![feature]` may not be used on the stable release channel
[INFO] [stdout]   --> tests/emoji.rs:16:38
[INFO] [stdout]    |
[INFO] [stdout] 16 | #![cfg_attr(not(feature = "stable"), feature(proc_macro_hygiene))]
[INFO] [stdout]    |                                      ^^^^^^^^^^^^^^^^^^^^^^^^^^^
[INFO] [stdout] 
[INFO] [stdout] 
[INFO] [stdout] error: aborting due to previous error
[INFO] [stdout] 
[INFO] [stdout] 
[INFO] [stdout] For more information about this error, try `rustc --explain E0554`.
[INFO] [stdout] 
[INFO] [stderr] error: could not compile `include-flate` (test "emoji") due to 2 previous errors
[INFO] [stderr] warning: build failed, waiting for other jobs to finish...
[INFO] [stdout] error[E0554]: `#![feature]` may not be used on the stable release channel
[INFO] [stdout]   --> tests/ascii-printable.rs:16:38
[INFO] [stdout]    |
[INFO] [stdout] 16 | #![cfg_attr(not(feature = "stable"), feature(proc_macro_hygiene))]
[INFO] [stdout]    |                                      ^^^^^^^^^^^^^^^^^^^^^^^^^^^
[INFO] [stdout] 
[INFO] [stdout] 
[INFO] [stdout] error: aborting due to previous error
[INFO] [stdout] 
[INFO] [stdout] 
[INFO] [stdout] For more information about this error, try `rustc --explain E0554`.
[INFO] [stdout] 
[INFO] [stderr] error: could not compile `include-flate` (test "ascii-printable") due to 2 previous errors
[INFO] [stdout] error[E0554]: `#![feature]` may not be used on the stable release channel
[INFO] [stdout]   --> tests/009f.rs:16:38
[INFO] [stdout]    |
[INFO] [stdout] 16 | #![cfg_attr(not(feature = "stable"), feature(proc_macro_hygiene))]
[INFO] [stdout]    |                                      ^^^^^^^^^^^^^^^^^^^^^^^^^^^
[INFO] [stdout] 
[INFO] [stdout] 
[INFO] [stdout] error: aborting due to previous error
[INFO] [stdout] 
[INFO] [stdout] 
[INFO] [stdout] For more information about this error, try `rustc --explain E0554`.
[INFO] [stdout] 
[INFO] [stderr] error: could not compile `include-flate` (test "009f") due to 2 previous errors
[INFO] [stdout] error[E0554]: `#![feature]` may not be used on the stable release channel
[INFO] [stdout]   --> tests/base64.rs:16:38
[INFO] [stdout]    |
[INFO] [stdout] 16 | #![cfg_attr(not(feature = "stable"), feature(proc_macro_hygiene))]
[INFO] [stdout]    |                                      ^^^^^^^^^^^^^^^^^^^^^^^^^^^
[INFO] [stdout] 
[INFO] [stdout] 
[INFO] [stderr] error: could not compile `include-flate` (test "base64") due to 2 previous errors
[INFO] [stdout] error: aborting due to previous error
[INFO] [stdout] 
[INFO] [stdout] 
[INFO] [stdout] For more information about this error, try `rustc --explain E0554`.
[INFO] [stdout] 
[INFO] [stdout] error[E0554]: `#![feature]` may not be used on the stable release channel
[INFO] [stdout]   --> tests/zero.rs:16:38
[INFO] [stdout]    |
[INFO] [stdout] 16 | #![cfg_attr(not(feature = "stable"), feature(proc_macro_hygiene))]
[INFO] [stdout]    |                                      ^^^^^^^^^^^^^^^^^^^^^^^^^^^
[INFO] [stdout] 
[INFO] [stdout] 
[INFO] [stdout] error: aborting due to previous error
[INFO] [stdout] 
[INFO] [stdout] 
[INFO] [stdout] For more information about this error, try `rustc --explain E0554`.
[INFO] [stdout] 
[INFO] [stderr] error: could not compile `include-flate` (test "zero") due to 2 previous errors
[INFO] [stdout] error[E0554]: `#![feature]` may not be used on the stable release channel
[INFO] [stdout]   --> tests/random.rs:16:38
[INFO] [stdout]    |
[INFO] [stdout] 16 | #![cfg_attr(not(feature = "stable"), feature(proc_macro_hygiene))]
[INFO] [stdout]    |                                      ^^^^^^^^^^^^^^^^^^^^^^^^^^^
[INFO] [stdout] 
[INFO] [stdout] 
[INFO] [stdout] error: aborting due to previous error
[INFO] [stdout] 
[INFO] [stdout] 
[INFO] [stdout] For more information about this error, try `rustc --explain E0554`.
[INFO] [stdout] 
[INFO] [stderr] error: could not compile `include-flate` (test "random") due to 2 previous errors
[INFO] running `Command { std: "docker" "inspect" "d73bc867c9fc3c5caeebd45da80137d08af753b00ede3ec0a16e8d641855c7bd", kill_on_drop: false }`
[INFO] running `Command { std: "docker" "rm" "-f" "d73bc867c9fc3c5caeebd45da80137d08af753b00ede3ec0a16e8d641855c7bd", kill_on_drop: false }`
[INFO] [stdout] d73bc867c9fc3c5caeebd45da80137d08af753b00ede3ec0a16e8d641855c7bd
