[INFO] fetching crate idkhtml 0.1.0...
[INFO] testing idkhtml-0.1.0 against 1.75.0 for beta-1.76-1
[INFO] extracting crate idkhtml 0.1.0 into /workspace/builds/worker-5-tc1/source
[INFO] validating manifest of crates.io crate idkhtml 0.1.0 on toolchain 1.75.0
[INFO] running `Command { std: CARGO_HOME="/workspace/cargo-home" RUSTUP_HOME="/workspace/rustup-home" "/workspace/cargo-home/bin/cargo" "+1.75.0" "metadata" "--manifest-path" "Cargo.toml" "--no-deps", kill_on_drop: false }`
[INFO] removed /workspace/builds/worker-5-tc1/source/.cargo/config.toml
[INFO] started tweaking crates.io crate idkhtml 0.1.0
[INFO] finished tweaking crates.io crate idkhtml 0.1.0
[INFO] tweaked toml for crates.io crate idkhtml 0.1.0 written to /workspace/builds/worker-5-tc1/source/Cargo.toml
[INFO] running `Command { std: CARGO_HOME="/workspace/cargo-home" RUSTUP_HOME="/workspace/rustup-home" "/workspace/cargo-home/bin/cargo" "+1.75.0" "generate-lockfile" "--manifest-path" "Cargo.toml", kill_on_drop: false }`
[INFO] [stderr]     Updating crates.io index
[INFO] running `Command { std: CARGO_HOME="/workspace/cargo-home" RUSTUP_HOME="/workspace/rustup-home" "/workspace/cargo-home/bin/cargo" "+1.75.0" "fetch" "--manifest-path" "Cargo.toml", kill_on_drop: false }`
[INFO] running `Command { std: "docker" "create" "-v" "/var/lib/crater-agent-workspace/builds/worker-5-tc1/target:/opt/rustwide/target:rw,Z" "-v" "/var/lib/crater-agent-workspace/builds/worker-5-tc1/source:/opt/rustwide/workdir:ro,Z" "-v" "/var/lib/crater-agent-workspace/cargo-home:/opt/rustwide/cargo-home:ro,Z" "-v" "/var/lib/crater-agent-workspace/rustup-home:/opt/rustwide/rustup-home:ro,Z" "-e" "SOURCE_DIR=/opt/rustwide/workdir" "-e" "CARGO_TARGET_DIR=/opt/rustwide/target" "-e" "CARGO_HOME=/opt/rustwide/cargo-home" "-e" "RUSTUP_HOME=/opt/rustwide/rustup-home" "-w" "/opt/rustwide/workdir" "-m" "1610612736" "--user" "0:0" "--network" "none" "ghcr.io/rust-lang/crates-build-env/linux@sha256:2788e3201cd34a07e3172128adcd8b3090168a8e3bcc40d7c032b9dda1df7d1c" "/opt/rustwide/cargo-home/bin/cargo" "+1.75.0" "metadata" "--no-deps" "--format-version=1", kill_on_drop: false }`
[INFO] [stdout] 74a4641d40868b114bb5914c7230a60054c6bff2c52562affe579df8fd464d79
[INFO] running `Command { std: "docker" "start" "-a" "74a4641d40868b114bb5914c7230a60054c6bff2c52562affe579df8fd464d79", kill_on_drop: false }`
[INFO] running `Command { std: "docker" "inspect" "74a4641d40868b114bb5914c7230a60054c6bff2c52562affe579df8fd464d79", kill_on_drop: false }`
[INFO] running `Command { std: "docker" "rm" "-f" "74a4641d40868b114bb5914c7230a60054c6bff2c52562affe579df8fd464d79", kill_on_drop: false }`
[INFO] [stdout] 74a4641d40868b114bb5914c7230a60054c6bff2c52562affe579df8fd464d79
[INFO] running `Command { std: "docker" "create" "-v" "/var/lib/crater-agent-workspace/builds/worker-5-tc1/target:/opt/rustwide/target:rw,Z" "-v" "/var/lib/crater-agent-workspace/builds/worker-5-tc1/source:/opt/rustwide/workdir:ro,Z" "-v" "/var/lib/crater-agent-workspace/cargo-home:/opt/rustwide/cargo-home:ro,Z" "-v" "/var/lib/crater-agent-workspace/rustup-home:/opt/rustwide/rustup-home:ro,Z" "-e" "SOURCE_DIR=/opt/rustwide/workdir" "-e" "CARGO_TARGET_DIR=/opt/rustwide/target" "-e" "CARGO_INCREMENTAL=0" "-e" "RUST_BACKTRACE=full" "-e" "RUSTFLAGS=--cap-lints=warn" "-e" "RUSTDOCFLAGS=--cap-lints=warn" "-e" "CARGO_HOME=/opt/rustwide/cargo-home" "-e" "RUSTUP_HOME=/opt/rustwide/rustup-home" "-w" "/opt/rustwide/workdir" "-m" "1610612736" "--user" "0:0" "--network" "none" "ghcr.io/rust-lang/crates-build-env/linux@sha256:2788e3201cd34a07e3172128adcd8b3090168a8e3bcc40d7c032b9dda1df7d1c" "/opt/rustwide/cargo-home/bin/cargo" "+1.75.0" "build" "--frozen" "--message-format=json", kill_on_drop: false }`
[INFO] [stdout] 42c1ab8a4b77992c0c36c41b62becb6991034af990b8d6e9893f7e0c2b876df0
[INFO] running `Command { std: "docker" "start" "-a" "42c1ab8a4b77992c0c36c41b62becb6991034af990b8d6e9893f7e0c2b876df0", kill_on_drop: false }`
[INFO] [stderr]    Compiling anyhow v1.0.79
[INFO] [stderr]    Compiling idkhtml v0.1.0 (/opt/rustwide/workdir)
[INFO] [stdout] error[E0554]: `#![feature]` may not be used on the stable release channel
[INFO] [stdout]  --> src/lib.rs:1:12
[INFO] [stdout]   |
[INFO] [stdout] 1 | #![feature(portable_simd)]
[INFO] [stdout]   |            ^^^^^^^^^^^^^
[INFO] [stdout] 
[INFO] [stdout] 
[INFO] [stdout] error: aborting due to previous error
[INFO] [stdout] 
[INFO] [stdout] 
[INFO] [stdout] For more information about this error, try `rustc --explain E0554`.
[INFO] [stdout] 
[INFO] [stderr] error: could not compile `idkhtml` (lib) due to 2 previous errors
[INFO] [stderr] warning: build failed, waiting for other jobs to finish...
[INFO] running `Command { std: "docker" "inspect" "42c1ab8a4b77992c0c36c41b62becb6991034af990b8d6e9893f7e0c2b876df0", kill_on_drop: false }`
[INFO] running `Command { std: "docker" "rm" "-f" "42c1ab8a4b77992c0c36c41b62becb6991034af990b8d6e9893f7e0c2b876df0", kill_on_drop: false }`
[INFO] [stdout] 42c1ab8a4b77992c0c36c41b62becb6991034af990b8d6e9893f7e0c2b876df0
[INFO] testing idkhtml-0.1.0 against beta-2023-12-22 for beta-1.76-1
[INFO] extracting crate idkhtml 0.1.0 into /workspace/builds/worker-5-tc2/source
[INFO] validating manifest of crates.io crate idkhtml 0.1.0 on toolchain beta-2023-12-22
[INFO] running `Command { std: CARGO_HOME="/workspace/cargo-home" RUSTUP_HOME="/workspace/rustup-home" "/workspace/cargo-home/bin/cargo" "+beta-2023-12-22" "metadata" "--manifest-path" "Cargo.toml" "--no-deps", kill_on_drop: false }`
[INFO] removed /workspace/builds/worker-5-tc2/source/.cargo/config.toml
[INFO] started tweaking crates.io crate idkhtml 0.1.0
[INFO] finished tweaking crates.io crate idkhtml 0.1.0
[INFO] tweaked toml for crates.io crate idkhtml 0.1.0 written to /workspace/builds/worker-5-tc2/source/Cargo.toml
[INFO] running `Command { std: CARGO_HOME="/workspace/cargo-home" RUSTUP_HOME="/workspace/rustup-home" "/workspace/cargo-home/bin/cargo" "+beta-2023-12-22" "generate-lockfile" "--manifest-path" "Cargo.toml", kill_on_drop: false }`
[INFO] [stderr]     Updating crates.io index
[INFO] running `Command { std: CARGO_HOME="/workspace/cargo-home" RUSTUP_HOME="/workspace/rustup-home" "/workspace/cargo-home/bin/cargo" "+beta-2023-12-22" "fetch" "--manifest-path" "Cargo.toml", kill_on_drop: false }`
[INFO] running `Command { std: "docker" "create" "-v" "/var/lib/crater-agent-workspace/builds/worker-5-tc2/target:/opt/rustwide/target:rw,Z" "-v" "/var/lib/crater-agent-workspace/builds/worker-5-tc2/source:/opt/rustwide/workdir:ro,Z" "-v" "/var/lib/crater-agent-workspace/cargo-home:/opt/rustwide/cargo-home:ro,Z" "-v" "/var/lib/crater-agent-workspace/rustup-home:/opt/rustwide/rustup-home:ro,Z" "-e" "SOURCE_DIR=/opt/rustwide/workdir" "-e" "CARGO_TARGET_DIR=/opt/rustwide/target" "-e" "CARGO_HOME=/opt/rustwide/cargo-home" "-e" "RUSTUP_HOME=/opt/rustwide/rustup-home" "-w" "/opt/rustwide/workdir" "-m" "1610612736" "--user" "0:0" "--network" "none" "ghcr.io/rust-lang/crates-build-env/linux@sha256:2788e3201cd34a07e3172128adcd8b3090168a8e3bcc40d7c032b9dda1df7d1c" "/opt/rustwide/cargo-home/bin/cargo" "+beta-2023-12-22" "metadata" "--no-deps" "--format-version=1", kill_on_drop: false }`
[INFO] [stdout] 3d6cb1cd5e285395241930f7fba5f5f1f0da99c4bc9a37a7265c1e4b47ede636
[INFO] running `Command { std: "docker" "start" "-a" "3d6cb1cd5e285395241930f7fba5f5f1f0da99c4bc9a37a7265c1e4b47ede636", kill_on_drop: false }`
[INFO] running `Command { std: "docker" "inspect" "3d6cb1cd5e285395241930f7fba5f5f1f0da99c4bc9a37a7265c1e4b47ede636", kill_on_drop: false }`
[INFO] running `Command { std: "docker" "rm" "-f" "3d6cb1cd5e285395241930f7fba5f5f1f0da99c4bc9a37a7265c1e4b47ede636", kill_on_drop: false }`
[INFO] [stdout] 3d6cb1cd5e285395241930f7fba5f5f1f0da99c4bc9a37a7265c1e4b47ede636
[INFO] running `Command { std: "docker" "create" "-v" "/var/lib/crater-agent-workspace/builds/worker-5-tc2/target:/opt/rustwide/target:rw,Z" "-v" "/var/lib/crater-agent-workspace/builds/worker-5-tc2/source:/opt/rustwide/workdir:ro,Z" "-v" "/var/lib/crater-agent-workspace/cargo-home:/opt/rustwide/cargo-home:ro,Z" "-v" "/var/lib/crater-agent-workspace/rustup-home:/opt/rustwide/rustup-home:ro,Z" "-e" "SOURCE_DIR=/opt/rustwide/workdir" "-e" "CARGO_TARGET_DIR=/opt/rustwide/target" "-e" "CARGO_INCREMENTAL=0" "-e" "RUST_BACKTRACE=full" "-e" "RUSTFLAGS=--cap-lints=warn" "-e" "RUSTDOCFLAGS=--cap-lints=warn" "-e" "CARGO_HOME=/opt/rustwide/cargo-home" "-e" "RUSTUP_HOME=/opt/rustwide/rustup-home" "-w" "/opt/rustwide/workdir" "-m" "1610612736" "--user" "0:0" "--network" "none" "ghcr.io/rust-lang/crates-build-env/linux@sha256:2788e3201cd34a07e3172128adcd8b3090168a8e3bcc40d7c032b9dda1df7d1c" "/opt/rustwide/cargo-home/bin/cargo" "+beta-2023-12-22" "build" "--frozen" "--message-format=json", kill_on_drop: false }`
[INFO] [stdout] 68be270691c6e134ef18706cafcac9d617ad72e48d2354fa16590e7781b86493
[INFO] running `Command { std: "docker" "start" "-a" "68be270691c6e134ef18706cafcac9d617ad72e48d2354fa16590e7781b86493", kill_on_drop: false }`
[INFO] [stderr]    Compiling anyhow v1.0.79
[INFO] [stderr]    Compiling idkhtml v0.1.0 (/opt/rustwide/workdir)
[INFO] [stdout] error[E0432]: unresolved imports `std::simd::SimdPartialEq`, `std::simd::ToBitMask`
[INFO] [stdout]   --> src/parser/base.rs:31:40
[INFO] [stdout]    |
[INFO] [stdout] 31 |                 use std::simd::{u8x64, SimdPartialEq, ToBitMask};
[INFO] [stdout]    |                                        ^^^^^^^^^^^^^  ^^^^^^^^^ no `ToBitMask` in `simd`
[INFO] [stdout]    |                                        |
[INFO] [stdout]    |                                        no `SimdPartialEq` in `simd`
[INFO] [stdout]    |
[INFO] [stdout]    = help: consider importing one of these items instead:
[INFO] [stdout]            core::simd::prelude::SimdPartialEq
[INFO] [stdout]            std::simd::prelude::SimdPartialEq
[INFO] [stdout] 
[INFO] [stdout] 
[INFO] [stdout] error[E0554]: `#![feature]` may not be used on the beta release channel
[INFO] [stdout]  --> src/lib.rs:1:12
[INFO] [stdout]   |
[INFO] [stdout] 1 | #![feature(portable_simd)]
[INFO] [stdout]   |            ^^^^^^^^^^^^^
[INFO] [stdout] 
[INFO] [stdout] 
[INFO] [stdout] error[E0599]: no method named `simd_eq` found for struct `Simd` in the current scope
[INFO] [stdout]   --> src/parser/base.rs:33:35
[INFO] [stdout]    |
[INFO] [stdout] 33 |                 let mask0 = chunk.simd_eq(u8x64::splat(b'<')).to_bitmask();
[INFO] [stdout]    |                                   ^^^^^^^ method not found in `Simd<u8, 64>`
[INFO] [stdout]   --> /rustc/0e09125c6c3c2fd70d7de961bcf0e51575235fad/library/core/src/../../portable-simd/crates/core_simd/src/simd/cmp/eq.rs:14:8
[INFO] [stdout]    |
[INFO] [stdout]    = note: the method is available for `Simd<u8, 64>` here
[INFO] [stdout]    |
[INFO] [stdout]    = help: items from traits can only be used if the trait is in scope
[INFO] [stdout] help: the following trait is implemented but not in scope; perhaps add a `use` for it:
[INFO] [stdout]    |
[INFO] [stdout] 1  + use std::simd::cmp::SimdPartialEq;
[INFO] [stdout]    |
[INFO] [stdout] 
[INFO] [stdout] 
[INFO] [stdout] error[E0599]: no method named `simd_eq` found for struct `Simd` in the current scope
[INFO] [stdout]   --> src/parser/base.rs:34:35
[INFO] [stdout]    |
[INFO] [stdout] 34 |                 let mask1 = chunk.simd_eq(u8x64::splat(b'>')).to_bitmask();
[INFO] [stdout]    |                                   ^^^^^^^ method not found in `Simd<u8, 64>`
[INFO] [stdout]   --> /rustc/0e09125c6c3c2fd70d7de961bcf0e51575235fad/library/core/src/../../portable-simd/crates/core_simd/src/simd/cmp/eq.rs:14:8
[INFO] [stdout]    |
[INFO] [stdout]    = note: the method is available for `Simd<u8, 64>` here
[INFO] [stdout]    |
[INFO] [stdout]    = help: items from traits can only be used if the trait is in scope
[INFO] [stdout] help: the following trait is implemented but not in scope; perhaps add a `use` for it:
[INFO] [stdout]    |
[INFO] [stdout] 1  + use std::simd::cmp::SimdPartialEq;
[INFO] [stdout]    |
[INFO] [stdout] 
[INFO] [stdout] 
[INFO] [stdout] error[E0599]: no method named `simd_eq` found for struct `Simd` in the current scope
[INFO] [stdout]   --> src/parser/base.rs:35:35
[INFO] [stdout]    |
[INFO] [stdout] 35 |                 let mask2 = chunk.simd_eq(u8x64::splat(b'"')).to_bitmask();
[INFO] [stdout]    |                                   ^^^^^^^ method not found in `Simd<u8, 64>`
[INFO] [stdout]   --> /rustc/0e09125c6c3c2fd70d7de961bcf0e51575235fad/library/core/src/../../portable-simd/crates/core_simd/src/simd/cmp/eq.rs:14:8
[INFO] [stdout]    |
[INFO] [stdout]    = note: the method is available for `Simd<u8, 64>` here
[INFO] [stdout]    |
[INFO] [stdout]    = help: items from traits can only be used if the trait is in scope
[INFO] [stdout] help: the following trait is implemented but not in scope; perhaps add a `use` for it:
[INFO] [stdout]    |
[INFO] [stdout] 1  + use std::simd::cmp::SimdPartialEq;
[INFO] [stdout]    |
[INFO] [stdout] 
[INFO] [stdout] 
[INFO] [stdout] error[E0599]: no method named `simd_eq` found for struct `Simd` in the current scope
[INFO] [stdout]   --> src/parser/base.rs:36:35
[INFO] [stdout]    |
[INFO] [stdout] 36 |                 let mask3 = chunk.simd_eq(u8x64::splat(0x27)).to_bitmask();
[INFO] [stdout]    |                                   ^^^^^^^ method not found in `Simd<u8, 64>`
[INFO] [stdout]   --> /rustc/0e09125c6c3c2fd70d7de961bcf0e51575235fad/library/core/src/../../portable-simd/crates/core_simd/src/simd/cmp/eq.rs:14:8
[INFO] [stdout]    |
[INFO] [stdout]    = note: the method is available for `Simd<u8, 64>` here
[INFO] [stdout]    |
[INFO] [stdout]    = help: items from traits can only be used if the trait is in scope
[INFO] [stdout] help: the following trait is implemented but not in scope; perhaps add a `use` for it:
[INFO] [stdout]    |
[INFO] [stdout] 1  + use std::simd::cmp::SimdPartialEq;
[INFO] [stdout]    |
[INFO] [stdout] 
[INFO] [stdout] 
[INFO] [stdout] error: aborting due to 6 previous errors
[INFO] [stdout] 
[INFO] [stdout] 
[INFO] [stdout] Some errors have detailed explanations: E0432, E0554, E0599.
[INFO] [stdout] 
[INFO] [stdout] For more information about an error, try `rustc --explain E0432`.
[INFO] [stdout] 
[INFO] [stderr] error: could not compile `idkhtml` (lib) due to 7 previous errors
[INFO] [stderr] warning: build failed, waiting for other jobs to finish...
[INFO] running `Command { std: "docker" "inspect" "68be270691c6e134ef18706cafcac9d617ad72e48d2354fa16590e7781b86493", kill_on_drop: false }`
[INFO] running `Command { std: "docker" "rm" "-f" "68be270691c6e134ef18706cafcac9d617ad72e48d2354fa16590e7781b86493", kill_on_drop: false }`
[INFO] [stdout] 68be270691c6e134ef18706cafcac9d617ad72e48d2354fa16590e7781b86493
