[INFO] fetching crate icu_provider_blob 1.4.0...
[INFO] testing icu_provider_blob-1.4.0 against 1.75.0 for beta-1.76-1
[INFO] extracting crate icu_provider_blob 1.4.0 into /workspace/builds/worker-3-tc1/source
[INFO] validating manifest of crates.io crate icu_provider_blob 1.4.0 on toolchain 1.75.0
[INFO] running `Command { std: CARGO_HOME="/workspace/cargo-home" RUSTUP_HOME="/workspace/rustup-home" "/workspace/cargo-home/bin/cargo" "+1.75.0" "metadata" "--manifest-path" "Cargo.toml" "--no-deps", kill_on_drop: false }`
[INFO] started tweaking crates.io crate icu_provider_blob 1.4.0
[INFO] finished tweaking crates.io crate icu_provider_blob 1.4.0
[INFO] tweaked toml for crates.io crate icu_provider_blob 1.4.0 written to /workspace/builds/worker-3-tc1/source/Cargo.toml
[INFO] running `Command { std: CARGO_HOME="/workspace/cargo-home" RUSTUP_HOME="/workspace/rustup-home" "/workspace/cargo-home/bin/cargo" "+1.75.0" "generate-lockfile" "--manifest-path" "Cargo.toml", kill_on_drop: false }`
[INFO] [stderr]     Updating crates.io index
[INFO] running `Command { std: CARGO_HOME="/workspace/cargo-home" RUSTUP_HOME="/workspace/rustup-home" "/workspace/cargo-home/bin/cargo" "+1.75.0" "fetch" "--manifest-path" "Cargo.toml", kill_on_drop: false }`
[INFO] [stderr]  Downloading crates ...
[INFO] [stderr]   Downloaded yoke v0.7.3
[INFO] [stderr]   Downloaded zerofrom-derive v0.1.3
[INFO] [stderr]   Downloaded postcard v1.0.8
[INFO] [stderr]   Downloaded writeable v0.5.4
[INFO] [stderr]   Downloaded yoke-derive v0.7.3
[INFO] [stderr]   Downloaded zerofrom v0.1.3
[INFO] [stderr]   Downloaded zerovec-derive v0.10.1
[INFO] [stderr]   Downloaded litemap v0.7.2
[INFO] [stderr]   Downloaded embedded-io v0.4.0
[INFO] [stderr]   Downloaded databake v0.1.7
[INFO] [stderr]   Downloaded cobs v0.2.3
[INFO] [stderr]   Downloaded databake-derive v0.1.7
[INFO] [stderr]   Downloaded icu_locid v1.4.0
[INFO] [stderr]   Downloaded zerovec v0.10.1
[INFO] [stderr]   Downloaded icu_provider v1.4.0
[INFO] [stderr]   Downloaded zerotrie v0.1.2
[INFO] running `Command { std: "docker" "create" "-v" "/var/lib/crater-agent-workspace/builds/worker-3-tc1/target:/opt/rustwide/target:rw,Z" "-v" "/var/lib/crater-agent-workspace/builds/worker-3-tc1/source:/opt/rustwide/workdir:ro,Z" "-v" "/var/lib/crater-agent-workspace/cargo-home:/opt/rustwide/cargo-home:ro,Z" "-v" "/var/lib/crater-agent-workspace/rustup-home:/opt/rustwide/rustup-home:ro,Z" "-e" "SOURCE_DIR=/opt/rustwide/workdir" "-e" "CARGO_TARGET_DIR=/opt/rustwide/target" "-e" "CARGO_HOME=/opt/rustwide/cargo-home" "-e" "RUSTUP_HOME=/opt/rustwide/rustup-home" "-w" "/opt/rustwide/workdir" "-m" "1610612736" "--user" "0:0" "--network" "none" "ghcr.io/rust-lang/crates-build-env/linux@sha256:2788e3201cd34a07e3172128adcd8b3090168a8e3bcc40d7c032b9dda1df7d1c" "/opt/rustwide/cargo-home/bin/cargo" "+1.75.0" "metadata" "--no-deps" "--format-version=1", kill_on_drop: false }`
[INFO] [stdout] 6745d77667df92ec8248563f1246467b8e85ede2afc0519d78d9d168e2625b0c
[INFO] running `Command { std: "docker" "start" "-a" "6745d77667df92ec8248563f1246467b8e85ede2afc0519d78d9d168e2625b0c", kill_on_drop: false }`
[INFO] running `Command { std: "docker" "inspect" "6745d77667df92ec8248563f1246467b8e85ede2afc0519d78d9d168e2625b0c", kill_on_drop: false }`
[INFO] running `Command { std: "docker" "rm" "-f" "6745d77667df92ec8248563f1246467b8e85ede2afc0519d78d9d168e2625b0c", kill_on_drop: false }`
[INFO] [stdout] 6745d77667df92ec8248563f1246467b8e85ede2afc0519d78d9d168e2625b0c
[INFO] running `Command { std: "docker" "create" "-v" "/var/lib/crater-agent-workspace/builds/worker-3-tc1/target:/opt/rustwide/target:rw,Z" "-v" "/var/lib/crater-agent-workspace/builds/worker-3-tc1/source:/opt/rustwide/workdir:ro,Z" "-v" "/var/lib/crater-agent-workspace/cargo-home:/opt/rustwide/cargo-home:ro,Z" "-v" "/var/lib/crater-agent-workspace/rustup-home:/opt/rustwide/rustup-home:ro,Z" "-e" "SOURCE_DIR=/opt/rustwide/workdir" "-e" "CARGO_TARGET_DIR=/opt/rustwide/target" "-e" "CARGO_INCREMENTAL=0" "-e" "RUST_BACKTRACE=full" "-e" "RUSTFLAGS=--cap-lints=warn" "-e" "RUSTDOCFLAGS=--cap-lints=warn" "-e" "CARGO_HOME=/opt/rustwide/cargo-home" "-e" "RUSTUP_HOME=/opt/rustwide/rustup-home" "-w" "/opt/rustwide/workdir" "-m" "1610612736" "--user" "0:0" "--network" "none" "ghcr.io/rust-lang/crates-build-env/linux@sha256:2788e3201cd34a07e3172128adcd8b3090168a8e3bcc40d7c032b9dda1df7d1c" "/opt/rustwide/cargo-home/bin/cargo" "+1.75.0" "build" "--frozen" "--message-format=json", kill_on_drop: false }`
[INFO] [stdout] 2f6883987c40ff67d264edbc920e9373b4e733c24d1c19a2227ad42fb09de30a
[INFO] running `Command { std: "docker" "start" "-a" "2f6883987c40ff67d264edbc920e9373b4e733c24d1c19a2227ad42fb09de30a", kill_on_drop: false }`
[INFO] [stderr]    Compiling stable_deref_trait v1.2.0
[INFO] [stderr]    Compiling writeable v0.5.4
[INFO] [stderr]    Compiling embedded-io v0.4.0
[INFO] [stderr]    Compiling cobs v0.2.3
[INFO] [stderr]    Compiling syn v2.0.48
[INFO] [stderr]    Compiling synstructure v0.13.0
[INFO] [stderr]    Compiling serde_derive v1.0.194
[INFO] [stderr]    Compiling zerofrom-derive v0.1.3
[INFO] [stderr]    Compiling displaydoc v0.2.4
[INFO] [stderr]    Compiling yoke-derive v0.7.3
[INFO] [stderr]    Compiling zerovec-derive v0.10.1
[INFO] [stderr]    Compiling tinystr v0.7.5
[INFO] [stderr]    Compiling zerofrom v0.1.3
[INFO] [stderr]    Compiling serde v1.0.194
[INFO] [stderr]    Compiling litemap v0.7.2
[INFO] [stderr]    Compiling yoke v0.7.3
[INFO] [stderr]    Compiling postcard v1.0.8
[INFO] [stderr]    Compiling zerovec v0.10.1
[INFO] [stderr]    Compiling icu_locid v1.4.0
[INFO] [stderr]    Compiling icu_provider v1.4.0
[INFO] [stderr]    Compiling zerotrie v0.1.2
[INFO] [stderr]    Compiling icu_provider_blob v1.4.0 (/opt/rustwide/workdir)
[INFO] [stderr]     Finished dev [unoptimized + debuginfo] target(s) in 7.71s
[INFO] running `Command { std: "docker" "inspect" "2f6883987c40ff67d264edbc920e9373b4e733c24d1c19a2227ad42fb09de30a", kill_on_drop: false }`
[INFO] running `Command { std: "docker" "rm" "-f" "2f6883987c40ff67d264edbc920e9373b4e733c24d1c19a2227ad42fb09de30a", kill_on_drop: false }`
[INFO] [stdout] 2f6883987c40ff67d264edbc920e9373b4e733c24d1c19a2227ad42fb09de30a
[INFO] running `Command { std: "docker" "create" "-v" "/var/lib/crater-agent-workspace/builds/worker-3-tc1/target:/opt/rustwide/target:rw,Z" "-v" "/var/lib/crater-agent-workspace/builds/worker-3-tc1/source:/opt/rustwide/workdir:ro,Z" "-v" "/var/lib/crater-agent-workspace/cargo-home:/opt/rustwide/cargo-home:ro,Z" "-v" "/var/lib/crater-agent-workspace/rustup-home:/opt/rustwide/rustup-home:ro,Z" "-e" "SOURCE_DIR=/opt/rustwide/workdir" "-e" "CARGO_TARGET_DIR=/opt/rustwide/target" "-e" "CARGO_INCREMENTAL=0" "-e" "RUST_BACKTRACE=full" "-e" "RUSTFLAGS=--cap-lints=warn" "-e" "RUSTDOCFLAGS=--cap-lints=warn" "-e" "CARGO_HOME=/opt/rustwide/cargo-home" "-e" "RUSTUP_HOME=/opt/rustwide/rustup-home" "-w" "/opt/rustwide/workdir" "-m" "1610612736" "--user" "0:0" "--network" "none" "ghcr.io/rust-lang/crates-build-env/linux@sha256:2788e3201cd34a07e3172128adcd8b3090168a8e3bcc40d7c032b9dda1df7d1c" "/opt/rustwide/cargo-home/bin/cargo" "+1.75.0" "test" "--frozen" "--no-run" "--message-format=json", kill_on_drop: false }`
[INFO] [stdout] 50a1c518d5ef3e3fdba3f2ad3f125e7681d35591fb0d807b6500091544d1c230
[INFO] running `Command { std: "docker" "start" "-a" "50a1c518d5ef3e3fdba3f2ad3f125e7681d35591fb0d807b6500091544d1c230", kill_on_drop: false }`
[INFO] [stderr]    Compiling crossbeam-utils v0.8.18
[INFO] [stderr]    Compiling num-traits v0.2.17
[INFO] [stderr]    Compiling indexmap v1.9.3
[INFO] [stderr]    Compiling rayon-core v1.12.0
[INFO] [stderr]    Compiling os_str_bytes v6.6.1
[INFO] [stderr]    Compiling ciborium-io v0.2.1
[INFO] [stderr]    Compiling libc v0.2.151
[INFO] [stderr]    Compiling plotters-backend v0.3.5
[INFO] [stderr]    Compiling half v1.8.2
[INFO] [stderr]    Compiling regex-syntax v0.8.2
[INFO] [stderr]    Compiling itertools v0.10.5
[INFO] [stderr]    Compiling textwrap v0.16.0
[INFO] [stderr]    Compiling cast v0.3.0
[INFO] [stderr]    Compiling serde_json v1.0.111
[INFO] [stderr]    Compiling anes v0.1.6
[INFO] [stderr]    Compiling oorandom v11.1.3
[INFO] [stderr]    Compiling clap_lex v0.2.4
[INFO] [stderr]    Compiling plotters-svg v0.3.5
[INFO] [stderr]    Compiling ciborium-ll v0.2.1
[INFO] [stderr]    Compiling ciborium v0.2.1
[INFO] [stderr]    Compiling atty v0.2.14
[INFO] [stderr]    Compiling clap v3.2.25
[INFO] [stderr]    Compiling crossbeam-epoch v0.9.17
[INFO] [stderr]    Compiling tinytemplate v1.2.1
[INFO] [stderr]    Compiling crossbeam-deque v0.8.4
[INFO] [stderr]    Compiling regex-automata v0.4.3
[INFO] [stderr]    Compiling criterion-plot v0.5.0
[INFO] [stderr]    Compiling plotters v0.3.5
[INFO] [stderr]    Compiling rayon v1.8.0
[INFO] [stderr]    Compiling regex v1.10.2
[INFO] [stderr]    Compiling criterion v0.4.0
[INFO] [stderr]    Compiling icu_provider_blob v1.4.0 (/opt/rustwide/workdir)
[INFO] [stdout] error[E0432]: unresolved import `icu_provider::datagen`
[INFO] [stdout]  --> tests/test_versions.rs:6:19
[INFO] [stdout]   |
[INFO] [stdout] 6 | use icu_provider::datagen::IterableDataProvider;
[INFO] [stdout]   |                   ^^^^^^^ could not find `datagen` in `icu_provider`
[INFO] [stdout] 
[INFO] [stdout] 
[INFO] [stdout] error[E0433]: failed to resolve: use of undeclared crate or module `icu_datagen`
[INFO] [stdout]  --> tests/test_versions.rs:5:5
[INFO] [stdout]   |
[INFO] [stdout] 5 | use icu_datagen::prelude::*;
[INFO] [stdout]   |     ^^^^^^^^^^^ use of undeclared crate or module `icu_datagen`
[INFO] [stdout] 
[INFO] [stdout] 
[INFO] [stdout] error[E0432]: unresolved import `icu_provider_blob::export`
[INFO] [stdout]  --> tests/test_versions.rs:9:24
[INFO] [stdout]   |
[INFO] [stdout] 9 | use icu_provider_blob::export::*;
[INFO] [stdout]   |                        ^^^^^^ could not find `export` in `icu_provider_blob`
[INFO] [stdout] 
[INFO] [stdout] 
[INFO] [stdout] error[E0432]: unresolved import `crate::export`
[INFO] [stdout]    --> src/blob_data_provider.rs:137:16
[INFO] [stdout]     |
[INFO] [stdout] 137 |     use crate::export::*;
[INFO] [stdout]     |                ^^^^^^ could not find `export` in the crate root
[INFO] [stdout] 
[INFO] [stdout] 
[INFO] [stdout] error[E0432]: unresolved import `icu_provider::datagen`
[INFO] [stdout]    --> src/blob_data_provider.rs:138:23
[INFO] [stdout]     |
[INFO] [stdout] 138 |     use icu_provider::datagen::*;
[INFO] [stdout]     |                       ^^^^^^^ could not find `datagen` in `icu_provider`
[INFO] [stdout] 
[INFO] [stdout] 
[INFO] [stdout] error[E0433]: failed to resolve: could not find `data_struct` in `icu_provider`
[INFO] [stdout]    --> src/blob_data_provider.rs:141:21
[INFO] [stdout]     |
[INFO] [stdout] 141 |     #[icu_provider::data_struct(marker(HelloSingletonV1Marker, "hello/singleton@1", singleton))]
[INFO] [stdout]     |                     ^^^^^^^^^^^ could not find `data_struct` in `icu_provider`
[INFO] [stdout]     |
[INFO] [stdout] note: found an item that was configured out
[INFO] [stdout]    --> /opt/rustwide/cargo-home/registry/src/index.crates.io-6f17d22bba15001f/icu_provider-1.4.0/src/lib.rs:174:30
[INFO] [stdout]     |
[INFO] [stdout] 174 | pub use icu_provider_macros::data_struct;
[INFO] [stdout]     |                              ^^^^^^^^^^^
[INFO] [stdout]     = note: the item is gated behind the `macros` feature
[INFO] [stdout] 
[INFO] [stdout] 
[INFO] [stdout] error[E0433]: failed to resolve: use of undeclared crate or module `icu_locid`
[INFO] [stdout]    --> src/blob_data_provider.rs:201:38
[INFO] [stdout]     |
[INFO] [stdout] 201 | ...                   locale: &icu_locid::locale!("de").into(),
[INFO] [stdout]     |                                ^^^^^^^^^ use of undeclared crate or module `icu_locid`
[INFO] [stdout] 
[INFO] [stdout] 
[INFO] [stdout] error[E0412]: cannot find type `BlobExporter` in this scope
[INFO] [stdout]   --> tests/test_versions.rs:15:25
[INFO] [stdout]    |
[INFO] [stdout] 15 | fn run_driver(exporter: BlobExporter) -> Result<(), DataError> {
[INFO] [stdout]    |                         ^^^^^^^^^^^^ not found in this scope
[INFO] [stdout] 
[INFO] [stdout] 
[INFO] [stdout] error[E0433]: failed to resolve: use of undeclared type `DatagenDriver`
[INFO] [stdout]   --> tests/test_versions.rs:16:5
[INFO] [stdout]    |
[INFO] [stdout] 16 |     DatagenDriver::new()
[INFO] [stdout]    |     ^^^^^^^^^^^^^ use of undeclared type `DatagenDriver`
[INFO] [stdout] 
[INFO] [stdout] 
[INFO] [stdout] error[E0433]: failed to resolve: use of undeclared type `DatagenProvider`
[INFO] [stdout]   --> tests/test_versions.rs:19:18
[INFO] [stdout]    |
[INFO] [stdout] 19 |         .export(&DatagenProvider::new_custom(), exporter)
[INFO] [stdout]    |                  ^^^^^^^^^^^^^^^
[INFO] [stdout]    |                  |
[INFO] [stdout]    |                  use of undeclared type `DatagenProvider`
[INFO] [stdout]    |                  help: a trait with a similar name exists: `DataProvider`
[INFO] [stdout] 
[INFO] [stdout] 
[INFO] [stdout] error[E0433]: failed to resolve: use of undeclared type `BlobExporter`
[INFO] [stdout]    --> src/blob_data_provider.rs:152:21
[INFO] [stdout]     |
[INFO] [stdout] 152 |                     BlobExporter::new_with_sink(Box::new(&mut blob))
[INFO] [stdout]     |                     ^^^^^^^^^^^^ use of undeclared type `BlobExporter`
[INFO] [stdout] 
[INFO] [stdout] 
[INFO] [stdout] error[E0433]: failed to resolve: use of undeclared type `BlobExporter`
[INFO] [stdout]    --> src/blob_data_provider.rs:154:21
[INFO] [stdout]     |
[INFO] [stdout] 154 |                     BlobExporter::new_v2_with_sink(Box::new(&mut blob))
[INFO] [stdout]     |                     ^^^^^^^^^^^^ use of undeclared type `BlobExporter`
[INFO] [stdout] 
[INFO] [stdout] 
[INFO] [stdout] error[E0433]: failed to resolve: use of undeclared type `BlobExporter`
[INFO] [stdout]    --> src/blob_data_provider.rs:184:21
[INFO] [stdout]     |
[INFO] [stdout] 184 |                     BlobExporter::new_with_sink(Box::new(&mut blob))
[INFO] [stdout]     |                     ^^^^^^^^^^^^ use of undeclared type `BlobExporter`
[INFO] [stdout] 
[INFO] [stdout] 
[INFO] [stdout] error[E0433]: failed to resolve: use of undeclared type `BlobExporter`
[INFO] [stdout]    --> src/blob_data_provider.rs:186:21
[INFO] [stdout]     |
[INFO] [stdout] 186 |                     BlobExporter::new_v2_with_sink(Box::new(&mut blob))
[INFO] [stdout]     |                     ^^^^^^^^^^^^ use of undeclared type `BlobExporter`
[INFO] [stdout] 
[INFO] [stdout] 
[INFO] [stdout] error[E0433]: failed to resolve: use of undeclared type `HelloSingletonV1Marker`
[INFO] [stdout]    --> src/blob_data_provider.rs:189:32
[INFO] [stdout]     |
[INFO] [stdout] 189 |                 exporter.flush(HelloSingletonV1Marker::KEY).unwrap();
[INFO] [stdout]     |                                ^^^^^^^^^^^^^^^^^^^^^^
[INFO] [stdout]     |                                |
[INFO] [stdout]     |                                use of undeclared type `HelloSingletonV1Marker`
[INFO] [stdout]     |                                help: a struct with a similar name exists: `HelloSingletonV1`
[INFO] [stdout] 
[INFO] [stdout] 
[INFO] [stdout] error[E0433]: failed to resolve: use of undeclared type `HelloSingletonV1Marker`
[INFO] [stdout]    --> src/blob_data_provider.rs:199:25
[INFO] [stdout]     |
[INFO] [stdout] 199 |                         HelloSingletonV1Marker::KEY,
[INFO] [stdout]     |                         ^^^^^^^^^^^^^^^^^^^^^^
[INFO] [stdout]     |                         |
[INFO] [stdout]     |                         use of undeclared type `HelloSingletonV1Marker`
[INFO] [stdout]     |                         help: a struct with a similar name exists: `HelloSingletonV1`
[INFO] [stdout] 
[INFO] [stdout] 
[INFO] [stdout] error[E0433]: failed to resolve: use of undeclared type `HelloSingletonV1Marker`
[INFO] [stdout]    --> src/blob_data_provider.rs:215:42
[INFO] [stdout]     |
[INFO] [stdout] 215 |                     provider.load_buffer(HelloSingletonV1Marker::KEY, Default::default()),
[INFO] [stdout]     |                                          ^^^^^^^^^^^^^^^^^^^^^^
[INFO] [stdout]     |                                          |
[INFO] [stdout]     |                                          use of undeclared type `HelloSingletonV1Marker`
[INFO] [stdout]     |                                          help: a struct with a similar name exists: `HelloSingletonV1`
[INFO] [stdout] 
[INFO] [stdout] 
[INFO] [stdout] error[E0599]: no method named `supported_locales` found for struct `icu_provider::hello_world::HelloWorldProvider` in the current scope
[INFO] [stdout]   --> tests/test_versions.rs:24:40
[INFO] [stdout]    |
[INFO] [stdout] 24 |     for locale in hello_world_provider.supported_locales().unwrap() {
[INFO] [stdout]    |                                        ^^^^^^^^^^^^^^^^^ method not found in `HelloWorldProvider`
[INFO] [stdout] 
[INFO] [stdout] 
[INFO] [stdout] error: aborting due to 11 previous errors
[INFO] [stdout] 
[INFO] [stdout] 
[INFO] [stdout] Some errors have detailed explanations: E0432, E0433.
[INFO] [stdout] 
[INFO] [stdout] For more information about an error, try `rustc --explain E0432`.
[INFO] [stdout] 
[INFO] [stdout] error[E0433]: failed to resolve: use of undeclared type `BlobExporter`
[INFO] [stdout]   --> tests/test_versions.rs:48:20
[INFO] [stdout]    |
[INFO] [stdout] 48 |     let exporter = BlobExporter::new_with_sink(Box::new(&mut blob));
[INFO] [stdout]    |                    ^^^^^^^^^^^^ use of undeclared type `BlobExporter`
[INFO] [stdout] 
[INFO] [stdout] 
[INFO] [stdout] error[E0433]: failed to resolve: use of undeclared type `BlobExporter`
[INFO] [stdout]   --> tests/test_versions.rs:59:20
[INFO] [stdout]    |
[INFO] [stdout] 59 |     let exporter = BlobExporter::new_v2_with_sink(Box::new(&mut blob));
[INFO] [stdout]    |                    ^^^^^^^^^^^^ use of undeclared type `BlobExporter`
[INFO] [stdout] 
[INFO] [stdout] 
[INFO] [stderr] error: could not compile `icu_provider_blob` (lib test) due to 12 previous errors
[INFO] [stderr] warning: build failed, waiting for other jobs to finish...
[INFO] [stdout] error: aborting due to 9 previous errors
[INFO] [stdout] 
[INFO] [stdout] 
[INFO] [stdout] Some errors have detailed explanations: E0412, E0432, E0433, E0599.
[INFO] [stdout] 
[INFO] [stdout] For more information about an error, try `rustc --explain E0412`.
[INFO] [stdout] 
[INFO] [stderr] error: could not compile `icu_provider_blob` (test "test_versions") due to 10 previous errors
[INFO] running `Command { std: "docker" "inspect" "50a1c518d5ef3e3fdba3f2ad3f125e7681d35591fb0d807b6500091544d1c230", kill_on_drop: false }`
[INFO] running `Command { std: "docker" "rm" "-f" "50a1c518d5ef3e3fdba3f2ad3f125e7681d35591fb0d807b6500091544d1c230", kill_on_drop: false }`
[INFO] [stdout] 50a1c518d5ef3e3fdba3f2ad3f125e7681d35591fb0d807b6500091544d1c230
[INFO] testing icu_provider_blob-1.4.0 against beta-2023-12-22 for beta-1.76-1
[INFO] extracting crate icu_provider_blob 1.4.0 into /workspace/builds/worker-3-tc2/source
[INFO] validating manifest of crates.io crate icu_provider_blob 1.4.0 on toolchain beta-2023-12-22
[INFO] running `Command { std: CARGO_HOME="/workspace/cargo-home" RUSTUP_HOME="/workspace/rustup-home" "/workspace/cargo-home/bin/cargo" "+beta-2023-12-22" "metadata" "--manifest-path" "Cargo.toml" "--no-deps", kill_on_drop: false }`
[INFO] started tweaking crates.io crate icu_provider_blob 1.4.0
[INFO] finished tweaking crates.io crate icu_provider_blob 1.4.0
[INFO] tweaked toml for crates.io crate icu_provider_blob 1.4.0 written to /workspace/builds/worker-3-tc2/source/Cargo.toml
[INFO] running `Command { std: CARGO_HOME="/workspace/cargo-home" RUSTUP_HOME="/workspace/rustup-home" "/workspace/cargo-home/bin/cargo" "+beta-2023-12-22" "generate-lockfile" "--manifest-path" "Cargo.toml", kill_on_drop: false }`
[INFO] [stderr]     Updating crates.io index
[INFO] running `Command { std: CARGO_HOME="/workspace/cargo-home" RUSTUP_HOME="/workspace/rustup-home" "/workspace/cargo-home/bin/cargo" "+beta-2023-12-22" "fetch" "--manifest-path" "Cargo.toml", kill_on_drop: false }`
[INFO] running `Command { std: "docker" "create" "-v" "/var/lib/crater-agent-workspace/builds/worker-3-tc2/target:/opt/rustwide/target:rw,Z" "-v" "/var/lib/crater-agent-workspace/builds/worker-3-tc2/source:/opt/rustwide/workdir:ro,Z" "-v" "/var/lib/crater-agent-workspace/cargo-home:/opt/rustwide/cargo-home:ro,Z" "-v" "/var/lib/crater-agent-workspace/rustup-home:/opt/rustwide/rustup-home:ro,Z" "-e" "SOURCE_DIR=/opt/rustwide/workdir" "-e" "CARGO_TARGET_DIR=/opt/rustwide/target" "-e" "CARGO_HOME=/opt/rustwide/cargo-home" "-e" "RUSTUP_HOME=/opt/rustwide/rustup-home" "-w" "/opt/rustwide/workdir" "-m" "1610612736" "--user" "0:0" "--network" "none" "ghcr.io/rust-lang/crates-build-env/linux@sha256:2788e3201cd34a07e3172128adcd8b3090168a8e3bcc40d7c032b9dda1df7d1c" "/opt/rustwide/cargo-home/bin/cargo" "+beta-2023-12-22" "metadata" "--no-deps" "--format-version=1", kill_on_drop: false }`
[INFO] [stdout] d0044b37101f9d0fdc47b8bddf91766568d1450b8d4d2e9f374d8b81c3a3140f
[INFO] running `Command { std: "docker" "start" "-a" "d0044b37101f9d0fdc47b8bddf91766568d1450b8d4d2e9f374d8b81c3a3140f", kill_on_drop: false }`
[INFO] running `Command { std: "docker" "inspect" "d0044b37101f9d0fdc47b8bddf91766568d1450b8d4d2e9f374d8b81c3a3140f", kill_on_drop: false }`
[INFO] running `Command { std: "docker" "rm" "-f" "d0044b37101f9d0fdc47b8bddf91766568d1450b8d4d2e9f374d8b81c3a3140f", kill_on_drop: false }`
[INFO] [stdout] d0044b37101f9d0fdc47b8bddf91766568d1450b8d4d2e9f374d8b81c3a3140f
[INFO] running `Command { std: "docker" "create" "-v" "/var/lib/crater-agent-workspace/builds/worker-3-tc2/target:/opt/rustwide/target:rw,Z" "-v" "/var/lib/crater-agent-workspace/builds/worker-3-tc2/source:/opt/rustwide/workdir:ro,Z" "-v" "/var/lib/crater-agent-workspace/cargo-home:/opt/rustwide/cargo-home:ro,Z" "-v" "/var/lib/crater-agent-workspace/rustup-home:/opt/rustwide/rustup-home:ro,Z" "-e" "SOURCE_DIR=/opt/rustwide/workdir" "-e" "CARGO_TARGET_DIR=/opt/rustwide/target" "-e" "CARGO_INCREMENTAL=0" "-e" "RUST_BACKTRACE=full" "-e" "RUSTFLAGS=--cap-lints=warn" "-e" "RUSTDOCFLAGS=--cap-lints=warn" "-e" "CARGO_HOME=/opt/rustwide/cargo-home" "-e" "RUSTUP_HOME=/opt/rustwide/rustup-home" "-w" "/opt/rustwide/workdir" "-m" "1610612736" "--user" "0:0" "--network" "none" "ghcr.io/rust-lang/crates-build-env/linux@sha256:2788e3201cd34a07e3172128adcd8b3090168a8e3bcc40d7c032b9dda1df7d1c" "/opt/rustwide/cargo-home/bin/cargo" "+beta-2023-12-22" "build" "--frozen" "--message-format=json", kill_on_drop: false }`
[INFO] [stdout] 8e0bfc358b36b911f7f704a88acde9bfff2934cd75587b427c7dec4460c21248
[INFO] running `Command { std: "docker" "start" "-a" "8e0bfc358b36b911f7f704a88acde9bfff2934cd75587b427c7dec4460c21248", kill_on_drop: false }`
[INFO] [stderr]    Compiling stable_deref_trait v1.2.0
[INFO] [stderr]    Compiling embedded-io v0.4.0
[INFO] [stderr]    Compiling cobs v0.2.3
[INFO] [stderr]    Compiling writeable v0.5.4
[INFO] [stderr]    Compiling syn v2.0.48
[INFO] [stderr]    Compiling synstructure v0.13.0
[INFO] [stderr]    Compiling serde_derive v1.0.194
[INFO] [stderr]    Compiling zerofrom-derive v0.1.3
[INFO] [stderr]    Compiling displaydoc v0.2.4
[INFO] [stderr]    Compiling yoke-derive v0.7.3
[INFO] [stderr]    Compiling zerovec-derive v0.10.1
[INFO] [stderr]    Compiling tinystr v0.7.5
[INFO] [stderr]    Compiling zerofrom v0.1.3
[INFO] [stderr]    Compiling serde v1.0.194
[INFO] [stderr]    Compiling litemap v0.7.2
[INFO] [stderr]    Compiling yoke v0.7.3
[INFO] [stderr]    Compiling postcard v1.0.8
[INFO] [stderr]    Compiling zerovec v0.10.1
[INFO] [stderr]    Compiling icu_locid v1.4.0
[INFO] [stderr]    Compiling icu_provider v1.4.0
[INFO] [stderr]    Compiling zerotrie v0.1.2
[INFO] [stderr]    Compiling icu_provider_blob v1.4.0 (/opt/rustwide/workdir)
[INFO] [stderr]     Finished dev [unoptimized + debuginfo] target(s) in 8.87s
[INFO] running `Command { std: "docker" "inspect" "8e0bfc358b36b911f7f704a88acde9bfff2934cd75587b427c7dec4460c21248", kill_on_drop: false }`
[INFO] running `Command { std: "docker" "rm" "-f" "8e0bfc358b36b911f7f704a88acde9bfff2934cd75587b427c7dec4460c21248", kill_on_drop: false }`
[INFO] [stdout] 8e0bfc358b36b911f7f704a88acde9bfff2934cd75587b427c7dec4460c21248
[INFO] running `Command { std: "docker" "create" "-v" "/var/lib/crater-agent-workspace/builds/worker-3-tc2/target:/opt/rustwide/target:rw,Z" "-v" "/var/lib/crater-agent-workspace/builds/worker-3-tc2/source:/opt/rustwide/workdir:ro,Z" "-v" "/var/lib/crater-agent-workspace/cargo-home:/opt/rustwide/cargo-home:ro,Z" "-v" "/var/lib/crater-agent-workspace/rustup-home:/opt/rustwide/rustup-home:ro,Z" "-e" "SOURCE_DIR=/opt/rustwide/workdir" "-e" "CARGO_TARGET_DIR=/opt/rustwide/target" "-e" "CARGO_INCREMENTAL=0" "-e" "RUST_BACKTRACE=full" "-e" "RUSTFLAGS=--cap-lints=warn" "-e" "RUSTDOCFLAGS=--cap-lints=warn" "-e" "CARGO_HOME=/opt/rustwide/cargo-home" "-e" "RUSTUP_HOME=/opt/rustwide/rustup-home" "-w" "/opt/rustwide/workdir" "-m" "1610612736" "--user" "0:0" "--network" "none" "ghcr.io/rust-lang/crates-build-env/linux@sha256:2788e3201cd34a07e3172128adcd8b3090168a8e3bcc40d7c032b9dda1df7d1c" "/opt/rustwide/cargo-home/bin/cargo" "+beta-2023-12-22" "test" "--frozen" "--no-run" "--message-format=json", kill_on_drop: false }`
[INFO] [stdout] b25af7d8e5074e7d2760ff08995d0b0f080b8c01ce6a5443a676c4611fccd570
[INFO] running `Command { std: "docker" "start" "-a" "b25af7d8e5074e7d2760ff08995d0b0f080b8c01ce6a5443a676c4611fccd570", kill_on_drop: false }`
[INFO] [stderr]    Compiling crossbeam-utils v0.8.18
[INFO] [stderr]    Compiling rayon-core v1.12.0
[INFO] [stderr]    Compiling plotters-backend v0.3.5
[INFO] [stderr]    Compiling half v1.8.2
[INFO] [stderr]    Compiling ciborium-io v0.2.1
[INFO] [stderr]    Compiling indexmap v1.9.3
[INFO] [stderr]    Compiling num-traits v0.2.17
[INFO] [stderr]    Compiling libc v0.2.151
[INFO] [stderr]    Compiling regex-syntax v0.8.2
[INFO] [stderr]    Compiling os_str_bytes v6.6.1
[INFO] [stderr]    Compiling itertools v0.10.5
[INFO] [stderr]    Compiling cast v0.3.0
[INFO] [stderr]    Compiling textwrap v0.16.0
[INFO] [stderr]    Compiling serde_json v1.0.111
[INFO] [stderr]    Compiling anes v0.1.6
[INFO] [stderr]    Compiling oorandom v11.1.3
[INFO] [stderr]    Compiling clap_lex v0.2.4
[INFO] [stderr]    Compiling plotters-svg v0.3.5
[INFO] [stderr]    Compiling ciborium-ll v0.2.1
[INFO] [stderr]    Compiling ciborium v0.2.1
[INFO] [stderr]    Compiling crossbeam-epoch v0.9.17
[INFO] [stderr]    Compiling clap v3.2.25
[INFO] [stderr]    Compiling tinytemplate v1.2.1
[INFO] [stderr]    Compiling atty v0.2.14
[INFO] [stderr]    Compiling crossbeam-deque v0.8.4
[INFO] [stderr]    Compiling regex-automata v0.4.3
[INFO] [stderr]    Compiling criterion-plot v0.5.0
[INFO] [stderr]    Compiling rayon v1.8.0
[INFO] [stderr]    Compiling plotters v0.3.5
[INFO] [stderr]    Compiling regex v1.10.2
[INFO] [stderr]    Compiling criterion v0.4.0
[INFO] [stderr]    Compiling icu_provider_blob v1.4.0 (/opt/rustwide/workdir)
[INFO] [stdout] error[E0432]: unresolved import `icu_provider::datagen`
[INFO] [stdout]  --> tests/test_versions.rs:6:19
[INFO] [stdout]   |
[INFO] [stdout] 6 | use icu_provider::datagen::IterableDataProvider;
[INFO] [stdout]   |                   ^^^^^^^ could not find `datagen` in `icu_provider`
[INFO] [stdout] 
[INFO] [stdout] 
[INFO] [stdout] error[E0433]: failed to resolve: use of undeclared crate or module `icu_datagen`
[INFO] [stdout]  --> tests/test_versions.rs:5:5
[INFO] [stdout]   |
[INFO] [stdout] 5 | use icu_datagen::prelude::*;
[INFO] [stdout]   |     ^^^^^^^^^^^ use of undeclared crate or module `icu_datagen`
[INFO] [stdout] 
[INFO] [stdout] 
[INFO] [stdout] error[E0432]: unresolved import `icu_provider_blob::export`
[INFO] [stdout]  --> tests/test_versions.rs:9:24
[INFO] [stdout]   |
[INFO] [stdout] 9 | use icu_provider_blob::export::*;
[INFO] [stdout]   |                        ^^^^^^ could not find `export` in `icu_provider_blob`
[INFO] [stdout] 
[INFO] [stdout] 
[INFO] [stdout] error[E0432]: unresolved import `crate::export`
[INFO] [stdout]    --> src/blob_data_provider.rs:137:16
[INFO] [stdout]     |
[INFO] [stdout] 137 |     use crate::export::*;
[INFO] [stdout]     |                ^^^^^^ could not find `export` in the crate root
[INFO] [stdout] 
[INFO] [stdout] 
[INFO] [stdout] error[E0432]: unresolved import `icu_provider::datagen`
[INFO] [stdout]    --> src/blob_data_provider.rs:138:23
[INFO] [stdout]     |
[INFO] [stdout] 138 |     use icu_provider::datagen::*;
[INFO] [stdout]     |                       ^^^^^^^ could not find `datagen` in `icu_provider`
[INFO] [stdout] 
[INFO] [stdout] 
[INFO] [stdout] error[E0433]: failed to resolve: could not find `data_struct` in `icu_provider`
[INFO] [stdout]    --> src/blob_data_provider.rs:141:21
[INFO] [stdout]     |
[INFO] [stdout] 141 |     #[icu_provider::data_struct(marker(HelloSingletonV1Marker, "hello/singleton@1", singleton))]
[INFO] [stdout]     |                     ^^^^^^^^^^^ could not find `data_struct` in `icu_provider`
[INFO] [stdout]     |
[INFO] [stdout] note: found an item that was configured out
[INFO] [stdout]    --> /opt/rustwide/cargo-home/registry/src/index.crates.io-6f17d22bba15001f/icu_provider-1.4.0/src/lib.rs:174:30
[INFO] [stdout]     |
[INFO] [stdout] 174 | pub use icu_provider_macros::data_struct;
[INFO] [stdout]     |                              ^^^^^^^^^^^
[INFO] [stdout]     = note: the item is gated behind the `macros` feature
[INFO] [stdout] 
[INFO] [stdout] 
[INFO] [stdout] error[E0433]: failed to resolve: use of undeclared crate or module `icu_locid`
[INFO] [stdout]    --> src/blob_data_provider.rs:201:38
[INFO] [stdout]     |
[INFO] [stdout] 201 | ...                   locale: &icu_locid::locale!("de").into(),
[INFO] [stdout]     |                                ^^^^^^^^^ use of undeclared crate or module `icu_locid`
[INFO] [stdout] 
[INFO] [stdout] 
[INFO] [stdout] error[E0412]: cannot find type `BlobExporter` in this scope
[INFO] [stdout]   --> tests/test_versions.rs:15:25
[INFO] [stdout]    |
[INFO] [stdout] 15 | fn run_driver(exporter: BlobExporter) -> Result<(), DataError> {
[INFO] [stdout]    |                         ^^^^^^^^^^^^ not found in this scope
[INFO] [stdout] 
[INFO] [stdout] 
[INFO] [stdout] error[E0433]: failed to resolve: use of undeclared type `DatagenDriver`
[INFO] [stdout]   --> tests/test_versions.rs:16:5
[INFO] [stdout]    |
[INFO] [stdout] 16 |     DatagenDriver::new()
[INFO] [stdout]    |     ^^^^^^^^^^^^^ use of undeclared type `DatagenDriver`
[INFO] [stdout] 
[INFO] [stdout] 
[INFO] [stdout] error[E0433]: failed to resolve: use of undeclared type `DatagenProvider`
[INFO] [stdout]   --> tests/test_versions.rs:19:18
[INFO] [stdout]    |
[INFO] [stdout] 19 |         .export(&DatagenProvider::new_custom(), exporter)
[INFO] [stdout]    |                  ^^^^^^^^^^^^^^^
[INFO] [stdout]    |                  |
[INFO] [stdout]    |                  use of undeclared type `DatagenProvider`
[INFO] [stdout]    |                  help: a trait with a similar name exists: `DataProvider`
[INFO] [stdout] 
[INFO] [stdout] 
[INFO] [stdout] error[E0433]: failed to resolve: use of undeclared type `BlobExporter`
[INFO] [stdout]    --> src/blob_data_provider.rs:152:21
[INFO] [stdout]     |
[INFO] [stdout] 152 |                     BlobExporter::new_with_sink(Box::new(&mut blob))
[INFO] [stdout]     |                     ^^^^^^^^^^^^ use of undeclared type `BlobExporter`
[INFO] [stdout] 
[INFO] [stdout] 
[INFO] [stdout] error[E0433]: failed to resolve: use of undeclared type `BlobExporter`
[INFO] [stdout]    --> src/blob_data_provider.rs:154:21
[INFO] [stdout]     |
[INFO] [stdout] 154 |                     BlobExporter::new_v2_with_sink(Box::new(&mut blob))
[INFO] [stdout]     |                     ^^^^^^^^^^^^ use of undeclared type `BlobExporter`
[INFO] [stdout] 
[INFO] [stdout] 
[INFO] [stdout] error[E0433]: failed to resolve: use of undeclared type `BlobExporter`
[INFO] [stdout]    --> src/blob_data_provider.rs:184:21
[INFO] [stdout]     |
[INFO] [stdout] 184 |                     BlobExporter::new_with_sink(Box::new(&mut blob))
[INFO] [stdout]     |                     ^^^^^^^^^^^^ use of undeclared type `BlobExporter`
[INFO] [stdout] 
[INFO] [stdout] 
[INFO] [stdout] error[E0433]: failed to resolve: use of undeclared type `BlobExporter`
[INFO] [stdout]    --> src/blob_data_provider.rs:186:21
[INFO] [stdout]     |
[INFO] [stdout] 186 |                     BlobExporter::new_v2_with_sink(Box::new(&mut blob))
[INFO] [stdout]     |                     ^^^^^^^^^^^^ use of undeclared type `BlobExporter`
[INFO] [stdout] 
[INFO] [stdout] 
[INFO] [stdout] error[E0433]: failed to resolve: use of undeclared type `HelloSingletonV1Marker`
[INFO] [stdout]    --> src/blob_data_provider.rs:189:32
[INFO] [stdout]     |
[INFO] [stdout] 189 |                 exporter.flush(HelloSingletonV1Marker::KEY).unwrap();
[INFO] [stdout]     |                                ^^^^^^^^^^^^^^^^^^^^^^
[INFO] [stdout]     |                                |
[INFO] [stdout]     |                                use of undeclared type `HelloSingletonV1Marker`
[INFO] [stdout]     |                                help: a struct with a similar name exists: `HelloSingletonV1`
[INFO] [stdout] 
[INFO] [stdout] 
[INFO] [stdout] error[E0433]: failed to resolve: use of undeclared type `HelloSingletonV1Marker`
[INFO] [stdout]    --> src/blob_data_provider.rs:199:25
[INFO] [stdout]     |
[INFO] [stdout] 199 |                         HelloSingletonV1Marker::KEY,
[INFO] [stdout]     |                         ^^^^^^^^^^^^^^^^^^^^^^
[INFO] [stdout]     |                         |
[INFO] [stdout]     |                         use of undeclared type `HelloSingletonV1Marker`
[INFO] [stdout]     |                         help: a struct with a similar name exists: `HelloSingletonV1`
[INFO] [stdout] 
[INFO] [stdout] 
[INFO] [stdout] error[E0433]: failed to resolve: use of undeclared type `HelloSingletonV1Marker`
[INFO] [stdout]    --> src/blob_data_provider.rs:215:42
[INFO] [stdout]     |
[INFO] [stdout] 215 |                     provider.load_buffer(HelloSingletonV1Marker::KEY, Default::default()),
[INFO] [stdout]     |                                          ^^^^^^^^^^^^^^^^^^^^^^
[INFO] [stdout]     |                                          |
[INFO] [stdout]     |                                          use of undeclared type `HelloSingletonV1Marker`
[INFO] [stdout]     |                                          help: a struct with a similar name exists: `HelloSingletonV1`
[INFO] [stdout] 
[INFO] [stdout] 
[INFO] [stdout] error[E0599]: no method named `supported_locales` found for struct `icu_provider::hello_world::HelloWorldProvider` in the current scope
[INFO] [stdout]   --> tests/test_versions.rs:24:40
[INFO] [stdout]    |
[INFO] [stdout] 24 |     for locale in hello_world_provider.supported_locales().unwrap() {
[INFO] [stdout]    |                                        ^^^^^^^^^^^^^^^^^ method not found in `HelloWorldProvider`
[INFO] [stdout] 
[INFO] [stdout] 
[INFO] [stdout] error[E0433]: failed to resolve: use of undeclared type `BlobExporter`
[INFO] [stdout]   --> tests/test_versions.rs:48:20
[INFO] [stdout]    |
[INFO] [stdout] 48 |     let exporter = BlobExporter::new_with_sink(Box::new(&mut blob));
[INFO] [stdout]    |                    ^^^^^^^^^^^^ use of undeclared type `BlobExporter`
[INFO] [stdout] 
[INFO] [stdout] 
[INFO] [stdout] error[E0433]: failed to resolve: use of undeclared type `BlobExporter`
[INFO] [stdout]   --> tests/test_versions.rs:59:20
[INFO] [stdout]    |
[INFO] [stdout] 59 |     let exporter = BlobExporter::new_v2_with_sink(Box::new(&mut blob));
[INFO] [stdout]    |                    ^^^^^^^^^^^^ use of undeclared type `BlobExporter`
[INFO] [stdout] 
[INFO] [stdout] 
[INFO] [stdout] error: aborting due to 9 previous errors
[INFO] [stdout] 
[INFO] [stdout] 
[INFO] [stdout] Some errors have detailed explanations: E0412, E0432, E0433, E0599.
[INFO] [stdout] 
[INFO] [stdout] For more information about an error, try `rustc --explain E0412`.
[INFO] [stdout] 
[INFO] [stdout] error: aborting due to 11 previous errors
[INFO] [stdout] 
[INFO] [stdout] 
[INFO] [stdout] Some errors have detailed explanations: E0432, E0433.
[INFO] [stdout] 
[INFO] [stdout] For more information about an error, try `rustc --explain E0432`.
[INFO] [stdout] 
[INFO] [stderr] error: could not compile `icu_provider_blob` (test "test_versions") due to 10 previous errors
[INFO] [stderr] warning: build failed, waiting for other jobs to finish...
[INFO] [stderr] error: could not compile `icu_provider_blob` (lib test) due to 12 previous errors
[INFO] running `Command { std: "docker" "inspect" "b25af7d8e5074e7d2760ff08995d0b0f080b8c01ce6a5443a676c4611fccd570", kill_on_drop: false }`
[INFO] running `Command { std: "docker" "rm" "-f" "b25af7d8e5074e7d2760ff08995d0b0f080b8c01ce6a5443a676c4611fccd570", kill_on_drop: false }`
[INFO] [stdout] b25af7d8e5074e7d2760ff08995d0b0f080b8c01ce6a5443a676c4611fccd570
