[INFO] fetching crate icu_casemap 1.4.0...
[INFO] testing icu_casemap-1.4.0 against 1.75.0 for beta-1.76-1
[INFO] extracting crate icu_casemap 1.4.0 into /workspace/builds/worker-6-tc1/source
[INFO] validating manifest of crates.io crate icu_casemap 1.4.0 on toolchain 1.75.0
[INFO] running `Command { std: CARGO_HOME="/workspace/cargo-home" RUSTUP_HOME="/workspace/rustup-home" "/workspace/cargo-home/bin/cargo" "+1.75.0" "metadata" "--manifest-path" "Cargo.toml" "--no-deps", kill_on_drop: false }`
[INFO] started tweaking crates.io crate icu_casemap 1.4.0
[INFO] removed 0 missing tests
[INFO] finished tweaking crates.io crate icu_casemap 1.4.0
[INFO] tweaked toml for crates.io crate icu_casemap 1.4.0 written to /workspace/builds/worker-6-tc1/source/Cargo.toml
[INFO] crate crates.io crate icu_casemap 1.4.0 already has a lockfile, it will not be regenerated
[INFO] running `Command { std: CARGO_HOME="/workspace/cargo-home" RUSTUP_HOME="/workspace/rustup-home" "/workspace/cargo-home/bin/cargo" "+1.75.0" "fetch" "--manifest-path" "Cargo.toml", kill_on_drop: false }`
[INFO] [stderr]     Updating crates.io index
[INFO] [stderr]  Downloading crates ...
[INFO] [stderr]   Downloaded litemap v0.7.2
[INFO] [stderr]   Downloaded databake-derive v0.1.7
[INFO] [stderr]   Downloaded icu_provider_macros v1.4.0
[INFO] [stderr]   Downloaded icu_casemap_data v1.4.0
[INFO] [stderr]   Downloaded zerovec-derive v0.10.1
[INFO] [stderr]   Downloaded synstructure v0.13.0
[INFO] [stderr]   Downloaded writeable v0.5.4
[INFO] [stderr]   Downloaded os_str_bytes v6.5.1
[INFO] [stderr]   Downloaded icu_locid v1.4.0
[INFO] [stderr]   Downloaded icu_provider v1.4.0
[INFO] [stderr]   Downloaded icu_collections v1.4.0
[INFO] [stderr]   Downloaded icu_properties_data v1.4.0
[INFO] [stderr]   Downloaded icu_locid_transform_data v1.4.0
[INFO] [stderr]   Downloaded icu_properties v1.4.0
[INFO] [stderr]   Downloaded zerovec v0.10.1
[INFO] [stderr]   Downloaded yoke v0.7.3
[INFO] [stderr]   Downloaded icu_locid_transform v1.4.0
[INFO] [stderr]   Downloaded databake v0.1.7
[INFO] [stderr]   Downloaded zerofrom-derive v0.1.3
[INFO] [stderr]   Downloaded yoke-derive v0.7.3
[INFO] [stderr]   Downloaded zerofrom v0.1.3
[INFO] running `Command { std: "docker" "create" "-v" "/var/lib/crater-agent-workspace/builds/worker-6-tc1/target:/opt/rustwide/target:rw,Z" "-v" "/var/lib/crater-agent-workspace/builds/worker-6-tc1/source:/opt/rustwide/workdir:ro,Z" "-v" "/var/lib/crater-agent-workspace/cargo-home:/opt/rustwide/cargo-home:ro,Z" "-v" "/var/lib/crater-agent-workspace/rustup-home:/opt/rustwide/rustup-home:ro,Z" "-e" "SOURCE_DIR=/opt/rustwide/workdir" "-e" "CARGO_TARGET_DIR=/opt/rustwide/target" "-e" "CARGO_HOME=/opt/rustwide/cargo-home" "-e" "RUSTUP_HOME=/opt/rustwide/rustup-home" "-w" "/opt/rustwide/workdir" "-m" "1610612736" "--user" "0:0" "--network" "none" "ghcr.io/rust-lang/crates-build-env/linux@sha256:2788e3201cd34a07e3172128adcd8b3090168a8e3bcc40d7c032b9dda1df7d1c" "/opt/rustwide/cargo-home/bin/cargo" "+1.75.0" "metadata" "--no-deps" "--format-version=1", kill_on_drop: false }`
[INFO] [stdout] e7647dcb8709d198c15127b1e016d3fc64bc64b9c99ff76510a4960431bfd09d
[INFO] running `Command { std: "docker" "start" "-a" "e7647dcb8709d198c15127b1e016d3fc64bc64b9c99ff76510a4960431bfd09d", kill_on_drop: false }`
[INFO] running `Command { std: "docker" "inspect" "e7647dcb8709d198c15127b1e016d3fc64bc64b9c99ff76510a4960431bfd09d", kill_on_drop: false }`
[INFO] running `Command { std: "docker" "rm" "-f" "e7647dcb8709d198c15127b1e016d3fc64bc64b9c99ff76510a4960431bfd09d", kill_on_drop: false }`
[INFO] [stdout] e7647dcb8709d198c15127b1e016d3fc64bc64b9c99ff76510a4960431bfd09d
[INFO] running `Command { std: "docker" "create" "-v" "/var/lib/crater-agent-workspace/builds/worker-6-tc1/target:/opt/rustwide/target:rw,Z" "-v" "/var/lib/crater-agent-workspace/builds/worker-6-tc1/source:/opt/rustwide/workdir:ro,Z" "-v" "/var/lib/crater-agent-workspace/cargo-home:/opt/rustwide/cargo-home:ro,Z" "-v" "/var/lib/crater-agent-workspace/rustup-home:/opt/rustwide/rustup-home:ro,Z" "-e" "SOURCE_DIR=/opt/rustwide/workdir" "-e" "CARGO_TARGET_DIR=/opt/rustwide/target" "-e" "CARGO_INCREMENTAL=0" "-e" "RUST_BACKTRACE=full" "-e" "RUSTFLAGS=--cap-lints=warn" "-e" "RUSTDOCFLAGS=--cap-lints=warn" "-e" "CARGO_HOME=/opt/rustwide/cargo-home" "-e" "RUSTUP_HOME=/opt/rustwide/rustup-home" "-w" "/opt/rustwide/workdir" "-m" "1610612736" "--user" "0:0" "--network" "none" "ghcr.io/rust-lang/crates-build-env/linux@sha256:2788e3201cd34a07e3172128adcd8b3090168a8e3bcc40d7c032b9dda1df7d1c" "/opt/rustwide/cargo-home/bin/cargo" "+1.75.0" "build" "--frozen" "--message-format=json", kill_on_drop: false }`
[INFO] [stdout] 9e5fc3e6ec1bb7809f533fafc2f57d86140551e1b63c615b9f3285de0ffd1a30
[INFO] running `Command { std: "docker" "start" "-a" "9e5fc3e6ec1bb7809f533fafc2f57d86140551e1b63c615b9f3285de0ffd1a30", kill_on_drop: false }`
[INFO] [stderr]    Compiling proc-macro2 v1.0.67
[INFO] [stderr]    Compiling unicode-xid v0.2.4
[INFO] [stderr]    Compiling stable_deref_trait v1.2.0
[INFO] [stderr]    Compiling litemap v0.7.2
[INFO] [stderr]    Compiling writeable v0.5.4
[INFO] [stderr]    Compiling icu_locid_transform_data v1.4.0
[INFO] [stderr]    Compiling icu_properties_data v1.4.0
[INFO] [stderr]    Compiling icu_casemap_data v1.4.0
[INFO] [stderr]    Compiling quote v1.0.33
[INFO] [stderr]    Compiling syn v2.0.37
[INFO] [stderr]    Compiling synstructure v0.13.0
[INFO] [stderr]    Compiling zerofrom-derive v0.1.3
[INFO] [stderr]    Compiling yoke-derive v0.7.3
[INFO] [stderr]    Compiling zerovec-derive v0.10.1
[INFO] [stderr]    Compiling displaydoc v0.2.4
[INFO] [stderr]    Compiling icu_provider_macros v1.4.0
[INFO] [stderr]    Compiling zerofrom v0.1.3
[INFO] [stderr]    Compiling yoke v0.7.3
[INFO] [stderr]    Compiling zerovec v0.10.1
[INFO] [stderr]    Compiling tinystr v0.7.5
[INFO] [stderr]    Compiling icu_collections v1.4.0
[INFO] [stderr]    Compiling icu_locid v1.4.0
[INFO] [stderr]    Compiling icu_provider v1.4.0
[INFO] [stderr]    Compiling icu_locid_transform v1.4.0
[INFO] [stderr]    Compiling icu_properties v1.4.0
[INFO] [stderr]    Compiling icu_casemap v1.4.0 (/opt/rustwide/workdir)
[INFO] [stderr]     Finished dev [unoptimized + debuginfo] target(s) in 11.28s
[INFO] running `Command { std: "docker" "inspect" "9e5fc3e6ec1bb7809f533fafc2f57d86140551e1b63c615b9f3285de0ffd1a30", kill_on_drop: false }`
[INFO] running `Command { std: "docker" "rm" "-f" "9e5fc3e6ec1bb7809f533fafc2f57d86140551e1b63c615b9f3285de0ffd1a30", kill_on_drop: false }`
[INFO] [stdout] 9e5fc3e6ec1bb7809f533fafc2f57d86140551e1b63c615b9f3285de0ffd1a30
[INFO] running `Command { std: "docker" "create" "-v" "/var/lib/crater-agent-workspace/builds/worker-6-tc1/target:/opt/rustwide/target:rw,Z" "-v" "/var/lib/crater-agent-workspace/builds/worker-6-tc1/source:/opt/rustwide/workdir:ro,Z" "-v" "/var/lib/crater-agent-workspace/cargo-home:/opt/rustwide/cargo-home:ro,Z" "-v" "/var/lib/crater-agent-workspace/rustup-home:/opt/rustwide/rustup-home:ro,Z" "-e" "SOURCE_DIR=/opt/rustwide/workdir" "-e" "CARGO_TARGET_DIR=/opt/rustwide/target" "-e" "CARGO_INCREMENTAL=0" "-e" "RUST_BACKTRACE=full" "-e" "RUSTFLAGS=--cap-lints=warn" "-e" "RUSTDOCFLAGS=--cap-lints=warn" "-e" "CARGO_HOME=/opt/rustwide/cargo-home" "-e" "RUSTUP_HOME=/opt/rustwide/rustup-home" "-w" "/opt/rustwide/workdir" "-m" "1610612736" "--user" "0:0" "--network" "none" "ghcr.io/rust-lang/crates-build-env/linux@sha256:2788e3201cd34a07e3172128adcd8b3090168a8e3bcc40d7c032b9dda1df7d1c" "/opt/rustwide/cargo-home/bin/cargo" "+1.75.0" "test" "--frozen" "--no-run" "--message-format=json", kill_on_drop: false }`
[INFO] [stdout] f678edec7286f3893c4ad33231373222a01c1c5227928786e5d43aacc4ffbcb4
[INFO] running `Command { std: "docker" "start" "-a" "f678edec7286f3893c4ad33231373222a01c1c5227928786e5d43aacc4ffbcb4", kill_on_drop: false }`
[INFO] [stderr]    Compiling crossbeam-utils v0.8.16
[INFO] [stderr]    Compiling serde v1.0.188
[INFO] [stderr]    Compiling cfg-if v1.0.0
[INFO] [stderr]    Compiling memoffset v0.9.0
[INFO] [stderr]    Compiling crossbeam-epoch v0.9.15
[INFO] [stderr]    Compiling scopeguard v1.2.0
[INFO] [stderr]    Compiling num-traits v0.2.16
[INFO] [stderr]    Compiling serde_derive v1.0.188
[INFO] [stderr]    Compiling serde_json v1.0.107
[INFO] [stderr]    Compiling libc v0.2.148
[INFO] [stderr]    Compiling rayon-core v1.12.0
[INFO] [stderr]    Compiling either v1.9.0
[INFO] [stderr]    Compiling indexmap v1.9.3
[INFO] [stderr]    Compiling os_str_bytes v6.5.1
[INFO] [stderr]    Compiling ryu v1.0.15
[INFO] [stderr]    Compiling ciborium-io v0.2.1
[INFO] [stderr]    Compiling regex-syntax v0.7.5
[INFO] [stderr]    Compiling half v1.8.2
[INFO] [stderr]    Compiling hashbrown v0.12.3
[INFO] [stderr]    Compiling itoa v1.0.9
[INFO] [stderr]    Compiling plotters-backend v0.3.5
[INFO] [stderr]    Compiling ciborium-ll v0.2.1
[INFO] [stderr]    Compiling plotters-svg v0.3.5
[INFO] [stderr]    Compiling clap_lex v0.2.4
[INFO] [stderr]    Compiling crossbeam-deque v0.8.3
[INFO] [stderr]    Compiling itertools v0.10.5
[INFO] [stderr]    Compiling cast v0.3.0
[INFO] [stderr]    Compiling textwrap v0.16.0
[INFO] [stderr]    Compiling bitflags v1.3.2
[INFO] [stderr]    Compiling same-file v1.0.6
[INFO] [stderr]    Compiling plotters v0.3.5
[INFO] [stderr]    Compiling regex-automata v0.3.8
[INFO] [stderr]    Compiling rayon v1.8.0
[INFO] [stderr]    Compiling clap v3.2.25
[INFO] [stderr]    Compiling criterion-plot v0.5.0
[INFO] [stderr]    Compiling walkdir v2.4.0
[INFO] [stderr]    Compiling atty v0.2.14
[INFO] [stderr]    Compiling anes v0.1.6
[INFO] [stderr]    Compiling oorandom v11.1.3
[INFO] [stderr]    Compiling regex v1.9.5
[INFO] [stderr]    Compiling ciborium v0.2.1
[INFO] [stderr]    Compiling tinytemplate v1.2.1
[INFO] [stderr]    Compiling criterion v0.4.0
[INFO] [stderr]    Compiling icu_casemap v1.4.0 (/opt/rustwide/workdir)
[INFO] [stdout] error[E0433]: failed to resolve: use of undeclared crate or module `icu`
[INFO] [stdout]  --> examples/casemapping.rs:9:5
[INFO] [stdout]   |
[INFO] [stdout] 9 | use icu::casemap::CaseMapper;
[INFO] [stdout]   |     ^^^ use of undeclared crate or module `icu`
[INFO] [stdout] 
[INFO] [stdout] 
[INFO] [stdout] error[E0433]: failed to resolve: use of undeclared crate or module `icu_benchmark_macros`
[INFO] [stdout]  --> examples/casemapping.rs:7:1
[INFO] [stdout]   |
[INFO] [stdout] 7 | icu_benchmark_macros::static_setup!();
[INFO] [stdout]   | ^^^^^^^^^^^^^^^^^^^^ use of undeclared crate or module `icu_benchmark_macros`
[INFO] [stdout] 
[INFO] [stdout] 
[INFO] [stdout] error[E0433]: failed to resolve: use of undeclared crate or module `icu_benchmark_macros`
[INFO] [stdout]   --> examples/casemapping.rs:14:5
[INFO] [stdout]    |
[INFO] [stdout] 14 |     icu_benchmark_macros::main_setup!();
[INFO] [stdout]    |     ^^^^^^^^^^^^^^^^^^^^ use of undeclared crate or module `icu_benchmark_macros`
[INFO] [stdout] 
[INFO] [stdout] 
[INFO] [stdout] error[E0433]: failed to resolve: use of undeclared crate or module `icu_normalizer`
[INFO] [stdout]    --> tests/conversions.rs:349:15
[INFO] [stdout]     |
[INFO] [stdout] 349 |     let nfc = icu_normalizer::ComposingNormalizer::new_nfc();
[INFO] [stdout]     |               ^^^^^^^^^^^^^^ use of undeclared crate or module `icu_normalizer`
[INFO] [stdout] 
[INFO] [stdout] 
[INFO] [stdout] error[E0433]: failed to resolve: use of undeclared crate or module `icu_normalizer`
[INFO] [stdout]    --> tests/conversions.rs:350:15
[INFO] [stdout]     |
[INFO] [stdout] 350 |     let nfd = icu_normalizer::DecomposingNormalizer::new_nfd();
[INFO] [stdout]     |               ^^^^^^^^^^^^^^ use of undeclared crate or module `icu_normalizer`
[INFO] [stdout] 
[INFO] [stdout] 
[INFO] [stdout] error: aborting due to 3 previous errors
[INFO] [stdout] 
[INFO] [stdout] 
[INFO] [stdout] For more information about this error, try `rustc --explain E0433`.
[INFO] [stdout] 
[INFO] [stdout] error: aborting due to 2 previous errors
[INFO] [stdout] 
[INFO] [stdout] 
[INFO] [stdout] For more information about this error, try `rustc --explain E0433`.
[INFO] [stdout] 
[INFO] [stderr] error: could not compile `icu_casemap` (example "casemapping") due to 4 previous errors
[INFO] [stderr] warning: build failed, waiting for other jobs to finish...
[INFO] [stderr] error: could not compile `icu_casemap` (test "conversions") due to 3 previous errors
[INFO] running `Command { std: "docker" "inspect" "f678edec7286f3893c4ad33231373222a01c1c5227928786e5d43aacc4ffbcb4", kill_on_drop: false }`
[INFO] running `Command { std: "docker" "rm" "-f" "f678edec7286f3893c4ad33231373222a01c1c5227928786e5d43aacc4ffbcb4", kill_on_drop: false }`
[INFO] [stdout] f678edec7286f3893c4ad33231373222a01c1c5227928786e5d43aacc4ffbcb4
